04-01 15:55:56.972: D/Mono(3838): Assembly Newtonsoft.Json[0xde178b20] added to domain RootDomain, ref_count=1
04-01 15:55:56.973: D/Mono(3838): AOT: image '/storage/emulated/0/Android/data/mobi.testfactory.TestFactoryCross/files/.__override__/Newtonsoft.Json.dll.so' not found: dlopen failed: library "/data/app/mobi.testfactory.TestFactoryCross-bh87xaAKtmNeal2-bx1S1A==/lib/arm/libaot-Newtonsoft.Json.dll.so" not found
04-01 15:55:56.974: D/Mono(3838): AOT: image '/Users/builder/jenkins/workspace/xamarin-android-d15-9/xamarin-android/external/mono/sdks/out/android-armeabi-v7a-release/lib/mono/aot-cache/arm/Newtonsoft.Json.dll.so' not found: dlopen failed: library "/data/app/mobi.testfactory.TestFactoryCross-bh87xaAKtmNeal2-bx1S1A==/lib/arm/libaot-Newtonsoft.Json.dll.so" not found
04-01 15:55:56.974: D/Mono(3838): Assembly Loader loaded assembly from location: '/storage/emulated/0/Android/data/mobi.testfactory.TestFactoryCross/files/.__override__/Newtonsoft.Json.dll'.
04-01 15:55:56.974: D/Mono(3838): Config attempting to parse: '/storage/emulated/0/Android/data/mobi.testfactory.TestFactoryCross/files/.__override__/Newtonsoft.Json.dll.config'.
04-01 15:55:56.974: D/Mono(3838): Config attempting to parse: '/Users/builder/jenkins/workspace/xamarin-android-d15-9/xamarin-android/external/mono/sdks/out/android-armeabi-v7a-release/etc/mono/assemblies/Newtonsoft.Json/Newtonsoft.Json.config'.
04-01 15:55:56.975: D/Mono(3838): Assembly Loader probing location: '/storage/emulated/0/Android/data/mobi.testfactory.TestFactoryCross/files/.__override__/OkHttp.dll'.
04-01 15:55:56.975: D/Mono(3838): Image addref OkHttp[0xde178be0] -> /storage/emulated/0/Android/data/mobi.testfactory.TestFactoryCross/files/.__override__/OkHttp.dll[0xd8dc1000]: 2
04-01 15:55:56.975: D/Mono(3838): Prepared to set up assembly 'OkHttp' (/storage/emulated/0/Android/data/mobi.testfactory.TestFactoryCross/files/.__override__/OkHttp.dll)
04-01 15:55:56.976: D/Mono(3838): Assembly OkHttp[0xde178be0] added to domain RootDomain, ref_count=1
04-01 15:55:56.977: D/Mono(3838): AOT: image '/storage/emulated/0/Android/data/mobi.testfactory.TestFactoryCross/files/.__override__/OkHttp.dll.so' not found: dlopen failed: library "/data/app/mobi.testfactory.TestFactoryCross-bh87xaAKtmNeal2-bx1S1A==/lib/arm/libaot-OkHttp.dll.so" not found
04-01 15:55:56.978: D/Mono(3838): AOT: image '/Users/builder/jenkins/workspace/xamarin-android-d15-9/xamarin-android/external/mono/sdks/out/android-armeabi-v7a-release/lib/mono/aot-cache/arm/OkHttp.dll.so' not found: dlopen failed: library "/data/app/mobi.testfactory.TestFactoryCross-bh87xaAKtmNeal2-bx1S1A==/lib/arm/libaot-OkHttp.dll.so" not found
04-01 15:55:56.978: D/Mono(3838): Assembly Loader loaded assembly from location: '/storage/emulated/0/Android/data/mobi.testfactory.TestFactoryCross/files/.__override__/OkHttp.dll'.
04-01 15:55:56.978: D/Mono(3838): Config attempting to parse: '/storage/emulated/0/Android/data/mobi.testfactory.TestFactoryCross/files/.__override__/OkHttp.dll.config'.
04-01 15:55:56.978: D/Mono(3838): Config attempting to parse: '/Users/builder/jenkins/workspace/xamarin-android-d15-9/xamarin-android/external/mono/sdks/out/android-armeabi-v7a-release/etc/mono/assemblies/OkHttp/OkHttp.config'.
04-01 15:55:56.978: D/Mono(3838): Assembly Loader probing location: '/storage/emulated/0/Android/data/mobi.testfactory.TestFactoryCross/files/.__override__/PCLStorage.Abstractions.dll'.
04-01 15:55:56.979: D/Mono(3838): Image addref PCLStorage.Abstractions[0xde178ca0] -> /storage/emulated/0/Android/data/mobi.testfactory.TestFactoryCross/files/.__override__/PCLStorage.Abstractions.dll[0xd8dc1500]: 2
04-01 15:55:56.979: D/Mono(3838): Prepared to set up assembly 'PCLStorage.Abstractions' (/storage/emulated/0/Android/data/mobi.testfactory.TestFactoryCross/files/.__override__/PCLStorage.Abstractions.dll)
04-01 15:55:56.979: D/Mono(3838): Assembly PCLStorage.Abstractions[0xde178ca0] added to domain RootDomain, ref_count=1
04-01 15:55:56.980: D/Mono(3838): AOT: image '/storage/emulated/0/Android/data/mobi.testfactory.TestFactoryCross/files/.__override__/PCLStorage.Abstractions.dll.so' not found: dlopen failed: library "/data/app/mobi.testfactory.TestFactoryCross-bh87xaAKtmNeal2-bx1S1A==/lib/arm/libaot-PCLStorage.Abstractions.dll.so" not found
04-01 15:55:56.981: D/Mono(3838): AOT: image '/Users/builder/jenkins/workspace/xamarin-android-d15-9/xamarin-android/external/mono/sdks/out/android-armeabi-v7a-release/lib/mono/aot-cache/arm/PCLStorage.Abstractions.dll.so' not found: dlopen failed: library "/data/app/mobi.testfactory.TestFactoryCross-bh87xaAKtmNeal2-bx1S1A==/lib/arm/libaot-PCLStorage.Abstractions.dll.so" not found
04-01 15:55:56.981: D/Mono(3838): Assembly Loader loaded assembly from location: '/storage/emulated/0/Android/data/mobi.testfactory.TestFactoryCross/files/.__override__/PCLStorage.Abstractions.dll'.
04-01 15:55:56.981: D/Mono(3838): Config attempting to parse: '/storage/emulated/0/Android/data/mobi.testfactory.TestFactoryCross/files/.__override__/PCLStorage.Abstractions.dll.config'.
04-01 15:55:56.981: D/Mono(3838): Config attempting to parse: '/Users/builder/jenkins/workspace/xamarin-android-d15-9/xamarin-android/external/mono/sdks/out/android-armeabi-v7a-release/etc/mono/assemblies/PCLStorage.Abstractions/PCLStorage.Abstractions.config'.
04-01 15:55:56.981: D/Mono(3838): Assembly Loader probing location: '/storage/emulated/0/Android/data/mobi.testfactory.TestFactoryCross/files/.__override__/PCLStorage.dll'.
04-01 15:55:56.982: D/Mono(3838): Image addref PCLStorage[0xde178e20] -> /storage/emulated/0/Android/data/mobi.testfactory.TestFactoryCross/files/.__override__/PCLStorage.dll[0xd8dc1a00]: 2
04-01 15:55:56.982: D/Mono(3838): Prepared to set up assembly 'PCLStorage' (/storage/emulated/0/Android/data/mobi.testfactory.TestFactoryCross/files/.__override__/PCLStorage.dll)
04-01 15:55:56.982: D/Mono(3838): Assembly PCLStorage[0xde178e20] added to domain RootDomain, ref_count=1
04-01 15:55:56.983: E/WindowManager(2916): win=Window{e112675 u0 com.sec.android.app.launcher/com.sec.android.app.launcher.activities.LauncherActivity EXITING} destroySurfaces: appStopped=false win.mWindowRemovalAllowed=false win.mRemoveOnExit=false win.mViewVisibility=8, caller=com.android.server.wm.AppWindowToken.destroySurfaces:748 com.android.server.wm.AppWindowToken.destroySurfaces:732 com.android.server.wm.WindowState.onExitAnimationDone:5646 com.android.server.wm.AppWindowAnimator.stepAnimationLocked:517 com.android.server.wm.AppWindowToken.stepAppWindowsAnimation:1745 
04-01 15:55:56.983: I/WindowManager(2916): Destroying surface #d0342c4: Surface(name=com.sec.android.app.launcher/com.sec.android.app.launcher.activities.LauncherActivity) called by com.android.server.wm.WindowStateAnimator.destroySurface:2617 com.android.server.wm.WindowStateAnimator.destroySurfaceLocked:1026 com.android.server.wm.WindowState.destroyOrSaveSurfaceUnchecked:3921 com.android.server.wm.WindowState.destroySurface:3867 com.android.server.wm.AppWindowToken.destroySurfaces:748 com.android.server.wm.AppWindowToken.destroySurfaces:732 com.android.server.wm.WindowState.onExitAnimationDone:5646 com.android.server.wm.AppWindowAnimator.stepAnimationLocked:517 
04-01 15:55:56.983: I/SurfaceFlinger(2589): id=129 Removed com.sec.android.app.launcher/com.sec.android.app.launcher.activities.LauncherActivity[4036]#0 (1/4)
04-01 15:55:56.983: D/Mono(3838): AOT: image '/storage/emulated/0/Android/data/mobi.testfactory.TestFactoryCross/files/.__override__/PCLStorage.dll.so' not found: dlopen failed: library "/data/app/mobi.testfactory.TestFactoryCross-bh87xaAKtmNeal2-bx1S1A==/lib/arm/libaot-PCLStorage.dll.so" not found
04-01 15:55:56.984: D/SurfaceFlinger(2589):   Display[0] configurations (* current):
04-01 15:55:56.984: D/SurfaceFlinger(2589):     * 0: 1200x1920, xdpi=225.776993, ydpi=225.776993, refresh=16666666
04-01 15:55:56.984: D/SurfaceFlinger(2589):   numHwLayers=3, flags=00000000
04-01 15:55:56.984: D/SurfaceFlinger(2589):     type   |  handle  | hint | flag | tr | blnd |   format    |     source crop (l,t,r,b)      |          frame         | name 
04-01 15:55:56.984: D/SurfaceFlinger(2589): -----------+----------+------+------+----+------+-------------+--------------------------------+------------------------+------
04-01 15:55:56.984: D/SurfaceFlinger(2589):       GLES | eec0b480 | 0000 | 0020 | 07 | 0100 | RGBA_8888   |    0.0,    0.0, 1920.0, 1200.0 |    0,    0, 1200, 1920 | Splash Screen mobi.testfactory.TestFactoryCross[2916]#0
04-01 15:55:56.984: D/SurfaceFlinger(2589):       GLES | eec0b0c0 | 0000 | 0000 | 00 | 0105 | RGBA_8888   |    0.0,    0.0,   36.0, 1920.0 |    0,    0,   36, 1920 | StatusBar[3371]#0
04-01 15:55:56.984: D/SurfaceFlinger(2589):  FB TARGET | eef66480 | 0000 | 0000 | 00 | 0105 | RGBA_8888   |    0.0,    0.0, 1200.0, 1920.0 |    0,    0, 1200, 1920 | HWC_FRAMEBUFFER_TARGET
04-01 15:55:56.985: D/Mono(3838): AOT: image '/Users/builder/jenkins/workspace/xamarin-android-d15-9/xamarin-android/external/mono/sdks/out/android-armeabi-v7a-release/lib/mono/aot-cache/arm/PCLStorage.dll.so' not found: dlopen failed: library "/data/app/mobi.testfactory.TestFactoryCross-bh87xaAKtmNeal2-bx1S1A==/lib/arm/libaot-PCLStorage.dll.so" not found
04-01 15:55:56.985: D/Mono(3838): Assembly Loader loaded assembly from location: '/storage/emulated/0/Android/data/mobi.testfactory.TestFactoryCross/files/.__override__/PCLStorage.dll'.
04-01 15:55:56.985: D/Mono(3838): Config attempting to parse: '/storage/emulated/0/Android/data/mobi.testfactory.TestFactoryCross/files/.__override__/PCLStorage.dll.config'.
04-01 15:55:56.985: D/Mono(3838): Config attempting to parse: '/Users/builder/jenkins/workspace/xamarin-android-d15-9/xamarin-android/external/mono/sdks/out/android-armeabi-v7a-release/etc/mono/assemblies/PCLStorage/PCLStorage.config'.
04-01 15:55:56.985: D/Mono(3838): Assembly Loader probing location: '/storage/emulated/0/Android/data/mobi.testfactory.TestFactoryCross/files/.__override__/Plugin.CurrentActivity.dll'.
04-01 15:55:56.986: D/Mono(3838): Image addref Plugin.CurrentActivity[0xde178ee0] -> /storage/emulated/0/Android/data/mobi.testfactory.TestFactoryCross/files/.__override__/Plugin.CurrentActivity.dll[0xd8dc1f00]: 2
04-01 15:55:56.986: D/Mono(3838): Prepared to set up assembly 'Plugin.CurrentActivity' (/storage/emulated/0/Android/data/mobi.testfactory.TestFactoryCross/files/.__override__/Plugin.CurrentActivity.dll)
04-01 15:55:56.986: D/Mono(3838): Assembly Plugin.CurrentActivity[0xde178ee0] added to domain RootDomain, ref_count=1
04-01 15:55:56.987: I/SurfaceFlinger(2589): id=129 Removed com.sec.android.app.launcher/com.sec.android.app.launcher.activities.LauncherActivity[4036]#0 (-2/4)
04-01 15:55:56.987: D/Mono(3838): AOT: image '/storage/emulated/0/Android/data/mobi.testfactory.TestFactoryCross/files/.__override__/Plugin.CurrentActivity.dll.so' not found: dlopen failed: library "/data/app/mobi.testfactory.TestFactoryCross-bh87xaAKtmNeal2-bx1S1A==/lib/arm/libaot-Plugin.CurrentActivity.dll.so" not found
04-01 15:55:56.988: D/Mono(3838): AOT: image '/Users/builder/jenkins/workspace/xamarin-android-d15-9/xamarin-android/external/mono/sdks/out/android-armeabi-v7a-release/lib/mono/aot-cache/arm/Plugin.CurrentActivity.dll.so' not found: dlopen failed: library "/data/app/mobi.testfactory.TestFactoryCross-bh87xaAKtmNeal2-bx1S1A==/lib/arm/libaot-Plugin.CurrentActivity.dll.so" not found
04-01 15:55:56.988: D/Mono(3838): Assembly Loader loaded assembly from location: '/storage/emulated/0/Android/data/mobi.testfactory.TestFactoryCross/files/.__override__/Plugin.CurrentActivity.dll'.
04-01 15:55:56.988: D/Mono(3838): Config attempting to parse: '/storage/emulated/0/Android/data/mobi.testfactory.TestFactoryCross/files/.__override__/Plugin.CurrentActivity.dll.config'.
04-01 15:55:56.988: D/Mono(3838): Config attempting to parse: '/Users/builder/jenkins/workspace/xamarin-android-d15-9/xamarin-android/external/mono/sdks/out/android-armeabi-v7a-release/etc/mono/assemblies/Plugin.CurrentActivity/Plugin.CurrentActivity.config'.
04-01 15:55:56.989: D/Mono(3838): Assembly Loader probing location: '/storage/emulated/0/Android/data/mobi.testfactory.TestFactoryCross/files/.__override__/Plugin.FilePicker.Abstractions.dll'.
04-01 15:55:56.989: D/WallpaperService(3371): dispatchAppVisibility onVisibilityChanged(): false
04-01 15:55:56.989: D/Mono(3838): Image addref Plugin.FilePicker.Abstractions[0xde178fa0] -> /storage/emulated/0/Android/data/mobi.testfactory.TestFactoryCross/files/.__override__/Plugin.FilePicker.Abstractions.dll[0xd8dc2400]: 2
04-01 15:55:56.989: D/Mono(3838): Prepared to set up assembly 'Plugin.FilePicker.Abstractions' (/storage/emulated/0/Android/data/mobi.testfactory.TestFactoryCross/files/.__override__/Plugin.FilePicker.Abstractions.dll)
04-01 15:55:56.989: D/ImageWallpaper(3371): onVisibilityChanged: mVisible, visible=true, false
04-01 15:55:56.989: D/ImageWallpaper(3371): Visibility changed to visible=false
04-01 15:55:56.989: D/Mono(3838): Assembly Plugin.FilePicker.Abstractions[0xde178fa0] added to domain RootDomain, ref_count=1
04-01 15:55:56.989: D/WallpaperService(3371): reportVisibility onVisibilityChanged visible: false
04-01 15:55:56.991: D/Mono(3838): AOT: image '/storage/emulated/0/Android/data/mobi.testfactory.TestFactoryCross/files/.__override__/Plugin.FilePicker.Abstractions.dll.so' not found: dlopen failed: library "/data/app/mobi.testfactory.TestFactoryCross-bh87xaAKtmNeal2-bx1S1A==/lib/arm/libaot-Plugin.FilePicker.Abstractions.dll.so" not found
04-01 15:55:56.992: D/Mono(3838): AOT: image '/Users/builder/jenkins/workspace/xamarin-android-d15-9/xamarin-android/external/mono/sdks/out/android-armeabi-v7a-release/lib/mono/aot-cache/arm/Plugin.FilePicker.Abstractions.dll.so' not found: dlopen failed: library "/data/app/mobi.testfactory.TestFactoryCross-bh87xaAKtmNeal2-bx1S1A==/lib/arm/libaot-Plugin.FilePicker.Abstractions.dll.so" not found
04-01 15:55:56.992: D/Mono(3838): Assembly Loader loaded assembly from location: '/storage/emulated/0/Android/data/mobi.testfactory.TestFactoryCross/files/.__override__/Plugin.FilePicker.Abstractions.dll'.
04-01 15:55:56.992: D/Mono(3838): Config attempting to parse: '/storage/emulated/0/Android/data/mobi.testfactory.TestFactoryCross/files/.__override__/Plugin.FilePicker.Abstractions.dll.config'.
04-01 15:55:56.992: D/Mono(3838): Config attempting to parse: '/Users/builder/jenkins/workspace/xamarin-android-d15-9/xamarin-android/external/mono/sdks/out/android-armeabi-v7a-release/etc/mono/assemblies/Plugin.FilePicker.Abstractions/Plugin.FilePicker.Abstractions.config'.
04-01 15:55:56.992: D/Mono(3838): Assembly Loader probing location: '/storage/emulated/0/Android/data/mobi.testfactory.TestFactoryCross/files/.__override__/Plugin.FilePicker.dll'.
04-01 15:55:56.993: D/Mono(3838): Image addref Plugin.FilePicker[0xdc84b060] -> /storage/emulated/0/Android/data/mobi.testfactory.TestFactoryCross/files/.__override__/Plugin.FilePicker.dll[0xd8dc2900]: 2
04-01 15:55:56.993: D/Mono(3838): Prepared to set up assembly 'Plugin.FilePicker' (/storage/emulated/0/Android/data/mobi.testfactory.TestFactoryCross/files/.__override__/Plugin.FilePicker.dll)
04-01 15:55:56.993: D/Mono(3838): Assembly Plugin.FilePicker[0xdc84b060] added to domain RootDomain, ref_count=1
04-01 15:55:56.994: D/Mono(3838): AOT: image '/storage/emulated/0/Android/data/mobi.testfactory.TestFactoryCross/files/.__override__/Plugin.FilePicker.dll.so' not found: dlopen failed: library "/data/app/mobi.testfactory.TestFactoryCross-bh87xaAKtmNeal2-bx1S1A==/lib/arm/libaot-Plugin.FilePicker.dll.so" not found
04-01 15:55:56.996: D/Mono(3838): AOT: image '/Users/builder/jenkins/workspace/xamarin-android-d15-9/xamarin-android/external/mono/sdks/out/android-armeabi-v7a-release/lib/mono/aot-cache/arm/Plugin.FilePicker.dll.so' not found: dlopen failed: library "/data/app/mobi.testfactory.TestFactoryCross-bh87xaAKtmNeal2-bx1S1A==/lib/arm/libaot-Plugin.FilePicker.dll.so" not found
04-01 15:55:56.996: D/Mono(3838): Assembly Loader loaded assembly from location: '/storage/emulated/0/Android/data/mobi.testfactory.TestFactoryCross/files/.__override__/Plugin.FilePicker.dll'.
04-01 15:55:56.996: D/Mono(3838): Config attempting to parse: '/storage/emulated/0/Android/data/mobi.testfactory.TestFactoryCross/files/.__override__/Plugin.FilePicker.dll.config'.
04-01 15:55:56.996: D/Mono(3838): Config attempting to parse: '/Users/builder/jenkins/workspace/xamarin-android-d15-9/xamarin-android/external/mono/sdks/out/android-armeabi-v7a-release/etc/mono/assemblies/Plugin.FilePicker/Plugin.FilePicker.config'.
04-01 15:55:56.996: D/Mono(3838): Assembly Loader probing location: '/storage/emulated/0/Android/data/mobi.testfactory.TestFactoryCross/files/.__override__/Plugin.Media.dll'.
04-01 15:55:56.996: D/Mono(3838): Image addref Plugin.Media[0xdc84b120] -> /storage/emulated/0/Android/data/mobi.testfactory.TestFactoryCross/files/.__override__/Plugin.Media.dll[0xd8dc2e00]: 2
04-01 15:55:56.996: D/Mono(3838): Prepared to set up assembly 'Plugin.Media' (/storage/emulated/0/Android/data/mobi.testfactory.TestFactoryCross/files/.__override__/Plugin.Media.dll)
04-01 15:55:56.996: D/Mono(3838): Assembly Plugin.Media[0xdc84b120] added to domain RootDomain, ref_count=1
04-01 15:55:56.998: D/Mono(3838): AOT: image '/storage/emulated/0/Android/data/mobi.testfactory.TestFactoryCross/files/.__override__/Plugin.Media.dll.so' not found: dlopen failed: library "/data/app/mobi.testfactory.TestFactoryCross-bh87xaAKtmNeal2-bx1S1A==/lib/arm/libaot-Plugin.Media.dll.so" not found
04-01 15:55:56.998: I/Layer(2589): id=129 onRemoved com.sec.android.app.launcher/com.sec.android.app.launcher.activities.LauncherActivity[4036]#0 
04-01 15:55:56.999: D/Mono(3838): AOT: image '/Users/builder/jenkins/workspace/xamarin-android-d15-9/xamarin-android/external/mono/sdks/out/android-armeabi-v7a-release/lib/mono/aot-cache/arm/Plugin.Media.dll.so' not found: dlopen failed: library "/data/app/mobi.testfactory.TestFactoryCross-bh87xaAKtmNeal2-bx1S1A==/lib/arm/libaot-Plugin.Media.dll.so" not found
04-01 15:55:56.999: D/Mono(3838): Assembly Loader loaded assembly from location: '/storage/emulated/0/Android/data/mobi.testfactory.TestFactoryCross/files/.__override__/Plugin.Media.dll'.
04-01 15:55:56.999: D/Mono(3838): Config attempting to parse: '/storage/emulated/0/Android/data/mobi.testfactory.TestFactoryCross/files/.__override__/Plugin.Media.dll.config'.
04-01 15:55:56.999: D/Mono(3838): Config attempting to parse: '/Users/builder/jenkins/workspace/xamarin-android-d15-9/xamarin-android/external/mono/sdks/out/android-armeabi-v7a-release/etc/mono/assemblies/Plugin.Media/Plugin.Media.config'.
04-01 15:55:56.999: D/Mono(3838): Assembly Loader probing location: '/storage/emulated/0/Android/data/mobi.testfactory.TestFactoryCross/files/.__override__/Plugin.Permissions.dll'.
04-01 15:55:57.000: D/Mono(3838): Image addref Plugin.Permissions[0xdc84b1e0] -> /storage/emulated/0/Android/data/mobi.testfactory.TestFactoryCross/files/.__override__/Plugin.Permissions.dll[0xd8dc3300]: 2
04-01 15:55:57.000: D/Mono(3838): Prepared to set up assembly 'Plugin.Permissions' (/storage/emulated/0/Android/data/mobi.testfactory.TestFactoryCross/files/.__override__/Plugin.Permissions.dll)
04-01 15:55:57.000: D/Mono(3838): Assembly Plugin.Permissions[0xdc84b1e0] added to domain RootDomain, ref_count=1
04-01 15:55:57.002: D/Mono(3838): AOT: image '/storage/emulated/0/Android/data/mobi.testfactory.TestFactoryCross/files/.__override__/Plugin.Permissions.dll.so' not found: dlopen failed: library "/data/app/mobi.testfactory.TestFactoryCross-bh87xaAKtmNeal2-bx1S1A==/lib/arm/libaot-Plugin.Permissions.dll.so" not found
04-01 15:55:57.003: D/Mono(3838): AOT: image '/Users/builder/jenkins/workspace/xamarin-android-d15-9/xamarin-android/external/mono/sdks/out/android-armeabi-v7a-release/lib/mono/aot-cache/arm/Plugin.Permissions.dll.so' not found: dlopen failed: library "/data/app/mobi.testfactory.TestFactoryCross-bh87xaAKtmNeal2-bx1S1A==/lib/arm/libaot-Plugin.Permissions.dll.so" not found
04-01 15:55:57.003: D/Mono(3838): Assembly Loader loaded assembly from location: '/storage/emulated/0/Android/data/mobi.testfactory.TestFactoryCross/files/.__override__/Plugin.Permissions.dll'.
04-01 15:55:57.003: D/Mono(3838): Config attempting to parse: '/storage/emulated/0/Android/data/mobi.testfactory.TestFactoryCross/files/.__override__/Plugin.Permissions.dll.config'.
04-01 15:55:57.004: D/Mono(3838): Config attempting to parse: '/Users/builder/jenkins/workspace/xamarin-android-d15-9/xamarin-android/external/mono/sdks/out/android-armeabi-v7a-release/etc/mono/assemblies/Plugin.Permissions/Plugin.Permissions.config'.
04-01 15:55:57.004: D/Mono(3838): Assembly Loader probing location: '/storage/emulated/0/Android/data/mobi.testfactory.TestFactoryCross/files/.__override__/Plugin.Settings.dll'.
04-01 15:55:57.004: D/Mono(3838): Image addref Plugin.Settings[0xdc84b2a0] -> /storage/emulated/0/Android/data/mobi.testfactory.TestFactoryCross/files/.__override__/Plugin.Settings.dll[0xd8dc3800]: 2
04-01 15:55:57.004: D/Mono(3838): Prepared to set up assembly 'Plugin.Settings' (/storage/emulated/0/Android/data/mobi.testfactory.TestFactoryCross/files/.__override__/Plugin.Settings.dll)
04-01 15:55:57.004: D/Mono(3838): Assembly Plugin.Settings[0xdc84b2a0] added to domain RootDomain, ref_count=1
04-01 15:55:57.006: D/Mono(3838): AOT: image '/storage/emulated/0/Android/data/mobi.testfactory.TestFactoryCross/files/.__override__/Plugin.Settings.dll.so' not found: dlopen failed: library "/data/app/mobi.testfactory.TestFactoryCross-bh87xaAKtmNeal2-bx1S1A==/lib/arm/libaot-Plugin.Settings.dll.so" not found
04-01 15:55:57.007: D/Mono(3838): AOT: image '/Users/builder/jenkins/workspace/xamarin-android-d15-9/xamarin-android/external/mono/sdks/out/android-armeabi-v7a-release/lib/mono/aot-cache/arm/Plugin.Settings.dll.so' not found: dlopen failed: library "/data/app/mobi.testfactory.TestFactoryCross-bh87xaAKtmNeal2-bx1S1A==/lib/arm/libaot-Plugin.Settings.dll.so" not found
04-01 15:55:57.007: D/Mono(3838): Assembly Loader loaded assembly from location: '/storage/emulated/0/Android/data/mobi.testfactory.TestFactoryCross/files/.__override__/Plugin.Settings.dll'.
04-01 15:55:57.007: D/Mono(3838): Config attempting to parse: '/storage/emulated/0/Android/data/mobi.testfactory.TestFactoryCross/files/.__override__/Plugin.Settings.dll.config'.
04-01 15:55:57.007: D/Mono(3838): Config attempting to parse: '/Users/builder/jenkins/workspace/xamarin-android-d15-9/xamarin-android/external/mono/sdks/out/android-armeabi-v7a-release/etc/mono/assemblies/Plugin.Settings/Plugin.Settings.config'.
04-01 15:55:57.007: D/Mono(3838): Assembly Loader probing location: '/storage/emulated/0/Android/data/mobi.testfactory.TestFactoryCross/files/.__override__/ResourceLibrary.dll'.
04-01 15:55:57.007: D/Mono(3838): Image addref ResourceLibrary[0xdc84b360] -> /storage/emulated/0/Android/data/mobi.testfactory.TestFactoryCross/files/.__override__/ResourceLibrary.dll[0xd8dc3d00]: 2
04-01 15:55:57.008: D/Mono(3838): Prepared to set up assembly 'ResourceLibrary' (/storage/emulated/0/Android/data/mobi.testfactory.TestFactoryCross/files/.__override__/ResourceLibrary.dll)
04-01 15:55:57.008: D/Mono(3838): Assembly ResourceLibrary[0xdc84b360] added to domain RootDomain, ref_count=1
04-01 15:55:57.009: D/Mono(3838): AOT: image '/storage/emulated/0/Android/data/mobi.testfactory.TestFactoryCross/files/.__override__/ResourceLibrary.dll.so' not found: dlopen failed: library "/data/app/mobi.testfactory.TestFactoryCross-bh87xaAKtmNeal2-bx1S1A==/lib/arm/libaot-ResourceLibrary.dll.so" not found
04-01 15:55:57.010: D/Mono(3838): AOT: image '/Users/builder/jenkins/workspace/xamarin-android-d15-9/xamarin-android/external/mono/sdks/out/android-armeabi-v7a-release/lib/mono/aot-cache/arm/ResourceLibrary.dll.so' not found: dlopen failed: library "/data/app/mobi.testfactory.TestFactoryCross-bh87xaAKtmNeal2-bx1S1A==/lib/arm/libaot-ResourceLibrary.dll.so" not found
04-01 15:55:57.010: D/Mono(3838): Assembly Loader loaded assembly from location: '/storage/emulated/0/Android/data/mobi.testfactory.TestFactoryCross/files/.__override__/ResourceLibrary.dll'.
04-01 15:55:57.010: D/Mono(3838): Config attempting to parse: '/storage/emulated/0/Android/data/mobi.testfactory.TestFactoryCross/files/.__override__/ResourceLibrary.dll.config'.
04-01 15:55:57.010: D/Mono(3838): Config attempting to parse: '/Users/builder/jenkins/workspace/xamarin-android-d15-9/xamarin-android/external/mono/sdks/out/android-armeabi-v7a-release/etc/mono/assemblies/ResourceLibrary/ResourceLibrary.config'.
04-01 15:55:57.010: D/Mono(3838): Assembly Loader probing location: '/storage/emulated/0/Android/data/mobi.testfactory.TestFactoryCross/files/.__override__/Rg.Plugins.Popup.dll'.
04-01 15:55:57.011: D/Mono(3838): Image addref Rg.Plugins.Popup[0xdc84b420] -> /storage/emulated/0/Android/data/mobi.testfactory.TestFactoryCross/files/.__override__/Rg.Plugins.Popup.dll[0xd8dc4200]: 2
04-01 15:55:57.011: D/Mono(3838): Prepared to set up assembly 'Rg.Plugins.Popup' (/storage/emulated/0/Android/data/mobi.testfactory.TestFactoryCross/files/.__override__/Rg.Plugins.Popup.dll)
04-01 15:55:57.011: D/Mono(3838): Assembly Rg.Plugins.Popup[0xdc84b420] added to domain RootDomain, ref_count=1
04-01 15:55:57.012: D/Mono(3838): AOT: image '/storage/emulated/0/Android/data/mobi.testfactory.TestFactoryCross/files/.__override__/Rg.Plugins.Popup.dll.so' not found: dlopen failed: library "/data/app/mobi.testfactory.TestFactoryCross-bh87xaAKtmNeal2-bx1S1A==/lib/arm/libaot-Rg.Plugins.Popup.dll.so" not found
04-01 15:55:57.013: D/Mono(3838): AOT: image '/Users/builder/jenkins/workspace/xamarin-android-d15-9/xamarin-android/external/mono/sdks/out/android-armeabi-v7a-release/lib/mono/aot-cache/arm/Rg.Plugins.Popup.dll.so' not found: dlopen failed: library "/data/app/mobi.testfactory.TestFactoryCross-bh87xaAKtmNeal2-bx1S1A==/lib/arm/libaot-Rg.Plugins.Popup.dll.so" not found
04-01 15:55:57.013: D/Mono(3838): Assembly Loader loaded assembly from location: '/storage/emulated/0/Android/data/mobi.testfactory.TestFactoryCross/files/.__override__/Rg.Plugins.Popup.dll'.
04-01 15:55:57.013: D/Mono(3838): Config attempting to parse: '/storage/emulated/0/Android/data/mobi.testfactory.TestFactoryCross/files/.__override__/Rg.Plugins.Popup.dll.config'.
04-01 15:55:57.013: D/Mono(3838): Config attempting to parse: '/Users/builder/jenkins/workspace/xamarin-android-d15-9/xamarin-android/external/mono/sdks/out/android-armeabi-v7a-release/etc/mono/assemblies/Rg.Plugins.Popup/Rg.Plugins.Popup.config'.
04-01 15:55:57.013: D/Mono(3838): Assembly Loader probing location: '/storage/emulated/0/Android/data/mobi.testfactory.TestFactoryCross/files/.__override__/Rg.Plugins.Popup.Droid.dll'.
04-01 15:55:57.014: D/Mono(3838): Image addref Rg.Plugins.Popup.Droid[0xdc84b4e0] -> /storage/emulated/0/Android/data/mobi.testfactory.TestFactoryCross/files/.__override__/Rg.Plugins.Popup.Droid.dll[0xd8dc4700]: 2
04-01 15:55:57.014: D/Mono(3838): Prepared to set up assembly 'Rg.Plugins.Popup.Droid' (/storage/emulated/0/Android/data/mobi.testfactory.TestFactoryCross/files/.__override__/Rg.Plugins.Popup.Droid.dll)
04-01 15:55:57.014: D/Mono(3838): Assembly Rg.Plugins.Popup.Droid[0xdc84b4e0] added to domain RootDomain, ref_count=1
04-01 15:55:57.015: D/Mono(3838): AOT: image '/storage/emulated/0/Android/data/mobi.testfactory.TestFactoryCross/files/.__override__/Rg.Plugins.Popup.Droid.dll.so' not found: dlopen failed: library "/data/app/mobi.testfactory.TestFactoryCross-bh87xaAKtmNeal2-bx1S1A==/lib/arm/libaot-Rg.Plugins.Popup.Droid.dll.so" not found
04-01 15:55:57.016: D/Mono(3838): AOT: image '/Users/builder/jenkins/workspace/xamarin-android-d15-9/xamarin-android/external/mono/sdks/out/android-armeabi-v7a-release/lib/mono/aot-cache/arm/Rg.Plugins.Popup.Droid.dll.so' not found: dlopen failed: library "/data/app/mobi.testfactory.TestFactoryCross-bh87xaAKtmNeal2-bx1S1A==/lib/arm/libaot-Rg.Plugins.Popup.Droid.dll.so" not found
04-01 15:55:57.016: D/Mono(3838): Assembly Loader loaded assembly from location: '/storage/emulated/0/Android/data/mobi.testfactory.TestFactoryCross/files/.__override__/Rg.Plugins.Popup.Droid.dll'.
04-01 15:55:57.016: D/Mono(3838): Config attempting to parse: '/storage/emulated/0/Android/data/mobi.testfactory.TestFactoryCross/files/.__override__/Rg.Plugins.Popup.Droid.dll.config'.
04-01 15:55:57.016: D/Mono(3838): Config attempting to parse: '/Users/builder/jenkins/workspace/xamarin-android-d15-9/xamarin-android/external/mono/sdks/out/android-armeabi-v7a-release/etc/mono/assemblies/Rg.Plugins.Popup.Droid/Rg.Plugins.Popup.Droid.config'.
04-01 15:55:57.017: D/Mono(3838): Assembly Loader probing location: '/storage/emulated/0/Android/data/mobi.testfactory.TestFactoryCross/files/.__override__/SKGL.dll'.
04-01 15:55:57.017: D/Mono(3838): Image addref SKGL[0xdc84b900] -> /storage/emulated/0/Android/data/mobi.testfactory.TestFactoryCross/files/.__override__/SKGL.dll[0xd8dc4c00]: 2
04-01 15:55:57.017: D/Mono(3838): Prepared to set up assembly 'SKGL' (/storage/emulated/0/Android/data/mobi.testfactory.TestFactoryCross/files/.__override__/SKGL.dll)
04-01 15:55:57.017: D/Mono(3838): Assembly SKGL[0xdc84b900] added to domain RootDomain, ref_count=1
04-01 15:55:57.018: D/Mono(3838): AOT: image '/storage/emulated/0/Android/data/mobi.testfactory.TestFactoryCross/files/.__override__/SKGL.dll.so' not found: dlopen failed: library "/data/app/mobi.testfactory.TestFactoryCross-bh87xaAKtmNeal2-bx1S1A==/lib/arm/libaot-SKGL.dll.so" not found
04-01 15:55:57.019: D/Mono(3838): AOT: image '/Users/builder/jenkins/workspace/xamarin-android-d15-9/xamarin-android/external/mono/sdks/out/android-armeabi-v7a-release/lib/mono/aot-cache/arm/SKGL.dll.so' not found: dlopen failed: library "/data/app/mobi.testfactory.TestFactoryCross-bh87xaAKtmNeal2-bx1S1A==/lib/arm/libaot-SKGL.dll.so" not found
04-01 15:55:57.019: D/Mono(3838): Assembly Loader loaded assembly from location: '/storage/emulated/0/Android/data/mobi.testfactory.TestFactoryCross/files/.__override__/SKGL.dll'.
04-01 15:55:57.019: D/Mono(3838): Config attempting to parse: '/storage/emulated/0/Android/data/mobi.testfactory.TestFactoryCross/files/.__override__/SKGL.dll.config'.
04-01 15:55:57.019: D/Mono(3838): Config attempting to parse: '/Users/builder/jenkins/workspace/xamarin-android-d15-9/xamarin-android/external/mono/sdks/out/android-armeabi-v7a-release/etc/mono/assemblies/SKGL/SKGL.config'.
04-01 15:55:57.020: D/Mono(3838): Assembly Loader probing location: '/storage/emulated/0/Android/data/mobi.testfactory.TestFactoryCross/files/.__override__/SQLite-net.dll'.
04-01 15:55:57.020: D/Mono(3838): Image addref SQLite-net[0xdc84b840] -> /storage/emulated/0/Android/data/mobi.testfactory.TestFactoryCross/files/.__override__/SQLite-net.dll[0xd8dc5100]: 2
04-01 15:55:57.020: D/Mono(3838): Prepared to set up assembly 'SQLite-net' (/storage/emulated/0/Android/data/mobi.testfactory.TestFactoryCross/files/.__override__/SQLite-net.dll)
04-01 15:55:57.020: D/Mono(3838): Assembly SQLite-net[0xdc84b840] added to domain RootDomain, ref_count=1
04-01 15:55:57.021: D/Mono(3838): AOT: image '/storage/emulated/0/Android/data/mobi.testfactory.TestFactoryCross/files/.__override__/SQLite-net.dll.so' not found: dlopen failed: library "/data/app/mobi.testfactory.TestFactoryCross-bh87xaAKtmNeal2-bx1S1A==/lib/arm/libaot-SQLite-net.dll.so" not found
04-01 15:55:57.022: D/Mono(3838): AOT: image '/Users/builder/jenkins/workspace/xamarin-android-d15-9/xamarin-android/external/mono/sdks/out/android-armeabi-v7a-release/lib/mono/aot-cache/arm/SQLite-net.dll.so' not found: dlopen failed: library "/data/app/mobi.testfactory.TestFactoryCross-bh87xaAKtmNeal2-bx1S1A==/lib/arm/libaot-SQLite-net.dll.so" not found
04-01 15:55:57.022: D/Mono(3838): Assembly Loader loaded assembly from location: '/storage/emulated/0/Android/data/mobi.testfactory.TestFactoryCross/files/.__override__/SQLite-net.dll'.
04-01 15:55:57.022: D/Mono(3838): Config attempting to parse: '/storage/emulated/0/Android/data/mobi.testfactory.TestFactoryCross/files/.__override__/SQLite-net.dll.config'.
04-01 15:55:57.023: D/Mono(3838): Config attempting to parse: '/Users/builder/jenkins/workspace/xamarin-android-d15-9/xamarin-android/external/mono/sdks/out/android-armeabi-v7a-release/etc/mono/assemblies/SQLite-net/SQLite-net.config'.
04-01 15:55:57.023: D/Mono(3838): Assembly Loader probing location: '/storage/emulated/0/Android/data/mobi.testfactory.TestFactoryCross/files/.__override__/SQLitePCLRaw.batteries_green.dll'.
04-01 15:55:57.023: D/Mono(3838): Image addref SQLitePCLRaw.batteries_green[0xdc84ba20] -> /storage/emulated/0/Android/data/mobi.testfactory.TestFactoryCross/files/.__override__/SQLitePCLRaw.batteries_green.dll[0xd8dc5600]: 2
04-01 15:55:57.023: D/Mono(3838): Prepared to set up assembly 'SQLitePCLRaw.batteries_green' (/storage/emulated/0/Android/data/mobi.testfactory.TestFactoryCross/files/.__override__/SQLitePCLRaw.batteries_green.dll)
04-01 15:55:57.023: D/Mono(3838): Assembly SQLitePCLRaw.batteries_green[0xdc84ba20] added to domain RootDomain, ref_count=1
04-01 15:55:57.024: D/Mono(3838): AOT: image '/storage/emulated/0/Android/data/mobi.testfactory.TestFactoryCross/files/.__override__/SQLitePCLRaw.batteries_green.dll.so' not found: dlopen failed: library "/data/app/mobi.testfactory.TestFactoryCross-bh87xaAKtmNeal2-bx1S1A==/lib/arm/libaot-SQLitePCLRaw.batteries_green.dll.so" not found
04-01 15:55:57.026: D/Mono(3838): AOT: image '/Users/builder/jenkins/workspace/xamarin-android-d15-9/xamarin-android/external/mono/sdks/out/android-armeabi-v7a-release/lib/mono/aot-cache/arm/SQLitePCLRaw.batteries_green.dll.so' not found: dlopen failed: library "/data/app/mobi.testfactory.TestFactoryCross-bh87xaAKtmNeal2-bx1S1A==/lib/arm/libaot-SQLitePCLRaw.batteries_green.dll.so" not found
04-01 15:55:57.026: D/Mono(3838): Assembly Loader loaded assembly from location: '/storage/emulated/0/Android/data/mobi.testfactory.TestFactoryCross/files/.__override__/SQLitePCLRaw.batteries_green.dll'.
04-01 15:55:57.026: D/Mono(3838): Config attempting to parse: '/storage/emulated/0/Android/data/mobi.testfactory.TestFactoryCross/files/.__override__/SQLitePCLRaw.batteries_green.dll.config'.
04-01 15:55:57.026: D/Mono(3838): Config attempting to parse: '/Users/builder/jenkins/workspace/xamarin-android-d15-9/xamarin-android/external/mono/sdks/out/android-armeabi-v7a-release/etc/mono/assemblies/SQLitePCLRaw.batteries_green/SQLitePCLRaw.batteries_green.config'.
04-01 15:55:57.026: D/Mono(3838): Assembly Loader probing location: '/storage/emulated/0/Android/data/mobi.testfactory.TestFactoryCross/files/.__override__/SQLitePCLRaw.batteries_v2.dll'.
04-01 15:55:57.026: D/Mono(3838): Image addref SQLitePCLRaw.batteries_v2[0xdc84bae0] -> /storage/emulated/0/Android/data/mobi.testfactory.TestFactoryCross/files/.__override__/SQLitePCLRaw.batteries_v2.dll[0xd8dc5b00]: 2
04-01 15:55:57.027: D/Mono(3838): Prepared to set up assembly 'SQLitePCLRaw.batteries_v2' (/storage/emulated/0/Android/data/mobi.testfactory.TestFactoryCross/files/.__override__/SQLitePCLRaw.batteries_v2.dll)
04-01 15:55:57.027: D/Mono(3838): Assembly SQLitePCLRaw.batteries_v2[0xdc84bae0] added to domain RootDomain, ref_count=1
04-01 15:55:57.028: D/Mono(3838): AOT: image '/storage/emulated/0/Android/data/mobi.testfactory.TestFactoryCross/files/.__override__/SQLitePCLRaw.batteries_v2.dll.so' not found: dlopen failed: library "/data/app/mobi.testfactory.TestFactoryCross-bh87xaAKtmNeal2-bx1S1A==/lib/arm/libaot-SQLitePCLRaw.batteries_v2.dll.so" not found
04-01 15:55:57.029: D/Mono(3838): AOT: image '/Users/builder/jenkins/workspace/xamarin-android-d15-9/xamarin-android/external/mono/sdks/out/android-armeabi-v7a-release/lib/mono/aot-cache/arm/SQLitePCLRaw.batteries_v2.dll.so' not found: dlopen failed: library "/data/app/mobi.testfactory.TestFactoryCross-bh87xaAKtmNeal2-bx1S1A==/lib/arm/libaot-SQLitePCLRaw.batteries_v2.dll.so" not found
04-01 15:55:57.029: D/Mono(3838): Assembly Loader loaded assembly from location: '/storage/emulated/0/Android/data/mobi.testfactory.TestFactoryCross/files/.__override__/SQLitePCLRaw.batteries_v2.dll'.
04-01 15:55:57.029: D/Mono(3838): Config attempting to parse: '/storage/emulated/0/Android/data/mobi.testfactory.TestFactoryCross/files/.__override__/SQLitePCLRaw.batteries_v2.dll.config'.
04-01 15:55:57.029: D/Mono(3838): Config attempting to parse: '/Users/builder/jenkins/workspace/xamarin-android-d15-9/xamarin-android/external/mono/sdks/out/android-armeabi-v7a-release/etc/mono/assemblies/SQLitePCLRaw.batteries_v2/SQLitePCLRaw.batteries_v2.config'.
04-01 15:55:57.029: D/Mono(3838): Assembly Loader probing location: '/storage/emulated/0/Android/data/mobi.testfactory.TestFactoryCross/files/.__override__/SQLitePCLRaw.core.dll'.
04-01 15:55:57.030: D/Mono(3838): Image addref SQLitePCLRaw.core[0xdc84bba0] -> /storage/emulated/0/Android/data/mobi.testfactory.TestFactoryCross/files/.__override__/SQLitePCLRaw.core.dll[0xd8dc8000]: 2
04-01 15:55:57.030: D/Mono(3838): Prepared to set up assembly 'SQLitePCLRaw.core' (/storage/emulated/0/Android/data/mobi.testfactory.TestFactoryCross/files/.__override__/SQLitePCLRaw.core.dll)
04-01 15:55:57.030: D/Mono(3838): Assembly SQLitePCLRaw.core[0xdc84bba0] added to domain RootDomain, ref_count=1
04-01 15:55:57.031: D/Mono(3838): AOT: image '/storage/emulated/0/Android/data/mobi.testfactory.TestFactoryCross/files/.__override__/SQLitePCLRaw.core.dll.so' not found: dlopen failed: library "/data/app/mobi.testfactory.TestFactoryCross-bh87xaAKtmNeal2-bx1S1A==/lib/arm/libaot-SQLitePCLRaw.core.dll.so" not found
04-01 15:55:57.032: D/Mono(3838): AOT: image '/Users/builder/jenkins/workspace/xamarin-android-d15-9/xamarin-android/external/mono/sdks/out/android-armeabi-v7a-release/lib/mono/aot-cache/arm/SQLitePCLRaw.core.dll.so' not found: dlopen failed: library "/data/app/mobi.testfactory.TestFactoryCross-bh87xaAKtmNeal2-bx1S1A==/lib/arm/libaot-SQLitePCLRaw.core.dll.so" not found
04-01 15:55:57.032: D/Mono(3838): Assembly Loader loaded assembly from location: '/storage/emulated/0/Android/data/mobi.testfactory.TestFactoryCross/files/.__override__/SQLitePCLRaw.core.dll'.
04-01 15:55:57.032: D/Mono(3838): Config attempting to parse: '/storage/emulated/0/Android/data/mobi.testfactory.TestFactoryCross/files/.__override__/SQLitePCLRaw.core.dll.config'.
04-01 15:55:57.032: D/Mono(3838): Config attempting to parse: '/Users/builder/jenkins/workspace/xamarin-android-d15-9/xamarin-android/external/mono/sdks/out/android-armeabi-v7a-release/etc/mono/assemblies/SQLitePCLRaw.core/SQLitePCLRaw.core.config'.
04-01 15:55:57.032: D/Mono(3838): Assembly Loader probing location: '/storage/emulated/0/Android/data/mobi.testfactory.TestFactoryCross/files/.__override__/SQLitePCLRaw.lib.e_sqlite3.dll'.
04-01 15:55:57.033: D/Mono(3838): Image addref SQLitePCLRaw.lib.e_sqlite3[0xdc84bc60] -> /storage/emulated/0/Android/data/mobi.testfactory.TestFactoryCross/files/.__override__/SQLitePCLRaw.lib.e_sqlite3.dll[0xd8dc8500]: 2
04-01 15:55:57.033: D/Mono(3838): Prepared to set up assembly 'SQLitePCLRaw.lib.e_sqlite3' (/storage/emulated/0/Android/data/mobi.testfactory.TestFactoryCross/files/.__override__/SQLitePCLRaw.lib.e_sqlite3.dll)
04-01 15:55:57.033: D/Mono(3838): Assembly SQLitePCLRaw.lib.e_sqlite3[0xdc84bc60] added to domain RootDomain, ref_count=1
04-01 15:55:57.034: D/Mono(3838): AOT: image '/storage/emulated/0/Android/data/mobi.testfactory.TestFactoryCross/files/.__override__/SQLitePCLRaw.lib.e_sqlite3.dll.so' not found: dlopen failed: library "/data/app/mobi.testfactory.TestFactoryCross-bh87xaAKtmNeal2-bx1S1A==/lib/arm/libaot-SQLitePCLRaw.lib.e_sqlite3.dll.so" not found
04-01 15:55:57.035: D/Mono(3838): AOT: image '/Users/builder/jenkins/workspace/xamarin-android-d15-9/xamarin-android/external/mono/sdks/out/android-armeabi-v7a-release/lib/mono/aot-cache/arm/SQLitePCLRaw.lib.e_sqlite3.dll.so' not found: dlopen failed: library "/data/app/mobi.testfactory.TestFactoryCross-bh87xaAKtmNeal2-bx1S1A==/lib/arm/libaot-SQLitePCLRaw.lib.e_sqlite3.dll.so" not found
04-01 15:55:57.035: D/Mono(3838): Assembly Loader loaded assembly from location: '/storage/emulated/0/Android/data/mobi.testfactory.TestFactoryCross/files/.__override__/SQLitePCLRaw.lib.e_sqlite3.dll'.
04-01 15:55:57.035: D/Mono(3838): Config attempting to parse: '/storage/emulated/0/Android/data/mobi.testfactory.TestFactoryCross/files/.__override__/SQLitePCLRaw.lib.e_sqlite3.dll.config'.
04-01 15:55:57.035: D/Mono(3838): Config attempting to parse: '/Users/builder/jenkins/workspace/xamarin-android-d15-9/xamarin-android/external/mono/sdks/out/android-armeabi-v7a-release/etc/mono/assemblies/SQLitePCLRaw.lib.e_sqlite3/SQLitePCLRaw.lib.e_sqlite3.config'.
04-01 15:55:57.035: D/Mono(3838): Assembly Loader probing location: '/storage/emulated/0/Android/data/mobi.testfactory.TestFactoryCross/files/.__override__/SQLitePCLRaw.provider.e_sqlite3.dll'.
04-01 15:55:57.036: D/Mono(3838): Image addref SQLitePCLRaw.provider.e_sqlite3[0xdc84bd20] -> /storage/emulated/0/Android/data/mobi.testfactory.TestFactoryCross/files/.__override__/SQLitePCLRaw.provider.e_sqlite3.dll[0xd8dc8a00]: 2
04-01 15:55:57.036: D/Mono(3838): Prepared to set up assembly 'SQLitePCLRaw.provider.e_sqlite3' (/storage/emulated/0/Android/data/mobi.testfactory.TestFactoryCross/files/.__override__/SQLitePCLRaw.provider.e_sqlite3.dll)
04-01 15:55:57.036: D/Mono(3838): Assembly SQLitePCLRaw.provider.e_sqlite3[0xdc84bd20] added to domain RootDomain, ref_count=1
04-01 15:55:57.037: D/Mono(3838): AOT: image '/storage/emulated/0/Android/data/mobi.testfactory.TestFactoryCross/files/.__override__/SQLitePCLRaw.provider.e_sqlite3.dll.so' not found: dlopen failed: library "/data/app/mobi.testfactory.TestFactoryCross-bh87xaAKtmNeal2-bx1S1A==/lib/arm/libaot-SQLitePCLRaw.provider.e_sqlite3.dll.so" not found
04-01 15:55:57.038: D/Mono(3838): AOT: image '/Users/builder/jenkins/workspace/xamarin-android-d15-9/xamarin-android/external/mono/sdks/out/android-armeabi-v7a-release/lib/mono/aot-cache/arm/SQLitePCLRaw.provider.e_sqlite3.dll.so' not found: dlopen failed: library "/data/app/mobi.testfactory.TestFactoryCross-bh87xaAKtmNeal2-bx1S1A==/lib/arm/libaot-SQLitePCLRaw.provider.e_sqlite3.dll.so" not found
04-01 15:55:57.038: D/Mono(3838): Assembly Loader loaded assembly from location: '/storage/emulated/0/Android/data/mobi.testfactory.TestFactoryCross/files/.__override__/SQLitePCLRaw.provider.e_sqlite3.dll'.
04-01 15:55:57.038: D/Mono(3838): Config attempting to parse: '/storage/emulated/0/Android/data/mobi.testfactory.TestFactoryCross/files/.__override__/SQLitePCLRaw.provider.e_sqlite3.dll.config'.
04-01 15:55:57.038: D/Mono(3838): Config attempting to parse: '/Users/builder/jenkins/workspace/xamarin-android-d15-9/xamarin-android/external/mono/sdks/out/android-armeabi-v7a-release/etc/mono/assemblies/SQLitePCLRaw.provider.e_sqlite3/SQLitePCLRaw.provider.e_sqlite3.config'.
04-01 15:55:57.039: D/Mono(3838): Assembly Loader probing location: '/storage/emulated/0/Android/data/mobi.testfactory.TestFactoryCross/files/.__override__/Syncfusion.Compression.Portable.dll'.
04-01 15:55:57.039: D/Mono(3838): Image addref Syncfusion.Compression.Portable[0xdc84bde0] -> /storage/emulated/0/Android/data/mobi.testfactory.TestFactoryCross/files/.__override__/Syncfusion.Compression.Portable.dll[0xd8dc8f00]: 2
04-01 15:55:57.039: D/Mono(3838): Prepared to set up assembly 'Syncfusion.Compression.Portable' (/storage/emulated/0/Android/data/mobi.testfactory.TestFactoryCross/files/.__override__/Syncfusion.Compression.Portable.dll)
04-01 15:55:57.039: D/Mono(3838): Assembly Syncfusion.Compression.Portable[0xdc84bde0] added to domain RootDomain, ref_count=1
04-01 15:55:57.040: D/Mono(3838): AOT: image '/storage/emulated/0/Android/data/mobi.testfactory.TestFactoryCross/files/.__override__/Syncfusion.Compression.Portable.dll.so' not found: dlopen failed: library "/data/app/mobi.testfactory.TestFactoryCross-bh87xaAKtmNeal2-bx1S1A==/lib/arm/libaot-Syncfusion.Compression.Portable.dll.so" not found
04-01 15:55:57.041: D/Mono(3838): AOT: image '/Users/builder/jenkins/workspace/xamarin-android-d15-9/xamarin-android/external/mono/sdks/out/android-armeabi-v7a-release/lib/mono/aot-cache/arm/Syncfusion.Compression.Portable.dll.so' not found: dlopen failed: library "/data/app/mobi.testfactory.TestFactoryCross-bh87xaAKtmNeal2-bx1S1A==/lib/arm/libaot-Syncfusion.Compression.Portable.dll.so" not found
04-01 15:55:57.041: D/Mono(3838): Assembly Loader loaded assembly from location: '/storage/emulated/0/Android/data/mobi.testfactory.TestFactoryCross/files/.__override__/Syncfusion.Compression.Portable.dll'.
04-01 15:55:57.041: D/Mono(3838): Config attempting to parse: '/storage/emulated/0/Android/data/mobi.testfactory.TestFactoryCross/files/.__override__/Syncfusion.Compression.Portable.dll.config'.
04-01 15:55:57.041: D/Mono(3838): Config attempting to parse: '/Users/builder/jenkins/workspace/xamarin-android-d15-9/xamarin-android/external/mono/sdks/out/android-armeabi-v7a-release/etc/mono/assemblies/Syncfusion.Compression.Portable/Syncfusion.Compression.Portable.config'.
04-01 15:55:57.042: D/Mono(3838): Assembly Loader probing location: '/storage/emulated/0/Android/data/mobi.testfactory.TestFactoryCross/files/.__override__/Syncfusion.Core.XForms.dll'.
04-01 15:55:57.042: D/Mono(3838): Image addref Syncfusion.Core.XForms[0xdc84bea0] -> /storage/emulated/0/Android/data/mobi.testfactory.TestFactoryCross/files/.__override__/Syncfusion.Core.XForms.dll[0xd8dc9400]: 2
04-01 15:55:57.042: D/Mono(3838): Prepared to set up assembly 'Syncfusion.Core.XForms' (/storage/emulated/0/Android/data/mobi.testfactory.TestFactoryCross/files/.__override__/Syncfusion.Core.XForms.dll)
04-01 15:55:57.042: D/Mono(3838): Assembly Syncfusion.Core.XForms[0xdc84bea0] added to domain RootDomain, ref_count=1
04-01 15:55:57.043: D/Mono(3838): AOT: image '/storage/emulated/0/Android/data/mobi.testfactory.TestFactoryCross/files/.__override__/Syncfusion.Core.XForms.dll.so' not found: dlopen failed: library "/data/app/mobi.testfactory.TestFactoryCross-bh87xaAKtmNeal2-bx1S1A==/lib/arm/libaot-Syncfusion.Core.XForms.dll.so" not found
04-01 15:55:57.044: D/Mono(3838): AOT: image '/Users/builder/jenkins/workspace/xamarin-android-d15-9/xamarin-android/external/mono/sdks/out/android-armeabi-v7a-release/lib/mono/aot-cache/arm/Syncfusion.Core.XForms.dll.so' not found: dlopen failed: library "/data/app/mobi.testfactory.TestFactoryCross-bh87xaAKtmNeal2-bx1S1A==/lib/arm/libaot-Syncfusion.Core.XForms.dll.so" not found
04-01 15:55:57.044: D/Mono(3838): Assembly Loader loaded assembly from location: '/storage/emulated/0/Android/data/mobi.testfactory.TestFactoryCross/files/.__override__/Syncfusion.Core.XForms.dll'.
04-01 15:55:57.044: D/Mono(3838): Config attempting to parse: '/storage/emulated/0/Android/data/mobi.testfactory.TestFactoryCross/files/.__override__/Syncfusion.Core.XForms.dll.config'.
04-01 15:55:57.045: D/Mono(3838): Config attempting to parse: '/Users/builder/jenkins/workspace/xamarin-android-d15-9/xamarin-android/external/mono/sdks/out/android-armeabi-v7a-release/etc/mono/assemblies/Syncfusion.Core.XForms/Syncfusion.Core.XForms.config'.
04-01 15:55:57.045: D/Mono(3838): Assembly Loader probing location: '/storage/emulated/0/Android/data/mobi.testfactory.TestFactoryCross/files/.__override__/Syncfusion.DataSource.Portable.dll'.
04-01 15:55:57.045: D/Mono(3838): Image addref Syncfusion.DataSource.Portable[0xdc84bf60] -> /storage/emulated/0/Android/data/mobi.testfactory.TestFactoryCross/files/.__override__/Syncfusion.DataSource.Portable.dll[0xd8dc9900]: 2
04-01 15:55:57.046: D/Mono(3838): Prepared to set up assembly 'Syncfusion.DataSource.Portable' (/storage/emulated/0/Android/data/mobi.testfactory.TestFactoryCross/files/.__override__/Syncfusion.DataSource.Portable.dll)
04-01 15:55:57.046: D/Mono(3838): Assembly Syncfusion.DataSource.Portable[0xdc84bf60] added to domain RootDomain, ref_count=1
04-01 15:55:57.047: D/Mono(3838): AOT: image '/storage/emulated/0/Android/data/mobi.testfactory.TestFactoryCross/files/.__override__/Syncfusion.DataSource.Portable.dll.so' not found: dlopen failed: library "/data/app/mobi.testfactory.TestFactoryCross-bh87xaAKtmNeal2-bx1S1A==/lib/arm/libaot-Syncfusion.DataSource.Portable.dll.so" not found
04-01 15:55:57.048: D/Mono(3838): AOT: image '/Users/builder/jenkins/workspace/xamarin-android-d15-9/xamarin-android/external/mono/sdks/out/android-armeabi-v7a-release/lib/mono/aot-cache/arm/Syncfusion.DataSource.Portable.dll.so' not found: dlopen failed: library "/data/app/mobi.testfactory.TestFactoryCross-bh87xaAKtmNeal2-bx1S1A==/lib/arm/libaot-Syncfusion.DataSource.Portable.dll.so" not found
04-01 15:55:57.048: D/Mono(3838): Assembly Loader loaded assembly from location: '/storage/emulated/0/Android/data/mobi.testfactory.TestFactoryCross/files/.__override__/Syncfusion.DataSource.Portable.dll'.
04-01 15:55:57.048: D/Mono(3838): Config attempting to parse: '/storage/emulated/0/Android/data/mobi.testfactory.TestFactoryCross/files/.__override__/Syncfusion.DataSource.Portable.dll.config'.
04-01 15:55:57.048: D/Mono(3838): Config attempting to parse: '/Users/builder/jenkins/workspace/xamarin-android-d15-9/xamarin-android/external/mono/sdks/out/android-armeabi-v7a-release/etc/mono/assemblies/Syncfusion.DataSource.Portable/Syncfusion.DataSource.Portable.config'.
04-01 15:55:57.048: D/Mono(3838): Assembly Loader probing location: '/storage/emulated/0/Android/data/mobi.testfactory.TestFactoryCross/files/.__override__/Syncfusion.GridCommon.Portable.dll'.
04-01 15:55:57.049: D/Mono(3838): Image addref Syncfusion.GridCommon.Portable[0xdc84c020] -> /storage/emulated/0/Android/data/mobi.testfactory.TestFactoryCross/files/.__override__/Syncfusion.GridCommon.Portable.dll[0xd8dc9e00]: 2
