04-01 15:56:03.381: W/GLSActivity(3658): 	at gvh.a(:com.google.android.gms@16089016@16.0.89 (040304-239467275):2)
04-01 15:56:03.381: W/GLSActivity(3658): 	at gvh.c(:com.google.android.gms@16089016@16.0.89 (040304-239467275):6)
04-01 15:56:03.381: W/GLSActivity(3658): 	at gvg.a(:com.google.android.gms@16089016@16.0.89 (040304-239467275):1)
04-01 15:56:03.381: W/GLSActivity(3658): 	at gxe.getAuthToken(:com.google.android.gms@16089016@16.0.89 (040304-239467275):9)
04-01 15:56:03.381: W/GLSActivity(3658): 	at android.accounts.AbstractAccountAuthenticator$Transport.getAuthToken(AbstractAccountAuthenticator.java:244)
04-01 15:56:03.381: W/GLSActivity(3658): 	at android.accounts.IAccountAuthenticator$Stub.onTransact(IAccountAuthenticator.java:113)
04-01 15:56:03.381: W/GLSActivity(3658): 	at android.os.Binder.transact(Binder.java:635)
04-01 15:56:03.381: W/GLSActivity(3658): 	at dwd.onTransact(:com.google.android.gms@16089016@16.0.89 (040304-239467275):3)
04-01 15:56:03.381: W/GLSActivity(3658): 	at android.os.Binder.execTransact(Binder.java:705)
04-01 15:56:03.387: I/LicenseChecker(3838): Received response.
04-01 15:56:03.387: I/LicenseChecker(3838): Clearing timeout.
04-01 15:56:03.387: W/LicenseValidator(3838): Error contacting licensing server.
04-01 15:56:03.397: I/LicenseChecker(3838): Calling checkLicense on service for mobi.testfactory.TestFactoryCross
04-01 15:56:03.397: I/LicenseChecker(3838): Start monitoring timeout.
04-01 15:56:03.420: I/System.out(3658): (HTTPLog)-Static: isSBSettingEnabled false
04-01 15:56:03.420: I/System.out(3658): (HTTPLog)-Static: isSBSettingEnabled false
04-01 15:56:03.423: D/Mono(3838): Assembly Ref addref Xamarin.Android.Support.Fragment[0xdc84d7c0] -> Xamarin.Android.Arch.Lifecycle.LiveData.Core[0xdc84ca40]: 2
04-01 15:56:03.425: W/Conscrypt(3658): Could not set socket write timeout: java.net.SocketException: Socket closed
04-01 15:56:03.426: W/Conscrypt(3658): 	at com.google.android.gms.org.conscrypt.Platform.setSocketWriteTimeout(:com.google.android.gms@16089016@16.0.89 (040304-239467275):2)
04-01 15:56:03.426: W/Conscrypt(3658): 	at com.google.android.gms.org.conscrypt.ConscryptFileDescriptorSocket.setSoWriteTimeout(:com.google.android.gms@16089016@16.0.89 (040304-239467275):2)
04-01 15:56:03.430: I/System.out(3658): (HTTPLog)-Static: isSBSettingEnabled false
04-01 15:56:03.430: I/System.out(3658): (HTTPLog)-Static: isSBSettingEnabled false
04-01 15:56:03.436: W/Conscrypt(3658): Could not set socket write timeout: java.net.SocketException: Socket closed
04-01 15:56:03.436: W/Conscrypt(3658): 	at com.google.android.gms.org.conscrypt.Platform.setSocketWriteTimeout(:com.google.android.gms@16089016@16.0.89 (040304-239467275):2)
04-01 15:56:03.436: W/Conscrypt(3658): 	at com.google.android.gms.org.conscrypt.ConscryptFileDescriptorSocket.setSoWriteTimeout(:com.google.android.gms@16089016@16.0.89 (040304-239467275):2)
04-01 15:56:03.442: I/System.out(3658): (HTTPLog)-Static: isSBSettingEnabled false
04-01 15:56:03.442: I/System.out(3658): (HTTPLog)-Static: isSBSettingEnabled false
04-01 15:56:03.447: W/Conscrypt(3658): Could not set socket write timeout: java.net.SocketException: Socket closed
04-01 15:56:03.447: W/Conscrypt(3658): 	at com.google.android.gms.org.conscrypt.Platform.setSocketWriteTimeout(:com.google.android.gms@16089016@16.0.89 (040304-239467275):2)
04-01 15:56:03.447: W/Conscrypt(3658): 	at com.google.android.gms.org.conscrypt.ConscryptFileDescriptorSocket.setSoWriteTimeout(:com.google.android.gms@16089016@16.0.89 (040304-239467275):2)
04-01 15:56:03.451: I/System.out(3658): (HTTPLog)-Static: isSBSettingEnabled false
04-01 15:56:03.451: I/System.out(3658): (HTTPLog)-Static: isSBSettingEnabled false
04-01 15:56:03.456: W/Conscrypt(3658): Could not set socket write timeout: java.net.SocketException: Socket closed
04-01 15:56:03.456: W/Conscrypt(3658): 	at com.google.android.gms.org.conscrypt.Platform.setSocketWriteTimeout(:com.google.android.gms@16089016@16.0.89 (040304-239467275):2)
04-01 15:56:03.456: W/Conscrypt(3658): 	at com.google.android.gms.org.conscrypt.ConscryptFileDescriptorSocket.setSoWriteTimeout(:com.google.android.gms@16089016@16.0.89 (040304-239467275):2)
04-01 15:56:03.461: E/Auth(3658): [GoogleAccountDataServiceImpl] getToken() -> NETWORK_ERROR. Account: <ELLIDED:-159645558>, App: com.android.vending, Service: oauth2:https://www.googleapis.com/auth/googleplay
04-01 15:56:03.461: E/Auth(3658): qsk: Error when calling server.
04-01 15:56:03.461: E/Auth(3658): 	at hac.c(:com.google.android.gms@16089016@16.0.89 (040304-239467275):333)
04-01 15:56:03.461: E/Auth(3658): 	at hac.a(:com.google.android.gms@16089016@16.0.89 (040304-239467275):12)
04-01 15:56:03.461: E/Auth(3658): 	at hac.b(Unknown Source:0)
04-01 15:56:03.461: E/Auth(3658): 	at gyn.a(:com.google.android.gms@16089016@16.0.89 (040304-239467275):22)
04-01 15:56:03.461: E/Auth(3658): 	at ite.a(:com.google.android.gms@16089016@16.0.89 (040304-239467275):7)
04-01 15:56:03.461: E/Auth(3658): 	at ite.a(:com.google.android.gms@16089016@16.0.89 (040304-239467275):161)
04-01 15:56:03.461: E/Auth(3658): 	at ise.a(Unknown Source:2)
04-01 15:56:03.461: E/Auth(3658): 	at isc.a(:com.google.android.gms@16089016@16.0.89 (040304-239467275):17)
04-01 15:56:03.461: E/Auth(3658): 	at isc.a(:com.google.android.gms@16089016@16.0.89 (040304-239467275):7)
04-01 15:56:03.461: E/Auth(3658): 	at guz.a(:com.google.android.gms@16089016@16.0.89 (040304-239467275):33)
04-01 15:56:03.461: E/Auth(3658): 	at guz.a(:com.google.android.gms@16089016@16.0.89 (040304-239467275):81)
04-01 15:56:03.461: E/Auth(3658): 	at gvi.a(:com.google.android.gms@16089016@16.0.89 (040304-239467275):3)
04-01 15:56:03.461: E/Auth(3658): 	at gvh.a(:com.google.android.gms@16089016@16.0.89 (040304-239467275):2)
04-01 15:56:03.461: E/Auth(3658): 	at gvh.c(:com.google.android.gms@16089016@16.0.89 (040304-239467275):6)
04-01 15:56:03.461: E/Auth(3658): 	at gvg.a(:com.google.android.gms@16089016@16.0.89 (040304-239467275):1)
04-01 15:56:03.461: E/Auth(3658): 	at gxe.getAuthToken(:com.google.android.gms@16089016@16.0.89 (040304-239467275):9)
04-01 15:56:03.461: E/Auth(3658): 	at android.accounts.AbstractAccountAuthenticator$Transport.getAuthToken(AbstractAccountAuthenticator.java:244)
04-01 15:56:03.461: E/Auth(3658): 	at android.accounts.IAccountAuthenticator$Stub.onTransact(IAccountAuthenticator.java:113)
04-01 15:56:03.461: E/Auth(3658): 	at android.os.Binder.transact(Binder.java:635)
04-01 15:56:03.461: E/Auth(3658): 	at dwd.onTransact(:com.google.android.gms@16089016@16.0.89 (040304-239467275):3)
04-01 15:56:03.461: E/Auth(3658): 	at android.os.Binder.execTransact(Binder.java:705)
04-01 15:56:03.461: E/Auth(3658): Caused by: javax.net.ssl.SSLHandshakeException: Connection closed by peer
04-01 15:56:03.461: E/Auth(3658): 	at com.google.android.gms.org.conscrypt.NativeCrypto.SSL_do_handshake(Native Method)
04-01 15:56:03.461: E/Auth(3658): 	at com.google.android.gms.org.conscrypt.NativeSsl.doHandshake(:com.google.android.gms@16089016@16.0.89 (040304-239467275):7)
04-01 15:56:03.461: E/Auth(3658): 	at com.google.android.gms.org.conscrypt.ConscryptFileDescriptorSocket.startHandshake(:com.google.android.gms@16089016@16.0.89 (040304-239467275):14)
04-01 15:56:03.461: E/Auth(3658): 	at aogy.a(:com.google.android.gms@16089016@16.0.89 (040304-239467275):20)
04-01 15:56:03.461: E/Auth(3658): 	at aogy.createSocket(:com.google.android.gms@16089016@16.0.89 (040304-239467275):6)
04-01 15:56:03.461: E/Auth(3658): 	at com.android.okhttp.internal.io.RealConnection.connectTls(RealConnection.java:1463)
04-01 15:56:03.461: E/Auth(3658): 	at com.android.okhttp.internal.io.RealConnection.connectSocket(RealConnection.java:1423)
04-01 15:56:03.461: E/Auth(3658): 	at com.android.okhttp.internal.io.RealConnection.connect(RealConnection.java:1367)
04-01 15:56:03.461: E/Auth(3658): 	at com.android.okhttp.internal.http.StreamAllocation.findConnection(StreamAllocation.java:219)
04-01 15:56:03.461: E/Auth(3658): 	at com.android.okhttp.internal.http.StreamAllocation.findHealthyConnection(StreamAllocation.java:142)
04-01 15:56:03.461: E/Auth(3658): 	at com.android.okhttp.internal.http.StreamAllocation.newStream(StreamAllocation.java:104)
04-01 15:56:03.461: E/Auth(3658): 	at com.android.okhttp.internal.http.HttpEngine.connect(HttpEngine.java:392)
04-01 15:56:03.461: E/Auth(3658): 	at com.android.okhttp.internal.http.HttpEngine.sendRequest(HttpEngine.java:325)
04-01 15:56:03.461: E/Auth(3658): 	at com.android.okhttp.internal.huc.HttpURLConnectionImpl.execute(HttpURLConnectionImpl.java:489)
04-01 15:56:03.461: E/Auth(3658): 	at com.android.okhttp.internal.huc.HttpURLConnectionImpl.connect(HttpURLConnectionImpl.java:131)
04-01 15:56:03.461: E/Auth(3658): 	at com.android.okhttp.internal.huc.HttpURLConnectionImpl.getOutputStream(HttpURLConnectionImpl.java:262)
04-01 15:56:03.461: E/Auth(3658): 	at com.android.okhttp.internal.huc.DelegatingHttpsURLConnection.getOutputStream(DelegatingHttpsURLConnection.java:218)
04-01 15:56:03.461: E/Auth(3658): 	at com.android.okhttp.internal.huc.HttpsURLConnectionImpl.getOutputStream(Unknown Source:0)
04-01 15:56:03.461: E/Auth(3658): 	at abbg.a(:com.google.android.gms@16089016@16.0.89 (040304-239467275):39)
04-01 15:56:03.461: E/Auth(3658): 	at jaz.a(:com.google.android.gms@16089016@16.0.89 (040304-239467275):1)
04-01 15:56:03.461: E/Auth(3658): 	at gzo.a(:com.google.android.gms@16089016@16.0.89 (040304-239467275):12)
04-01 15:56:03.461: E/Auth(3658): 	at gzo.a(:com.google.android.gms@16089016@16.0.89 (040304-239467275):8)
04-01 15:56:03.461: E/Auth(3658): 	at hac.c(:com.google.android.gms@16089016@16.0.89 (040304-239467275):79)
04-01 15:56:03.461: E/Auth(3658): 	... 20 more
04-01 15:56:03.462: W/Auth(3658): [GetToken] GetToken failed with status code: NetworkError
04-01 15:56:03.462: W/GLSActivity(3658): java.io.IOException: NetworkError
04-01 15:56:03.462: W/GLSActivity(3658): 	at gvi.a(:com.google.android.gms@16089016@16.0.89 (040304-239467275):9)
04-01 15:56:03.462: W/GLSActivity(3658): 	at gvh.a(:com.google.android.gms@16089016@16.0.89 (040304-239467275):2)
04-01 15:56:03.462: W/GLSActivity(3658): 	at gvh.c(:com.google.android.gms@16089016@16.0.89 (040304-239467275):6)
04-01 15:56:03.462: W/GLSActivity(3658): 	at gvg.a(:com.google.android.gms@16089016@16.0.89 (040304-239467275):1)
04-01 15:56:03.462: W/GLSActivity(3658): 	at gxe.getAuthToken(:com.google.android.gms@16089016@16.0.89 (040304-239467275):9)
04-01 15:56:03.462: W/GLSActivity(3658): 	at android.accounts.AbstractAccountAuthenticator$Transport.getAuthToken(AbstractAccountAuthenticator.java:244)
04-01 15:56:03.462: W/GLSActivity(3658): 	at android.accounts.IAccountAuthenticator$Stub.onTransact(IAccountAuthenticator.java:113)
04-01 15:56:03.462: W/GLSActivity(3658): 	at android.os.Binder.transact(Binder.java:635)
04-01 15:56:03.462: W/GLSActivity(3658): 	at dwd.onTransact(:com.google.android.gms@16089016@16.0.89 (040304-239467275):3)
04-01 15:56:03.462: W/GLSActivity(3658): 	at android.os.Binder.execTransact(Binder.java:705)
04-01 15:56:03.466: I/LicenseChecker(3838): Received response.
04-01 15:56:03.467: I/LicenseChecker(3838): Clearing timeout.
04-01 15:56:03.467: W/LicenseValidator(3838): Error contacting licensing server.
04-01 15:56:03.469: D/Mono(3838): DllImport searching in: '__Internal' ('(null)').
04-01 15:56:03.469: D/Mono(3838): DllImport searching in: '__Internal' ('(null)').
04-01 15:56:03.469: D/Mono(3838): Searching for 'java_interop_jnienv_call_void_method'.
04-01 15:56:03.469: D/Mono(3838): Searching for 'java_interop_jnienv_call_nonvirtual_int_method_a'.
04-01 15:56:03.469: D/Mono(3838): Probing 'java_interop_jnienv_call_void_method'.
04-01 15:56:03.469: D/Mono(3838): Probing 'java_interop_jnienv_call_nonvirtual_int_method_a'.
04-01 15:56:03.469: D/Mono(3838): Found as 'java_interop_jnienv_call_void_method'.
04-01 15:56:03.469: D/Mono(3838): Found as 'java_interop_jnienv_call_nonvirtual_int_method_a'.
04-01 15:56:03.497: D/InputMethodManager(3838): HSIFW - flag : 0 Pid : 3838
04-01 15:56:03.497: I/InputMethodManager(3838): hideSoftInputFromWindow ignore mServedView == null or mServedView.getWindowToken() != windowToken, mServedView :0
04-01 15:56:03.539: D/ViewRootImpl@7d2a466[MainActivity](3838): dispatchAttachedToWindow
04-01 15:56:03.554: V/WindowManager(2916): Relayout Window{f7026cb u0 mobi.testfactory.TestFactoryCross/md57864fc9a7d8f7f3a73f14542c053def5.MainActivity}: viewVisibility=0 req=1920x1164 WM.LayoutParams{(0,0)(fillxfill) sim=#120 ty=1 fl=#81810100 wanim=0x10302fc vsysui=0x600 needsMenuKey=2 colorMode=0 naviIconColor=0}
04-01 15:56:03.557: I/SurfaceFlinger(2589): id=131 createSurf (1920x1200),1 flag=404, mobi.testfactory.TestFactoryCross/md57864fc9a7d8f7f3a73f14542c053def5.MainActivity[3838]#0
04-01 15:56:03.557: W/Choreographer(2916): Frame time is 17.400845 ms in the future!  Check that graphics HAL is generating vsync timestamps using the correct timebase.
04-01 15:56:03.558: V/Surface(2916): sf_framedrop debug : 0x4f4c, game : false, logging : 0
04-01 15:56:03.562: D/InputDispatcher(2916): Focus entered window: 3838 0
04-01 15:56:03.565: V/Surface(3838): sf_framedrop debug : 0x4f4c, game : false, logging : 0
04-01 15:56:03.569: D/ViewRootImpl@7d2a466[MainActivity](3838): Relayout returned: old=[0,0][0,0] new=[0,0][1920,1200] result=0x7 surface={valid=true 3255773184} changed=true
04-01 15:56:03.576: D/libexynosgscaler(2589): ~CGscaler
04-01 15:56:03.576: D/libexynosgscaler(2589): ~LibMpp
04-01 15:56:03.576: D/libexynosgscaler(2589): [ 04-01 15:56:03.576  2589: 2589 D/         ]
04-01 15:56:03.576: D/libexynosgscaler(2589): ~MppFactory
04-01 15:56:03.580: I/zygote(3838): android::hardware::configstore::V1_0::ISurfaceFlingerConfigs::hasWideColorDisplay retrieved: 0
04-01 15:56:03.580: I/OpenGLRenderer(3838): Initialized EGL, version 1.4
04-01 15:56:03.580: D/OpenGLRenderer(3838): Swap behavior 2
04-01 15:56:03.585: D/libGLESv1(3838): STS_GLApi : DTS, ODTC are not allowed for Package : mobi.testfactory.TestFactoryCross
04-01 15:56:03.586: D/mali_winsys(3838): EGLint new_window_surface(egl_winsys_display *, void *, EGLSurface, EGLConfig, egl_winsys_surface **, egl_color_buffer_format *, EGLBoolean) returns 0x3000,  [1920x1200]-format:1
04-01 15:56:03.586: D/OpenGLRenderer(3838): eglCreateWindowSurface = 0xc10e7ba8, 0xc20f2808
04-01 15:56:03.625: D/Mono(3838): Assembly Ref addref TestFactoryCross5.Android[0xde178340] -> ModernHttpClient[0xde178a60]: 2
04-01 15:56:03.625: D/Mono(3838): Assembly Ref addref TestFactoryCross5.Android[0xde178340] -> Syncfusion.SfChart.XForms.Android[0xdc84c0e0]: 2
04-01 15:56:03.626: D/Mono(3838): Assembly Ref addref TestFactoryCross5.Android[0xde178340] -> Syncfusion.SfListView.XForms.Android[0xdc84c260]: 2
04-01 15:56:03.628: D/Mono(3838): Assembly Ref addref TestFactoryCross5.Android[0xde178340] -> TEditor[0xdc84c4a0]: 2
04-01 15:56:03.687: E/Watchdog(2916): !@Sync 662 [2019-04-01 15:56:03.687]
04-01 15:56:03.719: D/Mono(3838): Assembly Ref addref TestFactoryCross5.Android[0xde178340] -> ZXingNetMobile[0xd8df4960]: 3
04-01 15:56:03.823: D/Mono(3838): DllImport searching in: '__Internal' ('(null)').
04-01 15:56:03.823: D/Mono(3838): Searching for 'java_interop_jnienv_call_nonvirtual_float_method_a'.
04-01 15:56:03.823: D/Mono(3838): Probing 'java_interop_jnienv_call_nonvirtual_float_method_a'.
04-01 15:56:03.824: D/Mono(3838): Found as 'java_interop_jnienv_call_nonvirtual_float_method_a'.
04-01 15:56:03.846: D/Mono(3838): Assembly Ref addref Xamarin.Android.Support.Design[0xdc84d580] -> Xamarin.Android.Support.ViewPager[0xd8df41e0]: 3
04-01 15:56:03.847: D/Mono(3838): Assembly Ref addref Xamarin.Android.Support.Design[0xdc84d580] -> Java.Interop[0xd8df4a80]: 8
04-01 15:56:03.851: D/Mono(3838): Assembly Ref addref Xamarin.Android.Support.ViewPager[0xd8df41e0] -> Xamarin.Android.Support.Compat[0xdc84d040]: 5
04-01 15:56:03.851: D/Mono(3838): Assembly Ref addref Xamarin.Android.Support.ViewPager[0xd8df41e0] -> Xamarin.Android.Support.CustomView[0xdc84d4c0]: 2
04-01 15:56:03.851: D/Mono(3838): Assembly Ref addref Xamarin.Android.Support.ViewPager[0xd8df41e0] -> Java.Interop[0xd8df4a80]: 9
04-01 15:56:03.857: D/Mono(3838): Assembly Ref addref Xamarin.Android.Support.Design[0xdc84d580] -> Xamarin.Android.Support.CustomView[0xdc84d4c0]: 3
04-01 15:56:03.904: D/Mono(3838): Assembly Ref addref Xamarin.Android.Support.Fragment[0xdc84d7c0] -> Xamarin.Android.Support.ViewPager[0xd8df41e0]: 4
04-01 15:56:04.063: D/Mono(3838): Assembly Ref addref Xamarin.Android.Support.Compat[0xdc84d040] -> Java.Interop[0xd8df4a80]: 10
04-01 15:56:04.088: D/Mono(3838): DllImport searching in: '__Internal' ('(null)').
04-01 15:56:04.088: D/Mono(3838): Searching for 'java_interop_jnienv_new_object_array'.
04-01 15:56:04.088: D/Mono(3838): Probing 'java_interop_jnienv_new_object_array'.
04-01 15:56:04.088: D/Mono(3838): Found as 'java_interop_jnienv_new_object_array'.
04-01 15:56:04.094: D/Mono(3838): DllImport searching in: '__Internal' ('(null)').
04-01 15:56:04.094: D/Mono(3838): Searching for 'java_interop_jnienv_set_object_array_element'.
04-01 15:56:04.094: D/Mono(3838): Probing 'java_interop_jnienv_set_object_array_element'.
04-01 15:56:04.095: D/Mono(3838): Found as 'java_interop_jnienv_set_object_array_element'.
04-01 15:56:04.099: D/Mono(3838): DllImport searching in: '__Internal' ('(null)').
04-01 15:56:04.099: D/Mono(3838): Searching for 'java_interop_jnienv_get_object_array_element'.
04-01 15:56:04.099: D/Mono(3838): Probing 'java_interop_jnienv_get_object_array_element'.
04-01 15:56:04.100: D/Mono(3838): Found as 'java_interop_jnienv_get_object_array_element'.
04-01 15:56:04.103: D/Mono(3838): DllImport searching in: '__Internal' ('(null)').
04-01 15:56:04.103: D/Mono(3838): Searching for 'java_interop_jnienv_is_assignable_from'.
04-01 15:56:04.103: D/Mono(3838): Probing 'java_interop_jnienv_is_assignable_from'.
04-01 15:56:04.103: D/Mono(3838): Found as 'java_interop_jnienv_is_assignable_from'.
04-01 15:56:04.173: D/ViewRootImpl@7d2a466[MainActivity](3838): MSG_RESIZED_REPORT: frame=Rect(0, 0 - 1920, 1200) ci=Rect(0, 36 - 0, 0) vi=Rect(0, 36 - 0, 0) or=2
04-01 15:56:04.174: D/ViewRootImpl@7d2a466[MainActivity](3838): MSG_WINDOW_FOCUS_CHANGED 1
04-01 15:56:04.178: V/InputMethodManager(3838): Starting input: tba=android.view.inputmethod.EditorInfo@d8c3f38 nm : mobi.testfactory.TestFactoryCross ic=null
04-01 15:56:04.178: D/InputMethodManager(3838): startInputInner - Id : 0
04-01 15:56:04.179: I/InputMethodManager(3838): startInputInner - mService.startInputOrWindowGainedFocus
04-01 15:56:04.179: D/WifiService(2916): getConnectionInfo uid=1000
04-01 15:56:04.179: D/InputMethodManagerService(2916): startInputOrWindowGainedFocus : windowGainedFocus 
04-01 15:56:04.180: D/InputMethodManagerService(2916): windowGainedFocus: destinationUserId (getCallingUid) = 0
04-01 15:56:04.180: D/InputMethodManagerService(2916): windowGainedFocus: currentUserId=0
04-01 15:56:04.180: D/InputMethodManagerService(2916): windowGainedFocus: mCurrentFocusedUserId=0
04-01 15:56:04.180: D/InputMethodManagerService(2916): windowGainedFocus : lock - currentUserId = 0 destinationUserId = 0
04-01 15:56:04.180: D/InputMethodManagerService(2916): windowGainedFocus : mCurrentFocusedUserId - 0 and mSecureKeypadEnabled - false, userSwitched - false
04-01 15:56:04.180: V/InputMethodManagerService(2916): windowGainedFocus : reason=WINDOW_FOCUS_GAIN client=android.os.BinderProxy@a7aa245 inputContext=null missingMethods= attribute=android.view.inputmethod.EditorInfo@1908ac0 nm = mobi.testfactory.TestFactoryCross controlFlags=#105 softInputMode=#120 windowFlags=#81810100
04-01 15:56:04.180: V/InputMethodManagerService(2916): hideCurrentInputLocked : shouldHideSoftInput is false
04-01 15:56:04.180: D/InputMethodManagerService(2916): isImeSwitcherDisabledPackage : false
04-01 15:56:04.181: D/InputMethodManagerService(2916): mDesktopModeManager null!
04-01 15:56:04.181: D/InputMethodManagerService(2916): updateSystemUiLocked 0
04-01 15:56:04.181: D/InputTransport(4036): Input channel destroyed: fd=159
04-01 15:56:04.181: V/InputMethodManagerService(2916): Creating new session for client ClientState{551c3f9 uid 10224 pid 3838}
04-01 15:56:04.181: D/InputTransport(2916): Input channel constructed: fd=450
04-01 15:56:04.181: D/InputTransport(2916): Input channel constructed: fd=451
04-01 15:56:04.181: D/InputTransport(2916): Input channel destroyed: fd=451
04-01 15:56:04.181: D/InputTransport(3358): Input channel constructed: fd=58
04-01 15:56:04.183: D/InputMethodManagerService(2916): checkDisplayOfStartInputAndUpdateKeyboard display Id 0last 0
04-01 15:56:04.183: D/InputMethodManagerService(2916): setCurrentInputInfo - inputContext : null eidtorInfo : android.view.inputmethod.EditorInfo@1908ac0 missingMethods : 0
04-01 15:56:04.183: D/InputTransport(2916): Input channel constructed: fd=451
04-01 15:56:04.183: D/InputTransport(2916): Input channel destroyed: fd=451
04-01 15:56:04.183: D/InputTransport(3838): Input channel constructed: fd=69
04-01 15:56:04.184: I/InputMethodWrapper(3358):  call dispatchStartInputWithToken
04-01 15:56:04.184: I/InputMethodService(3358): dispatchStartInputWithToken
04-01 15:56:04.184: D/InputMethodService(3358): checkDisplayOfStartInputAndUpdateKeyboard display Id 0last 0
04-01 15:56:04.184: I/SKBD(3358): SamsungKeypad [IMI] onStartInput - caller pid : 3838, caller uid : 10224
04-01 15:56:04.186: D/WifiTrafficPoller(2916): TrafficStats TxPkts=10164 RxPkts=10879 TxBytes=1924529 RxBytes=2736823 , Foreground uid=10224 pkgName=mobi.testfactory.TestFactoryCross txBytes=11502 rxBytes=5412
04-01 15:56:04.187: D/NetworkController(3371): updateCarrierText : Guest-ABB
04-01 15:56:04.187: D/KeyguardUpdateMonitor(3371): updateCarrierTextInfo
04-01 15:56:04.187: D/Tile.WifiTile(3371): handleUpdateState enabled  = true
04-01 15:56:04.189: D/KeyguardClockPage(3371): isNetworkRoamingState id=-2 roaming=false
04-01 15:56:04.189: D/KeyguardClockPage(3371): onRefreshCarrierInfo(pre, now): false, false
04-01 15:56:04.189: D/CarrierText(3371): updateCarrierText(): subscriptionInfo Size = 0, DefaultText = Kein Netz
04-01 15:56:04.189: D/MultiSimUtils(3371): isSimStateReadyorNotReady() : simSlot = 0, simState = 
04-01 15:56:04.190: D/CarrierText(3371): Getting plmn/spn/subId sticky brdcst  plmn : Kein Netz, spn : , subId :-2
04-01 15:56:04.190: D/CarrierText(3371): plmn Of NetworkController Impl : Guest-ABB
04-01 15:56:04.190: D/CarrierText(3371): BLOCK_CARRIER_TEXT_WHEN_SIM_NOT_READY or KOR_USIM_TEXT
04-01 15:56:04.190: D/CarrierText(3371): setText : 
04-01 15:56:04.190: D/CarrierText(3371): updateCarrierText(): subscriptionInfo Size = 0, DefaultText = Kein Netz
04-01 15:56:04.190: D/MultiSimUtils(3371): isSimStateReadyorNotReady() : simSlot = 0, simState = 
04-01 15:56:04.191: D/CarrierText(3371): Getting plmn/spn/subId sticky brdcst  plmn : Kein Netz, spn : , subId :-2
04-01 15:56:04.191: D/CarrierText(3371): plmn Of NetworkController Impl : Guest-ABB
04-01 15:56:04.191: D/CarrierText(3371): BLOCK_CARRIER_TEXT_WHEN_SIM_NOT_READY or KOR_USIM_TEXT
04-01 15:56:04.191: D/CarrierText(3371): setText : 
04-01 15:56:04.507: I/ActivityManager(2916): KPU : put [com.google.android.gms.unstable] : 21371 K
04-01 15:56:04.507: I/ActivityManager(2916): Killing 2551:com.google.android.gms.unstable/u0a15 (adj 906): DHA:empty #25
04-01 15:56:04.513: D/Mono(3838): Assembly Ref addref Syncfusion.SfListView.XForms.Android[0xdc84c260] -> System[0xd8df5560]: 10
04-01 15:56:04.526: I/zygote(3838): Do partial code cache collection, code=19KB, data=27KB
04-01 15:56:04.526: I/zygote(3838): After code cache collection, code=19KB, data=27KB
04-01 15:56:04.526: I/zygote(3838): Increasing code cache capacity to 128KB
04-01 15:56:04.528: I/zygote(3838): Do partial code cache collection, code=19KB, data=51KB
04-01 15:56:04.529: I/zygote(3838): After code cache collection, code=19KB, data=51KB
04-01 15:56:04.529: I/zygote(3838): Increasing code cache capacity to 256KB
04-01 15:56:04.529: I/zygote(3838): Compiler allocated 5MB to compile void android.widget.TextView.<init>(android.content.Context, android.util.AttributeSet, int, int)
04-01 15:56:04.537: I/zygote(2916): Successfully killed process cgroup uid 10015 pid 2551 in 29ms
04-01 15:56:04.543: D/Mono(3838): Assembly Ref addref Syncfusion.SfListView.XForms.Android[0xdc84c260] -> System.Core[0xd8df4ba0]: 10
04-01 15:56:04.615: W/zygote(3838): JNI RegisterNativeMethods: attempt to register 0 native methods for md58432a647068b097f9637064b8985a5e0.ViewRenderer_2
04-01 15:56:04.699: I/ReschedulableTimer(4708): [#CMH#] ReschedulableTimer started 
04-01 15:56:04.708: D/Mono(3838): DllImport searching in: '__Internal' ('(null)').
04-01 15:56:04.708: D/Mono(3838): Searching for 'java_interop_jnienv_call_float_method_a'.
04-01 15:56:04.708: D/Mono(3838): Probing 'java_interop_jnienv_call_float_method_a'.
04-01 15:56:04.709: D/Mono(3838): Found as 'java_interop_jnienv_call_float_method_a'.
04-01 15:56:05.010: I/zygote(3838): Do full code cache collection, code=125KB, data=79KB
04-01 15:56:05.011: I/zygote(3838): After code cache collection, code=114KB, data=65KB
04-01 15:56:05.065: D/WifiStateMachine(2916):  ConnectedState !CMD_RSSI_POLL rt=19885590/71476867 28 0 "Guest-ABB" 00:3a:99:23:ae:14 rssi=-66 f=2462 sc=60 link=54 tx=35.7, 0.0, 3.8  rx=0.0 bcn=39177 [on:0 tx:0 rx:0 period:3001] from screen [on:1341861 period:1552785] score=60
04-01 15:56:05.066: D/WifiStateMachine(2916):  L2ConnectedState !CMD_RSSI_POLL rt=19885591/71476868 28 0 "Guest-ABB" 00:3a:99:23:ae:14 rssi=-66 f=2462 sc=60 link=54 tx=35.7, 0.0, 3.8  rx=0.0 bcn=39177 [on:0 tx:0 rx:0 period:1] from screen [on:1341861 period:1552786] score=60
04-01 15:56:05.066: D/WifiStateMachine(2916):  get link layer stats 3
04-01 15:56:05.072: D/WifiStateMachine(2916): fetchRssiLinkSpeedAndFrequencyNative rssi=-66 linkspeed=54 freq=2462
04-01 15:56:05.073: V/WifiConfigManager(2916): Updating scan detail cache freq=2462 BSSID=00:3a:99:23:ae:14 RSSI=-65 for "Guest-ABB"NONE
04-01 15:56:05.188: D/WifiService(2916): getConnectionInfo uid=1000
04-01 15:56:05.194: D/WifiTrafficPoller(2916): TrafficStats TxPkts=10164 RxPkts=10879 TxBytes=1924529 RxBytes=2736823 , Foreground uid=10224 pkgName=mobi.testfactory.TestFactoryCross txBytes=11502 rxBytes=5412
04-01 15:56:05.194: D/NetworkController(3371): updateCarrierText : Guest-ABB
04-01 15:56:05.195: D/KeyguardUpdateMonitor(3371): updateCarrierTextInfo
04-01 15:56:05.195: D/Tile.WifiTile(3371): handleUpdateState enabled  = true
04-01 15:56:05.196: D/KeyguardClockPage(3371): isNetworkRoamingState id=-2 roaming=false
04-01 15:56:05.196: D/KeyguardClockPage(3371): onRefreshCarrierInfo(pre, now): false, false
04-01 15:56:05.197: D/CarrierText(3371): updateCarrierText(): subscriptionInfo Size = 0, DefaultText = Kein Netz
04-01 15:56:05.197: D/MultiSimUtils(3371): isSimStateReadyorNotReady() : simSlot = 0, simState = 
04-01 15:56:05.197: D/CarrierText(3371): Getting plmn/spn/subId sticky brdcst  plmn : Kein Netz, spn : , subId :-2
04-01 15:56:05.198: D/CarrierText(3371): plmn Of NetworkController Impl : Guest-ABB
04-01 15:56:05.198: D/CarrierText(3371): BLOCK_CARRIER_TEXT_WHEN_SIM_NOT_READY or KOR_USIM_TEXT
04-01 15:56:05.198: D/CarrierText(3371): setText : 
04-01 15:56:05.198: D/CarrierText(3371): updateCarrierText(): subscriptionInfo Size = 0, DefaultText = Kein Netz
04-01 15:56:05.198: D/MultiSimUtils(3371): isSimStateReadyorNotReady() : simSlot = 0, simState = 
04-01 15:56:05.199: D/CarrierText(3371): Getting plmn/spn/subId sticky brdcst  plmn : Kein Netz, spn : , subId :-2
04-01 15:56:05.199: D/CarrierText(3371): plmn Of NetworkController Impl : Guest-ABB
04-01 15:56:05.199: D/CarrierText(3371): BLOCK_CARRIER_TEXT_WHEN_SIM_NOT_READY or KOR_USIM_TEXT
04-01 15:56:05.199: D/CarrierText(3371): setText : 
04-01 15:56:05.222: D/Mono(3838): Unloading image System.Runtime.Extensions.dll [0xc1475800].
04-01 15:56:05.222: D/Mono(3838): Image addref System.Runtime.Extensions[0xe6fbcd80] -> System.Runtime.Extensions.dll[0xc203f900]: 5
04-01 15:56:05.223: D/Mono(3838): Config attempting to parse: 'System.Runtime.Extensions.dll.config'.
04-01 15:56:05.223: D/Mono(3838): Config attempting to parse: '/Users/builder/jenkins/workspace/xamarin-android-d15-9/xamarin-android/external/mono/sdks/out/android-armeabi-v7a-release/etc/mono/assemblies/System.Runtime.Extensions/System.Runtime.Extensions.config'.
04-01 15:56:05.223: D/Mono(3838): Assembly Ref addref Syncfusion.SfListView.XForms[0xdc84c320] -> System.Runtime.Extensions[0xde1768a0]: 4
04-01 15:56:05.234: D/Mono(3838): Unloading image System.Reflection.dll [0xc1474400].
04-01 15:56:05.234: D/Mono(3838): Image addref System.Reflection[0xc17c1440] -> System.Reflection.dll[0xc203e000]: 7
04-01 15:56:05.234: D/Mono(3838): Config attempting to parse: 'System.Reflection.dll.config'.
04-01 15:56:05.234: D/Mono(3838): Config attempting to parse: '/Users/builder/jenkins/workspace/xamarin-android-d15-9/xamarin-android/external/mono/sdks/out/android-armeabi-v7a-release/etc/mono/assemblies/System.Reflection/System.Reflection.config'.
04-01 15:56:05.234: D/Mono(3838): Assembly Ref addref Syncfusion.DataSource.Portable[0xdc84bf60] -> System.Reflection[0xde176720]: 6
04-01 15:56:05.241: D/Mono(3838): Image addref System.Dynamic.Runtime[0xc17c1440] -> System.Dynamic.Runtime.dll[0xc1474400]: 2
04-01 15:56:05.241: D/Mono(3838): Prepared to set up assembly 'System.Dynamic.Runtime' (System.Dynamic.Runtime.dll)
04-01 15:56:05.241: D/Mono(3838): Assembly System.Dynamic.Runtime[0xc17c1440] added to domain RootDomain, ref_count=1
04-01 15:56:05.244: D/Mono(3838): AOT: image 'System.Dynamic.Runtime.dll.so' not found: dlopen failed: library "/data/app/mobi.testfactory.TestFactoryCross-bh87xaAKtmNeal2-bx1S1A==/lib/arm/libaot-System.Dynamic.Runtime.dll.so" not found
04-01 15:56:05.245: D/Mono(3838): AOT: image '/Users/builder/jenkins/workspace/xamarin-android-d15-9/xamarin-android/external/mono/sdks/out/android-armeabi-v7a-release/lib/mono/aot-cache/arm/System.Dynamic.Runtime.dll.so' not found: dlopen failed: library "/data/app/mobi.testfactory.TestFactoryCross-bh87xaAKtmNeal2-bx1S1A==/lib/arm/libaot-System.Dynamic.Runtime.dll.so" not found
04-01 15:56:05.245: D/Mono(3838): Config attempting to parse: 'System.Dynamic.Runtime.dll.config'.
04-01 15:56:05.245: D/Mono(3838): Config attempting to parse: '/Users/builder/jenkins/workspace/xamarin-android-d15-9/xamarin-android/external/mono/sdks/out/android-armeabi-v7a-release/etc/mono/assemblies/System.Dynamic.Runtime/System.Dynamic.Runtime.config'.
04-01 15:56:05.245: D/Mono(3838): Assembly Ref addref Syncfusion.DataSource.Portable[0xdc84bf60] -> System.Dynamic.Runtime[0xc17c1440]: 2
04-01 15:56:05.245: D/Mono(3838): Assembly Ref addref System.Dynamic.Runtime[0xc17c1440] -> System.Core[0xd8df4ba0]: 11
04-01 15:56:05.247: D/Mono(3838): Assembly Ref addref Syncfusion.DataSource.Portable[0xdc84bf60] -> System.Reflection.Extensions[0xd8df6040]: 3
04-01 15:56:05.248: D/Mono(3838): Unloading image System.Linq.dll [0xc1473f00].
04-01 15:56:05.248: D/Mono(3838): Image addref System.Linq[0xc17c13e0] -> System.Linq.dll[0xc1c6e000]: 5
04-01 15:56:05.248: D/Mono(3838): Config attempting to parse: 'System.Linq.dll.config'.
04-01 15:56:05.248: D/Mono(3838): Config attempting to parse: '/Users/builder/jenkins/workspace/xamarin-android-d15-9/xamarin-android/external/mono/sdks/out/android-armeabi-v7a-release/etc/mono/assemblies/System.Linq/System.Linq.config'.
04-01 15:56:05.248: D/Mono(3838): Assembly Ref addref Syncfusion.DataSource.Portable[0xdc84bf60] -> System.Linq[0xd8df5bc0]: 4
04-01 15:56:05.269: D/Mono(3838): Unloading image System.Linq.Expressions.dll [0xc1475d00].
04-01 15:56:05.270: D/Mono(3838): Image addref System.Linq.Expressions[0xc17c13e0] -> System.Linq.Expressions.dll[0xc2042100]: 4
04-01 15:56:05.270: D/Mono(3838): Config attempting to parse: 'System.Linq.Expressions.dll.config'.
04-01 15:56:05.270: D/Mono(3838): Config attempting to parse: '/Users/builder/jenkins/workspace/xamarin-android-d15-9/xamarin-android/external/mono/sdks/out/android-armeabi-v7a-release/etc/mono/assemblies/System.Linq.Expressions/System.Linq.Expressions.config'.
04-01 15:56:05.270: D/Mono(3838): Assembly Ref addref Syncfusion.DataSource.Portable[0xdc84bf60] -> System.Linq.Expressions[0xd8df61c0]: 3
04-01 15:56:05.271: D/Mono(3838): Image addref System.Linq.Queryable[0xc17c13e0] -> System.Linq.Queryable.dll[0xc1475d00]: 2
04-01 15:56:05.271: D/Mono(3838): Prepared to set up assembly 'System.Linq.Queryable' (System.Linq.Queryable.dll)
04-01 15:56:05.271: D/Mono(3838): Assembly System.Linq.Queryable[0xc17c13e0] added to domain RootDomain, ref_count=1
04-01 15:56:05.274: D/Mono(3838): AOT: image 'System.Linq.Queryable.dll.so' not found: dlopen failed: library "/data/app/mobi.testfactory.TestFactoryCross-bh87xaAKtmNeal2-bx1S1A==/lib/arm/libaot-System.Linq.Queryable.dll.so" not found
04-01 15:56:05.275: D/Mono(3838): AOT: image '/Users/builder/jenkins/workspace/xamarin-android-d15-9/xamarin-android/external/mono/sdks/out/android-armeabi-v7a-release/lib/mono/aot-cache/arm/System.Linq.Queryable.dll.so' not found: dlopen failed: library "/data/app/mobi.testfactory.TestFactoryCross-bh87xaAKtmNeal2-bx1S1A==/lib/arm/libaot-System.Linq.Queryable.dll.so" not found
04-01 15:56:05.275: D/Mono(3838): Config attempting to parse: 'System.Linq.Queryable.dll.config'.
04-01 15:56:05.275: D/Mono(3838): Config attempting to parse: '/Users/builder/jenkins/workspace/xamarin-android-d15-9/xamarin-android/external/mono/sdks/out/android-armeabi-v7a-release/etc/mono/assemblies/System.Linq.Queryable/System.Linq.Queryable.config'.
04-01 15:56:05.275: D/Mono(3838): Assembly Ref addref Syncfusion.DataSource.Portable[0xdc84bf60] -> System.Linq.Queryable[0xc17c13e0]: 2
04-01 15:56:05.276: D/Mono(3838): Assembly Ref addref System.Linq.Queryable[0xc17c13e0] -> System.Core[0xd8df4ba0]: 12
04-01 15:56:05.287: D/Mono(3838): Unloading image System.Globalization.dll [0xc1475800].
04-01 15:56:05.287: D/Mono(3838): Image addref System.Globalization[0xc17c1500] -> System.Globalization.dll[0xc2041700]: 5
04-01 15:56:05.287: D/Mono(3838): Config attempting to parse: 'System.Globalization.dll.config'.
04-01 15:56:05.287: D/Mono(3838): Config attempting to parse: '/Users/builder/jenkins/workspace/xamarin-android-d15-9/xamarin-android/external/mono/sdks/out/android-armeabi-v7a-release/etc/mono/assemblies/System.Globalization/System.Globalization.config'.
04-01 15:56:05.287: D/Mono(3838): Assembly Ref addref Syncfusion.DataSource.Portable[0xdc84bf60] -> System.Globalization[0xd8df5ec0]: 4
04-01 15:56:05.293: D/Mono(3838): Unloading image System.Threading.dll [0xc1475800].
04-01 15:56:05.293: D/Mono(3838): Image addref System.Threading[0xc17c1500] -> System.Threading.dll[0xc2042b00]: 5
04-01 15:56:05.293: D/Mono(3838): Config attempting to parse: 'System.Threading.dll.config'.
04-01 15:56:05.293: D/Mono(3838): Config attempting to parse: '/Users/builder/jenkins/workspace/xamarin-android-d15-9/xamarin-android/external/mono/sdks/out/android-armeabi-v7a-release/etc/mono/assemblies/System.Threading/System.Threading.config'.
04-01 15:56:05.293: D/Mono(3838): Assembly Ref addref Syncfusion.DataSource.Portable[0xdc84bf60] -> System.Threading[0xd8df5fe0]: 4
04-01 15:56:05.311: D/Mono(3838): Assembly Ref addref Syncfusion.SfListView.XForms[0xdc84c320] -> System.Reflection.Extensions[0xd8df6040]: 4
04-01 15:56:05.344: D/Mono(3838): Unloading image System.Threading.dll [0xc1473f00].
04-01 15:56:05.344: D/Mono(3838): Image addref System.Threading[0xc17c1500] -> System.Threading.dll[0xc2042b00]: 6
04-01 15:56:05.344: D/Mono(3838): Config attempting to parse: 'System.Threading.dll.config'.
04-01 15:56:05.344: D/Mono(3838): Config attempting to parse: '/Users/builder/jenkins/workspace/xamarin-android-d15-9/xamarin-android/external/mono/sdks/out/android-armeabi-v7a-release/etc/mono/assemblies/System.Threading/System.Threading.config'.
04-01 15:56:05.344: D/Mono(3838): Assembly Ref addref Syncfusion.GridCommon.Portable[0xdc84c020] -> System.Threading[0xd8df5fe0]: 5
04-01 15:56:05.366: D/Mono(3838): Unloading image System.Runtime.Extensions.dll [0xc1473f00].
04-01 15:56:05.367: D/Mono(3838): Image addref System.Runtime.Extensions[0xc17c1380] -> System.Runtime.Extensions.dll[0xc203f900]: 6
04-01 15:56:05.367: D/Mono(3838): Config attempting to parse: 'System.Runtime.Extensions.dll.config'.
04-01 15:56:05.367: D/Mono(3838): Config attempting to parse: '/Users/builder/jenkins/workspace/xamarin-android-d15-9/xamarin-android/external/mono/sdks/out/android-armeabi-v7a-release/etc/mono/assemblies/System.Runtime.Extensions/System.Runtime.Extensions.config'.
04-01 15:56:05.367: D/Mono(3838): Assembly Ref addref Syncfusion.GridCommon.Portable[0xdc84c020] -> System.Runtime.Extensions[0xde1768a0]: 5
04-01 15:56:05.474: D/Mono(3838): Unloading image System.Globalization.dll [0xc1476200].
04-01 15:56:05.474: D/Mono(3838): Image addref System.Globalization[0xc17c14a0] -> System.Globalization.dll[0xc2041700]: 6
04-01 15:56:05.474: D/Mono(3838): Config attempting to parse: 'System.Globalization.dll.config'.
04-01 15:56:05.474: D/Mono(3838): Config attempting to parse: '/Users/builder/jenkins/workspace/xamarin-android-d15-9/xamarin-android/external/mono/sdks/out/android-armeabi-v7a-release/etc/mono/assemblies/System.Globalization/System.Globalization.config'.
04-01 15:56:05.474: D/Mono(3838): Assembly Ref addref Syncfusion.SfListView.XForms[0xdc84c320] -> System.Globalization[0xd8df5ec0]: 5
04-01 15:56:05.685: V/MARsPolicyManager(2916): updateFromMARsThread
04-01 15:56:05.685: D/MARsDBManager(2916): updatePkgsToSMDB : begin --size 11
04-01 15:56:05.718: D/MARsDBManager(2916): updatePkgsToSMDB : end
04-01 15:56:05.718: D/MARsDBManager(2916): onChange - mSmartManagerObserver! Uri = content://com.samsung.android.sm/AppFreezer?MARs-self=true&MARs=true
04-01 15:56:05.790: I/zygote(3838): Do partial code cache collection, code=126KB, data=79KB
04-01 15:56:05.791: I/zygote(3838): After code cache collection, code=126KB, data=79KB
04-01 15:56:05.791: I/zygote(3838): Increasing code cache capacity to 512KB
04-01 15:56:06.183: W/View(3838): requestLayout() improperly called by md51558244f76c53b6aeda52c8a337f2c37.ScrollViewContainer{faeca5e V.E...... ......ID 0,0-1920,738} during layout: running second layout pass
04-01 15:56:06.183: I/ViewRootImpl@7d2a466[MainActivity](3838): requestLayout is already in process
04-01 15:56:06.184: W/View(3838): requestLayout() improperly called by md51558244f76c53b6aeda52c8a337f2c37.ScrollViewContainer{83687d9 V.E...... ......ID 0,0-1920,897} during layout: running second layout pass
04-01 15:56:06.184: W/View(3838): requestLayout() improperly called by md51558244f76c53b6aeda52c8a337f2c37.ScrollViewContainer{d2d3d26 V.E...... ......ID 0,0-1920,897} during layout: running second layout pass
04-01 15:56:06.185: W/View(3838): requestLayout() improperly called by md51558244f76c53b6aeda52c8a337f2c37.ScrollViewContainer{3c409b0 V.E...... ......ID 0,0-1920,897} during layout: running second layout pass
04-01 15:56:06.187: I/ViewRootImpl@7d2a466[MainActivity](3838): requestLayoutDuringLayout is already in process
04-01 15:56:06.196: D/WifiService(2916): getConnectionInfo uid=1000
04-01 15:56:06.201: D/WifiTrafficPoller(2916): TrafficStats TxPkts=10164 RxPkts=10879 TxBytes=1924529 RxBytes=2736823 , Foreground uid=10224 pkgName=mobi.testfactory.TestFactoryCross txBytes=11502 rxBytes=5412
04-01 15:56:06.370: D/vndksupport(3838): Loading /vendor/lib/hw/android.hardware.graphics.mapper@2.0-impl.so from current namespace instead of sphal namespace.
04-01 15:56:05.718: I/chatty(2916): uid=1000(system) MARsDBThread identical 9 lines
04-01 15:56:05.718: D/MARsDBManager(2916): onChange - mSmartManagerObserver! Uri = content://com.samsung.android.sm/AppFreezer?MARs-self=true&MARs=true
04-01 15:56:06.387: D/WindowManager(2916): finishDrawingWindow: Window{f7026cb u0 mobi.testfactory.TestFactoryCross/md57864fc9a7d8f7f3a73f14542c053def5.MainActivity} mDrawState=DRAW_PENDING
04-01 15:56:06.389: V/InputMethodManager(3838): Starting input: tba=android.view.inputmethod.EditorInfo@9e464e7 nm : mobi.testfactory.TestFactoryCross ic=null
04-01 15:56:06.389: D/InputMethodManager(3838): startInputInner - Id : 0
04-01 15:56:06.395: D/ViewRootImpl@d953c83[TestFactoryCross](2916): dispatchDetachedFromWindow
04-01 15:56:06.395: D/InputEventReceiver(2916): channel '14cde00 Splash Screen mobi.testfactory.TestFactoryCross (client)' ~ Disposing input event receiver.
04-01 15:56:06.395: D/InputEventReceiver(2916): channel '14cde00 Splash Screen mobi.testfactory.TestFactoryCross (client)' ~NativeInputEventReceiver.
04-01 15:56:06.399: D/InputTransport(2916): Input channel destroyed: fd=445
04-01 15:56:06.399: D/InputTransport(2916): Input channel destroyed: fd=446
04-01 15:56:06.399: D/PersonaManagerService(2916): notifyActivityDrawn:u0:md57864fc9a7d8f7f3a73f14542c053def5.MainActivity
04-01 15:56:06.403: I/ActivityManager(2916): Displayed mobi.testfactory.TestFactoryCross/md57864fc9a7d8f7f3a73f14542c053def5.MainActivity: +9s818ms
04-01 15:56:06.404: D/WifiService(2916): getConnectionInfo uid=1000
04-01 15:56:06.409: D/MARsDBManager(2916): onChange - mSmartManagerObserver! Uri = content://com.samsung.android.sm/AppFreezer?MARs-self=true&MARs=true
04-01 15:56:06.419: I/Choreographer(3838): Skipped 43 frames!  The application may be doing too much work on its main thread.
04-01 15:56:06.430: W/View(3838): requestLayout() improperly called by md58432a647068b097f9637064b8985a5e0.NavigationPageRenderer{ca67fdb V.E...... ........ 0,0-1920,1164 #1} during second layout pass: posting in next frame
04-01 15:56:06.437: D/SurfaceFlinger(2589):   Display[0] configurations (* current):
04-01 15:56:06.437: D/SurfaceFlinger(2589):     * 0: 1200x1920, xdpi=225.776993, ydpi=225.776993, refresh=16666666
04-01 15:56:06.437: D/SurfaceFlinger(2589):   numHwLayers=4, flags=00000000
04-01 15:56:06.437: D/SurfaceFlinger(2589):     type   |  handle  | hint | flag | tr | blnd |   format    |     source crop (l,t,r,b)      |          frame         | name 
04-01 15:56:06.437: D/SurfaceFlinger(2589): -----------+----------+------+------+----+------+-------------+--------------------------------+------------------------+------
04-01 15:56:06.437: D/SurfaceFlinger(2589):        HWC | eef669c0 | 0000 | 0020 | 00 | 0100 | RGBA_8888   |    0.0,    0.0, 1200.0, 1920.0 |    0,    0, 1200, 1920 | mobi.testfactory.TestFactoryCross/md57864fc9a7d8f7f3a73f14542c053def5.MainActivity[3838]#0
04-01 15:56:06.437: D/SurfaceFlinger(2589):       GLES | eec0b480 | 0000 | 0020 | 07 | 0105 | RGBA_8888   |    0.0,    0.0, 1920.0, 1200.0 |    0,    0, 1200, 1920 | Splash Screen mobi.testfactory.TestFactoryCross[2916]#0
04-01 15:56:06.437: D/SurfaceFlinger(2589):       GLES | eec0b540 | 0000 | 0000 | 00 | 0105 | RGBA_8888   |    0.0,    0.0,   36.0, 1920.0 |    0,    0,   36, 1920 | StatusBar[3371]#0
04-01 15:56:06.437: D/SurfaceFlinger(2589):  FB TARGET | eef666c0 | 0000 | 0000 | 00 | 0105 | RGBA_8888   |    0.0,    0.0, 1200.0, 1920
04-01 15:56:06.437: D/SurfaceFlinger(2589): .0 |    0,    0, 1200, 1920 | HWC_FRAMEBUFFER_TARGET
04-01 15:56:06.462: D/StageManager(4036): saved stages : inStack [1, 2] , outStack[]
04-01 15:56:06.569: E/WindowManager(2916): win=Window{14cde00 u0 Splash Screen mobi.testfactory.TestFactoryCross EXITING} destroySurfaces: appStopped=false win.mWindowRemovalAllowed=true win.mRemoveOnExit=true win.mViewVisibility=0, caller=com.android.server.wm.AppWindowToken.destroySurfaces:748 com.android.server.wm.AppWindowToken.destroySurfaces:732 com.android.server.wm.WindowState.onExitAnimationDone:5646 com.android.server.wm.WindowStateAnimator.stepAnimationLocked:553 com.android.server.wm.DisplayContent.lambda$-com_android_server_wm_DisplayContent_21578:476 
04-01 15:56:06.570: I/WindowManager(2916): Destroying surface #3dd514a: Surface(name=Splash Screen mobi.testfactory.TestFactoryCross) called by com.android.server.wm.WindowStateAnimator.destroySurface:2617 com.android.server.wm.WindowStateAnimator.destroySurfaceLocked:1026 com.android.server.wm.WindowState.destroyOrSaveSurfaceUnchecked:3921 com.android.server.wm.WindowState.destroySurface:3867 com.android.server.wm.AppWindowToken.destroySurfaces:748 com.android.server.wm.AppWindowToken.destroySurfaces:732 com.android.server.wm.WindowState.onExitAnimationDone:5646 com.android.server.wm.WindowStateAnimator.stepAnimationLocked:553 
04-01 15:56:06.570: I/SurfaceFlinger(2589): id=130 Removed Splash Screen mobi.testfactory.TestFactoryCross[2916]#0 (2/4)
04-01 15:56:06.570: D/SurfaceFlinger(2589):   Display[0] configurations (* current):
04-01 15:56:06.570: D/SurfaceFlinger(2589):     * 0: 1200x1920, xdpi=225.776993, ydpi=225.776993, refresh=16666666
04-01 15:56:06.570: D/SurfaceFlinger(2589):   numHwLayers=3, flags=00000000
04-01 15:56:06.570: D/SurfaceFlinger(2589):     type   |  handle  | hint | flag | tr | blnd |   format    |     source crop (l,t,r,b)      |          frame         | name 
04-01 15:56:06.570: D/SurfaceFlinger(2589): -----------+----------+------+------+----+------+-------------+--------------------------------+------------------------+------
04-01 15:56:06.570: D/SurfaceFlinger(2589):        HWC | eef66f00 | 0000 | 0020 | 00 | 0100 | RGBA_8888   |    0.0,    0.0, 1200.0, 1920.0 |    0,    0, 1200, 1920 | mobi.testfactory.TestFactoryCross/md57864fc9a7d8f7f3a73f14542c053def5.MainActivity[3838]#0
04-01 15:56:06.570: D/SurfaceFlinger(2589):       GLES | eec0b540 | 0000 | 0000 | 00 | 0105 | RGBA_8888   |    0.0,    0.0,   36.0, 1920.0 |    0,    0,   36, 1920 | StatusBar[3371]#0
04-01 15:56:06.570: D/SurfaceFlinger(2589):  FB TARGET | eef66480 | 0000 | 0000 | 00 | 0105 | RGBA_8888   |    0.0,    0.0, 1200.0, 1920.0 |    0,    0, 1200, 1920 | HWC_FRAMEBUFFER_TARGET
04-01 15:56:06.577: I/SurfaceFlinger(2589): id=130 Removed Splash Screen mobi.testfactory.TestFactoryCross[2916]#0 (-2/4)
04-01 15:56:06.585: I/Layer(2589): id=130 onRemoved Splash Screen mobi.testfactory.TestFactoryCross[2916]#0 
04-01 15:56:06.586: I/display(2589): [PrimaryDisplay] [DYNAMIC_RECOMP] HWC_2_GLES by low FPS(4)
04-01 15:56:06.602: I/display(2589): [PrimaryDisplay] [DYNAMIC_RECOMP] first frame after HWC_2_GLES
04-01 15:56:06.602: I/display(2589): [PrimaryDisplay] [DYNAMIC_RECOMP] GLES_2_HWC by high FPS(5)
04-01 15:56:06.605: D/MdnieScenarioControlService(2916):  packageName : mobi.testfactory.TestFactoryCross    className : md57864fc9a7d8f7f3a73f14542c053def5.MainActivity
04-01 15:56:06.605: V/MdnieScenarioControlService(2916): setUIMode from UI function(3)
04-01 15:56:06.706: E/MdnieScenarioControlService(2916): Exception : java.io.FileNotFoundException: /sys/class/mdnie/mdnie/scenario (No such file or directory) , in : null , value : null , length : 0
04-01 15:56:06.706: W/System.err(2916): java.io.FileNotFoundException: /sys/class/mdnie/mdnie/scenario (No such file or directory)
04-01 15:56:06.706: W/System.err(2916): 	at java.io.FileInputStream.open0(Native Method)
04-01 15:56:06.706: W/System.err(2916): 	at java.io.FileInputStream.open(FileInputStream.java:200)
04-01 15:56:06.706: W/System.err(2916): 	at java.io.FileInputStream.<init>(FileInputStream.java:150)
04-01 15:56:06.706: W/System.err(2916): 	at com.samsung.android.displaysolution.MdnieScenarioControlService.getStringFromFile(MdnieScenarioControlService.java:1819)
04-01 15:56:06.706: W/System.err(2916): 	at com.samsung.android.displaysolution.MdnieScenarioControlService.setUIMode(MdnieScenarioControlService.java:1172)
04-01 15:56:06.706: W/System.err(2916): 	at com.samsung.android.displaysolution.MdnieScenarioControlService.-wrap14(Unknown Source:0)
04-01 15:56:06.706: W/System.err(2916): 	at com.samsung.android.displaysolution.MdnieScenarioControlService$MSCSControlHandler.handleMessage(MdnieScenarioControlService.java:1142)
04-01 15:56:06.706: W/System.err(2916): 	at android.os.Handler.dispatchMessage(Handler.java:106)
04-01 15:56:06.706: W/System.err(2916): 	at android.os.Looper.loop(Looper.java:164)
04-01 15:56:06.706: W/System.err(2916): 	at android.os.HandlerThread.run(HandlerThread.java:65)
04-01 15:56:06.808: D/WifiService(2916): getConnectionInfo uid=1000
04-01 15:56:06.809: W/ContextImpl(2916): Calling a method in the system process without a qualified user: android.app.ContextImpl.sendBroadcast:1018 com.android.server.ssrm.bigdata.i.mc:99 com.android.server.ssrm.bigdata.i.me:69 com.android.server.ssrm.bigdata.B.handleMessage:178 android.os.Handler.dispatchMessage:106 
04-01 15:56:06.809: D/WifiService(2916): getConnectionInfo uid=1000
04-01 15:56:06.809: D/SurveyLogging(2916): app_id = com.android.server.ssrm, feature = SLUG, extra = {"S_INFO":"30009/mobi.testfactory.TestFactoryCross/9818/1","SSRM":"0/0/0/33/0/144392/X/X/X/X","MEMINFO":"1991204/47296/33508/915516/229812/215268/562992/384772/1048572/771416/578132","OOMINFO":"192655/219018/119824/10282/102768/241214/66959/0/0/51286/0/22387/3839/322803/0","COMP":"/oat/arm/base.odex[status","UPTIME":"71478.61","CORE":"4"}
04-01 15:56:06.871: I/display(2589): [PrimaryDisplay] [DYNAMIC_RECOMP] HWC_2_GLES by low FPS(0)
04-01 15:56:06.883: D/io_stats(3830): !@ 179,0 r 127586 5587414 w 79055 2070144 d 7201 1100296 f 26164 26151 iot 151910 150164 th 51200 0 0 pt 0 inp 0 0 19887.407
04-01 15:56:07.059: D/SensorService(2916): [SO] 0.072 0.048 9.923
04-01 15:56:07.065: E/adbd(22652): recv: OPEN 00000d7a 00000000 000e:73 68 65 6C 6C 3A 6C 73 20 2D 6C 20 2F 00 
04-01 15:56:07.132: E/audit(2648): type=1400 audit(1554126967.121:1317): avc:  denied  { getattr } for  pid=3903 comm="ls" path="/cpefs" dev="mmcblk0p4" ino=2 scontext=u:r:shell:s0 tcontext=u:object_r:sec_efs_file:s0 tclass=dir permissive=0 SEPF_SM-T580_8.1.0_0008 audit_filtered
