04-01 15:55:58.438: D/Mono(3838): Assembly Ref addref AdaptiveCards[0xde1783a0] -> netstandard[0xd8df5320]: 4
04-01 15:55:58.438: D/Mono(3838): Assembly Ref addref AdaptiveCards.Rendering.Html[0xde178520] -> netstandard[0xd8df5320]: 5
04-01 15:55:58.439: D/Mono(3838): Unloading image System.Runtime.dll [0xc20a2800].
04-01 15:55:58.439: D/Mono(3838): Image addref System.Runtime[0xd8df5c80] -> System.Runtime.dll[0xc20a3200]: 4
04-01 15:55:58.439: D/Mono(3838): Config attempting to parse: 'System.Runtime.dll.config'.
04-01 15:55:58.439: D/Mono(3838): Config attempting to parse: '/Users/builder/jenkins/workspace/xamarin-android-d15-9/xamarin-android/external/mono/sdks/out/android-armeabi-v7a-release/etc/mono/assemblies/System.Runtime/System.Runtime.config'.
04-01 15:55:58.439: D/Mono(3838): Assembly Ref addref ALMWrapper[0xde1785e0] -> System.Runtime[0xd8df5b60]: 3
04-01 15:55:58.440: D/Mono(3838): Image addref System.Resources.ResourceManager[0xd8df5c80] -> System.Resources.ResourceManager.dll[0xc20a2800]: 2
04-01 15:55:58.440: D/Mono(3838): Prepared to set up assembly 'System.Resources.ResourceManager' (System.Resources.ResourceManager.dll)
04-01 15:55:58.440: D/Mono(3838): Assembly System.Resources.ResourceManager[0xd8df5c80] added to domain RootDomain, ref_count=1
04-01 15:55:58.443: D/Mono(3838): AOT: image 'System.Resources.ResourceManager.dll.so' not found: dlopen failed: library "/data/app/mobi.testfactory.TestFactoryCross-bh87xaAKtmNeal2-bx1S1A==/lib/arm/libaot-System.Resources.ResourceManager.dll.so" not found
04-01 15:55:58.444: D/Mono(3838): AOT: image '/Users/builder/jenkins/workspace/xamarin-android-d15-9/xamarin-android/external/mono/sdks/out/android-armeabi-v7a-release/lib/mono/aot-cache/arm/System.Resources.ResourceManager.dll.so' not found: dlopen failed: library "/data/app/mobi.testfactory.TestFactoryCross-bh87xaAKtmNeal2-bx1S1A==/lib/arm/libaot-System.Resources.ResourceManager.dll.so" not found
04-01 15:55:58.444: D/Mono(3838): Config attempting to parse: 'System.Resources.ResourceManager.dll.config'.
04-01 15:55:58.444: D/Mono(3838): Config attempting to parse: '/Users/builder/jenkins/workspace/xamarin-android-d15-9/xamarin-android/external/mono/sdks/out/android-armeabi-v7a-release/etc/mono/assemblies/System.Resources.ResourceManager/System.Resources.ResourceManager.config'.
04-01 15:55:58.444: D/Mono(3838): Assembly Ref addref ALMWrapper[0xde1785e0] -> System.Resources.ResourceManager[0xd8df5c80]: 2
04-01 15:55:58.444: D/Mono(3838): Assembly Ref addref System.Resources.ResourceManager[0xd8df5c80] -> mscorlib[0xde1782e0]: 55
04-01 15:55:58.445: D/Mono(3838): Assembly Ref addref FastAndroidCamera[0xde1786a0] -> mscorlib[0xde1782e0]: 56
04-01 15:55:58.447: D/Mono(3838): Image addref System.Runtime.InteropServices[0xd8df57a0] -> System.Runtime.InteropServices.dll[0xc20a3700]: 2
04-01 15:55:58.447: D/Mono(3838): Prepared to set up assembly 'System.Runtime.InteropServices' (System.Runtime.InteropServices.dll)
04-01 15:55:58.447: D/Mono(3838): Assembly System.Runtime.InteropServices[0xd8df57a0] added to domain RootDomain, ref_count=1
04-01 15:55:58.449: D/Mono(3838): AOT: image 'System.Runtime.InteropServices.dll.so' not found: dlopen failed: library "/data/app/mobi.testfactory.TestFactoryCross-bh87xaAKtmNeal2-bx1S1A==/lib/arm/libaot-System.Runtime.InteropServices.dll.so" not found
04-01 15:55:58.450: D/Mono(3838): AOT: image '/Users/builder/jenkins/workspace/xamarin-android-d15-9/xamarin-android/external/mono/sdks/out/android-armeabi-v7a-release/lib/mono/aot-cache/arm/System.Runtime.InteropServices.dll.so' not found: dlopen failed: library "/data/app/mobi.testfactory.TestFactoryCross-bh87xaAKtmNeal2-bx1S1A==/lib/arm/libaot-System.Runtime.InteropServices.dll.so" not found
04-01 15:55:58.450: D/Mono(3838): Config attempting to parse: 'System.Runtime.InteropServices.dll.config'.
04-01 15:55:58.451: D/Mono(3838): Config attempting to parse: '/Users/builder/jenkins/workspace/xamarin-android-d15-9/xamarin-android/external/mono/sdks/out/android-armeabi-v7a-release/etc/mono/assemblies/System.Runtime.InteropServices/System.Runtime.InteropServices.config'.
04-01 15:55:58.451: D/Mono(3838): Assembly Ref addref HtmlAgilityPack.NetCore[0xde1788e0] -> System.Runtime.InteropServices[0xd8df57a0]: 2
04-01 15:55:58.451: D/Mono(3838): Assembly Ref addref System.Runtime.InteropServices[0xd8df57a0] -> mscorlib[0xde1782e0]: 57
04-01 15:55:58.451: D/Mono(3838): Unloading image System.Runtime.dll [0xc20a3c00].
04-01 15:55:58.451: D/Mono(3838): Image addref System.Runtime[0xd8df5680] -> System.Runtime.dll[0xc20a3200]: 5
04-01 15:55:58.451: D/Mono(3838): Config attempting to parse: 'System.Runtime.dll.config'.
04-01 15:55:58.452: D/Mono(3838): Config attempting to parse: '/Users/builder/jenkins/workspace/xamarin-android-d15-9/xamarin-android/external/mono/sdks/out/android-armeabi-v7a-release/etc/mono/assemblies/System.Runtime/System.Runtime.config'.
04-01 15:55:58.452: D/Mono(3838): Assembly Ref addref HtmlAgilityPack.NetCore[0xde1788e0] -> System.Runtime[0xd8df5b60]: 4
04-01 15:55:58.453: D/Mono(3838): Unloading image System.Runtime.dll [0xc20a3c00].
04-01 15:55:58.453: D/Mono(3838): Image addref System.Runtime[0xd8df5680] -> System.Runtime.dll[0xc20a3200]: 6
04-01 15:55:58.453: D/Mono(3838): Config attempting to parse: 'System.Runtime.dll.config'.
04-01 15:55:58.453: D/Mono(3838): Config attempting to parse: '/Users/builder/jenkins/workspace/xamarin-android-d15-9/xamarin-android/external/mono/sdks/out/android-armeabi-v7a-release/etc/mono/assemblies/System.Runtime/System.Runtime.config'.
04-01 15:55:58.453: D/Mono(3838): Assembly Ref addref Microsoft.MarkedNet[0xde1789a0] -> System.Runtime[0xd8df5b60]: 5
04-01 15:55:58.453: D/Mono(3838): Assembly Ref addref ModernHttpClient[0xde178a60] -> mscorlib[0xde1782e0]: 58
04-01 15:55:58.453: D/Mono(3838): Assembly Ref addref ModernHttpClient[0xde178a60] -> Mono.Android[0xd8df4a20]: 48
04-01 15:55:58.454: D/Mono(3838): Assembly Ref addref Newtonsoft.Json[0xde178b20] -> netstandard[0xd8df5320]: 6
04-01 15:55:58.455: D/Mono(3838): Unloading image System.Runtime.dll [0xc20a3c00].
04-01 15:55:58.455: D/Mono(3838): Image addref System.Runtime[0xd8df5680] -> System.Runtime.dll[0xc20a3200]: 7
04-01 15:55:58.455: D/Mono(3838): Config attempting to parse: 'System.Runtime.dll.config'.
04-01 15:55:58.456: D/Mono(3838): Config attempting to parse: '/Users/builder/jenkins/workspace/xamarin-android-d15-9/xamarin-android/external/mono/sdks/out/android-armeabi-v7a-release/etc/mono/assemblies/System.Runtime/System.Runtime.config'.
04-01 15:55:58.456: D/Mono(3838): Assembly Ref addref PCLStorage.Abstractions[0xde178ca0] -> System.Runtime[0xd8df5b60]: 6
04-01 15:55:58.456: D/Mono(3838): Assembly Ref addref PCLStorage.Abstractions[0xde178ca0] -> System.Resources.ResourceManager[0xd8df5c80]: 3
04-01 15:55:58.456: D/Mono(3838): Assembly Ref addref PCLStorage[0xde178e20] -> mscorlib[0xde1782e0]: 59
04-01 15:55:58.456: D/Mono(3838): Assembly Ref addref PCLStorage[0xde178e20] -> Mono.Android[0xd8df4a20]: 49
04-01 15:55:58.457: D/Mono(3838): Assembly Ref addref Plugin.CurrentActivity[0xde178ee0] -> mscorlib[0xde1782e0]: 60
04-01 15:55:58.457: D/Mono(3838): Unloading image System.Runtime.dll [0xc20a3c00].
04-01 15:55:58.458: D/Mono(3838): Image addref System.Runtime[0xd8df5680] -> System.Runtime.dll[0xc20a3200]: 8
04-01 15:55:58.458: D/Mono(3838): Config attempting to parse: 'System.Runtime.dll.config'.
04-01 15:55:58.458: D/Mono(3838): Config attempting to parse: '/Users/builder/jenkins/workspace/xamarin-android-d15-9/xamarin-android/external/mono/sdks/out/android-armeabi-v7a-release/etc/mono/assemblies/System.Runtime/System.Runtime.config'.
04-01 15:55:58.458: D/Mono(3838): Assembly Ref addref Plugin.FilePicker.Abstractions[0xde178fa0] -> System.Runtime[0xd8df5b60]: 7
04-01 15:55:58.458: D/Mono(3838): Assembly Ref addref Plugin.FilePicker.Abstractions[0xde178fa0] -> System.Resources.ResourceManager[0xd8df5c80]: 4
04-01 15:55:58.458: D/Mono(3838): Assembly Ref addref Plugin.FilePicker[0xdc84b060] -> mscorlib[0xde1782e0]: 61
04-01 15:55:58.458: D/Mono(3838): Assembly Ref addref Plugin.FilePicker[0xdc84b060] -> Mono.Android[0xd8df4a20]: 50
04-01 15:55:58.459: D/Mono(3838): Assembly Ref addref Plugin.Media[0xdc84b120] -> mscorlib[0xde1782e0]: 62
04-01 15:55:58.459: D/Mono(3838): Assembly Ref addref Plugin.Media[0xdc84b120] -> Mono.Android[0xd8df4a20]: 51
04-01 15:55:58.459: D/Mono(3838): Assembly Ref addref Plugin.Permissions[0xdc84b1e0] -> mscorlib[0xde1782e0]: 63
04-01 15:55:58.460: D/Mono(3838): Assembly Ref addref Plugin.Settings[0xdc84b2a0] -> mscorlib[0xde1782e0]: 64
04-01 15:55:58.461: D/Mono(3838): Unloading image System.Runtime.dll [0xc20a3c00].
04-01 15:55:58.461: D/Mono(3838): Image addref System.Runtime[0xd8df5680] -> System.Runtime.dll[0xc20a3200]: 9
04-01 15:55:58.461: D/Mono(3838): Config attempting to parse: 'System.Runtime.dll.config'.
04-01 15:55:58.461: D/Mono(3838): Config attempting to parse: '/Users/builder/jenkins/workspace/xamarin-android-d15-9/xamarin-android/external/mono/sdks/out/android-armeabi-v7a-release/etc/mono/assemblies/System.Runtime/System.Runtime.config'.
04-01 15:55:58.461: D/Mono(3838): Assembly Ref addref ResourceLibrary[0xdc84b360] -> System.Runtime[0xd8df5b60]: 8
04-01 15:55:58.461: D/Mono(3838): Assembly Ref addref ResourceLibrary[0xdc84b360] -> System.Resources.ResourceManager[0xd8df5c80]: 5
04-01 15:55:58.463: D/Mono(3838): Unloading image System.Runtime.dll [0xc20a3c00].
04-01 15:55:58.463: D/Mono(3838): Image addref System.Runtime[0xd8df5680] -> System.Runtime.dll[0xc20a3200]: 10
04-01 15:55:58.463: D/Mono(3838): Config attempting to parse: 'System.Runtime.dll.config'.
04-01 15:55:58.463: D/Mono(3838): Config attempting to parse: '/Users/builder/jenkins/workspace/xamarin-android-d15-9/xamarin-android/external/mono/sdks/out/android-armeabi-v7a-release/etc/mono/assemblies/System.Runtime/System.Runtime.config'.
04-01 15:55:58.463: D/Mono(3838): Assembly Ref addref SKGL[0xdc84b900] -> System.Runtime[0xd8df5b60]: 9
04-01 15:55:58.463: D/Mono(3838): Assembly Ref addref SKGL[0xdc84b900] -> System.Resources.ResourceManager[0xd8df5c80]: 6
04-01 15:55:58.464: D/Mono(3838): Unloading image System.Runtime.dll [0xc20a3c00].
04-01 15:55:58.464: D/Mono(3838): Image addref System.Runtime[0xd8df5680] -> System.Runtime.dll[0xc20a3200]: 11
04-01 15:55:58.464: D/Mono(3838): Config attempting to parse: 'System.Runtime.dll.config'.
04-01 15:55:58.464: D/Mono(3838): Config attempting to parse: '/Users/builder/jenkins/workspace/xamarin-android-d15-9/xamarin-android/external/mono/sdks/out/android-armeabi-v7a-release/etc/mono/assemblies/System.Runtime/System.Runtime.config'.
04-01 15:55:58.464: D/Mono(3838): Assembly Ref addref SQLite-net[0xdc84b840] -> System.Runtime[0xd8df5b60]: 10
04-01 15:55:58.465: D/Mono(3838): Assembly Ref addref SQLitePCLRaw.batteries_green[0xdc84ba20] -> mscorlib[0xde1782e0]: 65
04-01 15:55:58.465: D/Mono(3838): Assembly Ref addref SQLitePCLRaw.batteries_v2[0xdc84bae0] -> mscorlib[0xde1782e0]: 66
04-01 15:55:58.466: D/Mono(3838): Assembly Ref addref SQLitePCLRaw.core[0xdc84bba0] -> mscorlib[0xde1782e0]: 67
04-01 15:55:58.466: D/Mono(3838): Assembly Ref addref SQLitePCLRaw.lib.e_sqlite3[0xdc84bc60] -> mscorlib[0xde1782e0]: 68
04-01 15:55:58.466: D/Mono(3838): Assembly Ref addref SQLitePCLRaw.provider.e_sqlite3[0xdc84bd20] -> mscorlib[0xde1782e0]: 69
04-01 15:55:58.467: D/Mono(3838): Unloading image System.Runtime.dll [0xc20a3c00].
04-01 15:55:58.467: D/Mono(3838): Image addref System.Runtime[0xd8df5680] -> System.Runtime.dll[0xc20a3200]: 12
04-01 15:55:58.467: D/Mono(3838): Config attempting to parse: 'System.Runtime.dll.config'.
04-01 15:55:58.468: D/Mono(3838): Config attempting to parse: '/Users/builder/jenkins/workspace/xamarin-android-d15-9/xamarin-android/external/mono/sdks/out/android-armeabi-v7a-release/etc/mono/assemblies/System.Runtime/System.Runtime.config'.
04-01 15:55:58.468: D/Mono(3838): Assembly Ref addref Syncfusion.Compression.Portable[0xdc84bde0] -> System.Runtime[0xd8df5b60]: 11
04-01 15:55:58.468: D/Mono(3838): Assembly Ref addref Syncfusion.Compression.Portable[0xdc84bde0] -> System.Resources.ResourceManager[0xd8df5c80]: 7
04-01 15:55:58.468: D/Mono(3838): Assembly Ref addref Syncfusion.Core.XForms[0xdc84bea0] -> Xamarin.Forms.Core[0xd8df42a0]: 7
04-01 15:55:58.469: D/Mono(3838): Unloading image System.Runtime.dll [0xc20a3c00].
04-01 15:55:58.469: D/Mono(3838): Image addref System.Runtime[0xd8df5680] -> System.Runtime.dll[0xc20a3200]: 13
04-01 15:55:58.469: D/Mono(3838): Config attempting to parse: 'System.Runtime.dll.config'.
04-01 15:55:58.469: D/Mono(3838): Config attempting to parse: '/Users/builder/jenkins/workspace/xamarin-android-d15-9/xamarin-android/external/mono/sdks/out/android-armeabi-v7a-release/etc/mono/assemblies/System.Runtime/System.Runtime.config'.
04-01 15:55:58.469: D/Mono(3838): Assembly Ref addref Syncfusion.Core.XForms[0xdc84bea0] -> System.Runtime[0xd8df5b60]: 12
04-01 15:55:58.469: D/Mono(3838): Assembly Ref addref Syncfusion.Core.XForms[0xdc84bea0] -> System.Resources.ResourceManager[0xd8df5c80]: 8
04-01 15:55:58.472: D/Mono(3838): Unloading image System.Runtime.dll [0xc20a3c00].
04-01 15:55:58.472: D/Mono(3838): Image addref System.Runtime[0xd8df5680] -> System.Runtime.dll[0xc20a3200]: 14
04-01 15:55:58.472: D/Mono(3838): Config attempting to parse: 'System.Runtime.dll.config'.
04-01 15:55:58.472: D/Mono(3838): Config attempting to parse: '/Users/builder/jenkins/workspace/xamarin-android-d15-9/xamarin-android/external/mono/sdks/out/android-armeabi-v7a-release/etc/mono/assemblies/System.Runtime/System.Runtime.config'.
04-01 15:55:58.472: D/Mono(3838): Assembly Ref addref Syncfusion.DataSource.Portable[0xdc84bf60] -> System.Runtime[0xd8df5b60]: 13
04-01 15:55:58.472: D/Mono(3838): Assembly Ref addref Syncfusion.DataSource.Portable[0xdc84bf60] -> System.Resources.ResourceManager[0xd8df5c80]: 9
04-01 15:55:58.473: D/Mono(3838): Unloading image System.Runtime.dll [0xc20a3c00].
04-01 15:55:58.473: D/Mono(3838): Image addref System.Runtime[0xd8df5680] -> System.Runtime.dll[0xc20a3200]: 15
04-01 15:55:58.473: D/Mono(3838): Config attempting to parse: 'System.Runtime.dll.config'.
04-01 15:55:58.473: D/Mono(3838): Config attempting to parse: '/Users/builder/jenkins/workspace/xamarin-android-d15-9/xamarin-android/external/mono/sdks/out/android-armeabi-v7a-release/etc/mono/assemblies/System.Runtime/System.Runtime.config'.
04-01 15:55:58.473: D/Mono(3838): Assembly Ref addref Syncfusion.GridCommon.Portable[0xdc84c020] -> System.Runtime[0xd8df5b60]: 14
04-01 15:55:58.474: D/Mono(3838): Assembly Ref addref Syncfusion.SfChart.XForms.Android[0xdc84c0e0] -> mscorlib[0xde1782e0]: 70
04-01 15:55:58.474: D/Mono(3838): Assembly Ref addref Syncfusion.SfChart.XForms.Android[0xdc84c0e0] -> Mono.Android[0xd8df4a20]: 52
04-01 15:55:58.474: D/Mono(3838): Assembly Ref addref Syncfusion.SfChart.XForms.Android[0xdc84c0e0] -> Xamarin.Forms.Platform.Android[0xd8df4420]: 5
04-01 15:55:58.474: D/Mono(3838): Assembly Ref addref Syncfusion.SfChart.XForms.Android[0xdc84c0e0] -> Xamarin.Forms.Core[0xd8df42a0]: 8
04-01 15:55:58.474: D/Mono(3838): Assembly Ref addref Syncfusion.SfChart.XForms[0xdc84c1a0] -> Xamarin.Forms.Core[0xd8df42a0]: 9
04-01 15:55:58.474: D/Mono(3838): Assembly Ref addref Syncfusion.SfChart.XForms[0xdc84c1a0] -> Syncfusion.Core.XForms[0xdc84bea0]: 2
04-01 15:55:58.474: D/Mono(3838): Assembly Ref addref Syncfusion.SfChart.XForms.Android[0xdc84c0e0] -> Syncfusion.SfChart.XForms[0xdc84c1a0]: 2
04-01 15:55:58.475: D/Mono(3838): Unloading image System.Runtime.dll [0xc20a3c00].
04-01 15:55:58.476: D/Mono(3838): Image addref System.Runtime[0xd8df5680] -> System.Runtime.dll[0xc20a3200]: 16
04-01 15:55:58.476: D/Mono(3838): Config attempting to parse: 'System.Runtime.dll.config'.
04-01 15:55:58.476: D/Mono(3838): Config attempting to parse: '/Users/builder/jenkins/workspace/xamarin-android-d15-9/xamarin-android/external/mono/sdks/out/android-armeabi-v7a-release/etc/mono/assemblies/System.Runtime/System.Runtime.config'.
04-01 15:55:58.476: D/Mono(3838): Assembly Ref addref Syncfusion.SfChart.XForms[0xdc84c1a0] -> System.Runtime[0xd8df5b60]: 15
04-01 15:55:58.476: D/Mono(3838): Assembly Ref addref Syncfusion.SfChart.XForms[0xdc84c1a0] -> System.Resources.ResourceManager[0xd8df5c80]: 10
04-01 15:55:58.476: D/Mono(3838): Assembly Ref addref Syncfusion.SfListView.XForms.Android[0xdc84c260] -> mscorlib[0xde1782e0]: 71
04-01 15:55:58.476: D/Mono(3838): Assembly Ref addref Syncfusion.SfListView.XForms.Android[0xdc84c260] -> Mono.Android[0xd8df4a20]: 53
04-01 15:55:58.477: D/Mono(3838): Assembly Ref addref Syncfusion.SfListView.XForms.Android[0xdc84c260] -> Xamarin.Forms.Platform.Android[0xd8df4420]: 6
04-01 15:55:58.477: D/Mono(3838): Assembly Ref addref Syncfusion.SfListView.XForms.Android[0xdc84c260] -> Xamarin.Forms.Core[0xd8df42a0]: 10
04-01 15:55:58.477: D/Mono(3838): Assembly Ref addref Syncfusion.SfListView.XForms[0xdc84c320] -> Xamarin.Forms.Core[0xd8df42a0]: 11
04-01 15:55:58.477: D/Mono(3838): Unloading image System.Runtime.dll [0xc20a3c00].
04-01 15:55:58.478: D/Mono(3838): Image addref System.Runtime[0xd8df5680] -> System.Runtime.dll[0xc20a3200]: 17
04-01 15:55:58.478: D/Mono(3838): Config attempting to parse: 'System.Runtime.dll.config'.
04-01 15:55:58.478: D/Mono(3838): Config attempting to parse: '/Users/builder/jenkins/workspace/xamarin-android-d15-9/xamarin-android/external/mono/sdks/out/android-armeabi-v7a-release/etc/mono/assemblies/System.Runtime/System.Runtime.config'.
04-01 15:55:58.478: D/Mono(3838): Assembly Ref addref Syncfusion.SfListView.XForms[0xdc84c320] -> System.Runtime[0xd8df5b60]: 16
04-01 15:55:58.478: D/Mono(3838): Assembly Ref addref Syncfusion.SfListView.XForms.Android[0xdc84c260] -> Syncfusion.SfListView.XForms[0xdc84c320]: 2
04-01 15:55:58.478: D/Mono(3838): Assembly Ref addref Xamarin.Forms.Platform.Android[0xd8df4420] -> Xamarin.Android.Support.Compat[0xdc84d040]: 4
04-01 15:55:58.479: D/Mono(3838): Assembly Ref addref Syncfusion.SfListView.XForms[0xdc84c320] -> System.Resources.ResourceManager[0xd8df5c80]: 11
04-01 15:55:58.480: D/Mono(3838): Unloading image System.Runtime.dll [0xc20a4100].
04-01 15:55:58.480: D/Mono(3838): Image addref System.Runtime[0xd8df5680] -> System.Runtime.dll[0xc20a3200]: 18
04-01 15:55:58.480: D/Mono(3838): Config attempting to parse: 'System.Runtime.dll.config'.
04-01 15:55:58.480: D/Mono(3838): Config attempting to parse: '/Users/builder/jenkins/workspace/xamarin-android-d15-9/xamarin-android/external/mono/sdks/out/android-armeabi-v7a-release/etc/mono/assemblies/System.Runtime/System.Runtime.config'.
04-01 15:55:58.480: D/Mono(3838): Assembly Ref addref TEditor.Abstractions[0xdc84c3e0] -> System.Runtime[0xd8df5b60]: 17
04-01 15:55:58.481: D/Mono(3838): Assembly Ref addref TEditor[0xdc84c4a0] -> mscorlib[0xde1782e0]: 72
04-01 15:55:58.481: D/Mono(3838): Assembly Ref addref TEditor[0xdc84c4a0] -> Mono.Android[0xd8df4a20]: 54
04-01 15:55:58.482: D/Mono(3838): Unloading image System.Runtime.dll [0xc20a4100].
04-01 15:55:58.482: D/Mono(3838): Image addref System.Runtime[0xd8df5680] -> System.Runtime.dll[0xc20a3200]: 19
04-01 15:55:58.482: D/Mono(3838): Config attempting to parse: 'System.Runtime.dll.config'.
04-01 15:55:58.482: D/Mono(3838): Config attempting to parse: '/Users/builder/jenkins/workspace/xamarin-android-d15-9/xamarin-android/external/mono/sdks/out/android-armeabi-v7a-release/etc/mono/assemblies/System.Runtime/System.Runtime.config'.
04-01 15:55:58.482: D/Mono(3838): Assembly Ref addref UAG[0xdc84c620] -> System.Runtime[0xd8df5b60]: 18
04-01 15:55:58.482: D/Mono(3838): Assembly Ref addref UAG[0xdc84c620] -> System.Resources.ResourceManager[0xd8df5c80]: 12
04-01 15:55:58.483: D/Mono(3838): Unloading image System.Runtime.dll [0xc20a4100].
04-01 15:55:58.483: D/Mono(3838): Image addref System.Runtime[0xd8df5680] -> System.Runtime.dll[0xc20a3200]: 20
04-01 15:55:58.483: D/Mono(3838): Config attempting to parse: 'System.Runtime.dll.config'.
04-01 15:55:58.483: D/Mono(3838): Config attempting to parse: '/Users/builder/jenkins/workspace/xamarin-android-d15-9/xamarin-android/external/mono/sdks/out/android-armeabi-v7a-release/etc/mono/assemblies/System.Runtime/System.Runtime.config'.
04-01 15:55:58.483: D/Mono(3838): Assembly Ref addref Version.Plugin.Abstractions[0xdc84c560] -> System.Runtime[0xd8df5b60]: 19
04-01 15:55:58.483: D/Mono(3838): Assembly Ref addref Version.Plugin.Abstractions[0xdc84c560] -> System.Resources.ResourceManager[0xd8df5c80]: 13
04-01 15:55:58.484: D/Mono(3838): Assembly Ref addref Version.Plugin[0xdc84c740] -> mscorlib[0xde1782e0]: 73
04-01 15:55:58.492: D/Mono(3838): Assembly Ref addref Xamarin.Android.Support.v4[0xdc84de80] -> mscorlib[0xde1782e0]: 74
04-01 15:55:58.492: D/Mono(3838): Assembly Ref addref Xamarin.Android.Support.v4[0xdc84de80] -> Mono.Android[0xd8df4a20]: 55
04-01 15:55:58.501: D/Mono(3838): Assembly Ref addref Xamarin.Forms.Pages[0xd8df4360] -> netstandard[0xd8df5320]: 7
04-01 15:55:58.502: D/Mono(3838): Assembly Ref addref Xamarin.Forms.Platform[0xd8df44e0] -> mscorlib[0xde1782e0]: 75
04-01 15:55:58.503: D/Mono(3838): Assembly Ref addref Xamarin.Forms.Xaml[0xd8df45a0] -> Xamarin.Forms.Core[0xd8df42a0]: 12
04-01 15:55:58.504: D/Mono(3838): Unloading image System.Runtime.dll [0xc20a4100].
04-01 15:55:58.504: D/Mono(3838): Image addref System.Runtime[0xd8df5ce0] -> System.Runtime.dll[0xc20a3200]: 21
04-01 15:55:58.504: D/Mono(3838): Config attempting to parse: 'System.Runtime.dll.config'.
04-01 15:55:58.504: D/Mono(3838): Config attempting to parse: '/Users/builder/jenkins/workspace/xamarin-android-d15-9/xamarin-android/external/mono/sdks/out/android-armeabi-v7a-release/etc/mono/assemblies/System.Runtime/System.Runtime.config'.
04-01 15:55:58.504: D/Mono(3838): Assembly Ref addref ZXing.Net.Mobile.Core[0xd8df4660] -> System.Runtime[0xd8df5b60]: 20
04-01 15:55:58.505: D/Mono(3838): Unloading image System.Runtime.dll [0xc20a4100].
04-01 15:55:58.505: D/Mono(3838): Image addref System.Runtime[0xd8df5ce0] -> System.Runtime.dll[0xc20a3200]: 22
04-01 15:55:58.506: D/Mono(3838): Config attempting to parse: 'System.Runtime.dll.config'.
04-01 15:55:58.506: D/Mono(3838): Config attempting to parse: '/Users/builder/jenkins/workspace/xamarin-android-d15-9/xamarin-android/external/mono/sdks/out/android-armeabi-v7a-release/etc/mono/assemblies/System.Runtime/System.Runtime.config'.
04-01 15:55:58.506: D/Mono(3838): Assembly Ref addref ZXing.Net.Mobile.Forms[0xd8df47e0] -> System.Runtime[0xd8df5b60]: 21
04-01 15:55:58.507: D/Mono(3838): Unloading image System.Runtime.dll [0xc20a4100].
04-01 15:55:58.507: D/Mono(3838): Image addref System.Runtime[0xd8df5ce0] -> System.Runtime.dll[0xc20a3200]: 23
04-01 15:55:58.507: D/Mono(3838): Config attempting to parse: 'System.Runtime.dll.config'.
04-01 15:55:58.507: D/Mono(3838): Config attempting to parse: '/Users/builder/jenkins/workspace/xamarin-android-d15-9/xamarin-android/external/mono/sdks/out/android-armeabi-v7a-release/etc/mono/assemblies/System.Runtime/System.Runtime.config'.
04-01 15:55:58.507: D/Mono(3838): Assembly Ref addref zxing.portable[0xd8df48a0] -> System.Runtime[0xd8df5b60]: 22
04-01 15:55:58.523: D/Mono(3838): DllImport searching in: '__Internal' ('(null)').
04-01 15:55:58.523: D/Mono(3838): Searching for 'java_interop_jnienv_call_int_method_a'.
04-01 15:55:58.523: D/Mono(3838): Probing 'java_interop_jnienv_call_int_method_a'.
04-01 15:55:58.523: D/Mono(3838): Found as 'java_interop_jnienv_call_int_method_a'.
04-01 15:55:58.526: D/Mono(3838): Assembly Ref addref ZXing.Net.Mobile.Forms.Android[0xd8df4720] -> System[0xd8df5560]: 5
04-01 15:55:58.548: D/CustomFrequencyManagerService(2916): FrequencyrequestList.getNextMaxCPUCoreRequest, index: 2
04-01 15:55:58.551: D/CustomFrequencyManagerService(2916): releaseDVFSLockLocked : Getting Lock type frm List : DVFS_MIN_LIMIT  frequency : 1586000  uid : 1000  pid : 2916  tag : APP_LAUNCH@CPU_MIN@7
04-01 15:55:58.592: D/Mono(3838): DllImport attempting to load: '__Internal'.
04-01 15:55:58.592: D/Mono(3838): DllImport loaded library '(null)'.
04-01 15:55:58.592: D/Mono(3838): DllImport searching in: '__Internal' ('(null)').
04-01 15:55:58.592: D/Mono(3838): Searching for 'monodroid_get_system_property'.
04-01 15:55:58.592: D/Mono(3838): Probing 'monodroid_get_system_property'.
04-01 15:55:58.592: D/Mono(3838): Found as 'monodroid_get_system_property'.
04-01 15:55:58.593: D/Mono(3838): DllImport searching in: '__Internal' ('(null)').
04-01 15:55:58.593: D/Mono(3838): Searching for 'monodroid_free'.
04-01 15:55:58.593: D/Mono(3838): Probing 'monodroid_free'.
04-01 15:55:58.593: D/Mono(3838): Found as 'monodroid_free'.
04-01 15:55:58.598: D/PreBindingService(2916): handleMessage : 1
04-01 15:55:58.598: D/PreBindingService(2916): needToKeepBinding: Device is not voice capable
04-01 15:55:58.729: D/Mono(3838): DllImport searching in: '__Internal' ('(null)').
04-01 15:55:58.729: D/Mono(3838): Searching for 'java_interop_jnienv_get_static_object_field'.
04-01 15:55:58.729: D/Mono(3838): Probing 'java_interop_jnienv_get_static_object_field'.
04-01 15:55:58.729: D/Mono(3838): Found as 'java_interop_jnienv_get_static_object_field'.
04-01 15:55:58.746: I/LicenseChecker(3838): Binding to licensing service.
04-01 15:55:58.754: D/Mono(3838): Assembly Ref addref Xamarin.Forms.Core[0xd8df42a0] -> Xamarin.Forms.Platform[0xd8df44e0]: 2
04-01 15:55:58.820: D/Mono(3838): Image addref System.Reflection[0xde176720] -> System.Reflection.dll[0xc203e000]: 2
04-01 15:55:58.820: D/Mono(3838): Prepared to set up assembly 'System.Reflection' (System.Reflection.dll)
04-01 15:55:58.821: D/Mono(3838): Assembly System.Reflection[0xde176720] added to domain RootDomain, ref_count=1
04-01 15:55:58.823: D/Mono(3838): AOT: image 'System.Reflection.dll.so' not found: dlopen failed: library "/data/app/mobi.testfactory.TestFactoryCross-bh87xaAKtmNeal2-bx1S1A==/lib/arm/libaot-System.Reflection.dll.so" not found
04-01 15:55:58.825: D/Mono(3838): AOT: image '/Users/builder/jenkins/workspace/xamarin-android-d15-9/xamarin-android/external/mono/sdks/out/android-armeabi-v7a-release/lib/mono/aot-cache/arm/System.Reflection.dll.so' not found: dlopen failed: library "/data/app/mobi.testfactory.TestFactoryCross-bh87xaAKtmNeal2-bx1S1A==/lib/arm/libaot-System.Reflection.dll.so" not found
04-01 15:55:58.825: D/Mono(3838): Config attempting to parse: 'System.Reflection.dll.config'.
04-01 15:55:58.825: D/Mono(3838): Config attempting to parse: '/Users/builder/jenkins/workspace/xamarin-android-d15-9/xamarin-android/external/mono/sdks/out/android-armeabi-v7a-release/etc/mono/assemblies/System.Reflection/System.Reflection.config'.
04-01 15:55:58.825: D/Mono(3838): Assembly Ref addref TestFactoryCross5.Android[0xde178340] -> System.Reflection[0xde176720]: 2
04-01 15:55:58.825: D/Mono(3838): Assembly Ref addref System.Reflection[0xde176720] -> mscorlib[0xde1782e0]: 76
04-01 15:55:58.827: D/Mono(3838): Unloading image System.Runtime.dll [0xc203ea00].
04-01 15:55:58.827: D/Mono(3838): Image addref System.Runtime[0xde176780] -> System.Runtime.dll[0xc20a3200]: 24
04-01 15:55:58.827: D/Mono(3838): Config attempting to parse: 'System.Runtime.dll.config'.
04-01 15:55:58.827: D/Mono(3838): Config attempting to parse: '/Users/builder/jenkins/workspace/xamarin-android-d15-9/xamarin-android/external/mono/sdks/out/android-armeabi-v7a-release/etc/mono/assemblies/System.Runtime/System.Runtime.config'.
04-01 15:55:58.827: D/Mono(3838): Assembly Ref addref TestFactoryCross5.Android[0xde178340] -> System.Runtime[0xd8df5b60]: 23
04-01 15:55:58.882: D/Mono(3838): Assembly Ref addref TestFactoryCross5.Android[0xde178340] -> ALMWrapper[0xde1785e0]: 2
04-01 15:55:58.903: D/Mono(3838): Assembly Ref addref TestFactoryCross5.Android[0xde178340] -> SQLite-net[0xdc84b840]: 2
04-01 15:55:58.907: D/Mono(3838): Image addref System.Collections[0xde176840] -> System.Collections.dll[0xc203f400]: 2
04-01 15:55:58.907: D/Mono(3838): Prepared to set up assembly 'System.Collections' (System.Collections.dll)
04-01 15:55:58.907: D/Mono(3838): Assembly System.Collections[0xde176840] added to domain RootDomain, ref_count=1
04-01 15:55:58.910: D/Mono(3838): AOT: image 'System.Collections.dll.so' not found: dlopen failed: library "/data/app/mobi.testfactory.TestFactoryCross-bh87xaAKtmNeal2-bx1S1A==/lib/arm/libaot-System.Collections.dll.so" not found
04-01 15:55:58.911: D/Mono(3838): AOT: image '/Users/builder/jenkins/workspace/xamarin-android-d15-9/xamarin-android/external/mono/sdks/out/android-armeabi-v7a-release/lib/mono/aot-cache/arm/System.Collections.dll.so' not found: dlopen failed: library "/data/app/mobi.testfactory.TestFactoryCross-bh87xaAKtmNeal2-bx1S1A==/lib/arm/libaot-System.Collections.dll.so" not found
04-01 15:55:58.911: D/Mono(3838): Config attempting to parse: 'System.Collections.dll.config'.
04-01 15:55:58.911: D/Mono(3838): Config attempting to parse: '/Users/builder/jenkins/workspace/xamarin-android-d15-9/xamarin-android/external/mono/sdks/out/android-armeabi-v7a-release/etc/mono/assemblies/System.Collections/System.Collections.config'.
04-01 15:55:58.911: D/Mono(3838): Assembly Ref addref ALMWrapper[0xde1785e0] -> System.Collections[0xde176840]: 2
04-01 15:55:58.911: D/Mono(3838): Assembly Ref addref System.Collections[0xde176840] -> mscorlib[0xde1782e0]: 77
04-01 15:55:58.956: D/Mono(3838): Assembly Ref addref TestFactoryCross5.Android[0xde178340] -> PCLStorage[0xde178e20]: 2
04-01 15:55:58.956: D/Mono(3838): Assembly Ref addref PCLStorage[0xde178e20] -> PCLStorage.Abstractions[0xde178ca0]: 2
04-01 15:55:58.956: D/Mono(3838): Assembly Ref addref TestFactoryCross5.Android[0xde178340] -> PCLStorage.Abstractions[0xde178ca0]: 3
04-01 15:55:58.957: D/Mono(3838): Unloading image System.Collections.dll [0xc203f900].
04-01 15:55:58.957: D/Mono(3838): Image addref System.Collections[0xde1768a0] -> System.Collections.dll[0xc203f400]: 4
04-01 15:55:58.957: D/Mono(3838): Config attempting to parse: 'System.Collections.dll.config'.
04-01 15:55:58.957: D/Mono(3838): Config attempting to parse: '/Users/builder/jenkins/workspace/xamarin-android-d15-9/xamarin-android/external/mono/sdks/out/android-armeabi-v7a-release/etc/mono/assemblies/System.Collections/System.Collections.config'.
04-01 15:55:58.957: D/Mono(3838): Assembly Ref addref SQLite-net[0xdc84b840] -> System.Collections[0xde176840]: 3
04-01 15:55:58.958: D/Mono(3838): Image addref System.Runtime.Extensions[0xde1768a0] -> System.Runtime.Extensions.dll[0xc203f900]: 2
04-01 15:55:58.958: D/Mono(3838): Prepared to set up assembly 'System.Runtime.Extensions' (System.Runtime.Extensions.dll)
04-01 15:55:58.959: D/Mono(3838): Assembly System.Runtime.Extensions[0xde1768a0] added to domain RootDomain, ref_count=1
04-01 15:55:58.961: D/Mono(3838): AOT: image 'System.Runtime.Extensions.dll.so' not found: dlopen failed: library "/data/app/mobi.testfactory.TestFactoryCross-bh87xaAKtmNeal2-bx1S1A==/lib/arm/libaot-System.Runtime.Extensions.dll.so" not found
04-01 15:55:58.962: D/Mono(3838): AOT: image '/Users/builder/jenkins/workspace/xamarin-android-d15-9/xamarin-android/external/mono/sdks/out/android-armeabi-v7a-release/lib/mono/aot-cache/arm/System.Runtime.Extensions.dll.so' not found: dlopen failed: library "/data/app/mobi.testfactory.TestFactoryCross-bh87xaAKtmNeal2-bx1S1A==/lib/arm/libaot-System.Runtime.Extensions.dll.so" not found
04-01 15:55:58.962: D/Mono(3838): Config attempting to parse: 'System.Runtime.Extensions.dll.config'.
04-01 15:55:58.962: D/Mono(3838): Config attempting to parse: '/Users/builder/jenkins/workspace/xamarin-android-d15-9/xamarin-android/external/mono/sdks/out/android-armeabi-v7a-release/etc/mono/assemblies/System.Runtime.Extensions/System.Runtime.Extensions.config'.
04-01 15:55:58.963: D/Mono(3838): Assembly Ref addref SQLite-net[0xdc84b840] -> System.Runtime.Extensions[0xde1768a0]: 2
04-01 15:55:58.963: D/Mono(3838): Assembly Ref addref System.Runtime.Extensions[0xde1768a0] -> System[0xd8df5560]: 6
04-01 15:55:58.963: D/Mono(3838): Assembly Ref addref System.Runtime.Extensions[0xde1768a0] -> mscorlib[0xde1782e0]: 78
04-01 15:55:58.963: D/Mono(3838): Assembly Loader probing location: '/storage/emulated/0/Android/data/mobi.testfactory.TestFactoryCross/files/.__override__/SQLitePCLRaw.core.dll'.
04-01 15:55:58.965: D/Mono(3838): AOT: image '/storage/emulated/0/Android/data/mobi.testfactory.TestFactoryCross/files/.__override__/SQLitePCLRaw.core.dll.so' not found: dlopen failed: library "/data/app/mobi.testfactory.TestFactoryCross-bh87xaAKtmNeal2-bx1S1A==/lib/arm/libaot-SQLitePCLRaw.core.dll.so" not found
04-01 15:55:58.966: D/Mono(3838): AOT: image '/Users/builder/jenkins/workspace/xamarin-android-d15-9/xamarin-android/external/mono/sdks/out/android-armeabi-v7a-release/lib/mono/aot-cache/arm/SQLitePCLRaw.core.dll.so' not found: dlopen failed: library "/data/app/mobi.testfactory.TestFactoryCross-bh87xaAKtmNeal2-bx1S1A==/lib/arm/libaot-SQLitePCLRaw.core.dll.so" not found
04-01 15:55:58.966: D/Mono(3838): Assembly Ref addref SQLite-net[0xdc84b840] -> SQLitePCLRaw.core[0xdc84bba0]: 2
04-01 15:55:58.974: D/Mono(3838): Unloading image System.Threading.Tasks.dll [0xc2040800].
04-01 15:55:58.974: D/Mono(3838): Image addref System.Threading.Tasks[0xde1769c0] -> System.Threading.Tasks.dll[0xc20a2d00]: 4
04-01 15:55:58.974: D/Mono(3838): Config attempting to parse: 'System.Threading.Tasks.dll.config'.
04-01 15:55:58.974: D/Mono(3838): Config attempting to parse: '/Users/builder/jenkins/workspace/xamarin-android-d15-9/xamarin-android/external/mono/sdks/out/android-armeabi-v7a-release/etc/mono/assemblies/System.Threading.Tasks/System.Threading.Tasks.config'.
04-01 15:55:58.974: D/Mono(3838): Assembly Ref addref PCLStorage.Abstractions[0xde178ca0] -> System.Threading.Tasks[0xd8df5c20]: 3
04-01 15:55:58.981: D/Mono(3838): Assembly Loader probing location: '/storage/emulated/0/Android/data/mobi.testfactory.TestFactoryCross/files/.__override__/SQLitePCLRaw.batteries_v2.dll'.
04-01 15:55:58.983: D/Mono(3838): AOT: image '/storage/emulated/0/Android/data/mobi.testfactory.TestFactoryCross/files/.__override__/SQLitePCLRaw.batteries_v2.dll.so' not found: dlopen failed: library "/data/app/mobi.testfactory.TestFactoryCross-bh87xaAKtmNeal2-bx1S1A==/lib/arm/libaot-SQLitePCLRaw.batteries_v2.dll.so" not found
04-01 15:55:58.984: D/Mono(3838): AOT: image '/Users/builder/jenkins/workspace/xamarin-android-d15-9/xamarin-android/external/mono/sdks/out/android-armeabi-v7a-release/lib/mono/aot-cache/arm/SQLitePCLRaw.batteries_v2.dll.so' not found: dlopen failed: library "/data/app/mobi.testfactory.TestFactoryCross-bh87xaAKtmNeal2-bx1S1A==/lib/arm/libaot-SQLitePCLRaw.batteries_v2.dll.so" not found
04-01 15:55:58.984: D/Mono(3838): Assembly Ref addref SQLite-net[0xdc84b840] -> SQLitePCLRaw.batteries_v2[0xdc84bae0]: 2
04-01 15:55:58.984: D/Mono(3838): Assembly Ref addref SQLitePCLRaw.batteries_v2[0xdc84bae0] -> SQLitePCLRaw.provider.e_sqlite3[0xdc84bd20]: 2
04-01 15:55:58.984: D/Mono(3838): Assembly Ref addref SQLitePCLRaw.provider.e_sqlite3[0xdc84bd20] -> SQLitePCLRaw.core[0xdc84bba0]: 3
04-01 15:55:58.989: D/Mono(3838): Assembly Ref addref SQLitePCLRaw.batteries_v2[0xdc84bae0] -> SQLitePCLRaw.core[0xdc84bba0]: 4
04-01 15:55:58.994: D/Mono(3838): DllImport attempting to load: 'e_sqlite3'.
04-01 15:55:58.995: D/Mono(3838): DllImport error loading library '/storage/emulated/0/Android/data/mobi.testfactory.TestFactoryCross/files/.__override__/libe_sqlite3': 'dlopen failed: library "/data/app/mobi.testfactory.TestFactoryCross-bh87xaAKtmNeal2-bx1S1A==/lib/arm//storage/emulated/0/Android/data/mobi.testfactory.TestFactoryCross/files/.__override__/libe_sqlite3" not found'.
04-01 15:55:58.996: D/Mono(3838): DllImport error loading library '/storage/emulated/0/Android/data/mobi.testfactory.TestFactoryCross/files/.__override__/libe_sqlite3.so': 'dlopen failed: library "/data/app/mobi.testfactory.TestFactoryCross-bh87xaAKtmNeal2-bx1S1A==/lib/arm//storage/emulated/0/Android/data/mobi.testfactory.TestFactoryCross/files/.__override__/libe_sqlite3.so" not found'.
04-01 15:55:58.997: D/Mono(3838): DllImport error loading library '/system/lib/libe_sqlite3': 'dlopen failed: library "/data/app/mobi.testfactory.TestFactoryCross-bh87xaAKtmNeal2-bx1S1A==/lib/arm//system/lib/libe_sqlite3" not found'.
04-01 15:55:58.997: D/Mono(3838): DllImport error loading library '/system/lib/libe_sqlite3.so': 'dlopen failed: library "/data/app/mobi.testfactory.TestFactoryCross-bh87xaAKtmNeal2-bx1S1A==/lib/arm//system/lib/libe_sqlite3.so" not found'.
04-01 15:55:58.999: D/Mono(3838): DllImport error loading library 'libe_sqlite3': 'dlopen failed: library "/data/app/mobi.testfactory.TestFactoryCross-bh87xaAKtmNeal2-bx1S1A==/lib/arm/libe_sqlite3" not found'.
04-01 15:55:59.001: D/Mono(3838): DllImport loaded library 'libe_sqlite3.so'.
04-01 15:55:59.001: D/Mono(3838): DllImport searching in: 'e_sqlite3' ('libe_sqlite3.so').
04-01 15:55:59.001: D/Mono(3838): Searching for 'sqlite3_libversion_number'.
04-01 15:55:59.008: D/Mono(3838): DllImport searching in: 'e_sqlite3' ('libe_sqlite3.so').
04-01 15:55:59.008: D/Mono(3838): Searching for 'sqlite3_open_v2'.
04-01 15:55:59.026: D/Mono(3838): DllImport searching in: 'e_sqlite3' ('libe_sqlite3.so').
04-01 15:55:59.026: D/Mono(3838): Searching for 'sqlite3_busy_timeout'.
04-01 15:55:59.035: D/Mono(3838): DllImport searching in: 'e_sqlite3' ('libe_sqlite3.so').
04-01 15:55:59.035: D/Mono(3838): Searching for 'sqlite3_prepare_v2'.
04-01 15:55:59.043: D/WifiStateMachine(2916):  ConnectedState !CMD_RSSI_POLL rt=19879567/71470845 28 0 "Guest-ABB" 00:3a:99:23:ae:14 rssi=-65 f=2462 sc=56 link=54 tx=1.5, 0.0, 0.0  rx=0.0 bcn=39171 [on:0 tx:0 rx:0 period:3001] from screen [on:1336120 period:1546763] score=56
04-01 15:55:59.044: D/WifiStateMachine(2916):  L2ConnectedState !CMD_RSSI_POLL rt=19879568/71470845 28 0 "Guest-ABB" 00:3a:99:23:ae:14 rssi=-65 f=2462 sc=56 link=54 tx=1.5, 0.0, 0.0  rx=0.0 bcn=39171 [on:0 tx:0 rx:0 period:1] from screen [on:1336120 period:1546764] score=56
04-01 15:55:59.044: D/WifiStateMachine(2916):  get link layer stats 3
04-01 15:55:59.049: D/WifiStateMachine(2916): fetchRssiLinkSpeedAndFrequencyNative rssi=-66 linkspeed=54 freq=2462
04-01 15:55:59.050: V/WifiConfigManager(2916): Updating scan detail cache freq=2462 BSSID=00:3a:99:23:ae:14 RSSI=-65 for "Guest-ABB"NONE
04-01 15:55:59.052: D/NetworkController(3371): updateCarrierText : Guest-ABB
04-01 15:55:59.052: D/KeyguardUpdateMonitor(3371): updateCarrierTextInfo
04-01 15:55:59.053: D/Tile.WifiTile(3371): handleUpdateState enabled  = true
04-01 15:55:59.054: D/KeyguardClockPage(3371): isNetworkRoamingState id=-2 roaming=false
04-01 15:55:59.054: D/KeyguardClockPage(3371): onRefreshCarrierInfo(pre, now): false, false
04-01 15:55:59.054: D/CarrierText(3371): updateCarrierText(): subscriptionInfo Size = 0, DefaultText = Kein Netz
04-01 15:55:59.055: D/MultiSimUtils(3371): isSimStateReadyorNotReady() : simSlot = 0, simState = 
04-01 15:55:59.055: D/Mono(3838): DllImport searching in: 'e_sqlite3' ('libe_sqlite3.so').
04-01 15:55:59.055: D/Mono(3838): Searching for 'sqlite3_step'.
04-01 15:55:59.056: D/CarrierText(3371): Getting plmn/spn/subId sticky brdcst  plmn : Kein Netz, spn : , subId :-2
04-01 15:55:59.056: D/CarrierText(3371): plmn Of NetworkController Impl : Guest-ABB
04-01 15:55:59.056: D/CarrierText(3371): BLOCK_CARRIER_TEXT_WHEN_SIM_NOT_READY or KOR_USIM_TEXT
04-01 15:55:59.056: D/CarrierText(3371): setText : 
04-01 15:55:59.056: D/CarrierText(3371): updateCarrierText(): subscriptionInfo Size = 0, DefaultText = Kein Netz
04-01 15:55:59.056: D/MultiSimUtils(3371): isSimStateReadyorNotReady() : simSlot = 0, simState = 
04-01 15:55:59.057: D/CarrierText(3371): Getting plmn/spn/subId sticky brdcst  plmn : Kein Netz, spn : , subId :-2
04-01 15:55:59.057: D/Mono(3838): DllImport searching in: 'e_sqlite3' ('libe_sqlite3.so').
04-01 15:55:59.057: D/Mono(3838): Searching for 'sqlite3_column_type'.
04-01 15:55:59.057: D/CarrierText(3371): plmn Of NetworkController Impl : Guest-ABB
04-01 15:55:59.057: D/CarrierText(3371): BLOCK_CARRIER_TEXT_WHEN_SIM_NOT_READY or KOR_USIM_TEXT
04-01 15:55:59.057: D/CarrierText(3371): setText : 
04-01 15:55:59.058: D/Mono(3838): Unloading image System.Reflection.dll [0xc2041700].
04-01 15:55:59.059: D/Mono(3838): Image addref System.Reflection[0xd8df5ec0] -> System.Reflection.dll[0xc203e000]: 4
04-01 15:55:59.059: D/Mono(3838): Config attempting to parse: 'System.Reflection.dll.config'.
04-01 15:55:59.059: D/Mono(3838): Config attempting to parse: '/Users/builder/jenkins/workspace/xamarin-android-d15-9/xamarin-android/external/mono/sdks/out/android-armeabi-v7a-release/etc/mono/assemblies/System.Reflection/System.Reflection.config'.
04-01 15:55:59.059: D/Mono(3838): Assembly Ref addref SQLite-net[0xdc84b840] -> System.Reflection[0xde176720]: 3
04-01 15:55:59.061: D/Mono(3838): Image addref System.Globalization[0xd8df5ec0] -> System.Globalization.dll[0xc2041700]: 2
04-01 15:55:59.061: D/Mono(3838): Prepared to set up assembly 'System.Globalization' (System.Globalization.dll)
04-01 15:55:59.061: D/Mono(3838): Assembly System.Globalization[0xd8df5ec0] added to domain RootDomain, ref_count=1
04-01 15:55:59.064: D/Mono(3838): AOT: image 'System.Globalization.dll.so' not found: dlopen failed: library "/data/app/mobi.testfactory.TestFactoryCross-bh87xaAKtmNeal2-bx1S1A==/lib/arm/libaot-System.Globalization.dll.so" not found
04-01 15:55:59.065: D/Mono(3838): AOT: image '/Users/builder/jenkins/workspace/xamarin-android-d15-9/xamarin-android/external/mono/sdks/out/android-armeabi-v7a-release/lib/mono/aot-cache/arm/System.Globalization.dll.so' not found: dlopen failed: library "/data/app/mobi.testfactory.TestFactoryCross-bh87xaAKtmNeal2-bx1S1A==/lib/arm/libaot-System.Globalization.dll.so" not found
04-01 15:55:59.065: D/Mono(3838): Config attempting to parse: 'System.Globalization.dll.config'.
04-01 15:55:59.065: D/Mono(3838): Config attempting to parse: '/Users/builder/jenkins/workspace/xamarin-android-d15-9/xamarin-android/external/mono/sdks/out/android-armeabi-v7a-release/etc/mono/assemblies/System.Globalization/System.Globalization.config'.
04-01 15:55:59.065: D/Mono(3838): Assembly Ref addref SQLite-net[0xdc84b840] -> System.Globalization[0xd8df5ec0]: 2
04-01 15:55:59.065: D/Mono(3838): Assembly Ref addref System.Globalization[0xd8df5ec0] -> mscorlib[0xde1782e0]: 79
04-01 15:55:59.068: D/Mono(3838): Assembly Ref addref System.Runtime[0xd8df5b60] -> System[0xd8df5560]: 7
04-01 15:55:59.072: D/Mono(3838): DllImport searching in: 'e_sqlite3' ('libe_sqlite3.so').
04-01 15:55:59.072: D/Mono(3838): Searching for 'sqlite3_column_text'.
04-01 15:55:59.073: D/Mono(3838): DllImport searching in: 'e_sqlite3' ('libe_sqlite3.so').
04-01 15:55:59.074: D/Mono(3838): Searching for 'sqlite3_finalize'.
04-01 15:55:59.084: D/Mono(3838): Image addref System.Linq[0xd8df5bc0] -> System.Linq.dll[0xc1c6e000]: 2
04-01 15:55:59.084: D/Mono(3838): Prepared to set up assembly 'System.Linq' (System.Linq.dll)
04-01 15:55:59.084: D/Mono(3838): Assembly System.Linq[0xd8df5bc0] added to domain RootDomain, ref_count=1
04-01 15:55:59.087: D/Mono(3838): AOT: image 'System.Linq.dll.so' not found: dlopen failed: library "/data/app/mobi.testfactory.TestFactoryCross-bh87xaAKtmNeal2-bx1S1A==/lib/arm/libaot-System.Linq.dll.so" not found
04-01 15:55:59.088: D/Mono(3838): AOT: image '/Users/builder/jenkins/workspace/xamarin-android-d15-9/xamarin-android/external/mono/sdks/out/android-armeabi-v7a-release/lib/mono/aot-cache/arm/System.Linq.dll.so' not found: dlopen failed: library "/data/app/mobi.testfactory.TestFactoryCross-bh87xaAKtmNeal2-bx1S1A==/lib/arm/libaot-System.Linq.dll.so" not found
04-01 15:55:59.088: D/Mono(3838): Config attempting to parse: 'System.Linq.dll.config'.
04-01 15:55:59.088: D/Mono(3838): Config attempting to parse: '/Users/builder/jenkins/workspace/xamarin-android-d15-9/xamarin-android/external/mono/sdks/out/android-armeabi-v7a-release/etc/mono/assemblies/System.Linq/System.Linq.config'.
04-01 15:55:59.088: D/Mono(3838): Assembly Ref addref SQLite-net[0xdc84b840] -> System.Linq[0xd8df5bc0]: 2
04-01 15:55:59.088: D/Mono(3838): Assembly Ref addref System.Linq[0xd8df5bc0] -> System.Core[0xd8df4ba0]: 6
04-01 15:55:59.096: D/Mono(3838): Image addref System.Threading[0xd8df5fe0] -> System.Threading.dll[0xc2042b00]: 2
04-01 15:55:59.096: D/Mono(3838): Prepared to set up assembly 'System.Threading' (System.Threading.dll)
04-01 15:55:59.097: D/Mono(3838): Assembly System.Threading[0xd8df5fe0] added to domain RootDomain, ref_count=1
04-01 15:55:59.099: D/Mono(3838): AOT: image 'System.Threading.dll.so' not found: dlopen failed: library "/data/app/mobi.testfactory.TestFactoryCross-bh87xaAKtmNeal2-bx1S1A==/lib/arm/libaot-System.Threading.dll.so" not found
04-01 15:55:59.100: D/Mono(3838): AOT: image '/Users/builder/jenkins/workspace/xamarin-android-d15-9/xamarin-android/external/mono/sdks/out/android-armeabi-v7a-release/lib/mono/aot-cache/arm/System.Threading.dll.so' not found: dlopen failed: library "/data/app/mobi.testfactory.TestFactoryCross-bh87xaAKtmNeal2-bx1S1A==/lib/arm/libaot-System.Threading.dll.so" not found
04-01 15:55:59.100: D/Mono(3838): Config attempting to parse: 'System.Threading.dll.config'.
04-01 15:55:59.100: D/Mono(3838): Config attempting to parse: '/Users/builder/jenkins/workspace/xamarin-android-d15-9/xamarin-android/external/mono/sdks/out/android-armeabi-v7a-release/etc/mono/assemblies/System.Threading/System.Threading.config'.
04-01 15:55:59.100: D/Mono(3838): Assembly Ref addref SQLite-net[0xdc84b840] -> System.Threading[0xd8df5fe0]: 2
04-01 15:55:59.101: D/Mono(3838): Assembly Ref addref System.Threading[0xd8df5fe0] -> mscorlib[0xde1782e0]: 80
04-01 15:55:59.102: D/Mono(3838): Assembly Ref addref System.Collections[0xde176840] -> System.Core[0xd8df4ba0]: 7
04-01 15:55:59.103: D/Mono(3838): Assembly Ref addref System.Core[0xd8df4ba0] -> System[0xd8df5560]: 8
04-01 15:55:59.108: D/Mono(3838): Image addref System.Reflection.Extensions[0xd8df6040] -> System.Reflection.Extensions.dll[0xc2041c00]: 2
04-01 15:55:59.108: D/Mono(3838): Prepared to set up assembly 'System.Reflection.Extensions' (System.Reflection.Extensions.dll)
04-01 15:55:59.108: D/Mono(3838): Assembly System.Reflection.Extensions[0xd8df6040] added to domain RootDomain, ref_count=1
04-01 15:55:59.111: D/Mono(3838): AOT: image 'System.Reflection.Extensions.dll.so' not found: dlopen failed: library "/data/app/mobi.testfactory.TestFactoryCross-bh87xaAKtmNeal2-bx1S1A==/lib/arm/libaot-System.Reflection.Extensions.dll.so" not found
04-01 15:55:59.112: D/Mono(3838): AOT: image '/Users/builder/jenkins/workspace/xamarin-android-d15-9/xamarin-android/external/mono/sdks/out/android-armeabi-v7a-release/lib/mono/aot-cache/arm/System.Reflection.Extensions.dll.so' not found: dlopen failed: library "/data/app/mobi.testfactory.TestFactoryCross-bh87xaAKtmNeal2-bx1S1A==/lib/arm/libaot-System.Reflection.Extensions.dll.so" not found
04-01 15:55:59.112: D/Mono(3838): Config attempting to parse: 'System.Reflection.Extensions.dll.config'.
04-01 15:55:59.112: D/Mono(3838): Config attempting to parse: '/Users/builder/jenkins/workspace/xamarin-android-d15-9/xamarin-android/external/mono/sdks/out/android-armeabi-v7a-release/etc/mono/assemblies/System.Reflection.Extensions/System.Reflection.Extensions.config'.
04-01 15:55:59.112: D/Mono(3838): Assembly Ref addref SQLite-net[0xdc84b840] -> System.Reflection.Extensions[0xd8df6040]: 2
04-01 15:55:59.112: D/Mono(3838): Assembly Ref addref System.Reflection.Extensions[0xd8df6040] -> mscorlib[0xde1782e0]: 81
04-01 15:55:59.142: D/WifiService(2916): getConnectionInfo uid=1000
04-01 15:55:59.147: D/WifiTrafficPoller(2916): TrafficStats TxPkts=10096 RxPkts=10813 TxBytes=1917863 RxBytes=2733038 , Foreground uid=10224 pkgName=mobi.testfactory.TestFactoryCross txBytes=11502 rxBytes=5412
04-01 15:55:59.224: D/Mono(3838): DllImport searching in: 'e_sqlite3' ('libe_sqlite3.so').
04-01 15:55:59.224: D/Mono(3838): Searching for 'sqlite3_column_count'.
04-01 15:55:59.226: D/Mono(3838): DllImport searching in: 'e_sqlite3' ('libe_sqlite3.so').
04-01 15:55:59.226: D/Mono(3838): Searching for 'sqlite3_column_name'.
04-01 15:55:59.233: D/Mono(3838): DllImport searching in: 'e_sqlite3' ('libe_sqlite3.so').
04-01 15:55:59.234: D/Mono(3838): Searching for 'sqlite3_column_int'.
04-01 15:55:59.294: D/Mono(3838): Image addref System.Linq.Expressions[0xd8df61c0] -> System.Linq.Expressions.dll[0xc2042100]: 2
04-01 15:55:59.294: D/Mono(3838): Prepared to set up assembly 'System.Linq.Expressions' (System.Linq.Expressions.dll)
04-01 15:55:59.294: D/Mono(3838): Assembly System.Linq.Expressions[0xd8df61c0] added to domain RootDomain, ref_count=1
04-01 15:55:59.297: D/Mono(3838): AOT: image 'System.Linq.Expressions.dll.so' not found: dlopen failed: library "/data/app/mobi.testfactory.TestFactoryCross-bh87xaAKtmNeal2-bx1S1A==/lib/arm/libaot-System.Linq.Expressions.dll.so" not found
04-01 15:55:59.298: D/Mono(3838): AOT: image '/Users/builder/jenkins/workspace/xamarin-android-d15-9/xamarin-android/external/mono/sdks/out/android-armeabi-v7a-release/lib/mono/aot-cache/arm/System.Linq.Expressions.dll.so' not found: dlopen failed: library "/data/app/mobi.testfactory.TestFactoryCross-bh87xaAKtmNeal2-bx1S1A==/lib/arm/libaot-System.Linq.Expressions.dll.so" not found
04-01 15:55:59.298: D/Mono(3838): Config attempting to parse: 'System.Linq.Expressions.dll.config'.
04-01 15:55:59.298: D/Mono(3838): Config attempting to parse: '/Users/builder/jenkins/workspace/xamarin-android-d15-9/xamarin-android/external/mono/sdks/out/android-armeabi-v7a-release/etc/mono/assemblies/System.Linq.Expressions/System.Linq.Expressions.config'.
04-01 15:55:59.298: D/Mono(3838): Assembly Ref addref SQLite-net[0xdc84b840] -> System.Linq.Expressions[0xd8df61c0]: 2
