04-01 15:55:59.298: D/Mono(3838): Assembly Ref addref System.Linq.Expressions[0xd8df61c0] -> System.Core[0xd8df4ba0]: 8
04-01 15:55:59.299: D/Mono(3838): Assembly Ref addref TestFactoryCross5.Android[0xde178340] -> System.Core[0xd8df4ba0]: 9
04-01 15:55:59.426: I/PlayCommon(23054): [1952] adix.d(23): Preparing logs for uploading
04-01 15:55:59.427: D/ConnectivityService(2916): filterNetworkStateForUid() uid: 10030 networkInfo: [type: WIFI[] - WIFI, state: CONNECTED/CONNECTED, reason: (unspecified), extra: "Guest-ABB", failover: false, available: true, roaming: false]
04-01 15:55:59.427: I/PlayCommon(23054): [1952] adix.d(206): Connecting to server for timestamp: https://play.googleapis.com/play/log/timestamp
04-01 15:55:59.428: I/System.out(23054): (HTTPLog)-Static: isSBSettingEnabled false
04-01 15:55:59.428: I/System.out(23054): (HTTPLog)-Static: isSBSettingEnabled false
04-01 15:55:59.429: D/DnsProxyListener(2676): DNSDBG::dns addrinfo af 2
04-01 15:55:59.448: I/System.out(23054): (HTTPLog)-Static: isSBSettingEnabled false
04-01 15:55:59.460: I/chatty(23054): uid=10030(com.android.vending) adix identical 4 lines
04-01 15:55:59.460: I/System.out(23054): (HTTPLog)-Static: isSBSettingEnabled false
04-01 15:55:59.466: E/PlayCommon(23054): [1952] adix.d(287): Failed to connect to server for server timestamp: javax.net.ssl.SSLHandshakeException: Connection closed by peer
04-01 15:55:59.477: W/ChimeraUtils(3658): Non Chimera context
04-01 15:55:59.477: W/ChimeraUtils(3658): Non Chimera context
04-01 15:55:59.503: D/Mono(3838): DllImport searching in: 'e_sqlite3' ('libe_sqlite3.so').
04-01 15:55:59.503: D/Mono(3838): Searching for 'sqlite3_column_int64'.
04-01 15:55:59.504: I/System.out(3658): (HTTPLog)-Static: isSBSettingEnabled false
04-01 15:55:59.504: I/System.out(3658): (HTTPLog)-Static: isSBSettingEnabled false
04-01 15:55:59.504: D/DnsProxyListener(2676): DNSDBG::dns addrinfo af 2
04-01 15:55:59.517: W/Conscrypt(3658): Could not set socket write timeout: java.net.SocketException: Socket closed
04-01 15:55:59.518: W/Conscrypt(3658): 	at com.google.android.gms.org.conscrypt.Platform.setSocketWriteTimeout(:com.google.android.gms@16089016@16.0.89 (040304-239467275):2)
04-01 15:55:59.518: W/Conscrypt(3658): 	at com.google.android.gms.org.conscrypt.ConscryptFileDescriptorSocket.setSoWriteTimeout(:com.google.android.gms@16089016@16.0.89 (040304-239467275):2)
04-01 15:55:59.562: D/CustomFrequencyManagerService(2916): acquireDVFSLockLocked : type : DVFS_MIN_LIMIT  frequency : 1482000  uid : 1000  pid : 2916  pkgName : AMS_RESUME_TAIL@CPU_MIN@58
04-01 15:55:59.563: D/ActivityManagerPerformance(2916): AMP_acquire() TAIL
04-01 15:55:59.563: D/CustomFrequencyManagerService(2916): FrequencyrequestList.getNextMaxCPUCoreRequest, index: 2
04-01 15:55:59.563: D/CustomFrequencyManagerService(2916): releaseDVFSLockLocked : Getting Lock type frm List : DVFS_MIN_LIMIT  frequency : 1586000  uid : 1000  pid : 2916  tag : AMS_APP_SWITCH@CPU_MIN@52
04-01 15:55:59.564: D/ActivityManagerPerformance(2916): AMP_release() APP_SWITCH
04-01 15:55:59.578: D/Mono(3838): Assembly Ref addref TestFactoryCross5.Android[0xde178340] -> Plugin.Settings[0xdc84b2a0]: 2
04-01 15:55:59.594: D/Mono(3838): Assembly Ref addref Plugin.Settings[0xdc84b2a0] -> Mono.Android[0xd8df4a20]: 56
04-01 15:55:59.732: I/System.out(3658): (HTTPLog)-Static: isSBSettingEnabled false
04-01 15:55:59.732: I/System.out(3658): (HTTPLog)-Static: isSBSettingEnabled false
04-01 15:55:59.737: W/Conscrypt(3658): Could not set socket write timeout: java.net.SocketException: Socket closed
04-01 15:55:59.737: W/Conscrypt(3658): 	at com.google.android.gms.org.conscrypt.Platform.setSocketWriteTimeout(:com.google.android.gms@16089016@16.0.89 (040304-239467275):2)
04-01 15:55:59.737: W/Conscrypt(3658): 	at com.google.android.gms.org.conscrypt.ConscryptFileDescriptorSocket.setSoWriteTimeout(:com.google.android.gms@16089016@16.0.89 (040304-239467275):2)
04-01 15:55:59.741: I/System.out(3658): (HTTPLog)-Static: isSBSettingEnabled false
04-01 15:55:59.741: I/System.out(3658): (HTTPLog)-Static: isSBSettingEnabled false
04-01 15:55:59.747: W/Conscrypt(3658): Could not set socket write timeout: java.net.SocketException: Socket closed
04-01 15:55:59.747: W/Conscrypt(3658): 	at com.google.android.gms.org.conscrypt.Platform.setSocketWriteTimeout(:com.google.android.gms@16089016@16.0.89 (040304-239467275):2)
04-01 15:55:59.747: W/Conscrypt(3658): 	at com.google.android.gms.org.conscrypt.ConscryptFileDescriptorSocket.setSoWriteTimeout(:com.google.android.gms@16089016@16.0.89 (040304-239467275):2)
04-01 15:55:59.750: I/System.out(3658): (HTTPLog)-Static: isSBSettingEnabled false
04-01 15:55:59.750: I/System.out(3658): (HTTPLog)-Static: isSBSettingEnabled false
04-01 15:55:59.755: W/Conscrypt(3658): Could not set socket write timeout: java.net.SocketException: Socket closed
04-01 15:55:59.756: W/Conscrypt(3658): 	at com.google.android.gms.org.conscrypt.Platform.setSocketWriteTimeout(:com.google.android.gms@16089016@16.0.89 (040304-239467275):2)
04-01 15:55:59.756: W/Conscrypt(3658): 	at com.google.android.gms.org.conscrypt.ConscryptFileDescriptorSocket.setSoWriteTimeout(:com.google.android.gms@16089016@16.0.89 (040304-239467275):2)
04-01 15:55:59.760: E/Auth(3658): [GoogleAccountDataServiceImpl] getToken() -> NETWORK_ERROR. Account: <ELLIDED:-159645558>, App: com.android.vending, Service: oauth2:https://www.googleapis.com/auth/googleplay
04-01 15:55:59.760: E/Auth(3658): qsk: Error when calling server.
04-01 15:55:59.760: E/Auth(3658): 	at hac.c(:com.google.android.gms@16089016@16.0.89 (040304-239467275):333)
04-01 15:55:59.760: E/Auth(3658): 	at hac.a(:com.google.android.gms@16089016@16.0.89 (040304-239467275):12)
04-01 15:55:59.760: E/Auth(3658): 	at hac.b(Unknown Source:0)
04-01 15:55:59.760: E/Auth(3658): 	at gyn.a(:com.google.android.gms@16089016@16.0.89 (040304-239467275):22)
04-01 15:55:59.760: E/Auth(3658): 	at ite.a(:com.google.android.gms@16089016@16.0.89 (040304-239467275):7)
04-01 15:55:59.760: E/Auth(3658): 	at ite.a(:com.google.android.gms@16089016@16.0.89 (040304-239467275):161)
04-01 15:55:59.760: E/Auth(3658): 	at ise.a(Unknown Source:2)
04-01 15:55:59.760: E/Auth(3658): 	at isc.a(:com.google.android.gms@16089016@16.0.89 (040304-239467275):17)
04-01 15:55:59.760: E/Auth(3658): 	at isc.a(:com.google.android.gms@16089016@16.0.89 (040304-239467275):7)
04-01 15:55:59.760: E/Auth(3658): 	at guz.a(:com.google.android.gms@16089016@16.0.89 (040304-239467275):33)
04-01 15:55:59.760: E/Auth(3658): 	at guz.a(:com.google.android.gms@16089016@16.0.89 (040304-239467275):81)
04-01 15:55:59.760: E/Auth(3658): 	at gvi.a(:com.google.android.gms@16089016@16.0.89 (040304-239467275):3)
04-01 15:55:59.760: E/Auth(3658): 	at gvh.a(:com.google.android.gms@16089016@16.0.89 (040304-239467275):2)
04-01 15:55:59.760: E/Auth(3658): 	at gvh.c(:com.google.android.gms@16089016@16.0.89 (040304-239467275):6)
04-01 15:55:59.760: E/Auth(3658): 	at gvg.a(:com.google.android.gms@16089016@16.0.89 (040304-239467275):1)
04-01 15:55:59.760: E/Auth(3658): 	at gxe.getAuthToken(:com.google.android.gms@16089016@16.0.89 (040304-239467275):9)
04-01 15:55:59.760: E/Auth(3658): 	at android.accounts.AbstractAccountAuthenticator$Transport.getAuthToken(AbstractAccountAuthenticator.java:244)
04-01 15:55:59.760: E/Auth(3658): 	at android.accounts.IAccountAuthenticator$Stub.onTransact(IAccountAuthenticator.java:113)
04-01 15:55:59.760: E/Auth(3658): 	at android.os.Binder.transact(Binder.java:635)
04-01 15:55:59.760: E/Auth(3658): 	at dwd.onTransact(:com.google.android.gms@16089016@16.0.89 (040304-239467275):3)
04-01 15:55:59.760: E/Auth(3658): 	at android.os.Binder.execTransact(Binder.java:705)
04-01 15:55:59.760: E/Auth(3658): Caused by: javax.net.ssl.SSLHandshakeException: Connection closed by peer
04-01 15:55:59.760: E/Auth(3658): 	at com.google.android.gms.org.conscrypt.NativeCrypto.SSL_do_handshake(Native Method)
04-01 15:55:59.760: E/Auth(3658): 	at com.google.android.gms.org.conscrypt.NativeSsl.doHandshake(:com.google.android.gms@16089016@16.0.89 (040304-239467275):7)
04-01 15:55:59.760: E/Auth(3658): 	at com.google.android.gms.org.conscrypt.ConscryptFileDescriptorSocket.startHandshake(:com.google.android.gms@16089016@16.0.89 (040304-239467275):14)
04-01 15:55:59.760: E/Auth(3658): 	at aogy.a(:com.google.android.gms@16089016@16.0.89 (040304-239467275):20)
04-01 15:55:59.760: E/Auth(3658): 	at aogy.createSocket(:com.google.android.gms@16089016@16.0.89 (040304-239467275):6)
04-01 15:55:59.760: E/Auth(3658): 	at com.android.okhttp.internal.io.RealConnection.connectTls(RealConnection.java:1463)
04-01 15:55:59.760: E/Auth(3658): 	at com.android.okhttp.internal.io.RealConnection.connectSocket(RealConnection.java:1423)
04-01 15:55:59.760: E/Auth(3658): 	at com.android.okhttp.internal.io.RealConnection.connect(RealConnection.java:1367)
04-01 15:55:59.760: E/Auth(3658): 	at com.android.okhttp.internal.http.StreamAllocation.findConnection(StreamAllocation.java:219)
04-01 15:55:59.760: E/Auth(3658): 	at com.android.okhttp.internal.http.StreamAllocation.findHealthyConnection(StreamAllocation.java:142)
04-01 15:55:59.760: E/Auth(3658): 	at com.android.okhttp.internal.http.StreamAllocation.newStream(StreamAllocation.java:104)
04-01 15:55:59.760: E/Auth(3658): 	at com.android.okhttp.internal.http.HttpEngine.connect(HttpEngine.java:392)
04-01 15:55:59.760: E/Auth(3658): 	at com.android.okhttp.internal.http.HttpEngine.sendRequest(HttpEngine.java:325)
04-01 15:55:59.760: E/Auth(3658): 	at com.android.okhttp.internal.huc.HttpURLConnectionImpl.execute(HttpURLConnectionImpl.java:489)
04-01 15:55:59.760: E/Auth(3658): 	at com.android.okhttp.internal.huc.HttpURLConnectionImpl.connect(HttpURLConnectionImpl.java:131)
04-01 15:55:59.760: E/Auth(3658): 	at com.android.okhttp.internal.huc.HttpURLConnectionImpl.getOutputStream(HttpURLConnectionImpl.java:262)
04-01 15:55:59.760: E/Auth(3658): 	at com.android.okhttp.internal.huc.DelegatingHttpsURLConnection.getOutputStream(DelegatingHttpsURLConnection.java:218)
04-01 15:55:59.760: E/Auth(3658): 	at com.android.okhttp.internal.huc.HttpsURLConnectionImpl.getOutputStream(Unknown Source:0)
04-01 15:55:59.760: E/Auth(3658): 	at abbg.a(:com.google.android.gms@16089016@16.0.89 (040304-239467275):39)
04-01 15:55:59.760: E/Auth(3658): 	at jaz.a(:com.google.android.gms@16089016@16.0.89 (040304-239467275):1)
04-01 15:55:59.760: E/Auth(3658): 	at gzo.a(:com.google.android.gms@16089016@16.0.89 (040304-239467275):12)
04-01 15:55:59.760: E/Auth(3658): 	at gzo.a(:com.google.android.gms@16089016@16.0.89 (040304-239467275):8)
04-01 15:55:59.760: E/Auth(3658): 	at hac.c(:com.google.android.gms@16089016@16.0.89 (040304-239467275):79)
04-01 15:55:59.760: E/Auth(3658): 	... 20 more
04-01 15:55:59.760: W/Auth(3658): [GetToken] GetToken failed with status code: NetworkError
04-01 15:55:59.761: W/GLSActivity(3658): java.io.IOException: NetworkError
04-01 15:55:59.761: W/GLSActivity(3658): 	at gvi.a(:com.google.android.gms@16089016@16.0.89 (040304-239467275):9)
04-01 15:55:59.761: W/GLSActivity(3658): 	at gvh.a(:com.google.android.gms@16089016@16.0.89 (040304-239467275):2)
04-01 15:55:59.761: W/GLSActivity(3658): 	at gvh.c(:com.google.android.gms@16089016@16.0.89 (040304-239467275):6)
04-01 15:55:59.761: W/GLSActivity(3658): 	at gvg.a(:com.google.android.gms@16089016@16.0.89 (040304-239467275):1)
04-01 15:55:59.761: W/GLSActivity(3658): 	at gxe.getAuthToken(:com.google.android.gms@16089016@16.0.89 (040304-239467275):9)
04-01 15:55:59.761: W/GLSActivity(3658): 	at android.accounts.AbstractAccountAuthenticator$Transport.getAuthToken(AbstractAccountAuthenticator.java:244)
04-01 15:55:59.761: W/GLSActivity(3658): 	at android.accounts.IAccountAuthenticator$Stub.onTransact(IAccountAuthenticator.java:113)
04-01 15:55:59.761: W/GLSActivity(3658): 	at android.os.Binder.transact(Binder.java:635)
04-01 15:55:59.761: W/GLSActivity(3658): 	at dwd.onTransact(:com.google.android.gms@16089016@16.0.89 (040304-239467275):3)
04-01 15:55:59.761: W/GLSActivity(3658): 	at android.os.Binder.execTransact(Binder.java:705)
04-01 15:55:59.764: E/PlayCommon(23054): [1952] adix.a(5): Failed to get auth token: java.io.IOException: NetworkError
04-01 15:55:59.765: W/PlayCommon(23054): [1952] adix.d(104): Deferring log upload because couldn't retrieve auth token
04-01 15:55:59.828: D/Mono(3838): Assembly Ref addref TestFactoryCross5.Android[0xde178340] -> UAG[0xdc84c620]: 2
04-01 15:55:59.828: D/Mono(3838): Assembly Ref addref TestFactoryCross5.Android[0xde178340] -> Syncfusion.SfListView.XForms[0xdc84c320]: 3
04-01 15:55:59.828: D/Mono(3838): Assembly Ref addref Syncfusion.SfListView.XForms[0xdc84c320] -> Syncfusion.Core.XForms[0xdc84bea0]: 3
04-01 15:55:59.837: D/Mono(3838): Assembly Ref addref TestFactoryCross5.Android[0xde178340] -> Syncfusion.SfChart.XForms[0xdc84c1a0]: 3
04-01 15:55:59.927: D/Mono(3838): Image addref System.Xml[0xd8df63a0] -> System.Xml.dll[0xc1c6f900]: 2
04-01 15:55:59.927: D/Mono(3838): Prepared to set up assembly 'System.Xml' (System.Xml.dll)
04-01 15:55:59.927: D/Mono(3838): Assembly System.Xml[0xd8df63a0] added to domain RootDomain, ref_count=1
04-01 15:55:59.930: D/Mono(3838): AOT: image 'System.Xml.dll.so' not found: dlopen failed: library "/data/app/mobi.testfactory.TestFactoryCross-bh87xaAKtmNeal2-bx1S1A==/lib/arm/libaot-System.Xml.dll.so" not found
04-01 15:55:59.931: D/Mono(3838): AOT: image '/Users/builder/jenkins/workspace/xamarin-android-d15-9/xamarin-android/external/mono/sdks/out/android-armeabi-v7a-release/lib/mono/aot-cache/arm/System.Xml.dll.so' not found: dlopen failed: library "/data/app/mobi.testfactory.TestFactoryCross-bh87xaAKtmNeal2-bx1S1A==/lib/arm/libaot-System.Xml.dll.so" not found
04-01 15:55:59.931: D/Mono(3838): Config attempting to parse: 'System.Xml.dll.config'.
04-01 15:55:59.931: D/Mono(3838): Config attempting to parse: '/Users/builder/jenkins/workspace/xamarin-android-d15-9/xamarin-android/external/mono/sdks/out/android-armeabi-v7a-release/etc/mono/assemblies/System.Xml/System.Xml.config'.
04-01 15:55:59.931: D/Mono(3838): Assembly Ref addref netstandard[0xd8df5320] -> System.Xml[0xd8df63a0]: 2
04-01 15:55:59.932: D/Mono(3838): Assembly Ref addref System.Xml[0xd8df63a0] -> mscorlib[0xde1782e0]: 82
04-01 15:55:59.934: D/Mono(3838): Image addref System.Xml.ReaderWriter[0xd8df6460] -> System.Xml.ReaderWriter.dll[0xc1c6fe00]: 2
04-01 15:55:59.934: D/Mono(3838): Prepared to set up assembly 'System.Xml.ReaderWriter' (System.Xml.ReaderWriter.dll)
04-01 15:55:59.934: D/Mono(3838): Assembly System.Xml.ReaderWriter[0xd8df6460] added to domain RootDomain, ref_count=1
04-01 15:55:59.937: D/Mono(3838): AOT: image 'System.Xml.ReaderWriter.dll.so' not found: dlopen failed: library "/data/app/mobi.testfactory.TestFactoryCross-bh87xaAKtmNeal2-bx1S1A==/lib/arm/libaot-System.Xml.ReaderWriter.dll.so" not found
04-01 15:55:59.938: D/Mono(3838): AOT: image '/Users/builder/jenkins/workspace/xamarin-android-d15-9/xamarin-android/external/mono/sdks/out/android-armeabi-v7a-release/lib/mono/aot-cache/arm/System.Xml.ReaderWriter.dll.so' not found: dlopen failed: library "/data/app/mobi.testfactory.TestFactoryCross-bh87xaAKtmNeal2-bx1S1A==/lib/arm/libaot-System.Xml.ReaderWriter.dll.so" not found
04-01 15:55:59.938: D/Mono(3838): Config attempting to parse: 'System.Xml.ReaderWriter.dll.config'.
04-01 15:55:59.938: D/Mono(3838): Config attempting to parse: '/Users/builder/jenkins/workspace/xamarin-android-d15-9/xamarin-android/external/mono/sdks/out/android-armeabi-v7a-release/etc/mono/assemblies/System.Xml.ReaderWriter/System.Xml.ReaderWriter.config'.
04-01 15:55:59.938: D/Mono(3838): Assembly Ref addref TestFactoryCross5.Android[0xde178340] -> System.Xml.ReaderWriter[0xd8df6460]: 2
04-01 15:55:59.938: D/Mono(3838): Assembly Ref addref System.Xml.ReaderWriter[0xd8df6460] -> System.Xml[0xd8df63a0]: 3
04-01 15:55:59.940: D/Mono(3838): Image addref System.ComponentModel[0xd8df64c0] -> System.ComponentModel.dll[0xc1c70800]: 2
04-01 15:55:59.940: D/Mono(3838): Prepared to set up assembly 'System.ComponentModel' (System.ComponentModel.dll)
04-01 15:55:59.940: D/Mono(3838): Assembly System.ComponentModel[0xd8df64c0] added to domain RootDomain, ref_count=1
04-01 15:55:59.943: D/Mono(3838): AOT: image 'System.ComponentModel.dll.so' not found: dlopen failed: library "/data/app/mobi.testfactory.TestFactoryCross-bh87xaAKtmNeal2-bx1S1A==/lib/arm/libaot-System.ComponentModel.dll.so" not found
04-01 15:55:59.944: D/Mono(3838): AOT: image '/Users/builder/jenkins/workspace/xamarin-android-d15-9/xamarin-android/external/mono/sdks/out/android-armeabi-v7a-release/lib/mono/aot-cache/arm/System.ComponentModel.dll.so' not found: dlopen failed: library "/data/app/mobi.testfactory.TestFactoryCross-bh87xaAKtmNeal2-bx1S1A==/lib/arm/libaot-System.ComponentModel.dll.so" not found
04-01 15:55:59.944: D/Mono(3838): Config attempting to parse: 'System.ComponentModel.dll.config'.
04-01 15:55:59.944: D/Mono(3838): Config attempting to parse: '/Users/builder/jenkins/workspace/xamarin-android-d15-9/xamarin-android/external/mono/sdks/out/android-armeabi-v7a-release/etc/mono/assemblies/System.ComponentModel/System.ComponentModel.config'.
04-01 15:55:59.944: D/Mono(3838): Assembly Ref addref TestFactoryCross5.Android[0xde178340] -> System.ComponentModel[0xd8df64c0]: 2
04-01 15:55:59.944: D/Mono(3838): Assembly Ref addref System.ComponentModel[0xd8df64c0] -> mscorlib[0xde1782e0]: 83
04-01 15:55:59.969: D/Mono(3838): Image addref System.ObjectModel[0xd8df65e0] -> System.ObjectModel.dll[0xc1c71c00]: 2
04-01 15:55:59.969: D/Mono(3838): Prepared to set up assembly 'System.ObjectModel' (System.ObjectModel.dll)
04-01 15:55:59.969: D/Mono(3838): Assembly System.ObjectModel[0xd8df65e0] added to domain RootDomain, ref_count=1
04-01 15:55:59.972: D/Mono(3838): AOT: image 'System.ObjectModel.dll.so' not found: dlopen failed: library "/data/app/mobi.testfactory.TestFactoryCross-bh87xaAKtmNeal2-bx1S1A==/lib/arm/libaot-System.ObjectModel.dll.so" not found
04-01 15:55:59.973: D/Mono(3838): AOT: image '/Users/builder/jenkins/workspace/xamarin-android-d15-9/xamarin-android/external/mono/sdks/out/android-armeabi-v7a-release/lib/mono/aot-cache/arm/System.ObjectModel.dll.so' not found: dlopen failed: library "/data/app/mobi.testfactory.TestFactoryCross-bh87xaAKtmNeal2-bx1S1A==/lib/arm/libaot-System.ObjectModel.dll.so" not found
04-01 15:55:59.973: D/Mono(3838): Config attempting to parse: 'System.ObjectModel.dll.config'.
04-01 15:55:59.973: D/Mono(3838): Config attempting to parse: '/Users/builder/jenkins/workspace/xamarin-android-d15-9/xamarin-android/external/mono/sdks/out/android-armeabi-v7a-release/etc/mono/assemblies/System.ObjectModel/System.ObjectModel.config'.
04-01 15:55:59.973: D/Mono(3838): Assembly Ref addref Syncfusion.SfListView.XForms[0xdc84c320] -> System.ObjectModel[0xd8df65e0]: 2
04-01 15:55:59.973: D/Mono(3838): Assembly Ref addref System.ObjectModel[0xd8df65e0] -> System[0xd8df5560]: 9
04-01 15:55:59.975: D/Mono(3838): Assembly Ref addref Syncfusion.SfListView.XForms[0xdc84c320] -> Syncfusion.DataSource.Portable[0xdc84bf60]: 2
04-01 15:55:59.976: D/Mono(3838): Unloading image System.ObjectModel.dll [0xc1c71200].
04-01 15:55:59.976: D/Mono(3838): Image addref System.ObjectModel[0xd8df6580] -> System.ObjectModel.dll[0xc1c71c00]: 4
04-01 15:55:59.976: D/Mono(3838): Config attempting to parse: 'System.ObjectModel.dll.config'.
04-01 15:55:59.976: D/Mono(3838): Config attempting to parse: '/Users/builder/jenkins/workspace/xamarin-android-d15-9/xamarin-android/external/mono/sdks/out/android-armeabi-v7a-release/etc/mono/assemblies/System.ObjectModel/System.ObjectModel.config'.
04-01 15:55:59.976: D/Mono(3838): Assembly Ref addref Syncfusion.DataSource.Portable[0xdc84bf60] -> System.ObjectModel[0xd8df65e0]: 3
04-01 15:55:59.977: D/Mono(3838): Unloading image System.Collections.dll [0xc1c71200].
04-01 15:55:59.977: D/Mono(3838): Image addref System.Collections[0xd8df6580] -> System.Collections.dll[0xc203f400]: 5
04-01 15:55:59.977: D/Mono(3838): Config attempting to parse: 'System.Collections.dll.config'.
04-01 15:55:59.977: D/Mono(3838): Config attempting to parse: '/Users/builder/jenkins/workspace/xamarin-android-d15-9/xamarin-android/external/mono/sdks/out/android-armeabi-v7a-release/etc/mono/assemblies/System.Collections/System.Collections.config'.
04-01 15:55:59.977: D/Mono(3838): Assembly Ref addref Syncfusion.DataSource.Portable[0xdc84bf60] -> System.Collections[0xde176840]: 4
04-01 15:56:00.000: D/SamsungAlarmManager(2916): Expired : 8
04-01 15:56:00.001: V/SamsungAlarmManager(2916): Sending to uid : 1000 action=android.intent.action.TIME_TICK alarm=Alarm{30053 type 3 when 71471803 android}
04-01 15:56:00.003: D/SamsungAlarmManager(2916): setExact Intent (T:3/F:1/AC:false) 20190401T155700 - CU:1000/CP:2916
04-01 15:56:00.005: D/KeyguardUpdateMonitor(3371): received broadcast android.intent.action.TIME_TICK
04-01 15:56:00.005: D/KeyguardServiceBoxContainer(3371): refreshTime() 1
04-01 15:56:00.050: D/hwcutils(2589): MppFactory
04-01 15:56:00.050: D/hwcutils(2589): [ 04-01 15:56:00.050  2589: 2589 D/         ]
04-01 15:56:00.050: D/hwcutils(2589): CreateMpp dev(4) mode(0) drm(0), 
04-01 15:56:00.050: D/libexynosgscaler(2589): LibMpp
04-01 15:56:00.149: D/WifiService(2916): getConnectionInfo uid=1000
04-01 15:56:00.155: D/WifiTrafficPoller(2916): TrafficStats TxPkts=10132 RxPkts=10847 TxBytes=1921417 RxBytes=2735095 , Foreground uid=10224 pkgName=mobi.testfactory.TestFactoryCross txBytes=11502 rxBytes=5412
04-01 15:56:00.156: D/NetworkController(3371): updateCarrierText : Guest-ABB
04-01 15:56:00.156: D/KeyguardUpdateMonitor(3371): updateCarrierTextInfo
04-01 15:56:00.156: D/Tile.WifiTile(3371): handleUpdateState enabled  = true
04-01 15:56:00.157: D/KeyguardClockPage(3371): isNetworkRoamingState id=-2 roaming=false
04-01 15:56:00.158: D/KeyguardClockPage(3371): onRefreshCarrierInfo(pre, now): false, false
04-01 15:56:00.158: D/CarrierText(3371): updateCarrierText(): subscriptionInfo Size = 0, DefaultText = Kein Netz
04-01 15:56:00.158: D/MultiSimUtils(3371): isSimStateReadyorNotReady() : simSlot = 0, simState = 
04-01 15:56:00.158: D/CarrierText(3371): Getting plmn/spn/subId sticky brdcst  plmn : Kein Netz, spn : , subId :-2
04-01 15:56:00.158: D/CarrierText(3371): plmn Of NetworkController Impl : Guest-ABB
04-01 15:56:00.158: D/CarrierText(3371): BLOCK_CARRIER_TEXT_WHEN_SIM_NOT_READY or KOR_USIM_TEXT
04-01 15:56:00.159: D/CarrierText(3371): setText : 
04-01 15:56:00.159: D/CarrierText(3371): updateCarrierText(): subscriptionInfo Size = 0, DefaultText = Kein Netz
04-01 15:56:00.159: D/MultiSimUtils(3371): isSimStateReadyorNotReady() : simSlot = 0, simState = 
04-01 15:56:00.159: D/CarrierText(3371): Getting plmn/spn/subId sticky brdcst  plmn : Kein Netz, spn : , subId :-2
04-01 15:56:00.160: D/CarrierText(3371): plmn Of NetworkController Impl : Guest-ABB
04-01 15:56:00.160: D/CarrierText(3371): BLOCK_CARRIER_TEXT_WHEN_SIM_NOT_READY or KOR_USIM_TEXT
04-01 15:56:00.160: D/CarrierText(3371): setText : 
04-01 15:56:00.172: D/CustomFrequencyManagerService(2916): releaseDVFSLockLocked : Getting Lock type frm List : DVFS_MIN_LIMIT  frequency : 1482000  uid : 1000  pid : 2916  tag : AMS_RESUME_TAIL@CPU_MIN@58
04-01 15:56:00.182: D/Mono(3838): Unloading image System.Reflection.dll [0xc1c6ea00].
04-01 15:56:00.182: D/Mono(3838): Image addref System.Reflection[0xd8df6640] -> System.Reflection.dll[0xc203e000]: 5
04-01 15:56:00.182: D/Mono(3838): Config attempting to parse: 'System.Reflection.dll.config'.
04-01 15:56:00.182: D/Mono(3838): Config attempting to parse: '/Users/builder/jenkins/workspace/xamarin-android-d15-9/xamarin-android/external/mono/sdks/out/android-armeabi-v7a-release/etc/mono/assemblies/System.Reflection/System.Reflection.config'.
04-01 15:56:00.182: D/Mono(3838): Assembly Ref addref Syncfusion.SfListView.XForms[0xdc84c320] -> System.Reflection[0xde176720]: 4
04-01 15:56:00.185: D/Mono(3838): Unloading image System.Collections.dll [0xc1c6ea00].
04-01 15:56:00.185: D/Mono(3838): Image addref System.Collections[0xd8df6640] -> System.Collections.dll[0xc203f400]: 6
04-01 15:56:00.185: D/Mono(3838): Config attempting to parse: 'System.Collections.dll.config'.
04-01 15:56:00.185: D/Mono(3838): Config attempting to parse: '/Users/builder/jenkins/workspace/xamarin-android-d15-9/xamarin-android/external/mono/sdks/out/android-armeabi-v7a-release/etc/mono/assemblies/System.Collections/System.Collections.config'.
04-01 15:56:00.185: D/Mono(3838): Assembly Ref addref Syncfusion.Core.XForms[0xdc84bea0] -> System.Collections[0xde176840]: 5
04-01 15:56:00.245: D/Mono(3838): Unloading image System.Collections.dll [0xc1c6ea00].
04-01 15:56:00.245: D/Mono(3838): Image addref System.Collections[0xd8df6580] -> System.Collections.dll[0xc203f400]: 7
04-01 15:56:00.245: D/Mono(3838): Config attempting to parse: 'System.Collections.dll.config'.
04-01 15:56:00.245: D/Mono(3838): Config attempting to parse: '/Users/builder/jenkins/workspace/xamarin-android-d15-9/xamarin-android/external/mono/sdks/out/android-armeabi-v7a-release/etc/mono/assemblies/System.Collections/System.Collections.config'.
04-01 15:56:00.245: D/Mono(3838): Assembly Ref addref Syncfusion.SfListView.XForms[0xdc84c320] -> System.Collections[0xde176840]: 6
04-01 15:56:00.245: D/Mono(3838): Assembly Ref addref Syncfusion.SfListView.XForms[0xdc84c320] -> Syncfusion.GridCommon.Portable[0xdc84c020]: 2
04-01 15:56:00.246: D/Mono(3838): Unloading image System.Collections.dll [0xc1c6ea00].
04-01 15:56:00.246: D/Mono(3838): Image addref System.Collections[0xd8df6580] -> System.Collections.dll[0xc203f400]: 8
04-01 15:56:00.246: D/Mono(3838): Config attempting to parse: 'System.Collections.dll.config'.
04-01 15:56:00.246: D/Mono(3838): Config attempting to parse: '/Users/builder/jenkins/workspace/xamarin-android-d15-9/xamarin-android/external/mono/sdks/out/android-armeabi-v7a-release/etc/mono/assemblies/System.Collections/System.Collections.config'.
04-01 15:56:00.246: D/Mono(3838): Assembly Ref addref Syncfusion.GridCommon.Portable[0xdc84c020] -> System.Collections[0xde176840]: 7
04-01 15:56:00.250: D/Mono(3838): Unloading image System.ObjectModel.dll [0xc1c6ea00].
04-01 15:56:00.251: D/Mono(3838): Image addref System.ObjectModel[0xd8df6580] -> System.ObjectModel.dll[0xc1c71c00]: 5
04-01 15:56:00.251: D/Mono(3838): Config attempting to parse: 'System.ObjectModel.dll.config'.
04-01 15:56:00.251: D/Mono(3838): Config attempting to parse: '/Users/builder/jenkins/workspace/xamarin-android-d15-9/xamarin-android/external/mono/sdks/out/android-armeabi-v7a-release/etc/mono/assemblies/System.ObjectModel/System.ObjectModel.config'.
04-01 15:56:00.251: D/Mono(3838): Assembly Ref addref Syncfusion.GridCommon.Portable[0xdc84c020] -> System.ObjectModel[0xd8df65e0]: 4
04-01 15:56:00.521: D/Mono(3838): Unloading image System.Threading.dll [0xc1c72100].
04-01 15:56:00.522: D/Mono(3838): Image addref System.Threading[0xd8df6880] -> System.Threading.dll[0xc2042b00]: 4
04-01 15:56:00.522: D/Mono(3838): Config attempting to parse: 'System.Threading.dll.config'.
04-01 15:56:00.522: D/Mono(3838): Config attempting to parse: '/Users/builder/jenkins/workspace/xamarin-android-d15-9/xamarin-android/external/mono/sdks/out/android-armeabi-v7a-release/etc/mono/assemblies/System.Threading/System.Threading.config'.
04-01 15:56:00.522: D/Mono(3838): Assembly Ref addref Syncfusion.SfListView.XForms[0xdc84c320] -> System.Threading[0xd8df5fe0]: 3
04-01 15:56:00.600: D/Mono(3838): Unloading image System.Linq.dll [0xc1c72600].
04-01 15:56:00.600: D/Mono(3838): Image addref System.Linq[0xd8df6820] -> System.Linq.dll[0xc1c6e000]: 4
04-01 15:56:00.600: D/Mono(3838): Config attempting to parse: 'System.Linq.dll.config'.
04-01 15:56:00.600: D/Mono(3838): Config attempting to parse: '/Users/builder/jenkins/workspace/xamarin-android-d15-9/xamarin-android/external/mono/sdks/out/android-armeabi-v7a-release/etc/mono/assemblies/System.Linq/System.Linq.config'.
04-01 15:56:00.600: D/Mono(3838): Assembly Ref addref Syncfusion.SfListView.XForms[0xdc84c320] -> System.Linq[0xd8df5bc0]: 3
04-01 15:56:00.603: D/Mono(3838): Unloading image System.Runtime.Extensions.dll [0xc1c6ef00].
04-01 15:56:00.603: D/Mono(3838): Image addref System.Runtime.Extensions[0xd8df6760] -> System.Runtime.Extensions.dll[0xc203f900]: 4
04-01 15:56:00.603: D/Mono(3838): Config attempting to parse: 'System.Runtime.Extensions.dll.config'.
04-01 15:56:00.603: D/Mono(3838): Config attempting to parse: '/Users/builder/jenkins/workspace/xamarin-android-d15-9/xamarin-android/external/mono/sdks/out/android-armeabi-v7a-release/etc/mono/assemblies/System.Runtime.Extensions/System.Runtime.Extensions.config'.
04-01 15:56:00.604: D/Mono(3838): Assembly Ref addref Syncfusion.DataSource.Portable[0xdc84bf60] -> System.Runtime.Extensions[0xde1768a0]: 3
04-01 15:56:00.659: D/Mono(3838): Assembly Ref addref TestFactoryCross5.Android[0xde178340] -> ResourceLibrary[0xdc84b360]: 2
04-01 15:56:00.660: D/Mono(3838): Unloading image System.Globalization.dll [0xc1c6ef00].
04-01 15:56:00.660: D/Mono(3838): Image addref System.Globalization[0xd8df6760] -> System.Globalization.dll[0xc2041700]: 4
04-01 15:56:00.660: D/Mono(3838): Config attempting to parse: 'System.Globalization.dll.config'.
04-01 15:56:00.660: D/Mono(3838): Config attempting to parse: '/Users/builder/jenkins/workspace/xamarin-android-d15-9/xamarin-android/external/mono/sdks/out/android-armeabi-v7a-release/etc/mono/assemblies/System.Globalization/System.Globalization.config'.
04-01 15:56:00.660: D/Mono(3838): Assembly Ref addref ResourceLibrary[0xdc84b360] -> System.Globalization[0xd8df5ec0]: 3
04-01 15:56:00.662: D/Mono(3838): Unloading image System.Reflection.dll [0xc1c6ef00].
04-01 15:56:00.662: D/Mono(3838): Image addref System.Reflection[0xd8df6760] -> System.Reflection.dll[0xc203e000]: 6
04-01 15:56:00.662: D/Mono(3838): Config attempting to parse: 'System.Reflection.dll.config'.
04-01 15:56:00.662: D/Mono(3838): Config attempting to parse: '/Users/builder/jenkins/workspace/xamarin-android-d15-9/xamarin-android/external/mono/sdks/out/android-armeabi-v7a-release/etc/mono/assemblies/System.Reflection/System.Reflection.config'.
04-01 15:56:00.662: D/Mono(3838): Assembly Ref addref ResourceLibrary[0xdc84b360] -> System.Reflection[0xde176720]: 5
04-01 15:56:00.687: D/Mono(3838): Assembly Ref addref TestFactoryCross5.Android[0xde178340] -> Plugin.Media[0xdc84b120]: 2
04-01 15:56:00.926: D/Mono(3838): Assembly Ref addref Mono.Android[0xd8df4a20] -> System.Xml[0xd8df63a0]: 4
04-01 15:56:01.157: D/WifiService(2916): getConnectionInfo uid=1000
04-01 15:56:01.162: D/WifiTrafficPoller(2916): TrafficStats TxPkts=10132 RxPkts=10847 TxBytes=1921417 RxBytes=2735095 , Foreground uid=10224 pkgName=mobi.testfactory.TestFactoryCross txBytes=11502 rxBytes=5412
04-01 15:56:01.163: D/NetworkController(3371): updateCarrierText : Guest-ABB
04-01 15:56:01.163: D/KeyguardUpdateMonitor(3371): updateCarrierTextInfo
04-01 15:56:01.163: D/Tile.WifiTile(3371): handleUpdateState enabled  = true
04-01 15:56:01.165: D/KeyguardClockPage(3371): isNetworkRoamingState id=-2 roaming=false
04-01 15:56:01.165: D/KeyguardClockPage(3371): onRefreshCarrierInfo(pre, now): false, false
04-01 15:56:01.165: D/CarrierText(3371): updateCarrierText(): subscriptionInfo Size = 0, DefaultText = Kein Netz
04-01 15:56:01.165: D/MultiSimUtils(3371): isSimStateReadyorNotReady() : simSlot = 0, simState = 
04-01 15:56:01.166: D/CarrierText(3371): Getting plmn/spn/subId sticky brdcst  plmn : Kein Netz, spn : , subId :-2
04-01 15:56:01.166: D/CarrierText(3371): plmn Of NetworkController Impl : Guest-ABB
04-01 15:56:01.166: D/CarrierText(3371): BLOCK_CARRIER_TEXT_WHEN_SIM_NOT_READY or KOR_USIM_TEXT
04-01 15:56:01.166: D/CarrierText(3371): setText : 
04-01 15:56:01.166: D/CarrierText(3371): updateCarrierText(): subscriptionInfo Size = 0, DefaultText = Kein Netz
04-01 15:56:01.166: D/MultiSimUtils(3371): isSimStateReadyorNotReady() : simSlot = 0, simState = 
04-01 15:56:01.167: D/CarrierText(3371): Getting plmn/spn/subId sticky brdcst  plmn : Kein Netz, spn : , subId :-2
04-01 15:56:01.167: D/CarrierText(3371): plmn Of NetworkController Impl : Guest-ABB
04-01 15:56:01.167: D/CarrierText(3371): BLOCK_CARRIER_TEXT_WHEN_SIM_NOT_READY or KOR_USIM_TEXT
04-01 15:56:01.167: D/CarrierText(3371): setText : 
04-01 15:56:01.272: I/zygote(3838): Explicit concurrent copying GC freed 2117(218KB) AllocSpace objects, 2(40KB) LOS objects, 55% free, 1240KB/2MB, paused 119us total 11.868ms
04-01 15:56:01.273: D/Mono(3838): GC_TAR_BRIDGE bridges 16 objects 22 opaque 2 colors 16 colors-bridged 16 colors-visible 16 xref 0 cache-hit 0 cache-semihit 0 cache-miss 0 setup 0.03ms tarjan 0.06ms scc-setup 0.02ms gather-xref 0.00ms xref-setup 0.00ms cleanup 0.03ms
04-01 15:56:01.273: D/Mono(3838): GC_BRIDGE: Complete, was running for 12.60ms
04-01 15:56:01.273: D/Mono(3838): GC_MINOR: (Nursery full) time 17.05ms, stw 17.08ms promoted 1522K major size: 2336K in use: 1736K los size: 1024K in use: 146K
04-01 15:56:01.881: D/io_stats(3830): !@ 179,0 r 127574 5587366 w 79040 2069976 d 7199 1100288 f 26163 26150 iot 151910 150156 th 51200 0 0 pt 0 inp 0 0 19882.405
04-01 15:56:02.043: I/ContentMaintenance(4346): Internal cache bytes used: 0; limit: 100000000; download size: 0
04-01 15:56:02.053: I/RealtimeCacheCleanup(4346): Beginning Realtime garbage collection.
04-01 15:56:02.053: I/RealtimeCacheCleanup(4346): Finished Realtime garbage collection.
04-01 15:56:02.055: D/WifiStateMachine(2916):  ConnectedState !CMD_RSSI_POLL rt=19882579/71473857 28 0 "Guest-ABB" 00:3a:99:23:ae:14 rssi=-66 f=2462 sc=56 link=54 tx=0.6, 0.0, 0.0  rx=0.0 bcn=39171 [on:0 tx:0 rx:0 period:3003] from screen [on:1339066 period:1549775] score=56
04-01 15:56:02.056: D/WifiStateMachine(2916):  L2ConnectedState !CMD_RSSI_POLL rt=19882580/71473857 28 0 "Guest-ABB" 00:3a:99:23:ae:14 rssi=-66 f=2462 sc=56 link=54 tx=0.6, 0.0, 0.0  rx=0.0 bcn=39171 [on:0 tx:0 rx:0 period:1] from screen [on:1339066 period:1549776] score=56
04-01 15:56:02.056: D/WifiStateMachine(2916):  get link layer stats 3
04-01 15:56:02.061: D/WifiStateMachine(2916): fetchRssiLinkSpeedAndFrequencyNative rssi=-66 linkspeed=54 freq=2462
04-01 15:56:02.062: V/WifiConfigManager(2916): Updating scan detail cache freq=2462 BSSID=00:3a:99:23:ae:14 RSSI=-65 for "Guest-ABB"NONE
04-01 15:56:02.063: D/WifiScoreReport(2916):  report new wifi score 60
04-01 15:56:02.064: E/adbd(22652): recv: OPEN 00000d77 00000000 000e:73 68 65 6C 6C 3A 6C 73 20 2D 6C 20 2F 00 
04-01 15:56:02.093: E/audit(2648): type=1400 audit(1554126962.081:1316): avc:  denied  { getattr } for  pid=3878 comm="ls" path="/cpefs" dev="mmcblk0p4" ino=2 scontext=u:r:shell:s0 tcontext=u:object_r:sec_efs_file:s0 tclass=dir permissive=0 SEPF_SM-T580_8.1.0_0008 audit_filtered
04-01 15:56:02.094: E/audit(2648): type=1300 audit(1554126962.081:1316): arch=40000028 syscall=327 per=8 success=no exit=-13 a0=4 a1=e70ba0b3 a2=fff4db70 a3=100 items=0 ppid=22652 pid=3878 auid=4294967295 uid=2000 gid=2000 euid=2000 suid=2000 fsuid=2000 egid=2000 sgid=2000 fsgid=2000 tty=pts1 ses=4294967295 comm="ls" exe="/system/bin/toybox" subj=u:r:shell:s0 key=(null)
04-01 15:56:02.094: E/audit(2648): type=1327 audit(1554126962.081:1316): proctitle=6C73002D6C002F
04-01 15:56:02.128: E/adbd(22652): recv: OPEN 00000d78 00000000 001c:73 68 65 6C 6C 3A 6C 73 20 2D 6C 20 2D 64 20 2F 62 75 67 72 65 70 6F 72 74 73 2F 00 
04-01 15:56:02.164: D/WifiService(2916): getConnectionInfo uid=1000
04-01 15:56:02.165: E/adbd(22652): recv: OPEN 00000d79 00000000 0019:73 68 65 6C 6C 3A 6C 73 20 2D 6C 20 2D 64 20 2F 63 68 61 72 67 65 72 2F 00 
04-01 15:56:02.170: D/WifiTrafficPoller(2916): TrafficStats TxPkts=10132 RxPkts=10847 TxBytes=1921417 RxBytes=2735095 , Foreground uid=10224 pkgName=mobi.testfactory.TestFactoryCross txBytes=11502 rxBytes=5412
04-01 15:56:02.759: D/Mono(3838): Unloading image System.Collections.dll [0xc1c70d00].
04-01 15:56:02.760: D/Mono(3838): Image addref System.Collections[0xd8df53e0] -> System.Collections.dll[0xc203f400]: 9
04-01 15:56:02.760: D/Mono(3838): Config attempting to parse: 'System.Collections.dll.config'.
04-01 15:56:02.760: D/Mono(3838): Config attempting to parse: '/Users/builder/jenkins/workspace/xamarin-android-d15-9/xamarin-android/external/mono/sdks/out/android-armeabi-v7a-release/etc/mono/assemblies/System.Collections/System.Collections.config'.
04-01 15:56:02.760: D/Mono(3838): Assembly Ref addref Syncfusion.SfChart.XForms[0xdc84c1a0] -> System.Collections[0xde176840]: 8
04-01 15:56:02.761: D/Mono(3838): Unloading image System.ObjectModel.dll [0xc1c70d00].
04-01 15:56:02.761: D/Mono(3838): Image addref System.ObjectModel[0xd8df54a0] -> System.ObjectModel.dll[0xc1c71c00]: 6
04-01 15:56:02.761: D/Mono(3838): Config attempting to parse: 'System.ObjectModel.dll.config'.
04-01 15:56:02.761: D/Mono(3838): Config attempting to parse: '/Users/builder/jenkins/workspace/xamarin-android-d15-9/xamarin-android/external/mono/sdks/out/android-armeabi-v7a-release/etc/mono/assemblies/System.ObjectModel/System.ObjectModel.config'.
04-01 15:56:02.761: D/Mono(3838): Assembly Ref addref Syncfusion.SfChart.XForms[0xdc84c1a0] -> System.ObjectModel[0xd8df65e0]: 5
04-01 15:56:02.874: D/Mono(3838): Assembly Ref addref Xamarin.Forms.Platform.Android[0xd8df4420] -> Xamarin.Android.Support.Fragment[0xdc84d7c0]: 3
04-01 15:56:02.874: D/Mono(3838): Assembly Ref addref Xamarin.Forms.Platform.Android[0xd8df4420] -> Xamarin.Android.Support.DrawerLayout[0xdc84d700]: 3
04-01 15:56:02.875: D/Mono(3838): Assembly Ref addref Xamarin.Forms.Platform.Android[0xd8df4420] -> Xamarin.Android.Support.Design[0xdc84d580]: 2
04-01 15:56:02.875: D/Mono(3838): Assembly Ref addref Xamarin.Forms.Platform.Android[0xd8df4420] -> Xamarin.Android.Support.ViewPager[0xd8df41e0]: 2
04-01 15:56:02.876: D/Mono(3838): Assembly Ref addref Xamarin.Android.Support.DrawerLayout[0xdc84d700] -> Java.Interop[0xd8df4a80]: 6
04-01 15:56:02.891: D/Mono(3838): Assembly Ref addref Xamarin.Forms.Platform.Android[0xd8df4420] -> Xamarin.Android.Support.v7.CardView[0xd8db1d00]: 2
04-01 15:56:02.891: D/Mono(3838): Assembly Ref addref Xamarin.Android.Support.v7.CardView[0xd8db1d00] -> Java.Interop[0xd8df4a80]: 7
04-01 15:56:02.897: D/Mono(3838): Assembly Ref addref Xamarin.Forms.Platform.Android[0xd8df4420] -> Xamarin.Android.Support.Core.UI[0xdc84d1c0]: 2
04-01 15:56:02.897: D/Mono(3838): Assembly Ref addref Xamarin.Android.Support.Core.UI[0xdc84d1c0] -> Xamarin.Android.Support.DrawerLayout[0xdc84d700]: 4
04-01 15:56:02.909: D/Mono(3838): Assembly Ref addref Xamarin.Forms.Platform[0xd8df44e0] -> Xamarin.Forms.Core[0xd8df42a0]: 13
04-01 15:56:02.985: I/zygote(3838): Explicit concurrent copying GC freed 37(35KB) AllocSpace objects, 0(0B) LOS objects, 55% free, 1244KB/2MB, paused 119us total 11.844ms
04-01 15:56:02.986: D/Mono(3838): GC_TAR_BRIDGE bridges 1 objects 1 opaque 0 colors 1 colors-bridged 1 colors-visible 1 xref 0 cache-hit 0 cache-semihit 0 cache-miss 0 setup 0.05ms tarjan 0.01ms scc-setup 0.02ms gather-xref 0.00ms xref-setup 0.00ms cleanup 0.02ms
04-01 15:56:02.986: D/Mono(3838): GC_BRIDGE: Complete, was running for 12.44ms
04-01 15:56:02.986: D/Mono(3838): GC_MINOR: (Nursery full) time 22.69ms, stw 22.71ms promoted 2130K major size: 4624K in use: 4005K los size: 1024K in use: 146K
04-01 15:56:03.041: D/Mono(3838): DllImport searching in: '__Internal' ('(null)').
04-01 15:56:03.041: D/Mono(3838): Searching for 'java_interop_jnienv_call_static_int_method_a'.
04-01 15:56:03.041: D/Mono(3838): Probing 'java_interop_jnienv_call_static_int_method_a'.
04-01 15:56:03.042: D/Mono(3838): Found as 'java_interop_jnienv_call_static_int_method_a'.
04-01 15:56:03.118: D/Mono(3838): DllImport searching in: '__Internal' ('(null)').
04-01 15:56:03.118: D/Mono(3838): Searching for 'java_interop_jnienv_new_local_ref'.
04-01 15:56:03.118: D/Mono(3838): Probing 'java_interop_jnienv_new_local_ref'.
04-01 15:56:03.118: D/Mono(3838): Found as 'java_interop_jnienv_new_local_ref'.
04-01 15:56:03.172: D/WifiService(2916): getConnectionInfo uid=1000
04-01 15:56:03.177: D/WifiTrafficPoller(2916): TrafficStats TxPkts=10132 RxPkts=10847 TxBytes=1921417 RxBytes=2735095 , Foreground uid=10224 pkgName=mobi.testfactory.TestFactoryCross txBytes=11502 rxBytes=5412
04-01 15:56:03.237: D/Mono(3838): DllImport searching in: '__Internal' ('(null)').
04-01 15:56:03.237: D/Mono(3838): Searching for 'java_interop_jnienv_call_nonvirtual_boolean_method_a'.
04-01 15:56:03.237: D/Mono(3838): Probing 'java_interop_jnienv_call_nonvirtual_boolean_method_a'.
04-01 15:56:03.237: D/Mono(3838): Found as 'java_interop_jnienv_call_nonvirtual_boolean_method_a'.
04-01 15:56:03.297: D/OpenGLRenderer(3838): HWUI GL Pipeline
04-01 15:56:03.301: D/InputTransport(2916): Input channel constructed: fd=447
04-01 15:56:03.301: D/InputTransport(2916): Input channel constructed: fd=448
04-01 15:56:03.303: D/InputTransport(2916): Input channel destroyed: fd=448
04-01 15:56:03.303: D/InputTransport(3838): Input channel constructed: fd=62
04-01 15:56:03.304: D/ViewRootImpl@7d2a466[MainActivity](3838): setView = DecorView@fab43a7[MainActivity] TM=true MM=false
04-01 15:56:03.305: D/ActivityManager(2916): post active user change for 0 fullscreen true isHomeActivity() false
04-01 15:56:03.307: I/LicenseChecker(3838): Calling checkLicense on service for mobi.testfactory.TestFactoryCross
04-01 15:56:03.308: I/LicenseChecker(3838): Start monitoring timeout.
04-01 15:56:03.330: I/System.out(3658): (HTTPLog)-Static: isSBSettingEnabled false
04-01 15:56:03.330: I/System.out(3658): (HTTPLog)-Static: isSBSettingEnabled false
04-01 15:56:03.331: D/DnsProxyListener(2676): DNSDBG::dns addrinfo af 2
04-01 15:56:03.344: W/Conscrypt(3658): Could not set socket write timeout: java.net.SocketException: Socket closed
04-01 15:56:03.344: W/Conscrypt(3658): 	at com.google.android.gms.org.conscrypt.Platform.setSocketWriteTimeout(:com.google.android.gms@16089016@16.0.89 (040304-239467275):2)
04-01 15:56:03.344: W/Conscrypt(3658): 	at com.google.android.gms.org.conscrypt.ConscryptFileDescriptorSocket.setSoWriteTimeout(:com.google.android.gms@16089016@16.0.89 (040304-239467275):2)
04-01 15:56:03.349: I/System.out(3658): (HTTPLog)-Static: isSBSettingEnabled false
04-01 15:56:03.349: I/System.out(3658): (HTTPLog)-Static: isSBSettingEnabled false
04-01 15:56:03.354: W/Conscrypt(3658): Could not set socket write timeout: java.net.SocketException: Socket closed
04-01 15:56:03.355: W/Conscrypt(3658): 	at com.google.android.gms.org.conscrypt.Platform.setSocketWriteTimeout(:com.google.android.gms@16089016@16.0.89 (040304-239467275):2)
04-01 15:56:03.355: W/Conscrypt(3658): 	at com.google.android.gms.org.conscrypt.ConscryptFileDescriptorSocket.setSoWriteTimeout(:com.google.android.gms@16089016@16.0.89 (040304-239467275):2)
04-01 15:56:03.359: I/System.out(3658): (HTTPLog)-Static: isSBSettingEnabled false
04-01 15:56:03.360: I/System.out(3658): (HTTPLog)-Static: isSBSettingEnabled false
04-01 15:56:03.365: W/Conscrypt(3658): Could not set socket write timeout: java.net.SocketException: Socket closed
04-01 15:56:03.365: W/Conscrypt(3658): 	at com.google.android.gms.org.conscrypt.Platform.setSocketWriteTimeout(:com.google.android.gms@16089016@16.0.89 (040304-239467275):2)
04-01 15:56:03.365: W/Conscrypt(3658): 	at com.google.android.gms.org.conscrypt.ConscryptFileDescriptorSocket.setSoWriteTimeout(:com.google.android.gms@16089016@16.0.89 (040304-239467275):2)
04-01 15:56:03.369: I/System.out(3658): (HTTPLog)-Static: isSBSettingEnabled false
04-01 15:56:03.370: I/System.out(3658): (HTTPLog)-Static: isSBSettingEnabled false
04-01 15:56:03.375: W/Conscrypt(3658): Could not set socket write timeout: java.net.SocketException: Socket closed
04-01 15:56:03.375: W/Conscrypt(3658): 	at com.google.android.gms.org.conscrypt.Platform.setSocketWriteTimeout(:com.google.android.gms@16089016@16.0.89 (040304-239467275):2)
04-01 15:56:03.375: W/Conscrypt(3658): 	at com.google.android.gms.org.conscrypt.ConscryptFileDescriptorSocket.setSoWriteTimeout(:com.google.android.gms@16089016@16.0.89 (040304-239467275):2)
04-01 15:56:03.380: E/Auth(3658): [GoogleAccountDataServiceImpl] getToken() -> NETWORK_ERROR. Account: <ELLIDED:-159645558>, App: com.android.vending, Service: oauth2:https://www.googleapis.com/auth/googleplay
04-01 15:56:03.380: E/Auth(3658): qsk: Error when calling server.
04-01 15:56:03.380: E/Auth(3658): 	at hac.c(:com.google.android.gms@16089016@16.0.89 (040304-239467275):333)
04-01 15:56:03.380: E/Auth(3658): 	at hac.a(:com.google.android.gms@16089016@16.0.89 (040304-239467275):12)
04-01 15:56:03.380: E/Auth(3658): 	at hac.b(Unknown Source:0)
04-01 15:56:03.380: E/Auth(3658): 	at gyn.a(:com.google.android.gms@16089016@16.0.89 (040304-239467275):22)
04-01 15:56:03.380: E/Auth(3658): 	at ite.a(:com.google.android.gms@16089016@16.0.89 (040304-239467275):7)
04-01 15:56:03.380: E/Auth(3658): 	at ite.a(:com.google.android.gms@16089016@16.0.89 (040304-239467275):161)
04-01 15:56:03.380: E/Auth(3658): 	at ise.a(Unknown Source:2)
04-01 15:56:03.380: E/Auth(3658): 	at isc.a(:com.google.android.gms@16089016@16.0.89 (040304-239467275):17)
04-01 15:56:03.380: E/Auth(3658): 	at isc.a(:com.google.android.gms@16089016@16.0.89 (040304-239467275):7)
04-01 15:56:03.380: E/Auth(3658): 	at guz.a(:com.google.android.gms@16089016@16.0.89 (040304-239467275):33)
04-01 15:56:03.380: E/Auth(3658): 	at guz.a(:com.google.android.gms@16089016@16.0.89 (040304-239467275):81)
04-01 15:56:03.380: E/Auth(3658): 	at gvi.a(:com.google.android.gms@16089016@16.0.89 (040304-239467275):3)
04-01 15:56:03.380: E/Auth(3658): 	at gvh.a(:com.google.android.gms@16089016@16.0.89 (040304-239467275):2)
04-01 15:56:03.380: E/Auth(3658): 	at gvh.c(:com.google.android.gms@16089016@16.0.89 (040304-239467275):6)
04-01 15:56:03.380: E/Auth(3658): 	at gvg.a(:com.google.android.gms@16089016@16.0.89 (040304-239467275):1)
04-01 15:56:03.380: E/Auth(3658): 	at gxe.getAuthToken(:com.google.android.gms@16089016@16.0.89 (040304-239467275):9)
04-01 15:56:03.380: E/Auth(3658): 	at android.accounts.AbstractAccountAuthenticator$Transport.getAuthToken(AbstractAccountAuthenticator.java:244)
04-01 15:56:03.380: E/Auth(3658): 	at android.accounts.IAccountAuthenticator$Stub.onTransact(IAccountAuthenticator.java:113)
04-01 15:56:03.380: E/Auth(3658): 	at android.os.Binder.transact(Binder.java:635)
04-01 15:56:03.380: E/Auth(3658): 	at dwd.onTransact(:com.google.android.gms@16089016@16.0.89 (040304-239467275):3)
04-01 15:56:03.380: E/Auth(3658): 	at android.os.Binder.execTransact(Binder.java:705)
04-01 15:56:03.380: E/Auth(3658): Caused by: javax.net.ssl.SSLHandshakeException: Connection closed by peer
04-01 15:56:03.380: E/Auth(3658): 	at com.google.android.gms.org.conscrypt.NativeCrypto.SSL_do_handshake(Native Method)
04-01 15:56:03.380: E/Auth(3658): 	at com.google.android.gms.org.conscrypt.NativeSsl.doHandshake(:com.google.android.gms@16089016@16.0.89 (040304-239467275):7)
04-01 15:56:03.380: E/Auth(3658): 	at com.google.android.gms.org.conscrypt.ConscryptFileDescriptorSocket.startHandshake(:com.google.android.gms@16089016@16.0.89 (040304-239467275):14)
04-01 15:56:03.380: E/Auth(3658): 	at aogy.a(:com.google.android.gms@16089016@16.0.89 (040304-239467275):20)
04-01 15:56:03.380: E/Auth(3658): 	at aogy.createSocket(:com.google.android.gms@16089016@16.0.89 (040304-239467275):6)
04-01 15:56:03.380: E/Auth(3658): 	at com.android.okhttp.internal.io.RealConnection.connectTls(RealConnection.java:1463)
04-01 15:56:03.380: E/Auth(3658): 	at com.android.okhttp.internal.io.RealConnection.connectSocket(RealConnection.java:1423)
04-01 15:56:03.380: E/Auth(3658): 	at com.android.okhttp.internal.io.RealConnection.connect(RealConnection.java:1367)
04-01 15:56:03.380: E/Auth(3658): 	at com.android.okhttp.internal.http.StreamAllocation.findConnection(StreamAllocation.java:219)
04-01 15:56:03.380: E/Auth(3658): 	at com.android.okhttp.internal.http.StreamAllocation.findHealthyConnection(StreamAllocation.java:142)
04-01 15:56:03.380: E/Auth(3658): 	at com.android.okhttp.internal.http.StreamAllocation.newStream(StreamAllocation.java:104)
04-01 15:56:03.380: E/Auth(3658): 	at com.android.okhttp.internal.http.HttpEngine.connect(HttpEngine.java:392)
04-01 15:56:03.380: E/Auth(3658): 	at com.android.okhttp.internal.http.HttpEngine.sendRequest(HttpEngine.java:325)
04-01 15:56:03.380: E/Auth(3658): 	at com.android.okhttp.internal.huc.HttpURLConnectionImpl.execute(HttpURLConnectionImpl.java:489)
04-01 15:56:03.380: E/Auth(3658): 	at com.android.okhttp.internal.huc.HttpURLConnectionImpl.connect(HttpURLConnectionImpl.java:131)
04-01 15:56:03.380: E/Auth(3658): 	at com.android.okhttp.internal.huc.HttpURLConnectionImpl.getOutputStream(HttpURLConnectionImpl.java:262)
04-01 15:56:03.380: E/Auth(3658): 	at com.android.okhttp.internal.huc.DelegatingHttpsURLConnection.getOutputStream(DelegatingHttpsURLConnection.java:218)
04-01 15:56:03.380: E/Auth(3658): 	at com.android.okhttp.internal.huc.HttpsURLConnectionImpl.getOutputStream(Unknown Source:0)
04-01 15:56:03.380: E/Auth(3658): 	at abbg.a(:com.google.android.gms@16089016@16.0.89 (040304-239467275):39)
04-01 15:56:03.380: E/Auth(3658): 	at jaz.a(:com.google.android.gms@16089016@16.0.89 (040304-239467275):1)
04-01 15:56:03.380: E/Auth(3658): 	at gzo.a(:com.google.android.gms@16089016@16.0.89 (040304-239467275):12)
04-01 15:56:03.380: E/Auth(3658): 	at gzo.a(:com.google.android.gms@16089016@16.0.89 (040304-239467275):8)
04-01 15:56:03.380: E/Auth(3658): 	at hac.c(:com.google.android.gms@16089016@16.0.89 (040304-239467275):79)
04-01 15:56:03.380: E/Auth(3658): 	... 20 more
04-01 15:56:03.381: W/Auth(3658): [GetToken] GetToken failed with status code: NetworkError
04-01 15:56:03.381: W/GLSActivity(3658): java.io.IOException: NetworkError
04-01 15:56:03.381: W/GLSActivity(3658): 	at gvi.a(:com.google.android.gms@16089016@16.0.89 (040304-239467275):9)
