04-01 15:55:56.023: D/WifiStateMachine(2916):  ConnectedState !CMD_RSSI_POLL rt=19876546/71467823 28 0 "Guest-ABB" 00:3a:99:23:ae:14 rssi=-66 f=2462 sc=56 link=54 tx=4.2, 0.0, 0.1  rx=0.0 bcn=39170 [on:0 tx:0 rx:0 period:3003] from screen [on:1333167 period:1543742] score=56
04-01 15:55:56.025: D/WifiStateMachine(2916):  L2ConnectedState !CMD_RSSI_POLL rt=19876548/71467825 28 0 "Guest-ABB" 00:3a:99:23:ae:14 rssi=-66 f=2462 sc=56 link=54 tx=4.2, 0.0, 0.1  rx=0.0 bcn=39170 [on:0 tx:0 rx:0 period:2] from screen [on:1333167 period:1543744] score=56
04-01 15:55:56.025: D/WifiStateMachine(2916):  get link layer stats 3
04-01 15:55:56.035: D/WifiStateMachine(2916): fetchRssiLinkSpeedAndFrequencyNative rssi=-65 linkspeed=54 freq=2462
04-01 15:55:56.038: V/WifiConfigManager(2916): Updating scan detail cache freq=2462 BSSID=00:3a:99:23:ae:14 RSSI=-65 for "Guest-ABB"NONE
04-01 15:55:56.042: D/NetworkController(3371): updateCarrierText : Guest-ABB
04-01 15:55:56.042: D/KeyguardUpdateMonitor(3371): updateCarrierTextInfo
04-01 15:55:56.043: D/Tile.WifiTile(3371): handleUpdateState enabled  = true
04-01 15:55:56.046: D/KeyguardClockPage(3371): isNetworkRoamingState id=-2 roaming=false
04-01 15:55:56.046: D/KeyguardClockPage(3371): onRefreshCarrierInfo(pre, now): false, false
04-01 15:55:56.046: D/CarrierText(3371): updateCarrierText(): subscriptionInfo Size = 0, DefaultText = Kein Netz
04-01 15:55:56.047: D/MultiSimUtils(3371): isSimStateReadyorNotReady() : simSlot = 0, simState = 
04-01 15:55:56.048: D/CarrierText(3371): Getting plmn/spn/subId sticky brdcst  plmn : Kein Netz, spn : , subId :-2
04-01 15:55:56.049: D/CarrierText(3371): plmn Of NetworkController Impl : Guest-ABB
04-01 15:55:56.049: D/CarrierText(3371): BLOCK_CARRIER_TEXT_WHEN_SIM_NOT_READY or KOR_USIM_TEXT
04-01 15:55:56.049: D/CarrierText(3371): setText : 
04-01 15:55:56.049: D/CarrierText(3371): updateCarrierText(): subscriptionInfo Size = 0, DefaultText = Kein Netz
04-01 15:55:56.049: D/MultiSimUtils(3371): isSimStateReadyorNotReady() : simSlot = 0, simState = 
04-01 15:55:56.051: D/CarrierText(3371): Getting plmn/spn/subId sticky brdcst  plmn : Kein Netz, spn : , subId :-2
04-01 15:55:56.051: D/CarrierText(3371): plmn Of NetworkController Impl : Guest-ABB
04-01 15:55:56.051: D/CarrierText(3371): BLOCK_CARRIER_TEXT_WHEN_SIM_NOT_READY or KOR_USIM_TEXT
04-01 15:55:56.052: D/CarrierText(3371): setText : 
04-01 15:55:56.112: D/WifiService(2916): getConnectionInfo uid=1000
04-01 15:55:56.126: D/WifiTrafficPoller(2916): TrafficStats TxPkts=10096 RxPkts=10813 TxBytes=1917863 RxBytes=2733038 , Foreground uid=10055 pkgName=com.sec.android.app.launcher txBytes=0 rxBytes=0
04-01 15:55:56.465: D/InputReader(2916): Input event(2): value=1 when=19876990139000
04-01 15:55:56.465: D/InputReader(2916): Input event(2): value=1 when=19876990139000
04-01 15:55:56.465: I/InputReader(2916): Touch event's action is 0x0 (deviceType=0) [pCnt=1, s=0.83 ] when=19876990139000
04-01 15:55:56.466: I/InputDispatcher(2916): Delivering touch to (3371): action: 0x4, toolType: 1
04-01 15:55:56.466: I/InputDispatcher(2916): Delivering touch to (4036): action: 0x0, toolType: 1
04-01 15:55:56.466: I/InputDispatcher(2916): Delivering touch to (3371): action: 0x0, toolType: 1
04-01 15:55:56.467: D/ViewRootImpl@18b2ffc[LauncherActivity](4036): ViewPostIme pointer 0
04-01 15:55:56.467: I/System.out(4036): Rect(0, 0 - 1920, 128)
04-01 15:55:56.468: D/PagedView(4036): reset touch state case 1
04-01 15:55:56.505: I/display(2589): [PrimaryDisplay] [DYNAMIC_RECOMP] first frame after HWC_2_GLES
04-01 15:55:56.505: I/display(2589): [PrimaryDisplay] [DYNAMIC_RECOMP] GLES_2_HWC by high FPS(5)
04-01 15:55:56.537: D/InputReader(2916): Input event(2): value=0 when=19877062725000
04-01 15:55:56.537: D/InputReader(2916): Input event(2): value=0 when=19877062725000
04-01 15:55:56.538: I/InputReader(2916): Touch event's action is 0x1 (deviceType=0) [pCnt=1, s=] when=19877062725000
04-01 15:55:56.538: I/InputDispatcher(2916): Delivering touch to (4036): action: 0x1, toolType: 1
04-01 15:55:56.538: I/InputDispatcher(2916): Delivering touch to (3371): action: 0x1, toolType: 1
04-01 15:55:56.538: D/CustomFrequencyManagerService(2916): acquireDVFSLockLocked : type : DVFS_MIN_LIMIT  frequency : 839000  uid : 1000  pid : 2916  pkgName : GESTURE_DETECTED@CPU_MIN@34
04-01 15:55:56.539: D/ViewRootImpl@18b2ffc[LauncherActivity](4036): ViewPostIme pointer 1
04-01 15:55:56.539: D/PagedView(4036): resetTouchState()
04-01 15:55:56.540: D/SamsungAnalytics111040(4036): user do not agree
04-01 15:55:56.549: D/CustomFrequencyManagerService(2916): acquireDVFSLockLocked : type : DVFS_MIN_LIMIT  frequency : 1586000  uid : 1000  pid : 2916  pkgName : APP_LAUNCH@CPU_MIN@7
04-01 15:55:56.551: D/ActivityOptions(4036): semMakeCustomScaleUpAnimation, width : 270, height : 191, opts.mStartX : 1248, opts.mStartY : 743, opts.mIsHomeItem : false
04-01 15:55:56.554: I/ActivityManager(2916): START u0 {act=android.intent.action.MAIN typ=null flg=0x10200000 cmp=ComponentInfo{mobi.testfactory.TestFactoryCross/md57864fc9a7d8f7f3a73f14542c053def5.MainActivity}} from uid 10055
04-01 15:55:56.559: D/MARsPolicyManager(2916): updateResetTimeForDisabler pkgName = mobi.testfactory.TestFactoryCross, userId = 0
04-01 15:55:56.560: D/CustomFrequencyManagerService(2916): acquireDVFSLockLocked : type : DVFS_MIN_LIMIT  frequency : 1586000  uid : 1000  pid : 2916  pkgName : AMS_APP_SWITCH@CPU_MIN@52
04-01 15:55:56.560: D/ActivityManagerPerformance(2916): AMP_acquire() APP_SWITCH
04-01 15:55:56.568: D/MdnieScenarioControlService(2916): Listener Real Multi Window State : false
04-01 15:55:56.570: W/BroadcastQueue(2916): Permission Denial: receiving Intent { act=com.android.launcher3.action.LAUNCH flg=0x10 (has extras) } to ProcessRecord{cda9ba7 3658:com.google.android.gms.persistent/u0a15} (pid=3658, uid=10015) requires com.android.launcher.permission.RECEIVE_LAUNCH_BROADCASTS due to sender com.sec.android.app.launcher (uid 10055)
04-01 15:55:56.570: V/Launcher(4036): Launcher.onPause()
04-01 15:55:56.570: D/Launcher(4036): setHotWordDetection : call requestHotWordDetection false
04-01 15:55:56.570: W/BroadcastQueue(2916): Permission Denial: receiving Intent { act=com.android.launcher3.action.LAUNCH flg=0x10 (has extras) } to com.google.android.gms/.chimera.GmsIntentOperationService$GmsExternalReceiver requires com.android.launcher.permission.RECEIVE_LAUNCH_BROADCASTS due to sender com.sec.android.app.launcher (uid 10055)
04-01 15:55:56.573: I/MicroDetector(18900): Keeping mic open: false
04-01 15:55:56.573: I/DeviceStateChecker(18900): DeviceStateChecker cancelled
04-01 15:55:56.574: I/AudioController(18900): internalShutdown
04-01 15:55:56.575: D/ActivityManager(2916): isScaleDownAnimationEnabled() : false
04-01 15:55:56.575: D/ActivityManager(2916): applyOptionsLocked, ANIM_CUSTOM_SCALE_UP, x : 1248, y : 743, isHomeItem : false
04-01 15:55:56.575: D/SamsungAnimationCreator(2916): updateAppTransitionStartValues frame Rect(1248, 743 - 1518, 934)
04-01 15:55:56.575: D/ActivityManager(2916): applyOptionsLocked, ANIM_CUSTOM_SCALE_UP, task.getRootActivity() : ActivityRecord{2666885 u0 mobi.testfactory.TestFactoryCross/md57864fc9a7d8f7f3a73f14542c053def5.MainActivity t2692}, task.getTaskToReturnTo() : 1
04-01 15:55:56.575: D/ActivityManager(2916): setAppIconInfo(), x : 1248, y : 743, width : 270, height : 191, isHomeItem : false
04-01 15:55:56.575: D/SamsungAnimationCreator(2916): setAnimationFromLauncher : apps 2
04-01 15:55:56.576: D/StorageManagerService(2916): getExternalStorageMountMode : 3
04-01 15:55:56.576: D/StorageManagerService(2916): getExternalStorageMountMode : 3
04-01 15:55:56.576: D/StorageManagerService(2916): getExternalStorageMountMode : final mountMode=3, uid : 10224, packageName : mobi.testfactory.TestFactoryCross
04-01 15:55:56.577: I/ApplicationPolicy(2916): isApplicationExternalStorageWhitelisted:mobi.testfactory.TestFactoryCross user:0
04-01 15:55:56.577: D/ApplicationPolicy(2916): isApplicationExternalStorageWhitelisted: DO is not enabled on user 0. Allowed.
04-01 15:55:56.577: D/ActivityManager(2916): package  mobi.testfactory.TestFactoryCross, user - 0 is SDcard whitelisted
04-01 15:55:56.577: I/ApplicationPolicy(2916): isApplicationExternalStorageBlacklisted:mobi.testfactory.TestFactoryCross user:0
04-01 15:55:56.577: D/ApplicationPolicy(2916): isApplicationExternalStorageBlacklisted: DO is not enabled on user 0. Allowed.
04-01 15:55:56.579: I/MicroRecognitionRunner(18900): Stopping hotword detection.
04-01 15:55:56.580: D/InputTransport(2916): Input channel constructed: fd=445
04-01 15:55:56.580: D/InputTransport(2916): Input channel constructed: fd=446
04-01 15:55:56.581: D/ViewRootImpl@d953c83[TestFactoryCross](2916): setView = DecorView@d5eb639[TestFactoryCross] TM=true MM=false
04-01 15:55:56.581: D/ViewRootImpl@d953c83[TestFactoryCross](2916): dispatchAttachedToWindow
04-01 15:55:56.582: V/WindowManager(2916): Relayout Window{14cde00 u0 Splash Screen mobi.testfactory.TestFactoryCross}: viewVisibility=0 req=1920x1164 WM.LayoutParams{(0,0)(fillxfill) sim=#20 ty=3 fl=#81830118 pfl=0x11 wanim=0x10302fc vsysui=0x600 needsMenuKey=2 colorMode=0 naviIconColor=0}
04-01 15:55:56.584: I/PBSessionCacheImpl(18900): Deleted sessionId[83124633124681942] from persistence.
04-01 15:55:56.586: I/SurfaceFlinger(2589): id=130 createSurf (1920x1200),1 flag=404, Splash Screen mobi.testfactory.TestFactoryCross[2916]#0
04-01 15:55:56.587: V/Surface(2916): sf_framedrop debug : 0x4f4c, game : false, logging : 0
04-01 15:55:56.592: E/Zygote(3838): isWhitelistProcess - Process is Whitelisted
04-01 15:55:56.592: D/ViewRootImpl@d953c83[TestFactoryCross](2916): Relayout returned: old=[0,0][0,0] new=[0,0][1920,1200] result=0x7 surface={valid=true 3296118784} changed=true
04-01 15:55:56.593: E/libpersona(3838): scanKnoxPersonas
04-01 15:55:56.593: E/libpersona(3838): Couldn't open the File - /data/system/users/0/personalist.xml - No such file or directory
04-01 15:55:56.595: W/SELinux(3838): SELinux selinux_android_compute_policy_index : Policy Index[2],  Con:u:r:zygote:s0 RAM:SEPF_SM-T580_8.1.0_0008, [-1 -1 -1 -1 0 1]
04-01 15:55:56.596: I/ActivityManager(2916): Start proc 3838:mobi.testfactory.TestFactoryCross/u0a224 for activity mobi.testfactory.TestFactoryCross/md57864fc9a7d8f7f3a73f14542c053def5.MainActivity
04-01 15:55:56.596: I/SELinux(3838): SELinux: seapp_context_lookup: seinfo=untrusted, level=s0:c512,c768, pkgname=mobi.testfactory.TestFactoryCross 
04-01 15:55:56.597: I/audio_hw_primary(2569): do_in_standby : in->standby 0
04-01 15:55:56.601: V/audio_hw_primary(2569): select_devices output_scenario:-1 input_scenario:-1 out_snd_device 0x0 in_snd_device:0x0
04-01 15:55:56.601: I/audio_route(2569): > audio_route_reset :
04-01 15:55:56.601: I/audio_route(2569): > audio_route_update_mixer : +
04-01 15:55:56.601: I/zygote(3838): Late-enabling -Xcheck:jni
04-01 15:55:56.603: I/audio_route(2569): > audio_route_update_mixer : changed(9) -
04-01 15:55:56.603: I/audio_hw_primary(2569): select_devices - 
04-01 15:55:56.603: D/audio_hw_primary(2569): do_in_standby WAKEUP_ON
04-01 15:55:56.603: I/APM_AudioPolicyManager(2664): stopInput() input 254
04-01 15:55:56.605: D/audio_hw_primary(2569): in_set_parameters: enter: kvpairs: routing=0
04-01 15:55:56.606: I/samsungRecord(2569): [samsungrecord] MicCalonoff 1
04-01 15:55:56.606: V/audio_hw_primary(2569): in_set_parameters: exit: status(0)
04-01 15:55:56.607: V/APM_AudioPolicyManager(2664): resetInputDevice() releaseAudioPatch returned 0
04-01 15:55:56.607: V/APM_AudioPolicyManager(2664): listAudioPorts() role 0 type 0 num_ports 0 ports 0xefc94040
04-01 15:55:56.607: V/APM_AudioPolicyManager(2664): listAudioPorts() got 0 ports needed 8
04-01 15:55:56.607: V/APM_AudioPolicyManager(2664): releaseInput() 254
04-01 15:55:56.607: V/APM_AudioPolicyManager(2664): closeInput(254)
04-01 15:55:56.608: I/MicrophoneInputStream(18900): mic_close  SR : 16000 CC : 16 SO : 1999
04-01 15:55:56.608: D/MultiRecordManager(2664): closeInputStream() moduleHandle:10, modulename:primary, stream_in:0xf00a4e50, source:6, dev:0xf00f20f0
04-01 15:55:56.608: I/MultiRecordManager(2664): closeInputStream() skipMultiRecord
04-01 15:55:56.609: E/AudioSource(18900): Stop listening is called on already closed AudioSource
04-01 15:55:56.609: V/APM_AudioPolicyManager(2664): releaseInput() exit
04-01 15:55:56.609: V/APM_AudioPolicyManager(2664): listAudioPorts() role 0 type 0 num_ports 8 ports 0xee4d3000
04-01 15:55:56.609: V/APM_AudioPolicyManager(2664): listAudioPorts() got 7 ports needed 7
04-01 15:55:56.609: V/audio_hw_primary(2569): stop_voice_note_recording
04-01 15:55:56.609: E/audio_hw_primary(2569): adev_close_input_stream, set jack_in to null
04-01 15:55:56.610: I/MicroRecognitionRunner(18900): Detection finished
04-01 15:55:56.610: V/APM_AudioPolicyManager(2664): listAudioPorts() role 0 type 0 num_ports 0 ports 0xf0099530
04-01 15:55:56.610: V/APM_AudioPolicyManager(2664): listAudioPorts() got 0 ports needed 7
04-01 15:55:56.610: V/APM_AudioPolicyManager(2664): listAudioPorts() role 0 type 0 num_ports 7 ports 0xef90f800
04-01 15:55:56.610: V/APM_AudioPolicyManager(2664): listAudioPorts() got 7 ports needed 7
04-01 15:55:56.611: V/APM_AudioPolicyManager(2664): listAudioPorts() role 0 type 0 num_ports 0 ports 0xefc94078
04-01 15:55:56.611: V/APM_AudioPolicyManager(2664): listAudioPorts() got 0 ports needed 7
04-01 15:55:56.611: V/APM_AudioPolicyManager(2664): listAudioPorts() role 0 type 0 num_ports 7 ports 0xefcd4000
04-01 15:55:56.611: V/APM_AudioPolicyManager(2664): listAudioPorts() got 7 ports needed 7
04-01 15:55:56.612: W/SearchServiceCore(18900): Abort, client detached.
04-01 15:55:56.627: I/WorkerManager(18900): dispose()
04-01 15:55:56.627: I/WorkerManager(18900): Disposing handler for worker [legacyui] (manager: 8a517d1, handler: cfe2c1a)
04-01 15:55:56.627: I/WorkerManager(18900): Disposing handler for worker [networkmonitor] (manager: 8a517d1, handler: b50c3d2)
04-01 15:55:56.628: I/WorkerManager(18900): Disposing handler for worker [opa] (manager: 8a517d1, handler: 1a98877)
04-01 15:55:56.628: I/WorkerManager(18900): Disposing handler for worker [logo_header] (manager: 8a517d1, handler: 8b64cd0)
04-01 15:55:56.628: I/WorkerManager(18900): Disposing handler for worker [transcription] (manager: 8a517d1, handler: db1dba9)
04-01 15:55:56.628: I/WorkerManager(18900): Disposing handler for worker [optin] (manager: 8a517d1, handler: 7ad9b)
04-01 15:55:56.628: I/WorkerManager(18900): Disposing handler for worker [searchplate] (manager: 8a517d1, handler: 43f64a9)
04-01 15:55:56.628: I/WorkerManager(18900): Disposing handler for worker [sharedmicrodetection] (manager: 8a517d1, handler: e7c2121)
04-01 15:55:56.628: I/WorkerManager(18900): Disposing handler for worker [sharebear] (manager: 8a517d1, handler: ec6e8cd)
04-01 15:55:56.628: I/WorkerManager(18900): Disposing handler for worker [message] (manager: 8a517d1, handler: 479353b)
04-01 15:55:56.628: W/ThreadPoolDumper(18900): Queue length for executor EventBus is now 11. Perhaps some tasks are too long, or the pool is too small.
04-01 15:55:56.628: I/WorkerManager(18900): Disposing handler for worker [searchwidget] (manager: 8a517d1, handler: 62c31e2)
04-01 15:55:56.629: I/WorkerManager(18900): Disposing handler for worker [service] (manager: 8a517d1, handler: 8330236)
04-01 15:55:56.629: I/WorkerManager(18900): Disposing handler for worker [context] (manager: 8a517d1, handler: 89fde04)
04-01 15:55:56.629: I/WorkerManager(18900): Disposing handler for worker [searchboxroot] (manager: 8a517d1, handler: c4ecd36)
04-01 15:55:56.629: I/WorkerManager(18900): Disposing handler for worker [progress] (manager: 8a517d1, handler: baf9ff6)
04-01 15:55:56.629: I/WorkerManager(18900): Disposing handler for worker [audio] (manager: 8a517d1, handler: ad34b1e)
04-01 15:55:56.629: I/WorkerManager(18900): Disposing handler for worker [actions] (manager: 8a517d1, handler: fccbda4)
04-01 15:55:56.629: I/WorkerManager(18900): Disposing handler for worker [conversation] (manager: 8a517d1, handler: 7c615be)
04-01 15:55:56.629: I/WorkerManager(18900): Disposing handler for worker [actionvelogging] (manager: 8a517d1, handler: eb79de9)
04-01 15:55:56.655: E/adbd(22652): recv: OPEN 00000d73 00000000 000a:6A 64 77 70 3A 33 38 33 38 00 
04-01 15:55:56.668: D/WindowManager(2916): finishDrawingWindow: Window{14cde00 u0 Splash Screen mobi.testfactory.TestFactoryCross} mDrawState=DRAW_PENDING
04-01 15:55:56.669: I/ClientCertificateManager Service(2916): fixContextInfoForMP() returning Caller uid: 10224 ,Container id: 0
04-01 15:55:56.670: I/ClientCertificateManager Service(2916): fixContextInfoForMP() returning Caller uid: 10224 ,Container id: 0
04-01 15:55:56.670: D/ActivityThread(3838): Added TimaKeyStore provider
04-01 15:55:56.672: D/WallpaperService(3371): updateSurface forceRelayout=true redrawNeeded=false myWidth=1920 myHeight=1920 fixedSize=true x = 0 y = 0 mWidth=1920 mHeight=1920 mIsSleepMode=false
04-01 15:55:56.672: D/ViewRootImpl@d953c83[TestFactoryCross](2916): MSG_RESIZED: frame=Rect(0, 0 - 1920, 1200) ci=Rect(0, 36 - 0, 0) vi=Rect(0, 36 - 0, 0) or=2
04-01 15:55:56.673: V/WindowManager(2916): Relayout Window{f04881a u0 com.android.systemui.ImageWallpaper}: viewVisibility=0 req=1920x1920 WM.LayoutParams{(0,0)(1920x1920) gr=#800033 ty=2013 fl=#10318 fmt=2 wanim=0x103030d colorMode=0 naviIconColor=0}
04-01 15:55:56.675: I/ActivityManager(2916): DSS on for mobi.testfactory.TestFactoryCross and scale is 1.0
04-01 15:55:56.677: D/ImageWallpaper(3371): onOffsetsChanged: xOffset=0.0, yOffset=0.0, xOffsetStep=0.0, yOffsetStep=0.0, xPixels=0, yPixels=0
04-01 15:55:56.677: V/WindowOrientationListener(2916): getProposedRotation :-1
04-01 15:55:56.677: V/WindowManager(2916): rotationForOrientationLw(orient=-1, last=3); user=0  sensorRotation=-1 mLidState=-1 mDockMode=0 mHdmiPlugged=false, displayId=0
04-01 15:55:56.677: D/ImageWallpaper(3371): newRotation : 3,mLastRotation : 3
04-01 15:55:56.677: D/ImageWallpaper(3371): drawFrame:[frame.width()]1920[frame.height()]1920
04-01 15:55:56.677: D/ImageWallpaper(3371): surfaceDimensionsChanged=false mDisplayWidth=1920 mDisplayHeight=1200
04-01 15:55:56.677: D/ImageWallpaper(3371): redrawNeeded = false, mOffsetsChanged = false
04-01 15:55:56.677: D/ImageWallpaper(3371): Suppressed drawFrame since redraw is not needed and offsets have not changed.
04-01 15:55:56.683: D/PersonaManagerService(2916): Current focused persona service handled id set to : 0
04-01 15:55:56.684: D/InputDispatcher(2916): Focused application set to: xxxx
04-01 15:55:56.685: D/InputDispatcher(2916): Focus left window: 4036 0
04-01 15:55:56.687: D/MARsPolicyManager(2916): onPackageResumedFG pkgName = mobi.testfactory.TestFactoryCross, userId = 0
04-01 15:55:56.687: D/GameManagerService(2916): handleForegroundChange(). pkgName: mobi.testfactory.TestFactoryCross, clsName: md57864fc9a7d8f7f3a73f14542c053def5.MainActivity,FgActivityName:mobi.testfactory.TestFactoryCross/md57864fc9a7d8f7f3a73f14542c053def5.MainActivity
04-01 15:55:56.687: D/GameManagerService(2916): sem_perfomance_mode: 3
04-01 15:55:56.687: D/GameManagerService(2916): notifyResumePause(). pkg: mobi.testfactory.TestFactoryCross, type: 4, isMinimized: false, isTunableApp: false
04-01 15:55:56.687: D/GameManagerService(2916):   notifyResumePause(). unexpected mPrevNotiType: -1
04-01 15:55:56.690: D/SamsungAnimationCreator(2916): createAnimation type:LowEnd transit:12 enter:false wallpaperXoffset:0 split:false fixedOri:false
04-01 15:55:56.690: D/SamsungAnimationCreator(2916): createAnimation displayFrame:Rect(0, 0 - 1920, 1200) frame:null insets:null
04-01 15:55:56.690: V/WindowManager(2916): Setting visibility of Window{e112675 u0 com.sec.android.app.launcher/com.sec.android.app.launcher.activities.LauncherActivity}: false, mViewVisibilityUpdateCompleted=false, caller=com.android.server.wm.WindowContainer.sendAppVisibilityToClients:443 com.android.server.wm.AppWindowToken.setClientHidden:400 com.android.server.wm.AppWindowToken.setVisibility:411 com.android.server.wm.WindowSurfacePlacer.handleClosingApps:525 com.android.server.wm.WindowSurfacePlacer.handleAppTransitionReadyLocked:384 
04-01 15:55:56.690: D/SamsungAnimationCreator(2916): createAnimation type:LowEnd transit:1001 enter:false wallpaperXoffset:-1 split:false fixedOri:false
04-01 15:55:56.690: D/SamsungAnimationCreator(2916): createAnimation displayFrame:Rect(0, 0 - 1920, 1200) frame:Rect(0, 0 - 1920, 1200) insets:Rect(0, 0 - 0, 0)
04-01 15:55:56.690: D/SamsungAnimationCreator(2916): createAppOpenHomeExitAnimation
04-01 15:55:56.691: D/SamsungAnimationCreator(2916): createAnimation type:LowEnd transit:1001 enter:true wallpaperXoffset:-1 split:false fixedOri:false
04-01 15:55:56.691: D/SamsungAnimationCreator(2916): createAnimation displayFrame:Rect(0, 0 - 1920, 1200) frame:Rect(0, 0 - 1920, 1200) insets:Rect(0, 36 - 0, 0)
04-01 15:55:56.691: D/SamsungAnimationCreator(2916): createAppOpenAppEnterAnimation
04-01 15:55:56.698: I/Launcher(4036): onWindowVisibilityChanged : false
04-01 15:55:56.702: D/OpenGLRenderer(4036): eglDestroySurface = 0xae4e3638, 0xc8744800
04-01 15:55:56.706: V/WindowManager(2916): Relayout Window{e112675 u0 com.sec.android.app.launcher/com.sec.android.app.launcher.activities.LauncherActivity}: viewVisibility=8 req=1920x1200 WM.LayoutParams{(0,0)(fillxfill) sim=#130 layoutInDisplayCutoutMode=always ty=1 fl=#81910d00 pfl=0x20000 fmt=-2 wanim=0x10302ea vsysui=0x700 needsMenuKey=2 colorMode=0 naviIconColor=0}
04-01 15:55:56.711: D/WindowManager(2916): set systemUiVisibility : systemUiFlags= 0x608 fullscreenStackSysUiFlags= 0x0 dockedVisibility= 0x0
04-01 15:55:56.711: D/ViewRootImpl@18b2ffc[LauncherActivity](4036): Relayout returned: old=[0,0][1920,1200] new=[0,0][1920,1200] result=0x5 surface={valid=false 0} changed=true
04-01 15:55:56.711: D/ViewRootImpl@18b2ffc[LauncherActivity](4036): MSG_WINDOW_FOCUS_CHANGED 0
04-01 15:55:56.711: D/WindowManager(2916): adjustSystemUiVisibilityLw : vis= 0x608  displayId:0
04-01 15:55:56.713: D/MDO(3838): MDO if sIsMdo=false, sIsCheckMdo=false, uid = 10224
04-01 15:55:56.714: D/Proxy(3838): mdoP is null: 10224
04-01 15:55:56.717: D/SystemServicesProxy(3371): updateOverviewLastStackActiveTimeAsync: newTime=1554126956686
04-01 15:55:56.719: D/SecContentProvider(2916): query(), uri = 17 selection = isSettingsChangesAllowed
04-01 15:55:56.720: D/SecContentProvider(2916): called from android.uid.systemui:10059
04-01 15:55:56.720: D/RestrictionPolicy(2916): isSettingsChangesAllowedAsUser, userId 0 : true
04-01 15:55:56.721: D/SystemServicesProxy(3371): updateOverviewLastStackActiveTimeAsync: done.
04-01 15:55:56.733: D/SurfaceFlinger(2589):   Display[0] configurations (* current):
04-01 15:55:56.733: D/SurfaceFlinger(2589):     * 0: 1200x1920, xdpi=225.776993, ydpi=225.776993, refresh=16666666
04-01 15:55:56.733: D/SurfaceFlinger(2589):   numHwLayers=5, flags=00000000
04-01 15:55:56.733: D/SurfaceFlinger(2589):     type   |  handle  | hint | flag | tr | blnd |   format    |     source crop (l,t,r,b)      |          frame         | name 
04-01 15:55:56.733: D/SurfaceFlinger(2589): -----------+----------+------+------+----+------+-------------+--------------------------------+------------------------+------
04-01 15:55:56.733: D/SurfaceFlinger(2589):        HWC | eef66180 | 0000 | 0020 | 00 | 0100 | RGBx_8888   |  360.0,    0.0, 1560.0, 1920.0 |    0,    0, 1200, 1920 | com.android.systemui.ImageWallpaper[3371]#0
04-01 15:55:56.733: D/SurfaceFlinger(2589):       GLES | eef66e40 | 0000 | 0000 | 00 | 0105 | RGBA_8888   |  121.0,   77.0, 1148.0, 1721.0 |    0,    0, 1200, 1920 | com.sec.android.app.launcher/com.sec.android.app.launcher.activities.LauncherActivity[4036]#0
04-01 15:55:56.733: D/SurfaceFlinger(2589):       GLES | eec0b480 | 0000 | 0020 | 07 | 0105 | RGBA_8888   |    0.0,    0.0, 1920.0, 1200.0 |  278,  178, 1080, 1461 | Splash Screen mobi.testfactory.TestFactoryCross[2916]#0
04-01 15:55:56.733: D/SurfaceFlinger(2589):       GLES | eec0b0c0 | 0000 | 0000 | 00 | 0105 | RGBA_8888   |
04-01 15:55:56.733: D/SurfaceFlinger(2589):     0.0,    0.0,   36.0, 1920.0 |    0,    0,   36, 1920 | StatusBar[3371]#0
04-01 15:55:56.733: D/SurfaceFlinger(2589):  FB TARGET | eef66480 | 0000 | 0000 | 00 | 0105 | RGBA_8888   |    0.0,    0.0, 1200.0, 1920.0 |    0,    0, 1200, 1920 | HWC_FRAMEBUFFER_TARGET
04-01 15:55:56.744: I/MultiDex(3838): VM with version 2.1.0 has multidex support
04-01 15:55:56.744: I/MultiDex(3838): install
04-01 15:55:56.744: I/MultiDex(3838): VM has multidex support, MultiDex support library is disabled.
04-01 15:55:56.828: D/MdnieScenarioControlService(2916):  packageName : mobi.testfactory.TestFactoryCross    className : md57864fc9a7d8f7f3a73f14542c053def5.MainActivity
04-01 15:55:56.828: V/MdnieScenarioControlService(2916): setUIMode from UI function(3)
04-01 15:55:56.849: W/monodroid(3838): Creating public update directory: `/data/user/0/mobi.testfactory.TestFactoryCross/files/.__override__`
04-01 15:55:56.849: W/monodroid(3838): Using override path: /data/user/0/mobi.testfactory.TestFactoryCross/files/.__override__
04-01 15:55:56.849: W/monodroid(3838): Using override path: /storage/emulated/0/Android/data/mobi.testfactory.TestFactoryCross/files/.__override__
04-01 15:55:56.850: W/monodroid(3838): Trying to load sgen from: /data/user/0/mobi.testfactory.TestFactoryCross/files/.__override__/libmonosgen-2.0.so
04-01 15:55:56.850: W/monodroid(3838): Trying to load sgen from: /storage/emulated/0/Android/data/mobi.testfactory.TestFactoryCross/files/.__override__/libmonosgen-2.0.so
04-01 15:55:56.850: W/monodroid(3838): Trying to load sgen from: /storage/emulated/0/../legacy/Android/data/mobi.testfactory.TestFactoryCross/files/.__override__/libmonosgen-2.0.so
04-01 15:55:56.850: W/monodroid(3838): Trying to load sgen from: /data/app/mobi.testfactory.TestFactoryCross-bh87xaAKtmNeal2-bx1S1A==/lib/arm/libmonosgen-2.0.so
04-01 15:55:56.850: W/monodroid(3838): Trying to load sgen from: /data/user/0/mobi.testfactory.TestFactoryCross/files/.__override__/links/libmonosgen-2.0.so
04-01 15:55:56.879: D/io_stats(3830): !@ 179,0 r 127574 5587366 w 78992 2068972 d 7194 1099632 f 26158 26145 iot 151880 150113 th 51200 0 0 pt 0 inp 0 0 19877.403
04-01 15:55:56.907: D/Mono(3838): Image addref mscorlib[0xde1782e0] -> mscorlib.dll[0xe7006800]: 2
04-01 15:55:56.907: D/Mono(3838): Prepared to set up assembly 'mscorlib' (mscorlib.dll)
04-01 15:55:56.910: D/Mono(3838): AOT: image 'mscorlib.dll.so' not found: dlopen failed: library "/data/app/mobi.testfactory.TestFactoryCross-bh87xaAKtmNeal2-bx1S1A==/lib/arm/libaot-mscorlib.dll.so" not found
04-01 15:55:56.911: D/Mono(3838): AOT: image '/Users/builder/jenkins/workspace/xamarin-android-d15-9/xamarin-android/external/mono/sdks/out/android-armeabi-v7a-release/lib/mono/aot-cache/arm/mscorlib.dll.so' not found: dlopen failed: library "/data/app/mobi.testfactory.TestFactoryCross-bh87xaAKtmNeal2-bx1S1A==/lib/arm/libaot-mscorlib.dll.so" not found
04-01 15:55:56.911: D/Mono(3838): Config attempting to parse: 'mscorlib.dll.config'.
04-01 15:55:56.911: D/Mono(3838): Config attempting to parse: '/Users/builder/jenkins/workspace/xamarin-android-d15-9/xamarin-android/external/mono/sdks/out/android-armeabi-v7a-release/etc/mono/assemblies/mscorlib/mscorlib.config'.
04-01 15:55:56.929: E/MdnieScenarioControlService(2916): Exception : java.io.FileNotFoundException: /sys/class/mdnie/mdnie/scenario (No such file or directory) , in : null , value : null , length : 0
04-01 15:55:56.929: W/System.err(2916): java.io.FileNotFoundException: /sys/class/mdnie/mdnie/scenario (No such file or directory)
04-01 15:55:56.929: W/System.err(2916): 	at java.io.FileInputStream.open0(Native Method)
04-01 15:55:56.929: W/System.err(2916): 	at java.io.FileInputStream.open(FileInputStream.java:200)
04-01 15:55:56.929: W/System.err(2916): 	at java.io.FileInputStream.<init>(FileInputStream.java:150)
04-01 15:55:56.929: W/System.err(2916): 	at com.samsung.android.displaysolution.MdnieScenarioControlService.getStringFromFile(MdnieScenarioControlService.java:1819)
04-01 15:55:56.929: W/System.err(2916): 	at com.samsung.android.displaysolution.MdnieScenarioControlService.setUIMode(MdnieScenarioControlService.java:1172)
04-01 15:55:56.929: W/System.err(2916): 	at com.samsung.android.displaysolution.MdnieScenarioControlService.-wrap14(Unknown Source:0)
04-01 15:55:56.929: W/System.err(2916): 	at com.samsung.android.displaysolution.MdnieScenarioControlService$MSCSControlHandler.handleMessage(MdnieScenarioControlService.java:1142)
04-01 15:55:56.929: W/System.err(2916): 	at android.os.Handler.dispatchMessage(Handler.java:106)
04-01 15:55:56.929: W/System.err(2916): 	at android.os.Looper.loop(Looper.java:164)
04-01 15:55:56.929: W/System.err(2916): 	at android.os.HandlerThread.run(HandlerThread.java:65)
04-01 15:55:56.938: D/Mono(3838): Assembly mscorlib[0xde1782e0] added to domain RootDomain, ref_count=1
04-01 15:55:56.939: D/Mono(3838): Assembly Loader probing location: '/storage/emulated/0/Android/data/mobi.testfactory.TestFactoryCross/files/.__override__/TestFactoryCross5.Android.dll'.
04-01 15:55:56.939: D/Mono(3838): Image addref TestFactoryCross5.Android[0xde178340] -> /storage/emulated/0/Android/data/mobi.testfactory.TestFactoryCross/files/.__override__/TestFactoryCross5.Android.dll[0xdc66e500]: 2
04-01 15:55:56.939: D/Mono(3838): Prepared to set up assembly 'TestFactoryCross5.Android' (/storage/emulated/0/Android/data/mobi.testfactory.TestFactoryCross/files/.__override__/TestFactoryCross5.Android.dll)
04-01 15:55:56.939: D/Mono(3838): Assembly TestFactoryCross5.Android[0xde178340] added to domain RootDomain, ref_count=1
04-01 15:55:56.941: D/Mono(3838): AOT: image '/storage/emulated/0/Android/data/mobi.testfactory.TestFactoryCross/files/.__override__/TestFactoryCross5.Android.dll.so' not found: dlopen failed: library "/data/app/mobi.testfactory.TestFactoryCross-bh87xaAKtmNeal2-bx1S1A==/lib/arm/libaot-TestFactoryCross5.Android.dll.so" not found
04-01 15:55:56.942: D/Mono(3838): AOT: image '/Users/builder/jenkins/workspace/xamarin-android-d15-9/xamarin-android/external/mono/sdks/out/android-armeabi-v7a-release/lib/mono/aot-cache/arm/TestFactoryCross5.Android.dll.so' not found: dlopen failed: library "/data/app/mobi.testfactory.TestFactoryCross-bh87xaAKtmNeal2-bx1S1A==/lib/arm/libaot-TestFactoryCross5.Android.dll.so" not found
04-01 15:55:56.942: D/Mono(3838): Assembly Loader loaded assembly from location: '/storage/emulated/0/Android/data/mobi.testfactory.TestFactoryCross/files/.__override__/TestFactoryCross5.Android.dll'.
04-01 15:55:56.942: D/Mono(3838): Config attempting to parse: '/storage/emulated/0/Android/data/mobi.testfactory.TestFactoryCross/files/.__override__/TestFactoryCross5.Android.dll.config'.
04-01 15:55:56.942: D/Mono(3838): Config attempting to parse: '/Users/builder/jenkins/workspace/xamarin-android-d15-9/xamarin-android/external/mono/sdks/out/android-armeabi-v7a-release/etc/mono/assemblies/TestFactoryCross5.Android/TestFactoryCross5.Android.config'.
04-01 15:55:56.942: D/Mono(3838): Assembly Loader probing location: '/storage/emulated/0/Android/data/mobi.testfactory.TestFactoryCross/files/.__override__/AdaptiveCards.dll'.
04-01 15:55:56.943: D/Mono(3838): Image addref AdaptiveCards[0xde1783a0] -> /storage/emulated/0/Android/data/mobi.testfactory.TestFactoryCross/files/.__override__/AdaptiveCards.dll[0xdc66fe00]: 2
04-01 15:55:56.943: D/Mono(3838): Prepared to set up assembly 'AdaptiveCards' (/storage/emulated/0/Android/data/mobi.testfactory.TestFactoryCross/files/.__override__/AdaptiveCards.dll)
04-01 15:55:56.943: D/Mono(3838): Assembly AdaptiveCards[0xde1783a0] added to domain RootDomain, ref_count=1
04-01 15:55:56.944: D/Mono(3838): AOT: image '/storage/emulated/0/Android/data/mobi.testfactory.TestFactoryCross/files/.__override__/AdaptiveCards.dll.so' not found: dlopen failed: library "/data/app/mobi.testfactory.TestFactoryCross-bh87xaAKtmNeal2-bx1S1A==/lib/arm/libaot-AdaptiveCards.dll.so" not found
04-01 15:55:56.945: D/Mono(3838): AOT: image '/Users/builder/jenkins/workspace/xamarin-android-d15-9/xamarin-android/external/mono/sdks/out/android-armeabi-v7a-release/lib/mono/aot-cache/arm/AdaptiveCards.dll.so' not found: dlopen failed: library "/data/app/mobi.testfactory.TestFactoryCross-bh87xaAKtmNeal2-bx1S1A==/lib/arm/libaot-AdaptiveCards.dll.so" not found
04-01 15:55:56.945: D/Mono(3838): Assembly Loader loaded assembly from location: '/storage/emulated/0/Android/data/mobi.testfactory.TestFactoryCross/files/.__override__/AdaptiveCards.dll'.
04-01 15:55:56.945: D/Mono(3838): Config attempting to parse: '/storage/emulated/0/Android/data/mobi.testfactory.TestFactoryCross/files/.__override__/AdaptiveCards.dll.config'.
04-01 15:55:56.945: D/Mono(3838): Config attempting to parse: '/Users/builder/jenkins/workspace/xamarin-android-d15-9/xamarin-android/external/mono/sdks/out/android-armeabi-v7a-release/etc/mono/assemblies/AdaptiveCards/AdaptiveCards.config'.
04-01 15:55:56.945: D/Mono(3838): Assembly Loader probing location: '/storage/emulated/0/Android/data/mobi.testfactory.TestFactoryCross/files/.__override__/AdaptiveCards.Rendering.Html.dll'.
04-01 15:55:56.946: D/Mono(3838): Image addref AdaptiveCards.Rendering.Html[0xde178520] -> /storage/emulated/0/Android/data/mobi.testfactory.TestFactoryCross/files/.__override__/AdaptiveCards.Rendering.Html.dll[0xdc670300]: 2
04-01 15:55:56.946: D/Mono(3838): Prepared to set up assembly 'AdaptiveCards.Rendering.Html' (/storage/emulated/0/Android/data/mobi.testfactory.TestFactoryCross/files/.__override__/AdaptiveCards.Rendering.Html.dll)
04-01 15:55:56.946: D/Mono(3838): Assembly AdaptiveCards.Rendering.Html[0xde178520] added to domain RootDomain, ref_count=1
04-01 15:55:56.947: D/Mono(3838): AOT: image '/storage/emulated/0/Android/data/mobi.testfactory.TestFactoryCross/files/.__override__/AdaptiveCards.Rendering.Html.dll.so' not found: dlopen failed: library "/data/app/mobi.testfactory.TestFactoryCross-bh87xaAKtmNeal2-bx1S1A==/lib/arm/libaot-AdaptiveCards.Rendering.Html.dll.so" not found
04-01 15:55:56.948: D/Mono(3838): AOT: image '/Users/builder/jenkins/workspace/xamarin-android-d15-9/xamarin-android/external/mono/sdks/out/android-armeabi-v7a-release/lib/mono/aot-cache/arm/AdaptiveCards.Rendering.Html.dll.so' not found: dlopen failed: library "/data/app/mobi.testfactory.TestFactoryCross-bh87xaAKtmNeal2-bx1S1A==/lib/arm/libaot-AdaptiveCards.Rendering.Html.dll.so" not found
04-01 15:55:56.948: D/Mono(3838): Assembly Loader loaded assembly from location: '/storage/emulated/0/Android/data/mobi.testfactory.TestFactoryCross/files/.__override__/AdaptiveCards.Rendering.Html.dll'.
04-01 15:55:56.948: D/Mono(3838): Config attempting to parse: '/storage/emulated/0/Android/data/mobi.testfactory.TestFactoryCross/files/.__override__/AdaptiveCards.Rendering.Html.dll.config'.
04-01 15:55:56.948: D/Mono(3838): Config attempting to parse: '/Users/builder/jenkins/workspace/xamarin-android-d15-9/xamarin-android/external/mono/sdks/out/android-armeabi-v7a-release/etc/mono/assemblies/AdaptiveCards.Rendering.Html/AdaptiveCards.Rendering.Html.config'.
04-01 15:55:56.949: D/Mono(3838): Assembly Loader probing location: '/storage/emulated/0/Android/data/mobi.testfactory.TestFactoryCross/files/.__override__/ALMWrapper.dll'.
04-01 15:55:56.949: D/Mono(3838): Image addref ALMWrapper[0xde1785e0] -> /storage/emulated/0/Android/data/mobi.testfactory.TestFactoryCross/files/.__override__/ALMWrapper.dll[0xdc670800]: 2
04-01 15:55:56.949: D/Mono(3838): Prepared to set up assembly 'ALMWrapper' (/storage/emulated/0/Android/data/mobi.testfactory.TestFactoryCross/files/.__override__/ALMWrapper.dll)
04-01 15:55:56.949: D/Mono(3838): Assembly ALMWrapper[0xde1785e0] added to domain RootDomain, ref_count=1
04-01 15:55:56.951: D/Mono(3838): AOT: image '/storage/emulated/0/Android/data/mobi.testfactory.TestFactoryCross/files/.__override__/ALMWrapper.dll.so' not found: dlopen failed: library "/data/app/mobi.testfactory.TestFactoryCross-bh87xaAKtmNeal2-bx1S1A==/lib/arm/libaot-ALMWrapper.dll.so" not found
04-01 15:55:56.952: D/Mono(3838): AOT: image '/Users/builder/jenkins/workspace/xamarin-android-d15-9/xamarin-android/external/mono/sdks/out/android-armeabi-v7a-release/lib/mono/aot-cache/arm/ALMWrapper.dll.so' not found: dlopen failed: library "/data/app/mobi.testfactory.TestFactoryCross-bh87xaAKtmNeal2-bx1S1A==/lib/arm/libaot-ALMWrapper.dll.so" not found
04-01 15:55:56.952: D/Mono(3838): Assembly Loader loaded assembly from location: '/storage/emulated/0/Android/data/mobi.testfactory.TestFactoryCross/files/.__override__/ALMWrapper.dll'.
04-01 15:55:56.952: D/Mono(3838): Config attempting to parse: '/storage/emulated/0/Android/data/mobi.testfactory.TestFactoryCross/files/.__override__/ALMWrapper.dll.config'.
04-01 15:55:56.952: D/Mono(3838): Config attempting to parse: '/Users/builder/jenkins/workspace/xamarin-android-d15-9/xamarin-android/external/mono/sdks/out/android-armeabi-v7a-release/etc/mono/assemblies/ALMWrapper/ALMWrapper.config'.
04-01 15:55:56.952: D/Mono(3838): Assembly Loader probing location: '/storage/emulated/0/Android/data/mobi.testfactory.TestFactoryCross/files/.__override__/FastAndroidCamera.dll'.
04-01 15:55:56.953: D/Mono(3838): Image addref FastAndroidCamera[0xde1786a0] -> /storage/emulated/0/Android/data/mobi.testfactory.TestFactoryCross/files/.__override__/FastAndroidCamera.dll[0xdc670d00]: 2
04-01 15:55:56.953: D/Mono(3838): Prepared to set up assembly 'FastAndroidCamera' (/storage/emulated/0/Android/data/mobi.testfactory.TestFactoryCross/files/.__override__/FastAndroidCamera.dll)
04-01 15:55:56.953: D/Mono(3838): Assembly FastAndroidCamera[0xde1786a0] added to domain RootDomain, ref_count=1
04-01 15:55:56.954: D/Mono(3838): AOT: image '/storage/emulated/0/Android/data/mobi.testfactory.TestFactoryCross/files/.__override__/FastAndroidCamera.dll.so' not found: dlopen failed: library "/data/app/mobi.testfactory.TestFactoryCross-bh87xaAKtmNeal2-bx1S1A==/lib/arm/libaot-FastAndroidCamera.dll.so" not found
04-01 15:55:56.955: D/Mono(3838): AOT: image '/Users/builder/jenkins/workspace/xamarin-android-d15-9/xamarin-android/external/mono/sdks/out/android-armeabi-v7a-release/lib/mono/aot-cache/arm/FastAndroidCamera.dll.so' not found: dlopen failed: library "/data/app/mobi.testfactory.TestFactoryCross-bh87xaAKtmNeal2-bx1S1A==/lib/arm/libaot-FastAndroidCamera.dll.so" not found
04-01 15:55:56.955: D/Mono(3838): Assembly Loader loaded assembly from location: '/storage/emulated/0/Android/data/mobi.testfactory.TestFactoryCross/files/.__override__/FastAndroidCamera.dll'.
04-01 15:55:56.955: D/Mono(3838): Config attempting to parse: '/storage/emulated/0/Android/data/mobi.testfactory.TestFactoryCross/files/.__override__/FastAndroidCamera.dll.config'.
04-01 15:55:56.955: D/Mono(3838): Config attempting to parse: '/Users/builder/jenkins/workspace/xamarin-android-d15-9/xamarin-android/external/mono/sdks/out/android-armeabi-v7a-release/etc/mono/assemblies/FastAndroidCamera/FastAndroidCamera.config'.
04-01 15:55:56.956: D/Mono(3838): Assembly Loader probing location: '/storage/emulated/0/Android/data/mobi.testfactory.TestFactoryCross/files/.__override__/FormsViewGroup.dll'.
04-01 15:55:56.956: D/Mono(3838): Image addref FormsViewGroup[0xde178760] -> /storage/emulated/0/Android/data/mobi.testfactory.TestFactoryCross/files/.__override__/FormsViewGroup.dll[0xdc671200]: 2
04-01 15:55:56.956: D/Mono(3838): Prepared to set up assembly 'FormsViewGroup' (/storage/emulated/0/Android/data/mobi.testfactory.TestFactoryCross/files/.__override__/FormsViewGroup.dll)
04-01 15:55:56.956: D/Mono(3838): Assembly FormsViewGroup[0xde178760] added to domain RootDomain, ref_count=1
04-01 15:55:56.957: D/Mono(3838): AOT: image '/storage/emulated/0/Android/data/mobi.testfactory.TestFactoryCross/files/.__override__/FormsViewGroup.dll.so' not found: dlopen failed: library "/data/app/mobi.testfactory.TestFactoryCross-bh87xaAKtmNeal2-bx1S1A==/lib/arm/libaot-FormsViewGroup.dll.so" not found
04-01 15:55:56.958: D/Mono(3838): AOT: image '/Users/builder/jenkins/workspace/xamarin-android-d15-9/xamarin-android/external/mono/sdks/out/android-armeabi-v7a-release/lib/mono/aot-cache/arm/FormsViewGroup.dll.so' not found: dlopen failed: library "/data/app/mobi.testfactory.TestFactoryCross-bh87xaAKtmNeal2-bx1S1A==/lib/arm/libaot-FormsViewGroup.dll.so" not found
04-01 15:55:56.958: D/Mono(3838): Assembly Loader loaded assembly from location: '/storage/emulated/0/Android/data/mobi.testfactory.TestFactoryCross/files/.__override__/FormsViewGroup.dll'.
04-01 15:55:56.958: D/Mono(3838): Config attempting to parse: '/storage/emulated/0/Android/data/mobi.testfactory.TestFactoryCross/files/.__override__/FormsViewGroup.dll.config'.
04-01 15:55:56.959: D/Mono(3838): Config attempting to parse: '/Users/builder/jenkins/workspace/xamarin-android-d15-9/xamarin-android/external/mono/sdks/out/android-armeabi-v7a-release/etc/mono/assemblies/FormsViewGroup/FormsViewGroup.config'.
04-01 15:55:56.959: D/Mono(3838): Assembly Loader probing location: '/storage/emulated/0/Android/data/mobi.testfactory.TestFactoryCross/files/.__override__/Google.Android.Vending.Licensing.dll'.
04-01 15:55:56.959: D/Mono(3838): Image addref Google.Android.Vending.Licensing[0xde178820] -> /storage/emulated/0/Android/data/mobi.testfactory.TestFactoryCross/files/.__override__/Google.Android.Vending.Licensing.dll[0xdc671700]: 2
04-01 15:55:56.959: D/Mono(3838): Prepared to set up assembly 'Google.Android.Vending.Licensing' (/storage/emulated/0/Android/data/mobi.testfactory.TestFactoryCross/files/.__override__/Google.Android.Vending.Licensing.dll)
04-01 15:55:56.959: D/Mono(3838): Assembly Google.Android.Vending.Licensing[0xde178820] added to domain RootDomain, ref_count=1
04-01 15:55:56.960: D/Mono(3838): AOT: image '/storage/emulated/0/Android/data/mobi.testfactory.TestFactoryCross/files/.__override__/Google.Android.Vending.Licensing.dll.so' not found: dlopen failed: library "/data/app/mobi.testfactory.TestFactoryCross-bh87xaAKtmNeal2-bx1S1A==/lib/arm/libaot-Google.Android.Vending.Licensing.dll.so" not found
04-01 15:55:56.961: D/Mono(3838): AOT: image '/Users/builder/jenkins/workspace/xamarin-android-d15-9/xamarin-android/external/mono/sdks/out/android-armeabi-v7a-release/lib/mono/aot-cache/arm/Google.Android.Vending.Licensing.dll.so' not found: dlopen failed: library "/data/app/mobi.testfactory.TestFactoryCross-bh87xaAKtmNeal2-bx1S1A==/lib/arm/libaot-Google.Android.Vending.Licensing.dll.so" not found
04-01 15:55:56.961: D/Mono(3838): Assembly Loader loaded assembly from location: '/storage/emulated/0/Android/data/mobi.testfactory.TestFactoryCross/files/.__override__/Google.Android.Vending.Licensing.dll'.
04-01 15:55:56.962: D/Mono(3838): Config attempting to parse: '/storage/emulated/0/Android/data/mobi.testfactory.TestFactoryCross/files/.__override__/Google.Android.Vending.Licensing.dll.config'.
04-01 15:55:56.962: D/Mono(3838): Config attempting to parse: '/Users/builder/jenkins/workspace/xamarin-android-d15-9/xamarin-android/external/mono/sdks/out/android-armeabi-v7a-release/etc/mono/assemblies/Google.Android.Vending.Licensing/Google.Android.Vending.Licensing.config'.
04-01 15:55:56.962: D/Mono(3838): Assembly Loader probing location: '/storage/emulated/0/Android/data/mobi.testfactory.TestFactoryCross/files/.__override__/HtmlAgilityPack.NetCore.dll'.
04-01 15:55:56.962: D/Mono(3838): Image addref HtmlAgilityPack.NetCore[0xde1788e0] -> /storage/emulated/0/Android/data/mobi.testfactory.TestFactoryCross/files/.__override__/HtmlAgilityPack.NetCore.dll[0xdc671c00]: 2
04-01 15:55:56.962: D/Mono(3838): Prepared to set up assembly 'HtmlAgilityPack.NetCore' (/storage/emulated/0/Android/data/mobi.testfactory.TestFactoryCross/files/.__override__/HtmlAgilityPack.NetCore.dll)
04-01 15:55:56.962: D/Mono(3838): Assembly HtmlAgilityPack.NetCore[0xde1788e0] added to domain RootDomain, ref_count=1
04-01 15:55:56.963: D/Mono(3838): AOT: image '/storage/emulated/0/Android/data/mobi.testfactory.TestFactoryCross/files/.__override__/HtmlAgilityPack.NetCore.dll.so' not found: dlopen failed: library "/data/app/mobi.testfactory.TestFactoryCross-bh87xaAKtmNeal2-bx1S1A==/lib/arm/libaot-HtmlAgilityPack.NetCore.dll.so" not found
04-01 15:55:56.964: D/Mono(3838): AOT: image '/Users/builder/jenkins/workspace/xamarin-android-d15-9/xamarin-android/external/mono/sdks/out/android-armeabi-v7a-release/lib/mono/aot-cache/arm/HtmlAgilityPack.NetCore.dll.so' not found: dlopen failed: library "/data/app/mobi.testfactory.TestFactoryCross-bh87xaAKtmNeal2-bx1S1A==/lib/arm/libaot-HtmlAgilityPack.NetCore.dll.so" not found
04-01 15:55:56.965: D/Mono(3838): Assembly Loader loaded assembly from location: '/storage/emulated/0/Android/data/mobi.testfactory.TestFactoryCross/files/.__override__/HtmlAgilityPack.NetCore.dll'.
04-01 15:55:56.965: D/Mono(3838): Config attempting to parse: '/storage/emulated/0/Android/data/mobi.testfactory.TestFactoryCross/files/.__override__/HtmlAgilityPack.NetCore.dll.config'.
04-01 15:55:56.965: D/Mono(3838): Config attempting to parse: '/Users/builder/jenkins/workspace/xamarin-android-d15-9/xamarin-android/external/mono/sdks/out/android-armeabi-v7a-release/etc/mono/assemblies/HtmlAgilityPack.NetCore/HtmlAgilityPack.NetCore.config'.
04-01 15:55:56.965: D/Mono(3838): Assembly Loader probing location: '/storage/emulated/0/Android/data/mobi.testfactory.TestFactoryCross/files/.__override__/Microsoft.MarkedNet.dll'.
04-01 15:55:56.965: D/Mono(3838): Image addref Microsoft.MarkedNet[0xde1789a0] -> /storage/emulated/0/Android/data/mobi.testfactory.TestFactoryCross/files/.__override__/Microsoft.MarkedNet.dll[0xdc672100]: 2
04-01 15:55:56.965: D/Mono(3838): Prepared to set up assembly 'Microsoft.MarkedNet' (/storage/emulated/0/Android/data/mobi.testfactory.TestFactoryCross/files/.__override__/Microsoft.MarkedNet.dll)
04-01 15:55:56.966: D/Mono(3838): Assembly Microsoft.MarkedNet[0xde1789a0] added to domain RootDomain, ref_count=1
04-01 15:55:56.967: D/Mono(3838): AOT: image '/storage/emulated/0/Android/data/mobi.testfactory.TestFactoryCross/files/.__override__/Microsoft.MarkedNet.dll.so' not found: dlopen failed: library "/data/app/mobi.testfactory.TestFactoryCross-bh87xaAKtmNeal2-bx1S1A==/lib/arm/libaot-Microsoft.MarkedNet.dll.so" not found
04-01 15:55:56.968: D/Mono(3838): AOT: image '/Users/builder/jenkins/workspace/xamarin-android-d15-9/xamarin-android/external/mono/sdks/out/android-armeabi-v7a-release/lib/mono/aot-cache/arm/Microsoft.MarkedNet.dll.so' not found: dlopen failed: library "/data/app/mobi.testfactory.TestFactoryCross-bh87xaAKtmNeal2-bx1S1A==/lib/arm/libaot-Microsoft.MarkedNet.dll.so" not found
04-01 15:55:56.968: D/Mono(3838): Assembly Loader loaded assembly from location: '/storage/emulated/0/Android/data/mobi.testfactory.TestFactoryCross/files/.__override__/Microsoft.MarkedNet.dll'.
04-01 15:55:56.968: D/Mono(3838): Config attempting to parse: '/storage/emulated/0/Android/data/mobi.testfactory.TestFactoryCross/files/.__override__/Microsoft.MarkedNet.dll.config'.
04-01 15:55:56.968: D/Mono(3838): Config attempting to parse: '/Users/builder/jenkins/workspace/xamarin-android-d15-9/xamarin-android/external/mono/sdks/out/android-armeabi-v7a-release/etc/mono/assemblies/Microsoft.MarkedNet/Microsoft.MarkedNet.config'.
04-01 15:55:56.969: D/Mono(3838): Assembly Loader probing location: '/storage/emulated/0/Android/data/mobi.testfactory.TestFactoryCross/files/.__override__/ModernHttpClient.dll'.
04-01 15:55:56.969: D/Mono(3838): Image addref ModernHttpClient[0xde178a60] -> /storage/emulated/0/Android/data/mobi.testfactory.TestFactoryCross/files/.__override__/ModernHttpClient.dll[0xdc672600]: 2
04-01 15:55:56.969: D/Mono(3838): Prepared to set up assembly 'ModernHttpClient' (/storage/emulated/0/Android/data/mobi.testfactory.TestFactoryCross/files/.__override__/ModernHttpClient.dll)
04-01 15:55:56.969: D/Mono(3838): Assembly ModernHttpClient[0xde178a60] added to domain RootDomain, ref_count=1
04-01 15:55:56.970: D/Mono(3838): AOT: image '/storage/emulated/0/Android/data/mobi.testfactory.TestFactoryCross/files/.__override__/ModernHttpClient.dll.so' not found: dlopen failed: library "/data/app/mobi.testfactory.TestFactoryCross-bh87xaAKtmNeal2-bx1S1A==/lib/arm/libaot-ModernHttpClient.dll.so" not found
04-01 15:55:56.971: D/Mono(3838): AOT: image '/Users/builder/jenkins/workspace/xamarin-android-d15-9/xamarin-android/external/mono/sdks/out/android-armeabi-v7a-release/lib/mono/aot-cache/arm/ModernHttpClient.dll.so' not found: dlopen failed: library "/data/app/mobi.testfactory.TestFactoryCross-bh87xaAKtmNeal2-bx1S1A==/lib/arm/libaot-ModernHttpClient.dll.so" not found
04-01 15:55:56.971: D/Mono(3838): Assembly Loader loaded assembly from location: '/storage/emulated/0/Android/data/mobi.testfactory.TestFactoryCross/files/.__override__/ModernHttpClient.dll'.
04-01 15:55:56.971: D/Mono(3838): Config attempting to parse: '/storage/emulated/0/Android/data/mobi.testfactory.TestFactoryCross/files/.__override__/ModernHttpClient.dll.config'.
04-01 15:55:56.971: D/Mono(3838): Config attempting to parse: '/Users/builder/jenkins/workspace/xamarin-android-d15-9/xamarin-android/external/mono/sdks/out/android-armeabi-v7a-release/etc/mono/assemblies/ModernHttpClient/ModernHttpClient.config'.
04-01 15:55:56.972: D/Mono(3838): Assembly Loader probing location: '/storage/emulated/0/Android/data/mobi.testfactory.TestFactoryCross/files/.__override__/Newtonsoft.Json.dll'.
04-01 15:55:56.972: D/Mono(3838): Image addref Newtonsoft.Json[0xde178b20] -> /storage/emulated/0/Android/data/mobi.testfactory.TestFactoryCross/files/.__override__/Newtonsoft.Json.dll[0xdc672b00]: 2
04-01 15:55:56.972: D/Mono(3838): Prepared to set up assembly 'Newtonsoft.Json' (/storage/emulated/0/Android/data/mobi.testfactory.TestFactoryCross/files/.__override__/Newtonsoft.Json.dll)
