04-01 15:49:43.687: I/zygote(2353):   at android.view.ViewGroup android.support.v7.app.AppCompatDelegateImpl.createSubDecor() (AppCompatDelegateImpl.java:637)
04-01 15:49:43.687: I/zygote(2353):   at void android.support.v7.app.AppCompatDelegateImpl.ensureSubDecor() (AppCompatDelegateImpl.java:518)
04-01 15:49:43.687: I/zygote(2353):   at void android.support.v7.app.AppCompatDelegateImpl.initWindowDecorActionBar() (AppCompatDelegateImpl.java:319)
04-01 15:49:43.687: I/zygote(2353):   at android.support.v7.app.ActionBar android.support.v7.app.AppCompatDelegateImpl.getSupportActionBar() (AppCompatDelegateImpl.java:306)
04-01 15:49:43.687: I/zygote(2353):   at void android.support.v7.app.AppCompatDelegateImpl.setSupportActionBar(android.support.v7.widget.Toolbar) (AppCompatDelegateImpl.java:343)
04-01 15:49:43.687: I/zygote(2353):   at void android.support.v7.app.AppCompatActivity.setSupportActionBar(android.support.v7.widget.Toolbar) (AppCompatActivity.java:130)
04-01 15:49:43.687: I/zygote(2353):   at void md57864fc9a7d8f7f3a73f14542c053def5.MainActivity.n_onCreate(android.os.Bundle) (MainActivity.java:-2)
04-01 15:49:43.687: I/zygote(2353):   at void md57864fc9a7d8f7f3a73f14542c053def5.MainActivity.onCreate(android.os.Bundle) (MainActivity.java:30)
04-01 15:49:43.687: I/zygote(2353):   at void android.app.Activity.performCreate(android.os.Bundle, android.os.PersistableBundle) (Activity.java:7258)
04-01 15:49:43.687: I/zygote(2353):   at void android.app.Activity.performCreate(android.os.Bundle) (Activity.java:7249)
04-01 15:49:43.687: I/zygote(2353):   at void android.app.Instrumentation.callActivityOnCreate(android.app.Activity, android.os.Bundle) (Instrumentation.java:1222)
04-01 15:49:43.687: I/zygote(2353):   at android.app.Activity android.app.ActivityThread.performLaunchActivity(android.app.ActivityThread$ActivityClientRecord, android.content.Intent) (ActivityThread.java:2927)
04-01 15:49:43.687: I/zygote(2353):   at void android.app.ActivityThread.handleLaunchActivity(android.app.ActivityThread$ActivityClientRecord, android.content.Intent, java.lang.String) (ActivityThread.java:3059)
04-01 15:49:43.687: I/zygote(2353):   at void android.app.ActivityThread.-wrap11(android.app.ActivityThread, android.app.ActivityThread$ActivityClientRecord, android.content.Intent, java.lang.String) (ActivityThread.java:-1)
04-01 15:49:43.687: I/zygote(2353):   at void android.app.ActivityThread$H.handleMessage(android.os.Message) (ActivityThread.java:1724)
04-01 15:49:43.687: I/zygote(2353):   at void android.os.Handler.dispatchMessage(android.os.Message) (Handler.java:106)
04-01 15:49:43.687: I/zygote(2353):   at void android.os.Looper.loop() (Looper.java:164)
04-01 15:49:43.687: I/zygote(2353):   at void android.app.ActivityThread.main(java.lang.String[]) (ActivityThread.java:7000)
04-01 15:49:43.687: I/zygote(2353):   at java.lang.Object java.lang.reflect.Method.invoke(java.lang.Object, java.lang.Object[]) (Method.java:-2)
04-01 15:49:43.687: I/zygote(2353):   at void com.android.internal.os.RuntimeInit$MethodAndArgsCaller.run() (RuntimeInit.java:441)
04-01 15:49:43.687: I/zygote(2353):   at void com.android.internal.os.ZygoteInit.main(java.lang.String[]) (ZygoteInit.java:1408)
04-01 15:49:43.688: I/zygote(2353): Rejecting re-init on previously-failed class java.lang.Class<android.support.v4.view.ViewCompat$OnUnhandledKeyEventListenerWrapper>: java.lang.NoClassDefFoundError: Failed resolution of: Landroid/view/View$OnUnhandledKeyEventListener;
04-01 15:49:43.688: I/zygote(2353):   at void android.support.v4.view.ViewCompat.setOnApplyWindowInsetsListener(android.view.View, android.support.v4.view.OnApplyWindowInsetsListener) (ViewCompat.java:2203)
04-01 15:49:43.688: I/zygote(2353):   at android.view.ViewGroup android.support.v7.app.AppCompatDelegateImpl.createSubDecor() (AppCompatDelegateImpl.java:637)
04-01 15:49:43.688: I/zygote(2353):   at void android.support.v7.app.AppCompatDelegateImpl.ensureSubDecor() (AppCompatDelegateImpl.java:518)
04-01 15:49:43.688: I/zygote(2353):   at void android.support.v7.app.AppCompatDelegateImpl.initWindowDecorActionBar() (AppCompatDelegateImpl.java:319)
04-01 15:49:43.688: I/zygote(2353):   at android.support.v7.app.ActionBar android.support.v7.app.AppCompatDelegateImpl.getSupportActionBar() (AppCompatDelegateImpl.java:306)
04-01 15:49:43.688: I/zygote(2353):   at void android.support.v7.app.AppCompatDelegateImpl.setSupportActionBar(android.support.v7.widget.Toolbar) (AppCompatDelegateImpl.java:343)
04-01 15:49:43.688: I/zygote(2353):   at void android.support.v7.app.AppCompatActivity.setSupportActionBar(android.support.v7.widget.Toolbar) (AppCompatActivity.java:130)
04-01 15:49:43.688: I/zygote(2353):   at void md57864fc9a7d8f7f3a73f14542c053def5.MainActivity.n_onCreate(android.os.Bundle) (MainActivity.java:-2)
04-01 15:49:43.688: I/zygote(2353):   at void md57864fc9a7d8f7f3a73f14542c053def5.MainActivity.onCreate(android.os.Bundle) (MainActivity.java:30)
04-01 15:49:43.688: I/zygote(2353):   at void android.app.Activity.performCreate(android.os.Bundle, android.os.PersistableBundle) (Activity.java:7258)
04-01 15:49:43.688: I/zygote(2353):   at void android.app.Activity.performCreate(android.os.Bundle) (Activity.java:7249)
04-01 15:49:43.688: I/zygote(2353):   at void android.app.Instrumentation.callActivityOnCreate(android.app.Activity, android.os.Bundle) (Instrumentation.java:1222)
04-01 15:49:43.688: I/zygote(2353):   at android.app.Activity android.app.ActivityThread.performLaunchActivity(android.app.ActivityThread$ActivityClientRecord, android.content.Intent) (ActivityThread.java:2927)
04-01 15:49:43.688: I/zygote(2353):   at void android.app.ActivityThread.handleLaunchActivity(android.app.ActivityThread$ActivityClientRecord, android.content.Intent, java.lang.String) (ActivityThread.java:3059)
04-01 15:49:43.688: I/zygote(2353):   at void android.app.ActivityThread.-wrap11(android.app.ActivityThread, android.app.ActivityThread$ActivityClientRecord, android.content.Intent, java.lang.String) (ActivityThread.java:-1)
04-01 15:49:43.688: I/zygote(2353):   at void android.app.ActivityThread$H.handleMessage(android.os.Message) (ActivityThread.java:1724)
04-01 15:49:43.688: I/zygote(2353):   at void android.os.Handler.dispatchMessage(android.os.Message) (Handler.java:106)
04-01 15:49:43.688: I/zygote(2353):   at void android.os.Looper.loop() (Looper.java:164)
04-01 15:49:43.688: I/zygote(2353):   at void android.app.ActivityThread.main(java.lang.String[]) (ActivityThread.java:7000)
04-01 15:49:43.688: I/zygote(2353):   at java.lang.Object java.lang.reflect.Method.invoke(java.lang.Object, java.lang.Object[]) (Method.java:-2)
04-01 15:49:43.688: I/zygote(2353):   at void com.android.internal.os.RuntimeInit$MethodAndArgsCaller.run() (RuntimeInit.java:441)
04-01 15:49:43.688: I/zygote(2353):   at void com.android.internal.os.ZygoteInit.main(java.lang.String[]) (ZygoteInit.java:1408)
04-01 15:49:43.688: I/zygote(2353): Caused by: java.lang.ClassNotFoundException: Didn't find class "android.view.View$OnUnhandledKeyEventListener" on path: DexPathList[[zip file "/data/app/mobi.testfactory.TestFactoryCross-W8bmvDXZ7EOp--nSkd2u5w==/base.apk"],nativeLibraryDirectories=[/data/app/mobi.testfactory.TestFactoryCross-W8bmvDXZ7EOp--nSkd2u5w==/lib/arm, /system/fake-libs, /data/app/mobi.testfactory.TestFactoryCross-W8bmvDXZ7EOp--nSkd2u5w==/base.apk!/lib/armeabi-v7a, /system/lib, /system/vendor/lib]]
04-01 15:49:43.688: I/zygote(2353):   at java.lang.Class dalvik.system.BaseDexClassLoader.findClass(java.lang.String) (BaseDexClassLoader.java:125)
04-01 15:49:43.688: I/zygote(2353):   at java.lang.Class java.lang.ClassLoader.loadClass(java.lang.String, boolean) (ClassLoader.java:379)
04-01 15:49:43.688: I/zygote(2353):   at java.lang.Class java.lang.ClassLoader.loadClass(java.lang.String) (ClassLoader.java:312)
04-01 15:49:43.688: I/zygote(2353):   at void android.support.v4.view.ViewCompat.setOnApplyWindowInsetsListener(android.view.View, android.support.v4.view.OnApplyWindowInsetsListener) (ViewCompat.java:2203)
04-01 15:49:43.688: I/zygote(2353):   at android.view.ViewGroup android.support.v7.app.AppCompatDelegateImpl.createSubDecor() (AppCompatDelegateImpl.java:637)
04-01 15:49:43.688: I/zygote(2353):   at void android.support.v7.app.AppCompatDelegateImpl.ensureSubDecor() (AppCompatDelegateImpl.java:518)
04-01 15:49:43.688: I/zygote(2353):   at void android.support.v7.app.AppCompatDelegateImpl.initWindowDecorActionBar() (AppCompatDelegateImpl.java:319)
04-01 15:49:43.688: I/zygote(2353):   at android.support.v7.app.ActionBar android.support.v7.app.AppCompatDelegateImpl.getSupportActionBar() (AppCompatDelegateImpl.java:306)
04-01 15:49:43.688: I/zygote(2353):   at void android.support.v7.app.AppCompatDelegateImpl.setSupportActionBar(android.support.v7.widget.Toolbar) (AppCompatDelegateImpl.java:343)
04-01 15:49:43.688: I/zygote(2353):   at void android.support.v7.app.AppCompatActivity.setSupportActionBar(android.support.v7.widget.Toolbar) (AppCompatActivity.java:130)
04-01 15:49:43.688: I/zygote(2353):   at void md57864fc9a7d8f7f3a73f14542c053def5.MainActivity.n_onCreate(android.os.Bundle) (MainActivity.java:-2)
04-01 15:49:43.688: I/zygote(2353):   at void md57864fc9a7d8f7f3a73f14542c053def5.MainActivity.onCreate(android.os.Bundle) (MainActivity.java:30)
04-01 15:49:43.688: I/zygote(2353):   at void android.app.Activity.performCreate(android.os.Bundle, android.os.PersistableBundle) (Activity.java:7258)
04-01 15:49:43.688: I/zygote(2353):   at void android.app.Activity.performCreate(android.os.Bundle) (Activity.java:7249)
04-01 15:49:43.688: I/zygote(2353):   at void android.app.Instrumentation.callActivityOnCreate(android.app.Activity, android.os.Bundle) (Instrumentation.java:1222)
04-01 15:49:43.688: I/zygote(2353):   at android.app.Activity android.app.ActivityThread.performLaunchActivity(android.app.ActivityThread$ActivityClientRecord, android.content.Intent) (ActivityThread.java:2927)
04-01 15:49:43.688: I/zygote(2353):   at void android.app.ActivityThread.handleLaunchActivity(android.app.ActivityThread$ActivityClientRecord, android.content.Intent, java.lang.String) (ActivityThread.java:3059)
04-01 15:49:43.688: I/zygote(2353):   at void android.app.ActivityThread.-wrap11(android.app.ActivityThread, android.app.ActivityThread$ActivityClientRecord, android.content.Intent, java.lang.String) (ActivityThread.java:-1)
04-01 15:49:43.688: I/zygote(2353):   at void android.app.ActivityThread$H.handleMessage(android.os.Message) (ActivityThread.java:1724)
04-01 15:49:43.688: I/zygote(2353):   at void android.os.Handler.dispatchMessage(android.os.Message) (Handler.java:106)
04-01 15:49:43.688: I/zygote(2353):   at void android.os.Looper.loop() (Looper.java:164)
04-01 15:49:43.688: I/zygote(2353):   at void android.app.ActivityThread.main(java.lang.String[]) (ActivityThread.java:7000)
04-01 15:49:43.688: I/zygote(2353):   at java.lang.Object java.lang.reflect.Method.invoke(java.lang.Object, java.lang.Object[]) (Method.java:-2)
04-01 15:49:43.688: I/zygote(2353):   at void com.android.internal.os.RuntimeInit$MethodAndArgsCaller.run() (RuntimeInit.java:441)
04-01 15:49:43.688: I/zygote(2353):   at void com.android.internal.os.ZygoteInit.main(java.lang.String[]) (ZygoteInit.java:1408)
04-01 15:49:44.160: I/LicenseChecker(2353): Binding to licensing service.
04-01 15:49:44.361: D/CustomFrequencyManagerService(2916): FrequencyrequestList.getNextMaxCPUCoreRequest, index: 2
04-01 15:49:44.363: D/CustomFrequencyManagerService(2916): releaseDVFSLockLocked : Getting Lock type frm List : DVFS_MIN_LIMIT  frequency : 1586000  uid : 1000  pid : 2916  tag : APP_LAUNCH@CPU_MIN@7
04-01 15:49:44.405: D/WifiStateMachine(2916):  ConnectedState !CMD_RSSI_POLL rt=19504930/71096207 28 0 "Guest-ABB" 00:3a:99:23:ae:14 rssi=-67 f=2462 sc=56 link=54 tx=4.9, 0.0, 0.0  rx=0.0 bcn=39016 [on:0 tx:0 rx:0 period:3001] from screen [on:1005857 period:1172125] score=56
04-01 15:49:44.406: D/WifiStateMachine(2916):  L2ConnectedState !CMD_RSSI_POLL rt=19504930/71096208 28 0 "Guest-ABB" 00:3a:99:23:ae:14 rssi=-67 f=2462 sc=56 link=54 tx=4.9, 0.0, 0.0  rx=0.0 bcn=39016 [on:0 tx:0 rx:0 period:1] from screen [on:1005857 period:1172126] score=56
04-01 15:49:44.406: D/WifiStateMachine(2916):  get link layer stats 3
04-01 15:49:44.413: D/WifiStateMachine(2916): fetchRssiLinkSpeedAndFrequencyNative rssi=-66 linkspeed=54 freq=2462
04-01 15:49:44.414: V/WifiConfigManager(2916): Updating scan detail cache freq=2462 BSSID=00:3a:99:23:ae:14 RSSI=-66 for "Guest-ABB"NONE
04-01 15:49:44.416: D/NetworkController(3371): updateCarrierText : Guest-ABB
04-01 15:49:44.416: D/KeyguardUpdateMonitor(3371): updateCarrierTextInfo
04-01 15:49:44.416: D/Tile.WifiTile(3371): handleUpdateState enabled  = true
04-01 15:49:44.417: D/PreBindingService(2916): handleMessage : 1
04-01 15:49:44.417: D/PreBindingService(2916): needToKeepBinding: Device is not voice capable
04-01 15:49:44.418: D/KeyguardClockPage(3371): isNetworkRoamingState id=-2 roaming=false
04-01 15:49:44.418: D/KeyguardClockPage(3371): onRefreshCarrierInfo(pre, now): false, false
04-01 15:49:44.418: D/CarrierText(3371): updateCarrierText(): subscriptionInfo Size = 0, DefaultText = Kein Netz
04-01 15:49:44.418: D/MultiSimUtils(3371): isSimStateReadyorNotReady() : simSlot = 0, simState = 
04-01 15:49:44.419: D/CarrierText(3371): Getting plmn/spn/subId sticky brdcst  plmn : Kein Netz, spn : , subId :-2
04-01 15:49:44.419: D/CarrierText(3371): plmn Of NetworkController Impl : Guest-ABB
04-01 15:49:44.419: D/CarrierText(3371): BLOCK_CARRIER_TEXT_WHEN_SIM_NOT_READY or KOR_USIM_TEXT
04-01 15:49:44.419: D/CarrierText(3371): setText : 
04-01 15:49:44.419: D/CarrierText(3371): updateCarrierText(): subscriptionInfo Size = 0, DefaultText = Kein Netz
04-01 15:49:44.419: D/MultiSimUtils(3371): isSimStateReadyorNotReady() : simSlot = 0, simState = 
04-01 15:49:44.420: D/CarrierText(3371): Getting plmn/spn/subId sticky brdcst  plmn : Kein Netz, spn : , subId :-2
04-01 15:49:44.420: D/CarrierText(3371): plmn Of NetworkController Impl : Guest-ABB
04-01 15:49:44.420: D/CarrierText(3371): BLOCK_CARRIER_TEXT_WHEN_SIM_NOT_READY or KOR_USIM_TEXT
04-01 15:49:44.420: D/CarrierText(3371): setText : 
04-01 15:49:44.594: D/WifiService(2916): getConnectionInfo uid=1000
04-01 15:49:44.599: D/WifiTrafficPoller(2916): TrafficStats TxPkts=9707 RxPkts=10445 TxBytes=1880454 RxBytes=2709361 , Foreground uid=10224 pkgName=mobi.testfactory.TestFactoryCross txBytes=7458 rxBytes=3444
04-01 15:49:45.371: D/CustomFrequencyManagerService(2916): acquireDVFSLockLocked : type : DVFS_MIN_LIMIT  frequency : 1482000  uid : 1000  pid : 2916  pkgName : AMS_RESUME_TAIL@CPU_MIN@58
04-01 15:49:45.371: D/ActivityManagerPerformance(2916): AMP_acquire() TAIL
04-01 15:49:45.371: D/CustomFrequencyManagerService(2916): FrequencyrequestList.getNextMaxCPUCoreRequest, index: 2
04-01 15:49:45.372: D/CustomFrequencyManagerService(2916): releaseDVFSLockLocked : Getting Lock type frm List : DVFS_MIN_LIMIT  frequency : 1586000  uid : 1000  pid : 2916  tag : AMS_APP_SWITCH@CPU_MIN@52
04-01 15:49:45.372: D/ActivityManagerPerformance(2916): AMP_release() APP_SWITCH
04-01 15:49:45.601: D/WifiService(2916): getConnectionInfo uid=1000
04-01 15:49:45.606: D/WifiTrafficPoller(2916): TrafficStats TxPkts=9707 RxPkts=10445 TxBytes=1880454 RxBytes=2709361 , Foreground uid=10224 pkgName=mobi.testfactory.TestFactoryCross txBytes=7458 rxBytes=3444
04-01 15:49:45.980: D/CustomFrequencyManagerService(2916): releaseDVFSLockLocked : Getting Lock type frm List : DVFS_MIN_LIMIT  frequency : 1482000  uid : 1000  pid : 2916  tag : AMS_RESUME_TAIL@CPU_MIN@58
04-01 15:49:46.333: I/zygote(2353): Explicit concurrent copying GC freed 1754(163KB) AllocSpace objects, 2(40KB) LOS objects, 55% free, 1237KB/2MB, paused 118us total 11.752ms
04-01 15:49:46.477: D/io_stats(3830): !@ 179,0 r 125644 5547962 w 76386 1970804 d 7004 1001820 f 25479 25466 iot 147450 145778 th 51200 0 0 pt 0 inp 0 0 19507.001
04-01 15:49:46.603: V/APM_AudioPolicyManager(2664): getAudioPolicyConfig: audioParam;outDevice
04-01 15:49:46.603: V/APM_AudioPolicyManager(2664): getNewOutputDevice() selected device 0
04-01 15:49:46.603: V/APM_AudioPolicyManager(2664): ### curdevice : 2
04-01 15:49:46.604: D/SSRM:aR(2916): AudioType = 2, Vol = 0
04-01 15:49:46.608: D/WifiService(2916): getConnectionInfo uid=1000
04-01 15:49:46.611: D/WifiService(2916): getConnectionInfo uid=1000
04-01 15:49:46.613: D/WifiTrafficPoller(2916): TrafficStats TxPkts=9707 RxPkts=10445 TxBytes=1880454 RxBytes=2709361 , Foreground uid=10224 pkgName=mobi.testfactory.TestFactoryCross txBytes=7458 rxBytes=3444
04-01 15:49:46.621: D/SSRM:M(2916): SIOP:: AP:328(332,0) BAT:282(282,0) CHG:0(0,0) ATC:0(0,0) 
04-01 15:49:46.763: E/adbd(22652): recv: OPEN 00000c81 00000000 000e:73 68 65 6C 6C 3A 6C 73 20 2D 6C 20 2F 00 
04-01 15:49:46.792: E/audit(2648): type=1400 audit(1554126586.781:1228): avc:  denied  { getattr } for  pid=2377 comm="ls" path="/cpefs" dev="mmcblk0p4" ino=2 scontext=u:r:shell:s0 tcontext=u:object_r:sec_efs_file:s0 tclass=dir permissive=0 SEPF_SM-T580_8.1.0_0008 audit_filtered
04-01 15:49:46.792: E/audit(2648): type=1300 audit(1554126586.781:1228): arch=40000028 syscall=327 per=8 success=no exit=-13 a0=4 a1=ea83a0b3 a2=ff9978a0 a3=100 items=0 ppid=22652 pid=2377 auid=4294967295 uid=2000 gid=2000 euid=2000 suid=2000 fsuid=2000 egid=2000 sgid=2000 fsgid=2000 tty=pts1 ses=4294967295 comm="ls" exe="/system/bin/toybox" subj=u:r:shell:s0 key=(null)
04-01 15:49:46.792: E/audit(2648): type=1327 audit(1554126586.781:1228): proctitle=6C73002D6C002F
04-01 15:49:46.825: E/adbd(22652): recv: OPEN 00000c82 00000000 001c:73 68 65 6C 6C 3A 6C 73 20 2D 6C 20 2D 64 20 2F 62 75 67 72 65 70 6F 72 74 73 2F 00 
04-01 15:49:46.864: E/adbd(22652): recv: OPEN 00000c83 00000000 0019:73 68 65 6C 6C 3A 6C 73 20 2D 6C 20 2D 64 20 2F 63 68 61 72 67 65 72 2F 00 
04-01 15:49:47.070: D/SensorService(2916): [SO] 0.077 0.059 9.919
04-01 15:49:47.415: D/WifiStateMachine(2916):  ConnectedState !CMD_RSSI_POLL rt=19507940/71099217 28 0 "Guest-ABB" 00:3a:99:23:ae:14 rssi=-66 f=2462 sc=56 link=54 tx=1.8, 0.0, 0.0  rx=0.0 bcn=39016 [on:0 tx:0 rx:0 period:3000] from screen [on:1008805 period:1175135] score=56
04-01 15:49:47.416: D/WifiStateMachine(2916):  L2ConnectedState !CMD_RSSI_POLL rt=19507941/71099218 28 0 "Guest-ABB" 00:3a:99:23:ae:14 rssi=-66 f=2462 sc=56 link=54 tx=1.8, 0.0, 0.0  rx=0.0 bcn=39016 [on:0 tx:0 rx:0 period:1] from screen [on:1008805 period:1175136] score=56
04-01 15:49:47.416: D/WifiStateMachine(2916):  get link layer stats 3
04-01 15:49:47.423: D/WifiStateMachine(2916): fetchRssiLinkSpeedAndFrequencyNative rssi=-66 linkspeed=54 freq=2462
04-01 15:49:47.424: V/WifiConfigManager(2916): Updating scan detail cache freq=2462 BSSID=00:3a:99:23:ae:14 RSSI=-66 for "Guest-ABB"NONE
04-01 15:49:47.615: D/WifiService(2916): getConnectionInfo uid=1000
04-01 15:49:47.620: D/WifiTrafficPoller(2916): TrafficStats TxPkts=9707 RxPkts=10445 TxBytes=1880454 RxBytes=2709361 , Foreground uid=10224 pkgName=mobi.testfactory.TestFactoryCross txBytes=7458 rxBytes=3444
04-01 15:49:48.013: I/zygote(2353): Explicit concurrent copying GC freed 102(87KB) AllocSpace objects, 0(0B) LOS objects, 54% free, 1291KB/2MB, paused 116us total 12.143ms
04-01 15:49:48.156: D/OpenGLRenderer(2353): HWUI GL Pipeline
04-01 15:49:48.159: D/InputTransport(2916): Input channel constructed: fd=447
04-01 15:49:48.159: D/InputTransport(2916): Input channel constructed: fd=448
04-01 15:49:48.160: D/InputTransport(2916): Input channel destroyed: fd=448
04-01 15:49:48.161: D/InputTransport(2353): Input channel constructed: fd=58
04-01 15:49:48.161: D/ViewRootImpl@13224c1[MainActivity](2353): setView = DecorView@7d2a466[MainActivity] TM=true MM=false
04-01 15:49:48.161: D/ActivityManager(2916): post active user change for 0 fullscreen true isHomeActivity() false
04-01 15:49:48.162: I/LicenseChecker(2353): Calling checkLicense on service for mobi.testfactory.TestFactoryCross
04-01 15:49:48.162: I/LicenseChecker(2353): Start monitoring timeout.
04-01 15:49:48.175: W/ChimeraUtils(3658): Non Chimera context
04-01 15:49:48.175: W/ChimeraUtils(3658): Non Chimera context
04-01 15:49:48.199: I/System.out(3658): (HTTPLog)-Static: isSBSettingEnabled false
04-01 15:49:48.199: I/System.out(3658): (HTTPLog)-Static: isSBSettingEnabled false
04-01 15:49:48.200: D/DnsProxyListener(2676): DNSDBG::dns addrinfo af 2
04-01 15:49:48.212: W/Conscrypt(3658): Could not set socket write timeout: java.net.SocketException: Socket closed
04-01 15:49:48.212: W/Conscrypt(3658): 	at com.google.android.gms.org.conscrypt.Platform.setSocketWriteTimeout(:com.google.android.gms@16089016@16.0.89 (040304-239467275):2)
04-01 15:49:48.212: W/Conscrypt(3658): 	at com.google.android.gms.org.conscrypt.ConscryptFileDescriptorSocket.setSoWriteTimeout(:com.google.android.gms@16089016@16.0.89 (040304-239467275):2)
04-01 15:49:48.317: D/InputMethodManager(2353): HSIFW - flag : 0 Pid : 2353
04-01 15:49:48.317: I/InputMethodManager(2353): hideSoftInputFromWindow ignore mServedView == null or mServedView.getWindowToken() != windowToken, mServedView :0
04-01 15:49:48.351: D/ViewRootImpl@13224c1[MainActivity](2353): dispatchAttachedToWindow
04-01 15:49:48.359: V/WindowManager(2916): Relayout Window{f2ba251 u0 mobi.testfactory.TestFactoryCross/md57864fc9a7d8f7f3a73f14542c053def5.MainActivity}: viewVisibility=0 req=1920x1164 WM.LayoutParams{(0,0)(fillxfill) sim=#120 ty=1 fl=#81810100 wanim=0x10302fc vsysui=0x600 needsMenuKey=2 colorMode=0 naviIconColor=0}
04-01 15:49:48.363: I/SurfaceFlinger(2589): id=127 createSurf (1920x1200),1 flag=404, mobi.testfactory.TestFactoryCross/md57864fc9a7d8f7f3a73f14542c053def5.MainActivity[2353]#0
04-01 15:49:48.363: W/Choreographer(2916): Frame time is 11.741915 ms in the future!  Check that graphics HAL is generating vsync timestamps using the correct timebase.
04-01 15:49:48.364: V/Surface(2916): sf_framedrop debug : 0x4f4c, game : false, logging : 0
04-01 15:49:48.368: D/InputDispatcher(2916): Focus entered window: 2353 0
04-01 15:49:48.369: V/Surface(2353): sf_framedrop debug : 0x4f4c, game : false, logging : 0
04-01 15:49:48.370: D/ViewRootImpl@13224c1[MainActivity](2353): Relayout returned: old=[0,0][0,0] new=[0,0][1920,1200] result=0x7 surface={valid=true 3328946176} changed=true
04-01 15:49:48.376: I/zygote(2353): android::hardware::configstore::V1_0::ISurfaceFlingerConfigs::hasWideColorDisplay retrieved: 0
04-01 15:49:48.377: I/OpenGLRenderer(2353): Initialized EGL, version 1.4
04-01 15:49:48.377: D/OpenGLRenderer(2353): Swap behavior 2
04-01 15:49:48.381: D/libGLESv1(2353): STS_GLApi : DTS, ODTC are not allowed for Package : mobi.testfactory.TestFactoryCross
04-01 15:49:48.383: D/mali_winsys(2353): EGLint new_window_surface(egl_winsys_display *, void *, EGLSurface, EGLConfig, egl_winsys_surface **, egl_color_buffer_format *, EGLBoolean) returns 0x3000,  [1920x1200]-format:1
04-01 15:49:48.383: D/OpenGLRenderer(2353): eglCreateWindowSurface = 0xc50210e0, 0xc66bb008
04-01 15:49:48.421: I/System.out(3658): (HTTPLog)-Static: isSBSettingEnabled false
04-01 15:49:48.421: I/System.out(3658): (HTTPLog)-Static: isSBSettingEnabled false
04-01 15:49:48.427: W/Conscrypt(3658): Could not set socket write timeout: java.net.SocketException: Socket closed
04-01 15:49:48.427: W/Conscrypt(3658): 	at com.google.android.gms.org.conscrypt.Platform.setSocketWriteTimeout(:com.google.android.gms@16089016@16.0.89 (040304-239467275):2)
04-01 15:49:48.427: W/Conscrypt(3658): 	at com.google.android.gms.org.conscrypt.ConscryptFileDescriptorSocket.setSoWriteTimeout(:com.google.android.gms@16089016@16.0.89 (040304-239467275):2)
04-01 15:49:48.430: I/System.out(3658): (HTTPLog)-Static: isSBSettingEnabled false
04-01 15:49:48.431: I/System.out(3658): (HTTPLog)-Static: isSBSettingEnabled false
04-01 15:49:48.435: W/Conscrypt(3658): Could not set socket write timeout: java.net.SocketException: Socket closed
04-01 15:49:48.435: W/Conscrypt(3658): 	at com.google.android.gms.org.conscrypt.Platform.setSocketWriteTimeout(:com.google.android.gms@16089016@16.0.89 (040304-239467275):2)
04-01 15:49:48.436: W/Conscrypt(3658): 	at com.google.android.gms.org.conscrypt.ConscryptFileDescriptorSocket.setSoWriteTimeout(:com.google.android.gms@16089016@16.0.89 (040304-239467275):2)
04-01 15:49:48.439: I/System.out(3658): (HTTPLog)-Static: isSBSettingEnabled false
04-01 15:49:48.439: I/System.out(3658): (HTTPLog)-Static: isSBSettingEnabled false
04-01 15:49:48.443: W/Conscrypt(3658): Could not set socket write timeout: java.net.SocketException: Socket closed
04-01 15:49:48.444: W/Conscrypt(3658): 	at com.google.android.gms.org.conscrypt.Platform.setSocketWriteTimeout(:com.google.android.gms@16089016@16.0.89 (040304-239467275):2)
04-01 15:49:48.444: W/Conscrypt(3658): 	at com.google.android.gms.org.conscrypt.ConscryptFileDescriptorSocket.setSoWriteTimeout(:com.google.android.gms@16089016@16.0.89 (040304-239467275):2)
04-01 15:49:48.448: E/Auth(3658): [GoogleAccountDataServiceImpl] getToken() -> NETWORK_ERROR. Account: <ELLIDED:-159645558>, App: com.android.vending, Service: oauth2:https://www.googleapis.com/auth/googleplay
04-01 15:49:48.448: E/Auth(3658): qsk: Error when calling server.
04-01 15:49:48.448: E/Auth(3658): 	at hac.c(:com.google.android.gms@16089016@16.0.89 (040304-239467275):333)
04-01 15:49:48.448: E/Auth(3658): 	at hac.a(:com.google.android.gms@16089016@16.0.89 (040304-239467275):12)
04-01 15:49:48.448: E/Auth(3658): 	at hac.b(Unknown Source:0)
04-01 15:49:48.448: E/Auth(3658): 	at gyn.a(:com.google.android.gms@16089016@16.0.89 (040304-239467275):22)
04-01 15:49:48.448: E/Auth(3658): 	at ite.a(:com.google.android.gms@16089016@16.0.89 (040304-239467275):7)
04-01 15:49:48.448: E/Auth(3658): 	at ite.a(:com.google.android.gms@16089016@16.0.89 (040304-239467275):161)
04-01 15:49:48.448: E/Auth(3658): 	at ise.a(Unknown Source:2)
04-01 15:49:48.448: E/Auth(3658): 	at isc.a(:com.google.android.gms@16089016@16.0.89 (040304-239467275):17)
04-01 15:49:48.448: E/Auth(3658): 	at isc.a(:com.google.android.gms@16089016@16.0.89 (040304-239467275):7)
04-01 15:49:48.448: E/Auth(3658): 	at guz.a(:com.google.android.gms@16089016@16.0.89 (040304-239467275):33)
04-01 15:49:48.448: E/Auth(3658): 	at guz.a(:com.google.android.gms@16089016@16.0.89 (040304-239467275):81)
04-01 15:49:48.448: E/Auth(3658): 	at gvi.a(:com.google.android.gms@16089016@16.0.89 (040304-239467275):3)
04-01 15:49:48.448: E/Auth(3658): 	at gvh.a(:com.google.android.gms@16089016@16.0.89 (040304-239467275):2)
04-01 15:49:48.448: E/Auth(3658): 	at gvh.c(:com.google.android.gms@16089016@16.0.89 (040304-239467275):6)
04-01 15:49:48.448: E/Auth(3658): 	at gvg.a(:com.google.android.gms@16089016@16.0.89 (040304-239467275):1)
04-01 15:49:48.448: E/Auth(3658): 	at gxe.getAuthToken(:com.google.android.gms@16089016@16.0.89 (040304-239467275):9)
04-01 15:49:48.448: E/Auth(3658): 	at android.accounts.AbstractAccountAuthenticator$Transport.getAuthToken(AbstractAccountAuthenticator.java:244)
04-01 15:49:48.448: E/Auth(3658): 	at android.accounts.IAccountAuthenticator$Stub.onTransact(IAccountAuthenticator.java:113)
04-01 15:49:48.448: E/Auth(3658): 	at android.os.Binder.transact(Binder.java:635)
04-01 15:49:48.448: E/Auth(3658): 	at dwd.onTransact(:com.google.android.gms@16089016@16.0.89 (040304-239467275):3)
04-01 15:49:48.448: E/Auth(3658): 	at android.os.Binder.execTransact(Binder.java:705)
04-01 15:49:48.448: E/Auth(3658): Caused by: javax.net.ssl.SSLHandshakeException: Connection closed by peer
04-01 15:49:48.448: E/Auth(3658): 	at com.google.android.gms.org.conscrypt.NativeCrypto.SSL_do_handshake(Native Method)
04-01 15:49:48.448: E/Auth(3658): 	at com.google.android.gms.org.conscrypt.NativeSsl.doHandshake(:com.google.android.gms@16089016@16.0.89 (040304-239467275):7)
04-01 15:49:48.448: E/Auth(3658): 	at com.google.android.gms.org.conscrypt.ConscryptFileDescriptorSocket.startHandshake(:com.google.android.gms@16089016@16.0.89 (040304-239467275):14)
04-01 15:49:48.448: E/Auth(3658): 	at aogy.a(:com.google.android.gms@16089016@16.0.89 (040304-239467275):20)
04-01 15:49:48.448: E/Auth(3658): 	at aogy.createSocket(:com.google.android.gms@16089016@16.0.89 (040304-239467275):6)
04-01 15:49:48.448: E/Auth(3658): 	at com.android.okhttp.internal.io.RealConnection.connectTls(RealConnection.java:1463)
04-01 15:49:48.448: E/Auth(3658): 	at com.android.okhttp.internal.io.RealConnection.connectSocket(RealConnection.java:1423)
04-01 15:49:48.448: E/Auth(3658): 	at com.android.okhttp.internal.io.RealConnection.connect(RealConnection.java:1367)
04-01 15:49:48.448: E/Auth(3658): 	at com.android.okhttp.internal.http.StreamAllocation.findConnection(StreamAllocation.java:219)
04-01 15:49:48.448: E/Auth(3658): 	at com.android.okhttp.internal.http.StreamAllocation.findHealthyConnection(StreamAllocation.java:142)
04-01 15:49:48.448: E/Auth(3658): 	at com.android.okhttp.internal.http.StreamAllocation.newStream(StreamAllocation.java:104)
04-01 15:49:48.448: E/Auth(3658): 	at com.android.okhttp.internal.http.HttpEngine.connect(HttpEngine.java:392)
04-01 15:49:48.448: E/Auth(3658): 	at com.android.okhttp.internal.http.HttpEngine.sendRequest(HttpEngine.java:325)
04-01 15:49:48.448: E/Auth(3658): 	at com.android.okhttp.internal.huc.HttpURLConnectionImpl.execute(HttpURLConnectionImpl.java:489)
04-01 15:49:48.448: E/Auth(3658): 	at com.android.okhttp.internal.huc.HttpURLConnectionImpl.connect(HttpURLConnectionImpl.java:131)
04-01 15:49:48.448: E/Auth(3658): 	at com.android.okhttp.internal.huc.HttpURLConnectionImpl.getOutputStream(HttpURLConnectionImpl.java:262)
04-01 15:49:48.448: E/Auth(3658): 	at com.android.okhttp.internal.huc.DelegatingHttpsURLConnection.getOutputStream(DelegatingHttpsURLConnection.java:218)
04-01 15:49:48.448: E/Auth(3658): 	at com.android.okhttp.internal.huc.HttpsURLConnectionImpl.getOutputStream(Unknown Source:0)
04-01 15:49:48.448: E/Auth(3658): 	at abbg.a(:com.google.android.gms@16089016@16.0.89 (040304-239467275):39)
04-01 15:49:48.448: E/Auth(3658): 	at jaz.a(:com.google.android.gms@16089016@16.0.89 (040304-239467275):1)
04-01 15:49:48.448: E/Auth(3658): 	at gzo.a(:com.google.android.gms@16089016@16.0.89 (040304-239467275):12)
04-01 15:49:48.448: E/Auth(3658): 	at gzo.a(:com.google.android.gms@16089016@16.0.89 (040304-239467275):8)
04-01 15:49:48.448: E/Auth(3658): 	at hac.c(:com.google.android.gms@16089016@16.0.89 (040304-239467275):79)
04-01 15:49:48.448: E/Auth(3658): 	... 20 more
04-01 15:49:48.449: W/Auth(3658): [GetToken] GetToken failed with status code: NetworkError
04-01 15:49:48.449: W/GLSActivity(3658): java.io.IOException: NetworkError
04-01 15:49:48.449: W/GLSActivity(3658): 	at gvi.a(:com.google.android.gms@16089016@16.0.89 (040304-239467275):9)
04-01 15:49:48.449: W/GLSActivity(3658): 	at gvh.a(:com.google.android.gms@16089016@16.0.89 (040304-239467275):2)
04-01 15:49:48.449: W/GLSActivity(3658): 	at gvh.c(:com.google.android.gms@16089016@16.0.89 (040304-239467275):6)
04-01 15:49:48.449: W/GLSActivity(3658): 	at gvg.a(:com.google.android.gms@16089016@16.0.89 (040304-239467275):1)
04-01 15:49:48.449: W/GLSActivity(3658): 	at gxe.getAuthToken(:com.google.android.gms@16089016@16.0.89 (040304-239467275):9)
04-01 15:49:48.449: W/GLSActivity(3658): 	at android.accounts.AbstractAccountAuthenticator$Transport.getAuthToken(AbstractAccountAuthenticator.java:244)
04-01 15:49:48.449: W/GLSActivity(3658): 	at android.accounts.IAccountAuthenticator$Stub.onTransact(IAccountAuthenticator.java:113)
04-01 15:49:48.449: W/GLSActivity(3658): 	at android.os.Binder.transact(Binder.java:635)
04-01 15:49:48.449: W/GLSActivity(3658): 	at dwd.onTransact(:com.google.android.gms@16089016@16.0.89 (040304-239467275):3)
04-01 15:49:48.449: W/GLSActivity(3658): 	at android.os.Binder.execTransact(Binder.java:705)
04-01 15:49:48.453: I/LicenseChecker(2353): Received response.
04-01 15:49:48.453: I/LicenseChecker(2353): Clearing timeout.
04-01 15:49:48.453: W/LicenseValidator(2353): Error contacting licensing server.
04-01 15:49:48.460: I/LicenseChecker(2353): Calling checkLicense on service for mobi.testfactory.TestFactoryCross
04-01 15:49:48.460: I/LicenseChecker(2353): Start monitoring timeout.
04-01 15:49:48.479: I/System.out(3658): (HTTPLog)-Static: isSBSettingEnabled false
04-01 15:49:48.479: I/System.out(3658): (HTTPLog)-Static: isSBSettingEnabled false
04-01 15:49:48.484: W/Conscrypt(3658): Could not set socket write timeout: java.net.SocketException: Socket closed
04-01 15:49:48.484: W/Conscrypt(3658): 	at com.google.android.gms.org.conscrypt.Platform.setSocketWriteTimeout(:com.google.android.gms@16089016@16.0.89 (040304-239467275):2)
04-01 15:49:48.484: W/Conscrypt(3658): 	at com.google.android.gms.org.conscrypt.ConscryptFileDescriptorSocket.setSoWriteTimeout(:com.google.android.gms@16089016@16.0.89 (040304-239467275):2)
04-01 15:49:48.488: I/System.out(3658): (HTTPLog)-Static: isSBSettingEnabled false
04-01 15:49:48.488: I/System.out(3658): (HTTPLog)-Static: isSBSettingEnabled false
04-01 15:49:48.492: W/Conscrypt(3658): Could not set socket write timeout: java.net.SocketException: Socket closed
04-01 15:49:48.492: W/Conscrypt(3658): 	at com.google.android.gms.org.conscrypt.Platform.setSocketWriteTimeout(:com.google.android.gms@16089016@16.0.89 (040304-239467275):2)
04-01 15:49:48.493: W/Conscrypt(3658): 	at com.google.android.gms.org.conscrypt.ConscryptFileDescriptorSocket.setSoWriteTimeout(:com.google.android.gms@16089016@16.0.89 (040304-239467275):2)
04-01 15:49:48.496: I/System.out(3658): (HTTPLog)-Static: isSBSettingEnabled false
04-01 15:49:48.496: I/System.out(3658): (HTTPLog)-Static: isSBSettingEnabled false
04-01 15:49:48.501: W/Conscrypt(3658): Could not set socket write timeout: java.net.SocketException: Socket closed
04-01 15:49:48.501: W/Conscrypt(3658): 	at com.google.android.gms.org.conscrypt.Platform.setSocketWriteTimeout(:com.google.android.gms@16089016@16.0.89 (040304-239467275):2)
04-01 15:49:48.502: W/Conscrypt(3658): 	at com.google.android.gms.org.conscrypt.ConscryptFileDescriptorSocket.setSoWriteTimeout(:com.google.android.gms@16089016@16.0.89 (040304-239467275):2)
04-01 15:49:48.505: I/System.out(3658): (HTTPLog)-Static: isSBSettingEnabled false
04-01 15:49:48.505: I/System.out(3658): (HTTPLog)-Static: isSBSettingEnabled false
04-01 15:49:48.510: W/Conscrypt(3658): Could not set socket write timeout: java.net.SocketException: Socket closed
04-01 15:49:48.510: W/Conscrypt(3658): 	at com.google.android.gms.org.conscrypt.Platform.setSocketWriteTimeout(:com.google.android.gms@16089016@16.0.89 (040304-239467275):2)
04-01 15:49:48.510: W/Conscrypt(3658): 	at com.google.android.gms.org.conscrypt.ConscryptFileDescriptorSocket.setSoWriteTimeout(:com.google.android.gms@16089016@16.0.89 (040304-239467275):2)
04-01 15:49:48.515: E/Auth(3658): [GoogleAccountDataServiceImpl] getToken() -> NETWORK_ERROR. Account: <ELLIDED:-159645558>, App: com.android.vending, Service: oauth2:https://www.googleapis.com/auth/googleplay
04-01 15:49:48.515: E/Auth(3658): qsk: Error when calling server.
04-01 15:49:48.515: E/Auth(3658): 	at hac.c(:com.google.android.gms@16089016@16.0.89 (040304-239467275):333)
04-01 15:49:48.515: E/Auth(3658): 	at hac.a(:com.google.android.gms@16089016@16.0.89 (040304-239467275):12)
04-01 15:49:48.515: E/Auth(3658): 	at hac.b(Unknown Source:0)
04-01 15:49:48.515: E/Auth(3658): 	at gyn.a(:com.google.android.gms@16089016@16.0.89 (040304-239467275):22)
04-01 15:49:48.515: E/Auth(3658): 	at ite.a(:com.google.android.gms@16089016@16.0.89 (040304-239467275):7)
04-01 15:49:48.515: E/Auth(3658): 	at ite.a(:com.google.android.gms@16089016@16.0.89 (040304-239467275):161)
04-01 15:49:48.515: E/Auth(3658): 	at ise.a(Unknown Source:2)
04-01 15:49:48.515: E/Auth(3658): 	at isc.a(:com.google.android.gms@16089016@16.0.89 (040304-239467275):17)
04-01 15:49:48.515: E/Auth(3658): 	at isc.a(:com.google.android.gms@16089016@16.0.89 (040304-239467275):7)
04-01 15:49:48.515: E/Auth(3658): 	at guz.a(:com.google.android.gms@16089016@16.0.89 (040304-239467275):33)
04-01 15:49:48.515: E/Auth(3658): 	at guz.a(:com.google.android.gms@16089016@16.0.89 (040304-239467275):81)
04-01 15:49:48.515: E/Auth(3658): 	at gvi.a(:com.google.android.gms@16089016@16.0.89 (040304-239467275):3)
04-01 15:49:48.515: E/Auth(3658): 	at gvh.a(:com.google.android.gms@16089016@16.0.89 (040304-239467275):2)
04-01 15:49:48.515: E/Auth(3658): 	at gvh.c(:com.google.android.gms@16089016@16.0.89 (040304-239467275):6)
04-01 15:49:48.515: E/Auth(3658): 	at gvg.a(:com.google.android.gms@16089016@16.0.89 (040304-239467275):1)
04-01 15:49:48.515: E/Auth(3658): 	at gxe.getAuthToken(:com.google.android.gms@16089016@16.0.89 (040304-239467275):9)
04-01 15:49:48.515: E/Auth(3658): 	at android.accounts.AbstractAccountAuthenticator$Transport.getAuthToken(AbstractAccountAuthenticator.java:244)
04-01 15:49:48.515: E/Auth(3658): 	at android.accounts.IAccountAuthenticator$Stub.onTransact(IAccountAuthenticator.java:113)
04-01 15:49:48.515: E/Auth(3658): 	at android.os.Binder.transact(Binder.java:635)
04-01 15:49:48.515: E/Auth(3658): 	at dwd.onTransact(:com.google.android.gms@16089016@16.0.89 (040304-239467275):3)
04-01 15:49:48.515: E/Auth(3658): 	at android.os.Binder.execTransact(Binder.java:705)
04-01 15:49:48.515: E/Auth(3658): Caused by: javax.net.ssl.SSLHandshakeException: Connection closed by peer
04-01 15:49:48.515: E/Auth(3658): 	at com.google.android.gms.org.conscrypt.NativeCrypto.SSL_do_handshake(Native Method)
04-01 15:49:48.515: E/Auth(3658): 	at com.google.android.gms.org.conscrypt.NativeSsl.doHandshake(:com.google.android.gms@16089016@16.0.89 (040304-239467275):7)
04-01 15:49:48.515: E/Auth(3658): 	at com.google.android.gms.org.conscrypt.ConscryptFileDescriptorSocket.startHandshake(:com.google.android.gms@16089016@16.0.89 (040304-239467275):14)
04-01 15:49:48.515: E/Auth(3658): 	at aogy.a(:com.google.android.gms@16089016@16.0.89 (040304-239467275):20)
04-01 15:49:48.515: E/Auth(3658): 	at aogy.createSocket(:com.google.android.gms@16089016@16.0.89 (040304-239467275):6)
04-01 15:49:48.515: E/Auth(3658): 	at com.android.okhttp.internal.io.RealConnection.connectTls(RealConnection.java:1463)
04-01 15:49:48.515: E/Auth(3658): 	at com.android.okhttp.internal.io.RealConnection.connectSocket(RealConnection.java:1423)
04-01 15:49:48.515: E/Auth(3658): 	at com.android.okhttp.internal.io.RealConnection.connect(RealConnection.java:1367)
04-01 15:49:48.515: E/Auth(3658): 	at com.android.okhttp.internal.http.StreamAllocation.findConnection(StreamAllocation.java:219)
04-01 15:49:48.515: E/Auth(3658): 	at com.android.okhttp.internal.http.StreamAllocation.findHealthyConnection(StreamAllocation.java:142)
04-01 15:49:48.515: E/Auth(3658): 	at com.android.okhttp.internal.http.StreamAllocation.newStream(StreamAllocation.java:104)
04-01 15:49:48.515: E/Auth(3658): 	at com.android.okhttp.internal.http.HttpEngine.connect(HttpEngine.java:392)
04-01 15:49:48.515: E/Auth(3658): 	at com.android.okhttp.internal.http.HttpEngine.sendRequest(HttpEngine.java:325)
04-01 15:49:48.515: E/Auth(3658): 	at com.android.okhttp.internal.huc.HttpURLConnectionImpl.execute(HttpURLConnectionImpl.java:489)
04-01 15:49:48.515: E/Auth(3658): 	at com.android.okhttp.internal.huc.HttpURLConnectionImpl.connect(HttpURLConnectionImpl.java:131)
04-01 15:49:48.515: E/Auth(3658): 	at com.android.okhttp.internal.huc.HttpURLConnectionImpl.getOutputStream(HttpURLConnectionImpl.java:262)
04-01 15:49:48.515: E/Auth(3658): 	at com.android.okhttp.internal.huc.DelegatingHttpsURLConnection.getOutputStream(DelegatingHttpsURLConnection.java:218)
04-01 15:49:48.515: E/Auth(3658): 	at com.android.okhttp.internal.huc.HttpsURLConnectionImpl.getOutputStream(Unknown Source:0)
04-01 15:49:48.515: E/Auth(3658): 	at abbg.a(:com.google.android.gms@16089016@16.0.89 (040304-239467275):39)
04-01 15:49:48.515: E/Auth(3658): 	at jaz.a(:com.google.android.gms@16089016@16.0.89 (040304-239467275):1)
04-01 15:49:48.515: E/Auth(3658): 	at gzo.a(:com.google.android.gms@16089016@16.0.89 (040304-239467275):12)
04-01 15:49:48.515: E/Auth(3658): 	at gzo.a(:com.google.android.gms@16089016@16.0.89 (040304-239467275):8)
04-01 15:49:48.515: E/Auth(3658): 	at hac.c(:com.google.android.gms@16089016@16.0.89 (040304-239467275):79)
04-01 15:49:48.515: E/Auth(3658): 	... 20 more
04-01 15:49:48.515: W/Auth(3658): [GetToken] GetToken failed with status code: NetworkError
04-01 15:49:48.516: W/GLSActivity(3658): java.io.IOException: NetworkError
04-01 15:49:48.516: W/GLSActivity(3658): 	at gvi.a(:com.google.android.gms@16089016@16.0.89 (040304-239467275):9)
04-01 15:49:48.516: W/GLSActivity(3658): 	at gvh.a(:com.google.android.gms@16089016@16.0.89 (040304-239467275):2)
04-01 15:49:48.516: W/GLSActivity(3658): 	at gvh.c(:com.google.android.gms@16089016@16.0.89 (040304-239467275):6)
04-01 15:49:48.516: W/GLSActivity(3658): 	at gvg.a(:com.google.android.gms@16089016@16.0.89 (040304-239467275):1)
04-01 15:49:48.516: W/GLSActivity(3658): 	at gxe.getAuthToken(:com.google.android.gms@16089016@16.0.89 (040304-239467275):9)
04-01 15:49:48.516: W/GLSActivity(3658): 	at android.accounts.AbstractAccountAuthenticator$Transport.getAuthToken(AbstractAccountAuthenticator.java:244)
04-01 15:49:48.516: W/GLSActivity(3658): 	at android.accounts.IAccountAuthenticator$Stub.onTransact(IAccountAuthenticator.java:113)
04-01 15:49:48.516: W/GLSActivity(3658): 	at android.os.Binder.transact(Binder.java:635)
04-01 15:49:48.516: W/GLSActivity(3658): 	at dwd.onTransact(:com.google.android.gms@16089016@16.0.89 (040304-239467275):3)
04-01 15:49:48.516: W/GLSActivity(3658): 	at android.os.Binder.execTransact(Binder.java:705)
04-01 15:49:48.519: I/LicenseChecker(2353): Received response.
04-01 15:49:48.519: I/LicenseChecker(2353): Clearing timeout.
04-01 15:49:48.519: W/LicenseValidator(2353): Error contacting licensing server.
04-01 15:49:48.622: D/WifiService(2916): getConnectionInfo uid=1000
04-01 15:49:48.627: D/WifiTrafficPoller(2916): TrafficStats TxPkts=9741 RxPkts=10477 TxBytes=1883843 RxBytes=2711089 , Foreground uid=10224 pkgName=mobi.testfactory.TestFactoryCross txBytes=7458 rxBytes=3444
04-01 15:49:48.628: D/NetworkController(3371): updateCarrierText : Guest-ABB
04-01 15:49:48.628: D/KeyguardUpdateMonitor(3371): updateCarrierTextInfo
04-01 15:49:48.628: D/Tile.WifiTile(3371): handleUpdateState enabled  = true
04-01 15:49:48.630: D/KeyguardClockPage(3371): isNetworkRoamingState id=-2 roaming=false
04-01 15:49:48.630: D/KeyguardClockPage(3371): onRefreshCarrierInfo(pre, now): false, false
04-01 15:49:48.630: D/CarrierText(3371): updateCarrierText(): subscriptionInfo Size = 0, DefaultText = Kein Netz
04-01 15:49:48.630: D/MultiSimUtils(3371): isSimStateReadyorNotReady() : simSlot = 0, simState = 
04-01 15:49:48.631: D/CarrierText(3371): Getting plmn/spn/subId sticky brdcst  plmn : Kein Netz, spn : , subId :-2
04-01 15:49:48.631: D/CarrierText(3371): plmn Of NetworkController Impl : Guest-ABB
04-01 15:49:48.631: D/CarrierText(3371): BLOCK_CARRIER_TEXT_WHEN_SIM_NOT_READY or KOR_USIM_TEXT
04-01 15:49:48.631: D/CarrierText(3371): setText : 
04-01 15:49:48.631: D/CarrierText(3371): updateCarrierText(): subscriptionInfo Size = 0, DefaultText = Kein Netz
04-01 15:49:48.631: D/MultiSimUtils(3371): isSimStateReadyorNotReady() : simSlot = 0, simState = 
04-01 15:49:48.632: D/CarrierText(3371): Getting plmn/spn/subId sticky brdcst  plmn : Kein Netz, spn : , subId :-2
04-01 15:49:48.632: D/CarrierText(3371): plmn Of NetworkController Impl : Guest-ABB
04-01 15:49:48.632: D/CarrierText(3371): BLOCK_CARRIER_TEXT_WHEN_SIM_NOT_READY or KOR_USIM_TEXT
04-01 15:49:48.632: D/CarrierText(3371): setText : 
04-01 15:49:48.867: D/ViewRootImpl@13224c1[MainActivity](2353): MSG_RESIZED_REPORT: frame=Rect(0, 0 - 1920, 1200) ci=Rect(0, 36 - 0, 0) vi=Rect(0, 36 - 0, 0) or=2
04-01 15:49:48.867: D/ViewRootImpl@13224c1[MainActivity](2353): MSG_WINDOW_FOCUS_CHANGED 1
04-01 15:49:48.869: V/InputMethodManager(2353): Starting input: tba=android.view.inputmethod.EditorInfo@24cff9b nm : mobi.testfactory.TestFactoryCross ic=null
04-01 15:49:48.869: D/InputMethodManager(2353): startInputInner - Id : 0
04-01 15:49:48.869: I/InputMethodManager(2353): startInputInner - mService.startInputOrWindowGainedFocus
04-01 15:49:48.869: D/InputMethodManagerService(2916): startInputOrWindowGainedFocus : windowGainedFocus 
04-01 15:49:48.869: D/InputMethodManagerService(2916): windowGainedFocus: destinationUserId (getCallingUid) = 0
04-01 15:49:48.869: D/InputMethodManagerService(2916): windowGainedFocus: currentUserId=0
04-01 15:49:48.869: D/InputMethodManagerService(2916): windowGainedFocus: mCurrentFocusedUserId=0
04-01 15:49:48.869: D/InputMethodManagerService(2916): windowGainedFocus : lock - currentUserId = 0 destinationUserId = 0
04-01 15:49:48.869: D/InputMethodManagerService(2916): windowGainedFocus : mCurrentFocusedUserId - 0 and mSecureKeypadEnabled - false, userSwitched - false
04-01 15:49:48.869: V/InputMethodManagerService(2916): windowGainedFocus : reason=WINDOW_FOCUS_GAIN client=android.os.BinderProxy@3d354db inputContext=null missingMethods= attribute=android.view.inputmethod.EditorInfo@f63a8a7 nm = mobi.testfactory.TestFactoryCross controlFlags=#105 softInputMode=#120 windowFlags=#81810100
04-01 15:49:48.870: V/InputMethodManagerService(2916): hideCurrentInputLocked : shouldHideSoftInput is false
04-01 15:49:48.870: D/InputMethodManagerService(2916): isImeSwitcherDisabledPackage : false
04-01 15:49:48.870: D/InputMethodManagerService(2916): mDesktopModeManager null!
04-01 15:49:48.870: D/InputMethodManagerService(2916): updateSystemUiLocked 0
04-01 15:49:48.870: D/InputTransport(4036): Input channel destroyed: fd=155
04-01 15:49:48.870: V/InputMethodManagerService(2916): Creating new session for client ClientState{2fbe154 uid 10224 pid 2353}
04-01 15:49:48.871: D/InputTransport(2916): Input channel constructed: fd=448
04-01 15:49:48.871: D/InputTransport(2916): Input channel constructed: fd=450
04-01 15:49:48.871: D/InputTransport(2916): Input channel destroyed: fd=450
04-01 15:49:48.871: D/InputTransport(3358): Input channel constructed: fd=58
04-01 15:49:48.872: D/InputMethodManagerService(2916): checkDisplayOfStartInputAndUpdateKeyboard display Id 0last 0
04-01 15:49:48.872: D/InputMethodManagerService(2916): setCurrentInputInfo - inputContext : null eidtorInfo : android.view.inputmethod.EditorInfo@f63a8a7 missingMethods : 0
04-01 15:49:48.872: D/InputTransport(2916): Input channel constructed: fd=450
04-01 15:49:48.872: D/InputTransport(2353): Input channel constructed: fd=48
04-01 15:49:48.873: D/InputTransport(2916): Input channel destroyed: fd=450
04-01 15:49:48.873: I/InputMethodWrapper(3358):  call dispatchStartInputWithToken
04-01 15:49:48.873: I/InputMethodService(3358): dispatchStartInputWithToken
04-01 15:49:48.874: D/InputMethodService(3358): checkDisplayOfStartInputAndUpdateKeyboard display Id 0last 0
04-01 15:49:48.874: I/SKBD(3358): SamsungKeypad [IMI] onStartInput - caller pid : 2353, caller uid : 10224
04-01 15:49:49.108: A/zygote(2353): java_vm_ext.cc:534] JNI DETECTED ERROR IN APPLICATION: negative array length: -568860880
04-01 15:49:49.108: A/zygote(2353): java_vm_ext.cc:534]     in call to NewPrimitiveArray
04-01 15:49:49.108: A/zygote(2353): java_vm_ext.cc:534]     from android.view.View md58432a647068b097f9637064b8985a5e0.FragmentContainer.n_onCreateView(android.view.LayoutInflater, android.view.ViewGroup, android.os.Bundle)
04-01 15:49:49.108: A/zygote(2353): java_vm_ext.cc:534] "main" prio=5 tid=1 Runnable
04-01 15:49:49.108: A/zygote(2353): java_vm_ext.cc:534]   | group="main" sCount=0 dsCount=0 flags=0 obj=0x73a23718 self=0xe707b000
04-01 15:49:49.108: A/zygote(2353): java_vm_ext.cc:534]   | sysTid=2353 nice=-10 cgrp=default sched=0/0 handle=0xeb2f34b8
04-01 15:49:49.108: A/zygote(2353): java_vm_ext.cc:534]   | state=R schedstat=( 0 0 0 ) utm=578 stm=78 core=3 HZ=100
04-01 15:49:49.108: A/zygote(2353): java_vm_ext.cc:534]   | stack=0xff076000-0xff078000 stackSize=8MB
04-01 15:49:49.108: A/zygote(2353): java_vm_ext.cc:534]   | held mutexes= "mutator lock"(shared held)
04-01 15:49:49.108: A/zygote(2353): java_vm_ext.cc:534]   native: #00 pc 002eedcf  /system/lib/libart.so (art::DumpNativeStack(std::__1::basic_ostream<char, std::__1::char_traits<char>>&, int, BacktraceMap*, char const*, art::ArtMethod*, void*)+130)
04-01 15:49:49.108: A/zygote(2353): java_vm_ext.cc:534]   native: #01 pc 003844db  /system/lib/libart.so (art::Thread::DumpStack(std::__1::basic_ostream<char, std::__1::char_traits<char>>&, bool, BacktraceMap*, bool) const+206)
04-01 15:49:49.108: A/zygote(2353): java_vm_ext.cc:534]   native: #02 pc 00380a57  /system/lib/libart.so (art::Thread::Dump(std::__1::basic_ostream<char, std::__1::char_traits<char>>&, bool, BacktraceMap*, bool) const+34)
04-01 15:49:49.108: A/zygote(2353): java_vm_ext.cc:534]   native: #03 pc 0025187f  /system/lib/libart.so (art::JavaVMExt::JniAbort(char const*, char const*)+738)
04-01 15:49:49.108: A/zygote(2353): java_vm_ext.cc:534]   native: #04 pc 00251c6b  /system/lib/libart.so (art::JavaVMExt::JniAbortF(char const*, char const*, ...)+66)
04-01 15:49:49.108: A/zygote(2353): java_vm_ext.cc:534]   native: #05 pc 002b9539  /system/lib/libart.so (_ZN3art3JNI17NewPrimitiveArrayIP10_jintArrayNS_6mirror14PrimitiveArrayIiEEEET_P7_JNIEnvi+604)
04-01 15:49:49.108: A/zygote(2353): java_vm_ext.cc:534]   native: #06 pc 0000e124   (???)
04-01 15:49:49.108: A/zygote(2353): java_vm_ext.cc:534]   at md58432a647068b097f9637064b8985a5e0.FragmentContainer.n_onCreateView(Native method)
04-01 15:49:49.108: A/zygote(2353): java_vm_ext.cc:534]   at md58432a647068b097f9637064b8985a5e0.FragmentContainer.onCreateView(FragmentContainer.java:33)
04-01 15:49:49.108: A/zygote(2353): java_vm_ext.cc:534]   at android.support.v4.app.Fragment.performCreateView(Fragment.java:2439)
