04-01 15:49:49.922: I/WorkerHandler(18900): New state for worker [legacyui]: d (handler: cfe2c1a)
04-01 15:49:49.924: I/WorkerManager(18900): New handler created for worker [conversation] (manager: 8a517d1, handler: 7c615be)
04-01 15:49:49.925: I/WorkerHandler(18900): New state for worker [conversation]: d (handler: 7c615be)
04-01 15:49:49.925: W/ThreadPoolDumper(18900): Queue length for executor EventBus is now 11. Perhaps some tasks are too long, or the pool is too small.
04-01 15:49:49.925: I/WorkerManager(18900): New handler created for worker [message] (manager: 8a517d1, handler: 479353b)
04-01 15:49:49.925: I/WorkerHandler(18900): New state for worker [message]: d (handler: 479353b)
04-01 15:49:49.926: I/WorkerManager(18900): New handler created for worker [context] (manager: 8a517d1, handler: 89fde04)
04-01 15:49:49.926: I/WorkerHandler(18900): New state for worker [context]: d (handler: 89fde04)
04-01 15:49:49.927: I/WorkerManager(18900): New handler created for worker [actionvelogging] (manager: 8a517d1, handler: eb79de9)
04-01 15:49:49.927: I/WorkerHandler(18900): New state for worker [actionvelogging]: d (handler: eb79de9)
04-01 15:49:49.927: I/WorkerManager(18900): New handler created for worker [sharedmicrodetection] (manager: 8a517d1, handler: e7c2121)
04-01 15:49:49.927: D/WindowManager(2916): finishDrawingWindow: Window{e112675 u0 com.sec.android.app.launcher/com.sec.android.app.launcher.activities.LauncherActivity} mDrawState=DRAW_PENDING
04-01 15:49:49.928: I/WorkerHandler(18900): New state for worker [sharedmicrodetection]: d (handler: e7c2121)
04-01 15:49:49.928: D/AppsAdapter(4036): notifyUpdate start : com.android.launcher3.Launcher@e6503d0
04-01 15:49:49.928: D/AppsAlphabetAdapter(4036): no change items
04-01 15:49:49.928: D/AppsAdapter(4036): notifyUpdate end : com.android.launcher3.Launcher@e6503d0
04-01 15:49:49.928: I/WorkerManager(18900): New handler created for worker [networkmonitor] (manager: 8a517d1, handler: b50c3d2)
04-01 15:49:49.928: I/WorkerHandler(18900): New state for worker [networkmonitor]: d (handler: b50c3d2)
04-01 15:49:49.928: D/WallpaperService(3371): dispatchAppVisibility onVisibilityChanged(): true
04-01 15:49:49.928: I/WorkerManager(18900): New handler created for worker [audio] (manager: 8a517d1, handler: ad34b1e)
04-01 15:49:49.929: D/ImageWallpaper(3371): onOffsetsChanged: xOffset=0.0, yOffset=0.0, xOffsetStep=0.0, yOffsetStep=0.0, xPixels=0, yPixels=0
04-01 15:49:49.929: D/ImageWallpaper(3371): newRotation : 3,mLastRotation : 3
04-01 15:49:49.929: D/ImageWallpaper(3371): drawFrame:[frame.width()]1920[frame.height()]1920
04-01 15:49:49.929: D/ImageWallpaper(3371): surfaceDimensionsChanged=false mDisplayWidth=1920 mDisplayHeight=1200
04-01 15:49:49.929: D/ImageWallpaper(3371): redrawNeeded = false, mOffsetsChanged = false
04-01 15:49:49.929: D/ImageWallpaper(3371): Suppressed drawFrame since redraw is not needed and offsets have not changed.
04-01 15:49:49.929: D/WallpaperService(3371): updateSurface forceRelayout=false redrawNeeded=false myWidth=1920 myHeight=1920 fixedSize=true x = 0 y = 0 mWidth=1920 mHeight=1920 mIsSleepMode=false
04-01 15:49:49.929: D/ImageWallpaper(3371): onVisibilityChanged: mVisible, visible=false, true
04-01 15:49:49.929: D/ImageWallpaper(3371): Visibility changed to visible=true
04-01 15:49:49.929: D/ImageWallpaper(3371): newRotation : 3,mLastRotation : 3
04-01 15:49:49.929: D/ImageWallpaper(3371): drawFrame:[frame.width()]1920[frame.height()]1920
04-01 15:49:49.929: D/ImageWallpaper(3371): surfaceDimensionsChanged=false mDisplayWidth=1920 mDisplayHeight=1200
04-01 15:49:49.930: D/ImageWallpaper(3371): redrawNeeded = false, mOffsetsChanged = false
04-01 15:49:49.930: D/ImageWallpaper(3371): Suppressed drawFrame since redraw is not needed and offsets have not changed.
04-01 15:49:49.930: D/WallpaperService(3371): reportVisibility onVisibilityChanged visible: true
04-01 15:49:49.930: I/WorkerHandler(18900): New state for worker [audio]: d (handler: ad34b1e)
04-01 15:49:49.930: I/WorkerManager(18900): New handler created for worker [progress] (manager: 8a517d1, handler: baf9ff6)
04-01 15:49:49.930: I/WorkerHandler(18900): New state for worker [progress]: d (handler: baf9ff6)
04-01 15:49:49.931: I/WorkerManager(18900): New handler created for worker [sharebear] (manager: 8a517d1, handler: ec6e8cd)
04-01 15:49:49.931: I/WorkerHandler(18900): New state for worker [sharebear]: d (handler: ec6e8cd)
04-01 15:49:49.931: I/OptInState(18900): There is a new client and it does not support opt-in. Dropping request.
04-01 15:49:49.931: I/WorkerManager(18900): New handler created for worker [logo_header] (manager: 8a517d1, handler: 8b64cd0)
04-01 15:49:49.932: I/WorkerHandler(18900): New state for worker [logo_header]: d (handler: 8b64cd0)
04-01 15:49:49.934: D/SamsungAnimationCreator(2916): createAnimation type:LowEnd transit:13 enter:false wallpaperXoffset:0 split:false fixedOri:false
04-01 15:49:49.935: D/SamsungAnimationCreator(2916): createAnimation displayFrame:Rect(0, 0 - 1920, 1200) frame:null insets:null
04-01 15:49:49.937: D/ConnectivityService(2916): filterNetworkStateForUid() uid: 10060 networkInfo: [type: WIFI[] - WIFI, state: CONNECTED/CONNECTED, reason: (unspecified), extra: "Guest-ABB", failover: false, available: true, roaming: false]
04-01 15:49:49.937: D/WallpaperService(3371): updateSurface forceRelayout=true redrawNeeded=false myWidth=1920 myHeight=1920 fixedSize=true x = 0 y = 0 mWidth=1920 mHeight=1920 mIsSleepMode=false
04-01 15:49:49.938: D/WifiService(2916): getWifiEnabledState uid=10060
04-01 15:49:49.941: V/WindowManager(2916): Relayout Window{f04881a u0 com.android.systemui.ImageWallpaper}: viewVisibility=0 req=1920x1920 WM.LayoutParams{(0,0)(1920x1920) gr=#800033 ty=2013 fl=#10318 fmt=2 wanim=0x103030d colorMode=0 naviIconColor=0}
04-01 15:49:49.942: D/ConnectivityService(2916): filterNetworkStateForUid() uid: 10060 networkInfo: [type: WIFI[] - WIFI, state: CONNECTED/CONNECTED, reason: (unspecified), extra: "Guest-ABB", failover: false, available: true, roaming: false]
04-01 15:49:49.942: D/WifiService(2916): getWifiEnabledState uid=10060
04-01 15:49:49.945: D/ImageWallpaper(3371): onOffsetsChanged: xOffset=0.0, yOffset=0.0, xOffsetStep=0.0, yOffsetStep=0.0, xPixels=0, yPixels=0
04-01 15:49:49.946: D/ImageWallpaper(3371): newRotation : 3,mLastRotation : 3
04-01 15:49:49.946: D/ImageWallpaper(3371): drawFrame:[frame.width()]1920[frame.height()]1920
04-01 15:49:49.946: D/ImageWallpaper(3371): surfaceDimensionsChanged=false mDisplayWidth=1920 mDisplayHeight=1200
04-01 15:49:49.946: D/ImageWallpaper(3371): redrawNeeded = false, mOffsetsChanged = false
04-01 15:49:49.946: D/ImageWallpaper(3371): Suppressed drawFrame since redraw is not needed and offsets have not changed.
04-01 15:49:49.946: I/WorkerManager(18900): New handler created for worker [transcription] (manager: 8a517d1, handler: db1dba9)
04-01 15:49:49.946: I/WorkerHandler(18900): New state for worker [transcription]: d (handler: db1dba9)
04-01 15:49:49.950: I/MicroDetectionWorker(18900): #startMicroDetector [speakerMode: 0]
04-01 15:49:49.950: D/SurfaceFlinger(2589):   Display[0] configurations (* current):
04-01 15:49:49.950: D/SurfaceFlinger(2589):     * 0: 1200x1920, xdpi=225.776993, ydpi=225.776993, refresh=16666666
04-01 15:49:49.950: D/SurfaceFlinger(2589):   numHwLayers=6, flags=00000000
04-01 15:49:49.950: D/SurfaceFlinger(2589):     type   |  handle  | hint | flag | tr | blnd |   format    |     source crop (l,t,r,b)      |          frame         | name 
04-01 15:49:49.950: D/SurfaceFlinger(2589): -----------+----------+------+------+----+------+-------------+--------------------------------+------------------------+------
04-01 15:49:49.950: D/SurfaceFlinger(2589):        HWC | eef66180 | 0000 | 0020 | 00 | 0100 | RGBx_8888   |  360.0,    0.0, 1560.0, 1920.0 |    0,    0, 1200, 1920 | com.android.systemui.ImageWallpaper[3371]#0
04-01 15:49:49.950: D/SurfaceFlinger(2589):       GLES | eef66f00 | 0000 | 0000 | 00 | 0105 | RGBA_8888   |  199.0,  319.0, 1001.0, 1602.0 |    0,    0, 1200, 1920 | com.sec.android.app.launcher/com.sec.android.app.launcher.activities.LauncherActivity[4036]#0
04-01 15:49:49.950: D/SurfaceFlinger(2589):       GLES | 00000000 | 0000 | 0200 | 07 | 0105 | ? ffffffff  |   -0.2,   -0.2,   -0.8,   -0.8 |    0,    0, 1200, 1920 | DimLayerController/Stack=0[2916]#0
04-01 15:49:49.950: D/SurfaceFlinger(2589):       GLES | eef66b40 | 0000 | 0000 | 00 | 0105 | RGBA_8888   |    0.0,    0.0,  240
04-01 15:49:49.950: D/SurfaceFlinger(2589): .0,  966.0 |  499,  483,  736, 1437 | Application Error: mobi.testfactory.TestFactoryCross[2916]#0
04-01 15:49:49.950: D/SurfaceFlinger(2589):       GLES | eec0b540 | 0000 | 0000 | 00 | 0105 | RGBA_8888   |    0.0,    0.0,   36.0, 1920.0 |    0,    0,   36, 1920 | StatusBar[3371]#0
04-01 15:49:49.950: D/SurfaceFlinger(2589):  FB TARGET | eef666c0 | 0000 | 0000 | 00 | 0105 | RGBA_8888   |    0.0,    0.0, 1200.0, 1920.0 |    0,    0, 1200, 1920 | HWC_FRAMEBUFFER_TARGET
04-01 15:49:49.951: I/AudioController(18900): Created new AudioSource
04-01 15:49:49.957: D/PersonaManagerService(2916): notifyActivityDrawn:u0:com.sec.android.app.launcher.activities.LauncherActivity
04-01 15:49:49.958: I/MicroDetectionWorker(18900): onReady
04-01 15:49:49.960: I/MicroRecognitionRunner(18900): Starting detection.
04-01 15:49:49.961: I/MultipleReaderAudioSrc(18900): Using micInputStream
04-01 15:49:49.961: I/MicrophoneInputStream(18900): mic_starting  SR : 16000 CC : 16 SO : 1999
04-01 15:49:49.963: V/APM_AudioPolicyManager(2664): getInputForAttr() source 1999, samplingRate 16000, format 1, channelMask 10,session 257, flags 0
04-01 15:49:49.963: V/APM::AudioPolicyEngine(2664): getDeviceForInputSource()input source 1999, device 80000004
04-01 15:49:49.963: D/MultiRecordManager(2664): skipMultiRecord() isBypass 1, moduleName primary, source 6, flag 2
04-01 15:49:49.963: I/MultiRecordManager(2664): openInputStream() skipMultiRecord
04-01 15:49:49.964: W/DeviceHAL(2569): Device 0xf1953500 open_input_stream: Invalid argument
04-01 15:49:49.964: D/MultiRecordManager(2664): skipMultiRecord() isBypass 1, moduleName primary, source 6, flag 2
04-01 15:49:49.964: I/MultiRecordManager(2664): openInputStream() skipMultiRecord
04-01 15:49:49.964: V/audio_hw_primary(2569): adev_open_input_stream: request sample_rate:16000
04-01 15:49:49.964: V/audio_hw_primary(2569): in->requested_rate:16000, pcm_config_in.rate:48000 in->config.channels=2
04-01 15:49:49.964: D/audio_hw_primary(2569): adev_open_input_stream: preprocessing_latency = 0
04-01 15:49:49.964: I/audio_hw_primary(2569): adev_open_input_stream: input is null, set new input stream
04-01 15:49:49.967: I/AudioFlinger(2664): AudioFlinger's thread 0xedd24800 tid=2414 ready to run
04-01 15:49:49.967: V/APM_AudioPolicyManager(2664): getInputForAttr() returns input 254 type 0 selectedDeviceId 4
04-01 15:49:49.967: V/APM_AudioPolicyManager(2664): listAudioPorts() role 0 type 0 num_ports 0 ports 0xefc94040
04-01 15:49:49.967: V/APM_AudioPolicyManager(2664): listAudioPorts() got 0 ports needed 8
04-01 15:49:49.968: V/APM_AudioPolicyManager(2664): listAudioPorts() role 0 type 0 num_ports 8 ports 0xedc8a000
04-01 15:49:49.968: V/APM_AudioPolicyManager(2664): listAudioPorts() got 8 ports needed 8
04-01 15:49:49.970: I/APM_AudioPolicyManager(2664): startInput() input 254
04-01 15:49:49.970: V/APM::AudioPolicyEngine(2664): getDeviceForInputSource()input source 1999, device 80000004
04-01 15:49:49.971: D/audio_hw_primary(2569): in_set_parameters: enter: kvpairs: input_source=6;routing=-2147483644
04-01 15:49:49.971: V/audio_hw_primary(2569): set_processing_type: input_source(6), processing_type(0)
04-01 15:49:49.971: I/audio_hw_primary(2569): do_in_standby : in->standby 1
04-01 15:49:49.972: I/samsungRecord(2569): [samsungrecord] MicCalonoff 1
04-01 15:49:49.972: V/audio_hw_primary(2569): in_set_parameters: exit: status(0)
04-01 15:49:49.972: V/APM_AudioPolicyManager(2664): setInputDevice() createAudioPatch returned 0 patchHandle 244
04-01 15:49:49.972: V/APM_AudioPolicyManager(2664): AudioPolicyManager::startInput() input source = 1999
04-01 15:49:49.972: I/MicrophoneInputStream(18900): mic_started  SR : 16000 CC : 16 SO : 1999
04-01 15:49:49.973: V/APM_AudioPolicyManager(2664): listAudioPorts() role 0 type 0 num_ports 0 ports 0xefc94040
04-01 15:49:49.973: V/APM_AudioPolicyManager(2664): listAudioPorts() got 0 ports needed 8
04-01 15:49:49.973: V/APM_AudioPolicyManager(2664): listAudioPorts() role 0 type 0 num_ports 8 ports 0xedc8a000
04-01 15:49:49.973: V/APM_AudioPolicyManager(2664): listAudioPorts() got 8 ports needed 8
04-01 15:49:49.974: D/audio_hw_primary(2569): start_input_stream WAKEUP_OFF
04-01 15:49:49.974: W/audio_hw_primary(2569): start_input_stream echoReference effect is not supported.
04-01 15:49:50.025: D/audio_hw_primary(2569): start_input_stream (0xf1eb30e0) in->config.rate:48000 in->config.format:0
04-01 15:49:50.025: D/PreProcess(2569): new SamsungRecord
04-01 15:49:50.025: D/PreProcess(2569): new NS
04-01 15:49:50.025: I/samsungRecord(2569): [samsungrecord] SamsungRecInit 
04-01 15:49:50.026: D/AudioInfo(2569): can not find AudioDataPath for fileName:/miccalib.txt
04-01 15:49:50.026: I/samsungRecord(2569): [samsungrecordMIC]Use HardCoding Values
04-01 15:49:50.026: I/samsungRecord(2569): [samsungrecordMIC]Use HardCoding Values
04-01 15:49:50.026: D/AudioInfo(2569): can not find AudioDataPath for fileName:/samsungrec.txt
04-01 15:49:50.027: I/samsungRecord(2569): [samsungrecord]Use HardCoding Values
04-01 15:49:50.027: D/SamsungRecord_NS(2569): [SamsungRecord_NS] Init SR 16000
04-01 15:49:50.027: D/SamsungRecord_NS(2569): [SamsungRecord_NS] getLevel inputsource 6, ret_level 3
04-01 15:49:50.027: I/samsungRecord(2569): [samsungrecord] MicCalonoff 1
04-01 15:49:50.027: I/audio_hw_primary(2569): is_voice_wakeup : ret =  0  , wakeup_baby_cry_enabled = 0  ,  wakeup_mic_enabled = 0 
04-01 15:49:50.027: V/audio_hw_primary(2569): select_devices output_scenario:-1 input_scenario:28 out_snd_device 0x0 in_snd_device:0xc
04-01 15:49:50.027: I/audio_route(2569): > audio_route_reset :
04-01 15:49:50.027: I/audio_route(2569): > audio_route_apply_path : "recognition-mic"
04-01 15:49:50.027: I/audio_route(2569): > audio_route_update_path : "recognition-mic" reverse(0)
04-01 15:49:50.029: V/audio_hw_primary(2569): select_devices() input_route "recognition-mic" 
04-01 15:49:50.029: I/audio_route(2569): > audio_route_apply_path : "gain-recognition-mic"
04-01 15:49:50.029: I/audio_route(2569): > audio_route_update_path : "gain-recognition-mic" reverse(0)
04-01 15:49:50.029: V/audio_hw_primary(2569): select_devices() input_gain "gain-recognition-mic" 
04-01 15:49:50.030: I/audio_route(2569): > audio_route_update_mixer : +
04-01 15:49:50.030: I/audio_route(2569): > audio_route_update_mixer : changed(0) -
04-01 15:49:50.030: I/audio_hw_primary(2569): select_devices - 
04-01 15:49:50.030: V/audio_hw_primary(2569): start_input_stream -
04-01 15:49:50.280: D/CustomFrequencyManagerService(2916): releaseDVFSLockLocked : Getting Lock type frm List : DVFS_MIN_LIMIT  frequency : 1586000  uid : 1000  pid : 2916  tag : AMS_APP_HOME@CPU_MIN@15
04-01 15:49:50.294: D/PersonaManagerService(2916): notifyActivityDrawn:u0:com.sec.android.app.launcher.activities.LauncherActivity
04-01 15:49:50.297: I/MicroDetectionWorker(18900): onReady
04-01 15:49:50.428: D/WifiStateMachine(2916):  ConnectedState !CMD_RSSI_POLL rt=19510951/71102228 28 0 "Guest-ABB" 00:3a:99:23:ae:14 rssi=-66 f=2462 sc=56 link=54 tx=0.7, 0.0, 0.0  rx=0.0 bcn=39017 [on:0 tx:0 rx:0 period:3003] from screen [on:1011744 period:1178148] score=56
04-01 15:49:50.429: D/WifiStateMachine(2916):  L2ConnectedState !CMD_RSSI_POLL rt=19510953/71102230 28 0 "Guest-ABB" 00:3a:99:23:ae:14 rssi=-66 f=2462 sc=56 link=54 tx=0.7, 0.0, 0.0  rx=0.0 bcn=39017 [on:0 tx:0 rx:0 period:1] from screen [on:1011744 period:1178149] score=56
04-01 15:49:50.430: D/WifiStateMachine(2916):  get link layer stats 3
04-01 15:49:50.433: W/OpenGLRenderer(4036): Incorrectly called buildLayer on View: WorkspaceCellLayoutChildren, destroying layer...
04-01 15:49:50.433: W/OpenGLRenderer(4036): Incorrectly called buildLayer on View: WorkspaceCellLayoutChildren, destroying layer...
04-01 15:49:50.442: D/WifiStateMachine(2916): fetchRssiLinkSpeedAndFrequencyNative rssi=-66 linkspeed=54 freq=2462
04-01 15:49:50.444: V/WifiConfigManager(2916): Updating scan detail cache freq=2462 BSSID=00:3a:99:23:ae:14 RSSI=-66 for "Guest-ABB"NONE
04-01 15:49:50.446: D/WifiScoreReport(2916):  report new wifi score 60
04-01 15:49:50.468: I/ReschedulableTimer(4708): [#CMH#] ReschedulableTimer started 
04-01 15:49:50.636: D/WifiService(2916): getConnectionInfo uid=1000
04-01 15:49:50.650: D/WifiTrafficPoller(2916): TrafficStats TxPkts=9741 RxPkts=10477 TxBytes=1883843 RxBytes=2711089 , Foreground uid=10055 pkgName=com.sec.android.app.launcher txBytes=0 rxBytes=0
04-01 15:49:50.805: I/display(2589): [PrimaryDisplay] [DYNAMIC_RECOMP] HWC_2_GLES by low FPS(0)
04-01 15:49:51.005: D/AppWidgetServiceImpl(2916): handleNotifyUpdateAppWidget, appWidgetId = 5
04-01 15:49:51.006: I/LauncherAppWidgetHostView(4036): updateLastOrientation, orientation: 2, activityOrientation: 2, fromRemoteViews: true, widget: ComponentInfo{com.google.android.googlequicksearchbox/com.google.android.googlequicksearchbox.SearchWidgetProvider}
04-01 15:49:51.032: I/display(2589): [PrimaryDisplay] [DYNAMIC_RECOMP] first frame after HWC_2_GLES
04-01 15:49:51.032: I/display(2589): [PrimaryDisplay] [DYNAMIC_RECOMP] GLES_2_HWC by high FPS(5)
04-01 15:49:51.306: I/display(2589): [PrimaryDisplay] [DYNAMIC_RECOMP] HWC_2_GLES by low FPS(0)
04-01 15:49:51.481: D/io_stats(3830): !@ 179,0 r 125652 5547994 w 76436 1972172 d 7014 1002400 f 25502 25489 iot 147530 145864 th 51200 0 0 pt 0 inp 0 0 19512.004
04-01 15:49:51.653: D/WifiService(2916): getConnectionInfo uid=1000
04-01 15:49:51.667: D/WifiTrafficPoller(2916): TrafficStats TxPkts=9741 RxPkts=10477 TxBytes=1883843 RxBytes=2711089 , Foreground uid=10055 pkgName=com.sec.android.app.launcher txBytes=0 rxBytes=0
04-01 15:49:51.754: D/PreBindingService(2916): handleMessage : 1
04-01 15:49:51.754: D/PreBindingService(2916): needToKeepBinding: Device is not voice capable
04-01 15:49:51.793: E/adbd(22652): recv: OPEN 00000c84 00000000 000e:73 68 65 6C 6C 3A 6C 73 20 2D 6C 20 2F 00 
04-01 15:49:51.854: E/audit(2648): type=1400 audit(1554126591.841:1230): avc:  denied  { getattr } for  pid=2416 comm="ls" path="/cpefs" dev="mmcblk0p4" ino=2 scontext=u:r:shell:s0 tcontext=u:object_r:sec_efs_file:s0 tclass=dir permissive=0 SEPF_SM-T580_8.1.0_0008 audit_filtered
04-01 15:49:51.854: E/audit(2648): type=1300 audit(1554126591.841:1230): arch=40000028 syscall=327 per=8 success=no exit=-13 a0=4 a1=ee33a0b3 a2=ffebc160 a3=100 items=0 ppid=22652 pid=2416 auid=4294967295 uid=2000 gid=2000 euid=2000 suid=2000 fsuid=2000 egid=2000 sgid=2000 fsgid=2000 tty=pts1 ses=4294967295 comm="ls" exe="/system/bin/toybox" subj=u:r:shell:s0 key=(null)
04-01 15:49:51.854: E/audit(2648): type=1327 audit(1554126591.841:1230): proctitle=6C73002D6C002F
04-01 15:49:51.889: E/adbd(22652): recv: OPEN 00000c85 00000000 001c:73 68 65 6C 6C 3A 6C 73 20 2D 6C 20 2D 64 20 2F 62 75 67 72 65 70 6F 72 74 73 2F 00 
04-01 15:49:51.952: E/adbd(22652): recv: OPEN 00000c86 00000000 0019:73 68 65 6C 6C 3A 6C 73 20 2D 6C 20 2D 64 20 2F 63 68 61 72 67 65 72 2F 00 
04-01 15:49:52.670: D/WifiService(2916): getConnectionInfo uid=1000
04-01 15:49:52.684: D/WifiTrafficPoller(2916): TrafficStats TxPkts=9741 RxPkts=10477 TxBytes=1883843 RxBytes=2711089 , Foreground uid=10055 pkgName=com.sec.android.app.launcher txBytes=0 rxBytes=0
04-01 15:49:53.452: D/WifiStateMachine(2916):  ConnectedState !CMD_RSSI_POLL rt=19513975/71105252 28 0 "Guest-ABB" 00:3a:99:23:ae:14 rssi=-66 f=2462 sc=60 link=54 tx=34.5, 0.6, 2.5  rx=0.0 bcn=39022 [on:0 tx:0 rx:0 period:3003] from screen [on:1014439 period:1181172] score=60
04-01 15:49:53.454: D/WifiStateMachine(2916):  L2ConnectedState !CMD_RSSI_POLL rt=19513977/71105254 28 0 "Guest-ABB" 00:3a:99:23:ae:14 rssi=-66 f=2462 sc=60 link=54 tx=34.5, 0.6, 2.5  rx=0.0 bcn=39022 [on:0 tx:0 rx:0 period:2] from screen [on:1014439 period:1181174] score=60
04-01 15:49:53.454: D/WifiStateMachine(2916):  get link layer stats 3
04-01 15:49:53.467: D/WifiStateMachine(2916): fetchRssiLinkSpeedAndFrequencyNative rssi=-67 linkspeed=54 freq=2462
04-01 15:49:53.469: V/WifiConfigManager(2916): Updating scan detail cache freq=2462 BSSID=00:3a:99:23:ae:14 RSSI=-66 for "Guest-ABB"NONE
04-01 15:49:53.474: D/NetworkController(3371): updateCarrierText : Guest-ABB
04-01 15:49:53.474: D/KeyguardUpdateMonitor(3371): updateCarrierTextInfo
04-01 15:49:53.474: D/Tile.WifiTile(3371): handleUpdateState enabled  = true
04-01 15:49:53.479: D/KeyguardClockPage(3371): isNetworkRoamingState id=-2 roaming=false
04-01 15:49:53.479: D/KeyguardClockPage(3371): onRefreshCarrierInfo(pre, now): false, false
04-01 15:49:53.479: D/CarrierText(3371): updateCarrierText(): subscriptionInfo Size = 0, DefaultText = Kein Netz
04-01 15:49:53.479: D/MultiSimUtils(3371): isSimStateReadyorNotReady() : simSlot = 0, simState = 
04-01 15:49:53.481: D/CarrierText(3371): Getting plmn/spn/subId sticky brdcst  plmn : Kein Netz, spn : , subId :-2
04-01 15:49:53.482: D/CarrierText(3371): plmn Of NetworkController Impl : Guest-ABB
04-01 15:49:53.482: D/CarrierText(3371): BLOCK_CARRIER_TEXT_WHEN_SIM_NOT_READY or KOR_USIM_TEXT
04-01 15:49:53.482: D/CarrierText(3371): setText : 
04-01 15:49:53.482: D/CarrierText(3371): updateCarrierText(): subscriptionInfo Size = 0, DefaultText = Kein Netz
04-01 15:49:53.482: D/MultiSimUtils(3371): isSimStateReadyorNotReady() : simSlot = 0, simState = 
04-01 15:49:53.484: D/CarrierText(3371): Getting plmn/spn/subId sticky brdcst  plmn : Kein Netz, spn : , subId :-2
04-01 15:49:53.484: D/CarrierText(3371): plmn Of NetworkController Impl : Guest-ABB
04-01 15:49:53.484: D/CarrierText(3371): BLOCK_CARRIER_TEXT_WHEN_SIM_NOT_READY or KOR_USIM_TEXT
04-01 15:49:53.485: D/CarrierText(3371): setText : 
04-01 15:49:53.687: D/WifiService(2916): getConnectionInfo uid=1000
04-01 15:49:53.691: D/WifiTrafficPoller(2916): TrafficStats TxPkts=9741 RxPkts=10477 TxBytes=1883843 RxBytes=2711089 , Foreground uid=10055 pkgName=com.sec.android.app.launcher txBytes=0 rxBytes=0
04-01 15:49:54.694: D/WifiService(2916): getConnectionInfo uid=1000
04-01 15:49:54.708: D/WifiTrafficPoller(2916): TrafficStats TxPkts=9741 RxPkts=10477 TxBytes=1883843 RxBytes=2711089 , Foreground uid=10055 pkgName=com.sec.android.app.launcher txBytes=0 rxBytes=0
04-01 15:49:54.922: I/EventLogSendingHelper(18900): Sending log events.
04-01 15:49:55.712: D/WifiService(2916): getConnectionInfo uid=1000
04-01 15:49:55.725: D/WifiTrafficPoller(2916): TrafficStats TxPkts=9741 RxPkts=10477 TxBytes=1883843 RxBytes=2711089 , Foreground uid=10055 pkgName=com.sec.android.app.launcher txBytes=0 rxBytes=0
04-01 15:49:56.477: D/WifiStateMachine(2916):  ConnectedState !CMD_RSSI_POLL rt=19517000/71108277 28 0 "Guest-ABB" 00:3a:99:23:ae:14 rssi=-67 f=2462 sc=60 link=54 tx=12.6, 0.2, 0.9  rx=0.0 bcn=39022 [on:0 tx:0 rx:0 period:3002] from screen [on:1017393 period:1184196] score=60
04-01 15:49:56.479: D/WifiStateMachine(2916):  L2ConnectedState !CMD_RSSI_POLL rt=19517002/71108279 28 0 "Guest-ABB" 00:3a:99:23:ae:14 rssi=-67 f=2462 sc=60 link=54 tx=12.6, 0.2, 0.9  rx=0.0 bcn=39022 [on:0 tx:0 rx:0 period:2] from screen [on:1017393 period:1184198] score=60
04-01 15:49:56.479: D/WifiStateMachine(2916):  get link layer stats 3
04-01 15:49:56.487: D/io_stats(3830): !@ 179,0 r 125652 5547994 w 76488 1972912 d 7016 1002604 f 25503 25490 iot 147560 145895 th 51200 0 0 pt 0 inp 0 0 19517.010
04-01 15:49:56.489: D/WifiStateMachine(2916): fetchRssiLinkSpeedAndFrequencyNative rssi=-67 linkspeed=54 freq=2462
04-01 15:49:56.491: V/WifiConfigManager(2916): Updating scan detail cache freq=2462 BSSID=00:3a:99:23:ae:14 RSSI=-66 for "Guest-ABB"NONE
04-01 15:49:56.493: D/WifiScoreReport(2916):  report new wifi score 56
04-01 15:49:56.624: V/APM_AudioPolicyManager(2664): getAudioPolicyConfig: audioParam;outDevice
04-01 15:49:56.624: V/APM_AudioPolicyManager(2664): getNewOutputDevice() selected device 0
04-01 15:49:56.624: V/APM_AudioPolicyManager(2664): ### curdevice : 2
04-01 15:49:56.624: D/SSRM:aR(2916): AudioType = 2, Vol = 0
04-01 15:49:56.636: D/WifiService(2916): getConnectionInfo uid=1000
