04-01 15:49:40.548: D/WifiService(2916): getConnectionInfo uid=1000
04-01 15:49:40.562: D/WifiTrafficPoller(2916): TrafficStats TxPkts=9707 RxPkts=10445 TxBytes=1880454 RxBytes=2709361 , Foreground uid=10055 pkgName=com.sec.android.app.launcher txBytes=0 rxBytes=0
04-01 15:49:41.386: D/WifiStateMachine(2916):  ConnectedState !CMD_RSSI_POLL rt=19501909/71093186 28 0 "Guest-ABB" 00:3a:99:23:ae:14 rssi=-66 f=2462 sc=60 link=54 tx=13.3, 0.0, 0.0  rx=0.0 bcn=39016 [on:0 tx:0 rx:0 period:3005] from screen [on:1002910 period:1169106] score=60
04-01 15:49:41.388: D/WifiStateMachine(2916):  L2ConnectedState !CMD_RSSI_POLL rt=19501911/71093188 28 0 "Guest-ABB" 00:3a:99:23:ae:14 rssi=-66 f=2462 sc=60 link=54 tx=13.3, 0.0, 0.0  rx=0.0 bcn=39016 [on:0 tx:0 rx:0 period:1] from screen [on:1002910 period:1169107] score=60
04-01 15:49:41.388: D/WifiStateMachine(2916):  get link layer stats 3
04-01 15:49:41.397: D/WifiStateMachine(2916): fetchRssiLinkSpeedAndFrequencyNative rssi=-67 linkspeed=54 freq=2462
04-01 15:49:41.399: V/WifiConfigManager(2916): Updating scan detail cache freq=2462 BSSID=00:3a:99:23:ae:14 RSSI=-66 for "Guest-ABB"NONE
04-01 15:49:41.401: D/WifiScoreReport(2916):  report new wifi score 56
04-01 15:49:41.403: D/NetworkController(3371): updateCarrierText : Guest-ABB
04-01 15:49:41.404: D/KeyguardUpdateMonitor(3371): updateCarrierTextInfo
04-01 15:49:41.405: D/Tile.WifiTile(3371): handleUpdateState enabled  = true
04-01 15:49:41.408: D/KeyguardClockPage(3371): isNetworkRoamingState id=-2 roaming=false
04-01 15:49:41.408: D/KeyguardClockPage(3371): onRefreshCarrierInfo(pre, now): false, false
04-01 15:49:41.408: D/CarrierText(3371): updateCarrierText(): subscriptionInfo Size = 0, DefaultText = Kein Netz
04-01 15:49:41.408: D/MultiSimUtils(3371): isSimStateReadyorNotReady() : simSlot = 0, simState = 
04-01 15:49:41.410: D/CarrierText(3371): Getting plmn/spn/subId sticky brdcst  plmn : Kein Netz, spn : , subId :-2
04-01 15:49:41.410: D/CarrierText(3371): plmn Of NetworkController Impl : Guest-ABB
04-01 15:49:41.411: D/CarrierText(3371): BLOCK_CARRIER_TEXT_WHEN_SIM_NOT_READY or KOR_USIM_TEXT
04-01 15:49:41.411: D/CarrierText(3371): setText : 
04-01 15:49:41.411: D/CarrierText(3371): updateCarrierText(): subscriptionInfo Size = 0, DefaultText = Kein Netz
04-01 15:49:41.411: D/MultiSimUtils(3371): isSimStateReadyorNotReady() : simSlot = 0, simState = 
04-01 15:49:41.413: D/CarrierText(3371): Getting plmn/spn/subId sticky brdcst  plmn : Kein Netz, spn : , subId :-2
04-01 15:49:41.414: D/CarrierText(3371): plmn Of NetworkController Impl : Guest-ABB
04-01 15:49:41.414: D/CarrierText(3371): BLOCK_CARRIER_TEXT_WHEN_SIM_NOT_READY or KOR_USIM_TEXT
04-01 15:49:41.414: D/CarrierText(3371): setText : 
04-01 15:49:41.428: D/ContactsProvider_EventLog(4400): contents_sample_state: [CONTACT contacts(278) data(1543) accounts({com.google (2)=280}) accounts deleted({}) calls([]) countryIso(CH) userId(0)  ]
04-01 15:49:41.428: D/ContactsProvider_EventLog(4400): contents_sample_state: [ agr({[2 ,2]=2, [2]=276})  ]
04-01 15:49:41.428: D/ContactsProvider_EventLog(4400): contents_sample_state: [ actCnt({android.process.acore(4400)=1})  ]
04-01 15:49:41.428: D/ContactsProvider_EventLog(4400): contents_sample_state: [PROFILE contacts(1) data(1) accounts({vnd.sec.contact.phone (1)=1})  ]
04-01 15:49:41.428: D/ContactsProvider_EventLog(4400): contents_sample_state: [SAPROFILE contacts(1) data(1) accounts({vnd.sec.contact.phone (1)=1})  ]
04-01 15:49:41.474: D/io_stats(3830): !@ 179,0 r 125641 5547842 w 76341 1969228 d 6994 1000948 f 25470 25457 iot 147370 145704 th 51200 0 0 pt 0 inp 0 0 19501.998
04-01 15:49:41.565: D/WifiService(2916): getConnectionInfo uid=1000
04-01 15:49:41.578: D/WifiTrafficPoller(2916): TrafficStats TxPkts=9707 RxPkts=10445 TxBytes=1880454 RxBytes=2709361 , Foreground uid=10055 pkgName=com.sec.android.app.launcher txBytes=0 rxBytes=0
04-01 15:49:41.765: E/adbd(22652): recv: OPEN 00000c7e 00000000 000e:73 68 65 6C 6C 3A 6C 73 20 2D 6C 20 2F 00 
04-01 15:49:41.823: E/audit(2648): type=1400 audit(1554126581.811:1227): avc:  denied  { getattr } for  pid=2346 comm="ls" path="/cpefs" dev="mmcblk0p4" ino=2 scontext=u:r:shell:s0 tcontext=u:object_r:sec_efs_file:s0 tclass=dir permissive=0 SEPF_SM-T580_8.1.0_0008 audit_filtered
04-01 15:49:41.824: E/audit(2648): type=1300 audit(1554126581.811:1227): arch=40000028 syscall=327 per=8 success=no exit=-13 a0=4 a1=e89ba0b3 a2=ffd94120 a3=100 items=0 ppid=22652 pid=2346 auid=4294967295 uid=2000 gid=2000 euid=2000 suid=2000 fsuid=2000 egid=2000 sgid=2000 fsgid=2000 tty=pts1 ses=4294967295 comm="ls" exe="/system/bin/toybox" subj=u:r:shell:s0 key=(null)
04-01 15:49:41.824: E/audit(2648): type=1327 audit(1554126581.811:1227): proctitle=6C73002D6C002F
04-01 15:49:41.858: E/adbd(22652): recv: OPEN 00000c7f 00000000 001c:73 68 65 6C 6C 3A 6C 73 20 2D 6C 20 2D 64 20 2F 62 75 67 72 65 70 6F 72 74 73 2F 00 
04-01 15:49:41.921: E/adbd(22652): recv: OPEN 00000c80 00000000 0019:73 68 65 6C 6C 3A 6C 73 20 2D 6C 20 2D 64 20 2F 63 68 61 72 67 65 72 2F 00 
04-01 15:49:42.254: D/InputReader(2916): Input event(2): value=1 when=19502779083000
04-01 15:49:42.254: D/InputReader(2916): Input event(2): value=1 when=19502779083000
04-01 15:49:42.254: I/InputReader(2916): Touch event's action is 0x0 (deviceType=0) [pCnt=1, s=0.81 ] when=19502779083000
04-01 15:49:42.255: I/InputDispatcher(2916): Delivering touch to (3371): action: 0x4, toolType: 1
04-01 15:49:42.255: I/InputDispatcher(2916): Delivering touch to (4036): action: 0x0, toolType: 1
04-01 15:49:42.255: I/InputDispatcher(2916): Delivering touch to (3371): action: 0x0, toolType: 1
04-01 15:49:42.256: D/ViewRootImpl@18b2ffc[LauncherActivity](4036): ViewPostIme pointer 0
04-01 15:49:42.257: I/System.out(4036): Rect(0, 0 - 1920, 128)
04-01 15:49:42.258: D/PagedView(4036): reset touch state case 1
04-01 15:49:42.292: I/display(2589): [PrimaryDisplay] [DYNAMIC_RECOMP] first frame after HWC_2_GLES
04-01 15:49:42.292: I/display(2589): [PrimaryDisplay] [DYNAMIC_RECOMP] GLES_2_HWC by high FPS(5)
04-01 15:49:42.351: D/InputReader(2916): Input event(2): value=0 when=19502876871000
04-01 15:49:42.352: D/InputReader(2916): Input event(2): value=0 when=19502876871000
04-01 15:49:42.352: I/InputReader(2916): Touch event's action is 0x1 (deviceType=0) [pCnt=1, s=] when=19502876871000
04-01 15:49:42.352: I/InputDispatcher(2916): Delivering touch to (4036): action: 0x1, toolType: 1
04-01 15:49:42.352: I/InputDispatcher(2916): Delivering touch to (3371): action: 0x1, toolType: 1
04-01 15:49:42.353: D/ViewRootImpl@18b2ffc[LauncherActivity](4036): ViewPostIme pointer 1
04-01 15:49:42.353: D/GameManagerService(2916): identifyGamePackage. mobi.testfactory.TestFactoryCross
04-01 15:49:42.353: D/GamePkgDataHelper(2916): getGamePkgData(). mobi.testfactory.TestFactoryCross
04-01 15:49:42.353: D/PagedView(4036): resetTouchState()
04-01 15:49:42.353: D/CustomFrequencyManagerService(2916): acquireDVFSLockLocked : type : DVFS_MIN_LIMIT  frequency : 839000  uid : 1000  pid : 2916  pkgName : GESTURE_DETECTED@CPU_MIN@34
04-01 15:49:42.355: D/SamsungAnalytics111040(4036): user do not agree
04-01 15:49:42.361: D/CustomFrequencyManagerService(2916): acquireDVFSLockLocked : type : DVFS_MIN_LIMIT  frequency : 1586000  uid : 1000  pid : 2916  pkgName : APP_LAUNCH@CPU_MIN@7
04-01 15:49:42.363: D/ActivityOptions(4036): semMakeCustomScaleUpAnimation, width : 270, height : 191, opts.mStartX : 1248, opts.mStartY : 743, opts.mIsHomeItem : false
04-01 15:49:42.367: I/ActivityManager(2916): START u0 {act=android.intent.action.MAIN typ=null flg=0x10200000 cmp=ComponentInfo{mobi.testfactory.TestFactoryCross/md57864fc9a7d8f7f3a73f14542c053def5.MainActivity}} from uid 10055
04-01 15:49:42.367: D/MARsPolicyManager(2916): updateResetTimeForDisabler pkgName = mobi.testfactory.TestFactoryCross, userId = 0
04-01 15:49:42.368: D/CustomFrequencyManagerService(2916): acquireDVFSLockLocked : type : DVFS_MIN_LIMIT  frequency : 1586000  uid : 1000  pid : 2916  pkgName : AMS_APP_SWITCH@CPU_MIN@52
04-01 15:49:42.368: D/ActivityManagerPerformance(2916): AMP_acquire() APP_SWITCH
04-01 15:49:42.377: D/MdnieScenarioControlService(2916): Listener Real Multi Window State : false
04-01 15:49:42.378: W/BroadcastQueue(2916): Permission Denial: receiving Intent { act=com.android.launcher3.action.LAUNCH flg=0x10 (has extras) } to ProcessRecord{cda9ba7 3658:com.google.android.gms.persistent/u0a15} (pid=3658, uid=10015) requires com.android.launcher.permission.RECEIVE_LAUNCH_BROADCASTS due to sender com.sec.android.app.launcher (uid 10055)
04-01 15:49:42.378: D/InputTransport(2916): Input channel constructed: fd=445
04-01 15:49:42.378: D/InputTransport(2916): Input channel constructed: fd=446
04-01 15:49:42.378: V/Launcher(4036): Launcher.onPause()
04-01 15:49:42.379: D/Launcher(4036): setHotWordDetection : call requestHotWordDetection false
04-01 15:49:42.379: W/BroadcastQueue(2916): Permission Denial: receiving Intent { act=com.android.launcher3.action.LAUNCH flg=0x10 (has extras) } to com.google.android.gms/.chimera.GmsIntentOperationService$GmsExternalReceiver requires com.android.launcher.permission.RECEIVE_LAUNCH_BROADCASTS due to sender com.sec.android.app.launcher (uid 10055)
04-01 15:49:42.380: D/ViewRootImpl@12bda39[TestFactoryCross](2916): setView = DecorView@a30e1df[TestFactoryCross] TM=true MM=false
04-01 15:49:42.381: I/MicroDetector(18900): Keeping mic open: false
04-01 15:49:42.381: I/DeviceStateChecker(18900): DeviceStateChecker cancelled
04-01 15:49:42.382: I/AudioController(18900): internalShutdown
04-01 15:49:42.383: I/MicroRecognitionRunner(18900): Stopping hotword detection.
04-01 15:49:42.385: D/ViewRootImpl@12bda39[TestFactoryCross](2916): dispatchAttachedToWindow
04-01 15:49:42.386: V/WindowManager(2916): Relayout Window{d3f787e u0 Splash Screen mobi.testfactory.TestFactoryCross}: viewVisibility=0 req=1920x1164 WM.LayoutParams{(0,0)(fillxfill) sim=#20 ty=3 fl=#81830118 pfl=0x11 wanim=0x10302fc vsysui=0x600 needsMenuKey=2 colorMode=0 naviIconColor=0}
04-01 15:49:42.389: I/SurfaceFlinger(2589): id=126 createSurf (1920x1200),1 flag=404, Splash Screen mobi.testfactory.TestFactoryCross[2916]#0
04-01 15:49:42.391: V/Surface(2916): sf_framedrop debug : 0x4f4c, game : false, logging : 0
04-01 15:49:42.394: D/ViewRootImpl@12bda39[TestFactoryCross](2916): Relayout returned: old=[0,0][0,0] new=[0,0][1920,1200] result=0x7 surface={valid=true 2871672832} changed=true
04-01 15:49:42.395: I/PBSessionCacheImpl(18900): Deleted sessionId[83124633124681942] from persistence.
04-01 15:49:42.396: I/audio_hw_primary(2569): do_in_standby : in->standby 0
04-01 15:49:42.396: D/ActivityManager(2916): isScaleDownAnimationEnabled() : false
04-01 15:49:42.397: D/ActivityManager(2916): applyOptionsLocked, ANIM_CUSTOM_SCALE_UP, x : 1248, y : 743, isHomeItem : false
04-01 15:49:42.397: D/SamsungAnimationCreator(2916): updateAppTransitionStartValues frame Rect(1248, 743 - 1518, 934)
04-01 15:49:42.397: D/ActivityManager(2916): applyOptionsLocked, ANIM_CUSTOM_SCALE_UP, task.getRootActivity() : ActivityRecord{f376de8 u0 mobi.testfactory.TestFactoryCross/md57864fc9a7d8f7f3a73f14542c053def5.MainActivity t2691}, task.getTaskToReturnTo() : 1
04-01 15:49:42.397: D/ActivityManager(2916): setAppIconInfo(), x : 1248, y : 743, width : 270, height : 191, isHomeItem : false
04-01 15:49:42.397: D/SamsungAnimationCreator(2916): setAnimationFromLauncher : apps 2
04-01 15:49:42.397: D/StorageManagerService(2916): getExternalStorageMountMode : 3
04-01 15:49:42.398: D/StorageManagerService(2916): getExternalStorageMountMode : 3
04-01 15:49:42.398: D/StorageManagerService(2916): getExternalStorageMountMode : final mountMode=3, uid : 10224, packageName : mobi.testfactory.TestFactoryCross
04-01 15:49:42.398: I/ApplicationPolicy(2916): isApplicationExternalStorageWhitelisted:mobi.testfactory.TestFactoryCross user:0
04-01 15:49:42.398: D/ApplicationPolicy(2916): isApplicationExternalStorageWhitelisted: DO is not enabled on user 0. Allowed.
04-01 15:49:42.398: D/ActivityManager(2916): package  mobi.testfactory.TestFactoryCross, user - 0 is SDcard whitelisted
04-01 15:49:42.398: I/ApplicationPolicy(2916): isApplicationExternalStorageBlacklisted:mobi.testfactory.TestFactoryCross user:0
04-01 15:49:42.398: D/ApplicationPolicy(2916): isApplicationExternalStorageBlacklisted: DO is not enabled on user 0. Allowed.
04-01 15:49:42.401: W/SearchServiceCore(18900): Abort, client detached.
04-01 15:49:42.401: V/audio_hw_primary(2569): select_devices output_scenario:-1 input_scenario:-1 out_snd_device 0x0 in_snd_device:0x0
04-01 15:49:42.401: I/audio_route(2569): > audio_route_reset :
04-01 15:49:42.402: I/audio_route(2569): > audio_route_update_mixer : +
04-01 15:49:42.404: I/audio_route(2569): > audio_route_update_mixer : changed(9) -
04-01 15:49:42.404: I/audio_hw_primary(2569): select_devices - 
04-01 15:49:42.404: D/audio_hw_primary(2569): do_in_standby WAKEUP_ON
04-01 15:49:42.405: I/APM_AudioPolicyManager(2664): stopInput() input 246
04-01 15:49:42.405: D/audio_hw_primary(2569): in_set_parameters: enter: kvpairs: routing=0
04-01 15:49:42.406: I/samsungRecord(2569): [samsungrecord] MicCalonoff 1
04-01 15:49:42.406: V/audio_hw_primary(2569): in_set_parameters: exit: status(0)
04-01 15:49:42.406: V/APM_AudioPolicyManager(2664): resetInputDevice() releaseAudioPatch returned 0
04-01 15:49:42.407: V/APM_AudioPolicyManager(2664): listAudioPorts() role 0 type 0 num_ports 0 ports 0xf0099688
04-01 15:49:42.407: V/APM_AudioPolicyManager(2664): listAudioPorts() got 0 ports needed 8
04-01 15:49:42.407: V/APM_AudioPolicyManager(2664): listAudioPorts() role 0 type 0 num_ports 8 ports 0xedcee000
04-01 15:49:42.407: V/APM_AudioPolicyManager(2664): listAudioPorts() got 8 ports needed 8
04-01 15:49:42.408: V/APM_AudioPolicyManager(2664): releaseInput() 246
04-01 15:49:42.408: V/APM_AudioPolicyManager(2664): closeInput(246)
04-01 15:49:42.410: I/MicrophoneInputStream(18900): mic_close  SR : 16000 CC : 16 SO : 1999
04-01 15:49:42.410: D/MultiRecordManager(2664): closeInputStream() moduleHandle:10, modulename:primary, stream_in:0xefcb0500, source:6, dev:0xf00f20f0
04-01 15:49:42.410: I/MultiRecordManager(2664): closeInputStream() skipMultiRecord
04-01 15:49:42.410: E/AudioSource(18900): Stop listening is called on already closed AudioSource
04-01 15:49:42.411: V/audio_hw_primary(2569): stop_voice_note_recording
04-01 15:49:42.411: E/audio_hw_primary(2569): adev_close_input_stream, set jack_in to null
04-01 15:49:42.411: V/APM_AudioPolicyManager(2664): releaseInput() exit
04-01 15:49:42.412: V/APM_AudioPolicyManager(2664): listAudioPorts() role 0 type 0 num_ports 0 ports 0xefc94040
04-01 15:49:42.412: V/APM_AudioPolicyManager(2664): listAudioPorts() got 0 ports needed 7
04-01 15:49:42.412: I/MicroRecognitionRunner(18900): Detection finished
04-01 15:49:42.412: V/APM_AudioPolicyManager(2664): listAudioPorts() role 0 type 0 num_ports 7 ports 0xedcba000
04-01 15:49:42.412: V/APM_AudioPolicyManager(2664): listAudioPorts() got 7 ports needed 7
04-01 15:49:42.413: V/APM_AudioPolicyManager(2664): listAudioPorts() role 0 type 0 num_ports 0 ports 0xefc94040
04-01 15:49:42.413: V/APM_AudioPolicyManager(2664): listAudioPorts() got 0 ports needed 7
04-01 15:49:42.413: V/APM_AudioPolicyManager(2664): listAudioPorts() role 0 type 0 num_ports 7 ports 0xedcba000
04-01 15:49:42.413: V/APM_AudioPolicyManager(2664): listAudioPorts() got 7 ports needed 7
04-01 15:49:42.415: I/ActivityManager(2916): Start proc 2353:mobi.testfactory.TestFactoryCross/u0a224 for activity mobi.testfactory.TestFactoryCross/md57864fc9a7d8f7f3a73f14542c053def5.MainActivity
04-01 15:49:42.417: E/Zygote(2353): isWhitelistProcess - Process is Whitelisted
04-01 15:49:42.417: E/libpersona(2353): scanKnoxPersonas
04-01 15:49:42.417: E/libpersona(2353): Couldn't open the File - /data/system/users/0/personalist.xml - No such file or directory
04-01 15:49:42.420: W/SELinux(2353): SELinux selinux_android_compute_policy_index : Policy Index[2],  Con:u:r:zygote:s0 RAM:SEPF_SM-T580_8.1.0_0008, [-1 -1 -1 -1 0 1]
04-01 15:49:42.421: I/SELinux(2353): SELinux: seapp_context_lookup: seinfo=untrusted, level=s0:c512,c768, pkgname=mobi.testfactory.TestFactoryCross 
04-01 15:49:42.428: I/WorkerManager(18900): dispose()
04-01 15:49:42.429: I/WorkerManager(18900): Disposing handler for worker [legacyui] (manager: bf95828, handler: 1f1373b)
04-01 15:49:42.429: I/WorkerManager(18900): Disposing handler for worker [networkmonitor] (manager: bf95828, handler: 67761f7)
04-01 15:49:42.429: I/WorkerManager(18900): Disposing handler for worker [opa] (manager: bf95828, handler: 12f1f67)
04-01 15:49:42.429: I/WorkerManager(18900): Disposing handler for worker [logo_header] (manager: bf95828, handler: c881d32)
04-01 15:49:42.429: I/WorkerManager(18900): Disposing handler for worker [transcription] (manager: bf95828, handler: 79b9319)
04-01 15:49:42.429: I/WorkerManager(18900): Disposing handler for worker [optin] (manager: bf95828, handler: 6acb58b)
04-01 15:49:42.429: I/WorkerManager(18900): Disposing handler for worker [searchplate] (manager: bf95828, handler: ef60)
04-01 15:49:42.430: I/WorkerManager(18900): Disposing handler for worker [sharedmicrodetection] (manager: bf95828, handler: ca2ef1b)
04-01 15:49:42.430: I/WorkerManager(18900): Disposing handler for worker [sharebear] (manager: bf95828, handler: 519d50b)
04-01 15:49:42.430: I/WorkerManager(18900): Disposing handler for worker [message] (manager: bf95828, handler: 9525d88)
04-01 15:49:42.430: W/ThreadPoolDumper(18900): Queue length for executor EventBus is now 11. Perhaps some tasks are too long, or the pool is too small.
04-01 15:49:42.430: I/WorkerManager(18900): Disposing handler for worker [searchwidget] (manager: bf95828, handler: f5c2b1d)
04-01 15:49:42.430: I/WorkerManager(18900): Disposing handler for worker [service] (manager: bf95828, handler: 8f6e941)
04-01 15:49:42.430: I/WorkerManager(18900): Disposing handler for worker [context] (manager: bf95828, handler: b21205d)
04-01 15:49:42.430: I/WorkerManager(18900): Disposing handler for worker [searchboxroot] (manager: bf95828, handler: d85d9e6)
04-01 15:49:42.430: I/WorkerManager(18900): Disposing handler for worker [progress] (manager: bf95828, handler: 8e861ce)
04-01 15:49:42.431: I/WorkerManager(18900): Disposing handler for worker [audio] (manager: bf95828, handler: bb62693)
04-01 15:49:42.431: I/WorkerManager(18900): Disposing handler for worker [actions] (manager: bf95828, handler: 462d1d4)
04-01 15:49:42.431: I/WorkerManager(18900): Disposing handler for worker [conversation] (manager: bf95828, handler: bf4670f)
04-01 15:49:42.431: I/WorkerManager(18900): Disposing handler for worker [actionvelogging] (manager: bf95828, handler: 69d55a0)
04-01 15:49:42.448: I/ClientCertificateManager Service(2916): fixContextInfoForMP() returning Caller uid: 10224 ,Container id: 0
04-01 15:49:42.449: I/ClientCertificateManager Service(2916): fixContextInfoForMP() returning Caller uid: 10224 ,Container id: 0
04-01 15:49:42.449: D/ActivityThread(2353): Added TimaKeyStore provider
04-01 15:49:42.451: I/ActivityManager(2916): DSS on for mobi.testfactory.TestFactoryCross and scale is 1.0
04-01 15:49:42.454: V/WindowOrientationListener(2916): getProposedRotation :-1
04-01 15:49:42.454: V/WindowManager(2916): rotationForOrientationLw(orient=-1, last=3); user=0  sensorRotation=-1 mLidState=-1 mDockMode=0 mHdmiPlugged=false, displayId=0
04-01 15:49:42.460: D/PersonaManagerService(2916): Current focused persona service handled id set to : 0
04-01 15:49:42.460: D/InputDispatcher(2916): Focused application set to: xxxx
04-01 15:49:42.461: D/InputDispatcher(2916): Focus left window: 4036 0
04-01 15:49:42.462: D/ViewRootImpl@18b2ffc[LauncherActivity](4036): MSG_WINDOW_FOCUS_CHANGED 0
04-01 15:49:42.463: D/MARsPolicyManager(2916): onPackageResumedFG pkgName = mobi.testfactory.TestFactoryCross, userId = 0
04-01 15:49:42.463: D/GameManagerService(2916): handleForegroundChange(). pkgName: mobi.testfactory.TestFactoryCross, clsName: md57864fc9a7d8f7f3a73f14542c053def5.MainActivity,FgActivityName:mobi.testfactory.TestFactoryCross/md57864fc9a7d8f7f3a73f14542c053def5.MainActivity
04-01 15:49:42.463: D/GameManagerService(2916): sem_perfomance_mode: 3
04-01 15:49:42.463: D/GameManagerService(2916): notifyResumePause(). pkg: mobi.testfactory.TestFactoryCross, type: 4, isMinimized: false, isTunableApp: false
04-01 15:49:42.463: D/GameManagerService(2916):   notifyResumePause(). unexpected mPrevNotiType: -1
04-01 15:49:42.470: D/WindowManager(2916): finishDrawingWindow: Window{d3f787e u0 Splash Screen mobi.testfactory.TestFactoryCross} mDrawState=DRAW_PENDING
04-01 15:49:42.474: D/MDO(2353): MDO if sIsMdo=false, sIsCheckMdo=false, uid = 10224
04-01 15:49:42.474: D/SamsungAnimationCreator(2916): createAnimation type:LowEnd transit:12 enter:false wallpaperXoffset:0 split:false fixedOri:false
04-01 15:49:42.474: D/SamsungAnimationCreator(2916): createAnimation displayFrame:Rect(0, 0 - 1920, 1200) frame:null insets:null
04-01 15:49:42.475: V/WindowManager(2916): Setting visibility of Window{e112675 u0 com.sec.android.app.launcher/com.sec.android.app.launcher.activities.LauncherActivity}: false, mViewVisibilityUpdateCompleted=false, caller=com.android.server.wm.WindowContainer.sendAppVisibilityToClients:443 com.android.server.wm.AppWindowToken.setClientHidden:400 com.android.server.wm.AppWindowToken.setVisibility:411 com.android.server.wm.WindowSurfacePlacer.handleClosingApps:525 com.android.server.wm.WindowSurfacePlacer.handleAppTransitionReadyLocked:384 
04-01 15:49:42.475: D/SamsungAnimationCreator(2916): createAnimation type:LowEnd transit:1001 enter:false wallpaperXoffset:-1 split:false fixedOri:false
04-01 15:49:42.475: D/SamsungAnimationCreator(2916): createAnimation displayFrame:Rect(0, 0 - 1920, 1200) frame:Rect(0, 0 - 1920, 1200) insets:Rect(0, 0 - 0, 0)
04-01 15:49:42.475: D/SamsungAnimationCreator(2916): createAppOpenHomeExitAnimation
04-01 15:49:42.475: D/Proxy(2353): mdoP is null: 10224
04-01 15:49:42.476: D/SamsungAnimationCreator(2916): createAnimation type:LowEnd transit:1001 enter:true wallpaperXoffset:-1 split:false fixedOri:false
04-01 15:49:42.476: D/SamsungAnimationCreator(2916): createAnimation displayFrame:Rect(0, 0 - 1920, 1200) frame:Rect(0, 0 - 1920, 1200) insets:Rect(0, 36 - 0, 0)
04-01 15:49:42.476: D/SamsungAnimationCreator(2916): createAppOpenAppEnterAnimation
04-01 15:49:42.478: D/WallpaperService(3371): updateSurface forceRelayout=true redrawNeeded=false myWidth=1920 myHeight=1920 fixedSize=true x = 0 y = 0 mWidth=1920 mHeight=1920 mIsSleepMode=false
04-01 15:49:42.481: D/ViewRootImpl@12bda39[TestFactoryCross](2916): MSG_RESIZED: frame=Rect(0, 0 - 1920, 1200) ci=Rect(0, 36 - 0, 0) vi=Rect(0, 36 - 0, 0) or=2
04-01 15:49:42.482: V/WindowManager(2916): Relayout Window{f04881a u0 com.android.systemui.ImageWallpaper}: viewVisibility=0 req=1920x1920 WM.LayoutParams{(0,0)(1920x1920) gr=#800033 ty=2013 fl=#10318 fmt=2 wanim=0x103030d colorMode=0 naviIconColor=0}
04-01 15:49:42.485: I/Launcher(4036): onWindowVisibilityChanged : false
04-01 15:49:42.486: D/ImageWallpaper(3371): onOffsetsChanged: xOffset=0.0, yOffset=0.0, xOffsetStep=0.0, yOffsetStep=0.0, xPixels=0, yPixels=0
04-01 15:49:42.487: D/ImageWallpaper(3371): newRotation : 3,mLastRotation : 3
04-01 15:49:42.487: D/ImageWallpaper(3371): drawFrame:[frame.width()]1920[frame.height()]1920
04-01 15:49:42.487: D/ImageWallpaper(3371): surfaceDimensionsChanged=false mDisplayWidth=1920 mDisplayHeight=1200
04-01 15:49:42.487: D/ImageWallpaper(3371): redrawNeeded = false, mOffsetsChanged = false
04-01 15:49:42.487: D/ImageWallpaper(3371): Suppressed drawFrame since redraw is not needed and offsets have not changed.
04-01 15:49:42.490: D/WindowManager(2916): set systemUiVisibility : systemUiFlags= 0x608 fullscreenStackSysUiFlags= 0x0 dockedVisibility= 0x0
04-01 15:49:42.491: D/OpenGLRenderer(4036): eglDestroySurface = 0xae4e3430, 0xc8744800
04-01 15:49:42.491: I/MultiDex(2353): VM with version 2.1.0 has multidex support
04-01 15:49:42.492: I/MultiDex(2353): install
04-01 15:49:42.492: I/MultiDex(2353): VM has multidex support, MultiDex support library is disabled.
04-01 15:49:42.496: D/WindowManager(2916): adjustSystemUiVisibilityLw : vis= 0x608  displayId:0
04-01 15:49:42.496: V/WindowManager(2916): Relayout Window{e112675 u0 com.sec.android.app.launcher/com.sec.android.app.launcher.activities.LauncherActivity}: viewVisibility=8 req=1920x1200 WM.LayoutParams{(0,0)(fillxfill) sim=#130 layoutInDisplayCutoutMode=always ty=1 fl=#81910d00 pfl=0x20000 fmt=-2 wanim=0x10302ea vsysui=0x700 needsMenuKey=2 colorMode=0 naviIconColor=0}
04-01 15:49:42.501: D/ViewRootImpl@18b2ffc[LauncherActivity](4036): Relayout returned: old=[0,0][1920,1200] new=[0,0][1920,1200] result=0x5 surface={valid=false 0} changed=true
04-01 15:49:42.521: D/SurfaceFlinger(2589):   Display[0] configurations (* current):
04-01 15:49:42.521: D/SurfaceFlinger(2589):     * 0: 1200x1920, xdpi=225.776993, ydpi=225.776993, refresh=16666666
04-01 15:49:42.521: D/SurfaceFlinger(2589):   numHwLayers=5, flags=00000000
04-01 15:49:42.521: D/SurfaceFlinger(2589):     type   |  handle  | hint | flag | tr | blnd |   format    |     source crop (l,t,r,b)      |          frame         | name 
04-01 15:49:42.521: D/SurfaceFlinger(2589): -----------+----------+------+------+----+------+-------------+--------------------------------+------------------------+------
04-01 15:49:42.521: D/SurfaceFlinger(2589):        HWC | eef66180 | 0000 | 0020 | 00 | 0100 | RGBx_8888   |  360.0,    0.0, 1560.0, 1920.0 |    0,    0, 1200, 1920 | com.android.systemui.ImageWallpaper[3371]#0
04-01 15:49:42.521: D/SurfaceFlinger(2589):       GLES | eef66a80 | 0000 | 0000 | 00 | 0105 | RGBA_8888   |  121.0,   77.0, 1148.0, 1721.0 |    0,    0, 1200, 1920 | com.sec.android.app.launcher/com.sec.android.app.launcher.activities.LauncherActivity[4036]#0
04-01 15:49:42.521: D/SurfaceFlinger(2589):       GLES | eef675c0 | 0000 | 0020 | 07 | 0105 | RGBA_8888   |    0.0,    0.0, 1920.0, 1200.0 |  278,  178, 1080, 1461 | Splash Screen mobi.testfactory.TestFactoryCross[2916]#0
04-01 15:49:42.521: D/SurfaceFlinger(2589):       GLES | eec0b540 | 0000 | 0000 | 00 | 0105 | RGBA_8888   |
04-01 15:49:42.521: D/SurfaceFlinger(2589):     0.0,    0.0,   36.0, 1920.0 |    0,    0,   36, 1920 | StatusBar[3371]#0
04-01 15:49:42.521: D/SurfaceFlinger(2589):  FB TARGET | eef66600 | 0000 | 0000 | 00 | 0105 | RGBA_8888   |    0.0,    0.0, 1200.0, 1920.0 |    0,    0, 1200, 1920 | HWC_FRAMEBUFFER_TARGET
04-01 15:49:42.521: D/SystemServicesProxy(3371): updateOverviewLastStackActiveTimeAsync: newTime=1554126582462
04-01 15:49:42.522: D/SecContentProvider(2916): query(), uri = 17 selection = isSettingsChangesAllowed
04-01 15:49:42.523: D/SecContentProvider(2916): called from android.uid.systemui:10059
04-01 15:49:42.523: D/RestrictionPolicy(2916): isSettingsChangesAllowedAsUser, userId 0 : true
04-01 15:49:42.523: D/SystemServicesProxy(3371): updateOverviewLastStackActiveTimeAsync: done.
04-01 15:49:42.581: D/WifiService(2916): getConnectionInfo uid=1000
04-01 15:49:42.585: W/monodroid(2353): Trying to load sgen from: /data/app/mobi.testfactory.TestFactoryCross-W8bmvDXZ7EOp--nSkd2u5w==/lib/arm/libmonosgen-2.0.so
04-01 15:49:42.586: D/WifiTrafficPoller(2916): TrafficStats TxPkts=9707 RxPkts=10445 TxBytes=1880454 RxBytes=2709361 , Foreground uid=10224 pkgName=mobi.testfactory.TestFactoryCross txBytes=7458 rxBytes=3444
04-01 15:49:42.598: D/MdnieScenarioControlService(2916):  packageName : mobi.testfactory.TestFactoryCross    className : md57864fc9a7d8f7f3a73f14542c053def5.MainActivity
04-01 15:49:42.598: V/MdnieScenarioControlService(2916): setUIMode from UI function(3)
04-01 15:49:42.698: E/MdnieScenarioControlService(2916): Exception : java.io.FileNotFoundException: /sys/class/mdnie/mdnie/scenario (No such file or directory) , in : null , value : null , length : 0
04-01 15:49:42.698: W/System.err(2916): java.io.FileNotFoundException: /sys/class/mdnie/mdnie/scenario (No such file or directory)
04-01 15:49:42.699: W/System.err(2916): 	at java.io.FileInputStream.open0(Native Method)
04-01 15:49:42.699: W/System.err(2916): 	at java.io.FileInputStream.open(FileInputStream.java:200)
04-01 15:49:42.699: W/System.err(2916): 	at java.io.FileInputStream.<init>(FileInputStream.java:150)
04-01 15:49:42.699: W/System.err(2916): 	at com.samsung.android.displaysolution.MdnieScenarioControlService.getStringFromFile(MdnieScenarioControlService.java:1819)
04-01 15:49:42.699: W/System.err(2916): 	at com.samsung.android.displaysolution.MdnieScenarioControlService.setUIMode(MdnieScenarioControlService.java:1172)
04-01 15:49:42.699: W/System.err(2916): 	at com.samsung.android.displaysolution.MdnieScenarioControlService.-wrap14(Unknown Source:0)
04-01 15:49:42.699: W/System.err(2916): 	at com.samsung.android.displaysolution.MdnieScenarioControlService$MSCSControlHandler.handleMessage(MdnieScenarioControlService.java:1142)
04-01 15:49:42.699: W/System.err(2916): 	at android.os.Handler.dispatchMessage(Handler.java:106)
04-01 15:49:42.699: W/System.err(2916): 	at android.os.Looper.loop(Looper.java:164)
04-01 15:49:42.699: W/System.err(2916): 	at android.os.HandlerThread.run(HandlerThread.java:65)
04-01 15:49:42.770: E/WindowManager(2916): win=Window{e112675 u0 com.sec.android.app.launcher/com.sec.android.app.launcher.activities.LauncherActivity EXITING} destroySurfaces: appStopped=false win.mWindowRemovalAllowed=false win.mRemoveOnExit=false win.mViewVisibility=8, caller=com.android.server.wm.AppWindowToken.destroySurfaces:748 com.android.server.wm.AppWindowToken.destroySurfaces:732 com.android.server.wm.WindowState.onExitAnimationDone:5646 com.android.server.wm.AppWindowAnimator.stepAnimationLocked:517 com.android.server.wm.AppWindowToken.stepAppWindowsAnimation:1745 
04-01 15:49:42.770: I/WindowManager(2916): Destroying surface #d5739ad: Surface(name=com.sec.android.app.launcher/com.sec.android.app.launcher.activities.LauncherActivity) called by com.android.server.wm.WindowStateAnimator.destroySurface:2617 com.android.server.wm.WindowStateAnimator.destroySurfaceLocked:1026 com.android.server.wm.WindowState.destroyOrSaveSurfaceUnchecked:3921 com.android.server.wm.WindowState.destroySurface:3867 com.android.server.wm.AppWindowToken.destroySurfaces:748 com.android.server.wm.AppWindowToken.destroySurfaces:732 com.android.server.wm.WindowState.onExitAnimationDone:5646 com.android.server.wm.AppWindowAnimator.stepAnimationLocked:517 
04-01 15:49:42.771: I/SurfaceFlinger(2589): id=124 Removed com.sec.android.app.launcher/com.sec.android.app.launcher.activities.LauncherActivity[4036]#0 (1/4)
04-01 15:49:42.771: D/SurfaceFlinger(2589):   Display[0] configurations (* current):
04-01 15:49:42.771: D/SurfaceFlinger(2589):     * 0: 1200x1920, xdpi=225.776993, ydpi=225.776993, refresh=16666666
04-01 15:49:42.771: D/SurfaceFlinger(2589):   numHwLayers=3, flags=00000000
04-01 15:49:42.771: D/SurfaceFlinger(2589):     type   |  handle  | hint | flag | tr | blnd |   format    |     source crop (l,t,r,b)      |          frame         | name 
04-01 15:49:42.771: D/SurfaceFlinger(2589): -----------+----------+------+------+----+------+-------------+--------------------------------+------------------------+------
04-01 15:49:42.771: D/SurfaceFlinger(2589):       GLES | eef675c0 | 0000 | 0020 | 07 | 0100 | RGBA_8888   |    0.0,    0.0, 1920.0, 1200.0 |    0,    0, 1200, 1920 | Splash Screen mobi.testfactory.TestFactoryCross[2916]#0
04-01 15:49:42.771: D/SurfaceFlinger(2589):       GLES | eec0b540 | 0000 | 0000 | 00 | 0105 | RGBA_8888   |    0.0,    0.0,   36.0, 1920.0 |    0,    0,   36, 1920 | StatusBar[3371]#0
04-01 15:49:42.771: D/SurfaceFlinger(2589):  FB TARGET | eef66600 | 0000 | 0000 | 00 | 0105 | RGBA_8888   |    0.0,    0.0, 1200.0, 1920.0 |    0,    0, 1200, 1920 | HWC_FRAMEBUFFER_TARGET
04-01 15:49:42.774: I/SurfaceFlinger(2589): id=124 Removed com.sec.android.app.launcher/com.sec.android.app.launcher.activities.LauncherActivity[4036]#0 (-2/4)
04-01 15:49:42.776: D/WallpaperService(3371): dispatchAppVisibility onVisibilityChanged(): false
04-01 15:49:42.777: D/ImageWallpaper(3371): onVisibilityChanged: mVisible, visible=true, false
04-01 15:49:42.777: D/ImageWallpaper(3371): Visibility changed to visible=false
04-01 15:49:42.777: D/WallpaperService(3371): reportVisibility onVisibilityChanged visible: false
04-01 15:49:42.786: I/Layer(2589): id=124 onRemoved com.sec.android.app.launcher/com.sec.android.app.launcher.activities.LauncherActivity[4036]#0 
04-01 15:49:42.910: D/CustomFrequencyManagerService(2916): releaseDVFSLockLocked : Getting Lock type frm List : DVFS_MIN_LIMIT  frequency : 839000  uid : 1000  pid : 2916  tag : GESTURE_DETECTED@CPU_MIN@34
04-01 15:49:42.927: W/monodroid-gc(2353): GREF GC Threshold: 46080
04-01 15:49:42.937: W/monodroid(2353): Calling into managed runtime init
04-01 15:49:43.367: D/BatteryService(2916): !@BatteryListener : batteryPropertiesChanged!
04-01 15:49:43.367: D/BatteryService(2916): level:100, scale:100, status:5, health:2, present:true, voltage: 4230, temperature: 282, technology: Li-ion, AC powered:false, USB powered:true, POGO powered:false, Wireless powered:false, icon:17303972, invalid charger:0, maxChargingCurrent:0, maxChargingVoltage:0, chargeCounter:0
04-01 15:49:43.367: D/BatteryService(2916): online:6, current avg:-6, charge type:0, power sharing:false, high voltage charger:false, capacity:280000, batterySWSelfDischarging:false, misc_event:0, current_event:0, current_now:-7
04-01 15:49:43.367: D/BatteryService(2916): Sending ACTION_BATTERY_CHANGED.
04-01 15:49:43.368: D/SamsungPhoneWindowManager(2916): ACTION_BATTERY_CHANGED - Level :: 100, battStatus :: 5
04-01 15:49:43.369: D/UsbDeviceManager(2916): received ACTION_BATTERY_CHANGED
04-01 15:49:43.369: D/WifiService(2916): getConnectionInfo uid=1000
04-01 15:49:43.370: D/BigDataInfoController(3345): Intent : android.intent.action.BATTERY_CHANGED
04-01 15:49:43.371: D/KeyguardUpdateMonitor(3371): received broadcast android.intent.action.BATTERY_CHANGED
04-01 15:49:43.371: D/UsbDeviceManager(2916): handleMessage -> MSG_UPDATE_CHARGING_STATE = 1
04-01 15:49:43.372: D/UsbDeviceManager(2916): updateUsbNotification(false) : mConnected = true, mConfigured = true, mCurrentFunctions = mtp,adb, mHostConnected = false, mSupportDualRole = false, mSourcePower = false
04-01 15:49:43.372: D/BatteryController(3371): onReceive-ACTION_BATTERY_CHANGED : mLevel=100, mBatteryStatus=5
04-01 15:49:43.372: D/UsbDeviceManager(2916): mps exists
04-01 15:49:43.373: D/DexObserverFW(2916): isDexModeOn() : false
04-01 15:49:43.373: D/DexObserverFW(2916): isSemiDexModeOn() : false
04-01 15:49:43.373: D/SecContentProvider(2916): query(), uri = 18 selection = isUsbMediaPlayerAvailable
04-01 15:49:43.373: D/PowerUI(3371): showing power sharing dialogfalse
04-01 15:49:43.373: D/PowerUI(3371): priorPlugType = 2 mPlugType =  2
04-01 15:49:43.373: D/PowerUI(3371): Battery swelling mode - priorBatterySwellingMode = 0 mBatterySwellingMode = 0
04-01 15:49:43.374: D/SecContentProvider(2916): called from android.uid.system:1000
04-01 15:49:43.374: D/RestrictionPolicy(2916): isUsbMediaPlayerAvailable : true
04-01 15:49:43.374: D/UsbDeviceManager(2916): policy : mtp_and_ptp, restrict(allow) = true
04-01 15:49:43.375: D/UsbDeviceManager(2916): isUsb30Enabled: read '/sys/class/android_usb/android0/bcdUSB', state = 0200
04-01 15:49:43.375: D/UsbDeviceManager(2916): id=27, mUsbNotificationId=27, titleRes=17042138
04-01 15:49:43.392: I/WorkerManager(18900): New handler created for worker [service] (manager: 8a517d1, handler: 8330236)
04-01 15:49:43.392: I/WorkerHandler(18900): New state for worker [service]: d (handler: 8330236)
04-01 15:49:43.400: I/WorkerManager(18900): New handler created for worker [searchwidget] (manager: 8a517d1, handler: 62c31e2)
04-01 15:49:43.400: I/WorkerHandler(18900): New state for worker [searchwidget]: d (handler: 62c31e2)
04-01 15:49:43.402: I/WorkerManager(18900): New handler created for worker [searchplate] (manager: 8a517d1, handler: 43f64a9)
04-01 15:49:43.402: I/WorkerHandler(18900): New state for worker [searchplate]: d (handler: 43f64a9)
04-01 15:49:43.403: D/SdpManagerService(2916): Not an enterprise user : 0
04-01 15:49:43.415: D/AppWidgetServiceImpl(2916): handleNotifyUpdateAppWidget, appWidgetId = 5
04-01 15:49:43.416: I/LauncherAppWidgetHostView(4036): updateLastOrientation, orientation: 2, activityOrientation: 2, fromRemoteViews: true, widget: ComponentInfo{com.google.android.googlequicksearchbox/com.google.android.googlequicksearchbox.SearchWidgetProvider}
04-01 15:49:43.587: D/WifiService(2916): getConnectionInfo uid=1000
04-01 15:49:43.592: D/WifiTrafficPoller(2916): TrafficStats TxPkts=9707 RxPkts=10445 TxBytes=1880454 RxBytes=2709361 , Foreground uid=10224 pkgName=mobi.testfactory.TestFactoryCross txBytes=7458 rxBytes=3444
04-01 15:49:43.685: I/zygote(2353): Rejecting re-init on previously-failed class java.lang.Class<android.support.v4.view.ViewCompat$OnUnhandledKeyEventListenerWrapper>: java.lang.NoClassDefFoundError: Failed resolution of: Landroid/view/View$OnUnhandledKeyEventListener;
04-01 15:49:43.685: I/zygote(2353):   at void android.support.v4.view.ViewCompat.setOnApplyWindowInsetsListener(android.view.View, android.support.v4.view.OnApplyWindowInsetsListener) (ViewCompat.java:2203)
04-01 15:49:43.685: I/zygote(2353):   at android.view.ViewGroup android.support.v7.app.AppCompatDelegateImpl.createSubDecor() (AppCompatDelegateImpl.java:637)
04-01 15:49:43.685: I/zygote(2353):   at void android.support.v7.app.AppCompatDelegateImpl.ensureSubDecor() (AppCompatDelegateImpl.java:518)
04-01 15:49:43.685: I/zygote(2353):   at void android.support.v7.app.AppCompatDelegateImpl.initWindowDecorActionBar() (AppCompatDelegateImpl.java:319)
04-01 15:49:43.685: I/zygote(2353):   at android.support.v7.app.ActionBar android.support.v7.app.AppCompatDelegateImpl.getSupportActionBar() (AppCompatDelegateImpl.java:306)
04-01 15:49:43.685: I/zygote(2353):   at void android.support.v7.app.AppCompatDelegateImpl.setSupportActionBar(android.support.v7.widget.Toolbar) (AppCompatDelegateImpl.java:343)
04-01 15:49:43.685: I/zygote(2353):   at void android.support.v7.app.AppCompatActivity.setSupportActionBar(android.support.v7.widget.Toolbar) (AppCompatActivity.java:130)
04-01 15:49:43.685: I/zygote(2353):   at void md57864fc9a7d8f7f3a73f14542c053def5.MainActivity.n_onCreate(android.os.Bundle) (MainActivity.java:-2)
04-01 15:49:43.685: I/zygote(2353):   at void md57864fc9a7d8f7f3a73f14542c053def5.MainActivity.onCreate(android.os.Bundle) (MainActivity.java:30)
04-01 15:49:43.685: I/zygote(2353):   at void android.app.Activity.performCreate(android.os.Bundle, android.os.PersistableBundle) (Activity.java:7258)
04-01 15:49:43.685: I/zygote(2353):   at void android.app.Activity.performCreate(android.os.Bundle) (Activity.java:7249)
04-01 15:49:43.685: I/zygote(2353):   at void android.app.Instrumentation.callActivityOnCreate(android.app.Activity, android.os.Bundle) (Instrumentation.java:1222)
04-01 15:49:43.685: I/zygote(2353):   at android.app.Activity android.app.ActivityThread.performLaunchActivity(android.app.ActivityThread$ActivityClientRecord, android.content.Intent) (ActivityThread.java:2927)
04-01 15:49:43.685: I/zygote(2353):   at void android.app.ActivityThread.handleLaunchActivity(android.app.ActivityThread$ActivityClientRecord, android.content.Intent, java.lang.String) (ActivityThread.java:3059)
04-01 15:49:43.685: I/zygote(2353):   at void android.app.ActivityThread.-wrap11(android.app.ActivityThread, android.app.ActivityThread$ActivityClientRecord, android.content.Intent, java.lang.String) (ActivityThread.java:-1)
04-01 15:49:43.685: I/zygote(2353):   at void android.app.ActivityThread$H.handleMessage(android.os.Message) (ActivityThread.java:1724)
04-01 15:49:43.685: I/zygote(2353):   at void android.os.Handler.dispatchMessage(android.os.Message) (Handler.java:106)
04-01 15:49:43.685: I/zygote(2353):   at void android.os.Looper.loop() (Looper.java:164)
04-01 15:49:43.685: I/zygote(2353):   at void android.app.ActivityThread.main(java.lang.String[]) (ActivityThread.java:7000)
04-01 15:49:43.685: I/zygote(2353):   at java.lang.Object java.lang.reflect.Method.invoke(java.lang.Object, java.lang.Object[]) (Method.java:-2)
04-01 15:49:43.685: I/zygote(2353):   at void com.android.internal.os.RuntimeInit$MethodAndArgsCaller.run() (RuntimeInit.java:441)
04-01 15:49:43.685: I/zygote(2353):   at void com.android.internal.os.ZygoteInit.main(java.lang.String[]) (ZygoteInit.java:1408)
04-01 15:49:43.685: I/zygote(2353): Caused by: java.lang.ClassNotFoundException: Didn't find class "android.view.View$OnUnhandledKeyEventListener" on path: DexPathList[[zip file "/data/app/mobi.testfactory.TestFactoryCross-W8bmvDXZ7EOp--nSkd2u5w==/base.apk"],nativeLibraryDirectories=[/data/app/mobi.testfactory.TestFactoryCross-W8bmvDXZ7EOp--nSkd2u5w==/lib/arm, /system/fake-libs, /data/app/mobi.testfactory.TestFactoryCross-W8bmvDXZ7EOp--nSkd2u5w==/base.apk!/lib/armeabi-v7a, /system/lib, /system/vendor/lib]]
04-01 15:49:43.685: I/zygote(2353):   at java.lang.Class dalvik.system.BaseDexClassLoader.findClass(java.lang.String) (BaseDexClassLoader.java:125)
04-01 15:49:43.685: I/zygote(2353):   at java.lang.Class java.lang.ClassLoader.loadClass(java.lang.String, boolean) (ClassLoader.java:379)
04-01 15:49:43.685: I/zygote(2353):   at java.lang.Class java.lang.ClassLoader.loadClass(java.lang.String) (ClassLoader.java:312)
04-01 15:49:43.685: I/zygote(2353):   at void android.support.v4.view.ViewCompat.setOnApplyWindowInsetsListener(android.view.View, android.support.v4.view.OnApplyWindowInsetsListener) (ViewCompat.java:2203)
04-01 15:49:43.685: I/zygote(2353):   at android.view.ViewGroup android.support.v7.app.AppCompatDelegateImpl.createSubDecor() (AppCompatDelegateImpl.java:637)
04-01 15:49:43.685: I/zygote(2353):   at void android.support.v7.app.AppCompatDelegateImpl.ensureSubDecor() (AppCompatDelegateImpl.java:518)
04-01 15:49:43.685: I/zygote(2353):   at void android.support.v7.app.AppCompatDelegateImpl.initWindowDecorActionBar() (AppCompatDelegateImpl.java:319)
04-01 15:49:43.685: I/zygote(2353):   at android.support.v7.app.ActionBar android.support.v7.app.AppCompatDelegateImpl.getSupportActionBar() (AppCompatDelegateImpl.java:306)
04-01 15:49:43.685: I/zygote(2353):   at void android.support.v7.app.AppCompatDelegateImpl.setSupportActionBar(android.support.v7.widget.Toolbar) (AppCompatDelegateImpl.java:343)
04-01 15:49:43.685: I/zygote(2353):   at void android.support.v7.app.AppCompatActivity.setSupportActionBar(android.support.v7.widget.Toolbar) (AppCompatActivity.java:130)
04-01 15:49:43.685: I/zygote(2353):   at void md57864fc9a7d8f7f3a73f14542c053def5.MainActivity.n_onCreate(android.os.Bundle) (MainActivity.java:-2)
04-01 15:49:43.685: I/zygote(2353):   at void md57864fc9a7d8f7f3a73f14542c053def5.MainActivity.onCreate(android.os.Bundle) (MainActivity.java:30)
04-01 15:49:43.685: I/zygote(2353):   at void android.app.Activity.performCreate(android.os.Bundle, android.os.PersistableBundle) (Activity.java:7258)
04-01 15:49:43.685: I/zygote(2353):   at void android.app.Activity.performCreate(android.os.Bundle) (Activity.java:7249)
04-01 15:49:43.685: I/zygote(2353):   at void android.app.Instrumentation.callActivityOnCreate(android.app.Activity, android.os.Bundle) (Instrumentation.java:1222)
04-01 15:49:43.686: I/zygote(2353):   at android.app.Activity android.app.ActivityThread.performLaunchActivity(android.app.ActivityThread$ActivityClientRecord, android.content.Intent) (ActivityThread.java:2927)
04-01 15:49:43.686: I/zygote(2353):   at void android.app.ActivityThread.handleLaunchActivity(android.app.ActivityThread$ActivityClientRecord, android.content.Intent, java.lang.String) (ActivityThread.java:3059)
04-01 15:49:43.686: I/zygote(2353):   at void android.app.ActivityThread.-wrap11(android.app.ActivityThread, android.app.ActivityThread$ActivityClientRecord, android.content.Intent, java.lang.String) (ActivityThread.java:-1)
04-01 15:49:43.686: I/zygote(2353):   at void android.app.ActivityThread$H.handleMessage(android.os.Message) (ActivityThread.java:1724)
04-01 15:49:43.686: I/zygote(2353):   at void android.os.Handler.dispatchMessage(android.os.Message) (Handler.java:106)
04-01 15:49:43.686: I/zygote(2353):   at void android.os.Looper.loop() (Looper.java:164)
04-01 15:49:43.686: I/zygote(2353):   at void android.app.ActivityThread.main(java.lang.String[]) (ActivityThread.java:7000)
04-01 15:49:43.686: I/zygote(2353):   at java.lang.Object java.lang.reflect.Method.invoke(java.lang.Object, java.lang.Object[]) (Method.java:-2)
04-01 15:49:43.686: I/zygote(2353):   at void com.android.internal.os.RuntimeInit$MethodAndArgsCaller.run() (RuntimeInit.java:441)
04-01 15:49:43.686: I/zygote(2353):   at void com.android.internal.os.ZygoteInit.main(java.lang.String[]) (ZygoteInit.java:1408)
04-01 15:49:43.687: I/zygote(2353): Rejecting re-init on previously-failed class java.lang.Class<android.support.v4.view.ViewCompat$OnUnhandledKeyEventListenerWrapper>: java.lang.NoClassDefFoundError: Failed resolution of: Landroid/view/View$OnUnhandledKeyEventListener;
04-01 15:49:43.687: I/zygote(2353):   at void android.support.v4.view.ViewCompat.setOnApplyWindowInsetsListener(android.view.View, android.support.v4.view.OnApplyWindowInsetsListener) (ViewCompat.java:2203)
04-01 15:49:43.687: I/zygote(2353):   at android.view.ViewGroup android.support.v7.app.AppCompatDelegateImpl.createSubDecor() (AppCompatDelegateImpl.java:637)
04-01 15:49:43.687: I/zygote(2353):   at void android.support.v7.app.AppCompatDelegateImpl.ensureSubDecor() (AppCompatDelegateImpl.java:518)
04-01 15:49:43.687: I/zygote(2353):   at void android.support.v7.app.AppCompatDelegateImpl.initWindowDecorActionBar() (AppCompatDelegateImpl.java:319)
04-01 15:49:43.687: I/zygote(2353):   at android.support.v7.app.ActionBar android.support.v7.app.AppCompatDelegateImpl.getSupportActionBar() (AppCompatDelegateImpl.java:306)
04-01 15:49:43.687: I/zygote(2353):   at void android.support.v7.app.AppCompatDelegateImpl.setSupportActionBar(android.support.v7.widget.Toolbar) (AppCompatDelegateImpl.java:343)
04-01 15:49:43.687: I/zygote(2353):   at void android.support.v7.app.AppCompatActivity.setSupportActionBar(android.support.v7.widget.Toolbar) (AppCompatActivity.java:130)
04-01 15:49:43.687: I/zygote(2353):   at void md57864fc9a7d8f7f3a73f14542c053def5.MainActivity.n_onCreate(android.os.Bundle) (MainActivity.java:-2)
04-01 15:49:43.687: I/zygote(2353):   at void md57864fc9a7d8f7f3a73f14542c053def5.MainActivity.onCreate(android.os.Bundle) (MainActivity.java:30)
04-01 15:49:43.687: I/zygote(2353):   at void android.app.Activity.performCreate(android.os.Bundle, android.os.PersistableBundle) (Activity.java:7258)
04-01 15:49:43.687: I/zygote(2353):   at void android.app.Activity.performCreate(android.os.Bundle) (Activity.java:7249)
04-01 15:49:43.687: I/zygote(2353):   at void android.app.Instrumentation.callActivityOnCreate(android.app.Activity, android.os.Bundle) (Instrumentation.java:1222)
04-01 15:49:43.687: I/zygote(2353):   at android.app.Activity android.app.ActivityThread.performLaunchActivity(android.app.ActivityThread$ActivityClientRecord, android.content.Intent) (ActivityThread.java:2927)
04-01 15:49:43.687: I/zygote(2353):   at void android.app.ActivityThread.handleLaunchActivity(android.app.ActivityThread$ActivityClientRecord, android.content.Intent, java.lang.String) (ActivityThread.java:3059)
04-01 15:49:43.687: I/zygote(2353):   at void android.app.ActivityThread.-wrap11(android.app.ActivityThread, android.app.ActivityThread$ActivityClientRecord, android.content.Intent, java.lang.String) (ActivityThread.java:-1)
04-01 15:49:43.687: I/zygote(2353):   at void android.app.ActivityThread$H.handleMessage(android.os.Message) (ActivityThread.java:1724)
04-01 15:49:43.687: I/zygote(2353):   at void android.os.Handler.dispatchMessage(android.os.Message) (Handler.java:106)
04-01 15:49:43.687: I/zygote(2353):   at void android.os.Looper.loop() (Looper.java:164)
04-01 15:49:43.687: I/zygote(2353):   at void android.app.ActivityThread.main(java.lang.String[]) (ActivityThread.java:7000)
04-01 15:49:43.687: I/zygote(2353):   at java.lang.Object java.lang.reflect.Method.invoke(java.lang.Object, java.lang.Object[]) (Method.java:-2)
04-01 15:49:43.687: I/zygote(2353):   at void com.android.internal.os.RuntimeInit$MethodAndArgsCaller.run() (RuntimeInit.java:441)
04-01 15:49:43.687: I/zygote(2353):   at void com.android.internal.os.ZygoteInit.main(java.lang.String[]) (ZygoteInit.java:1408)
04-01 15:49:43.687: I/zygote(2353): Caused by: java.lang.ClassNotFoundException: Didn't find class "android.view.View$OnUnhandledKeyEventListener" on path: DexPathList[[zip file "/data/app/mobi.testfactory.TestFactoryCross-W8bmvDXZ7EOp--nSkd2u5w==/base.apk"],nativeLibraryDirectories=[/data/app/mobi.testfactory.TestFactoryCross-W8bmvDXZ7EOp--nSkd2u5w==/lib/arm, /system/fake-libs, /data/app/mobi.testfactory.TestFactoryCross-W8bmvDXZ7EOp--nSkd2u5w==/base.apk!/lib/armeabi-v7a, /system/lib, /system/vendor/lib]]
04-01 15:49:43.687: I/zygote(2353):   at java.lang.Class dalvik.system.BaseDexClassLoader.findClass(java.lang.String) (BaseDexClassLoader.java:125)
04-01 15:49:43.687: I/zygote(2353):   at java.lang.Class java.lang.ClassLoader.loadClass(java.lang.String, boolean) (ClassLoader.java:379)
04-01 15:49:43.687: I/zygote(2353):   at java.lang.Class java.lang.ClassLoader.loadClass(java.lang.String) (ClassLoader.java:312)
04-01 15:49:43.687: I/zygote(2353):   at void android.support.v4.view.ViewCompat.setOnApplyWindowInsetsListener(android.view.View, android.support.v4.view.OnApplyWindowInsetsListener) (ViewCompat.java:2203)
