06-24 17:03:08.760 21996 21326 I BaseThreadPoolExecutor: [#CMH#] Task com.samsung.dcmservice.extractors.task.LocationTask@f79b185 is submitted
06-24 17:03:08.761 21996 21326 I BaseThreadPoolExecutor: [#CMH#] Task com.samsung.dcmservice.extractors.task.POITask@45d56e8 is submitted
06-24 17:03:08.761 21996 21326 I LocationTask: [#CMH#] LocationTask started 
06-24 17:03:08.763 29907 18976 V MediaProvider: 7klwibgf7fvntblfd7(7Hrclnifk7*.:+(,++88/-+5qhg is not existed
06-24 17:03:08.777  1394 13864 W StorageManager: getStorageLowBytes lowPercent : 5, lowBytes : 1225677414, maxLowBytes : 524288000
06-24 17:03:08.778 21996 21327 I POITask : [#CMH#] POITask started 
06-24 17:03:08.784 21996 21327 W Utilities: [#CMH#] DCM Enabled?:false 
06-24 17:03:08.788   763   763 W Layer   : [SurfaceView - com.appname/com.appname.MainActivity@40fc623@0#0] Timestamp 949071847793240 seems implausible relative to expectedPresent 663616592855948
06-24 17:03:08.789  1394  2393 D InputReader: Input event(6): value=1 when=663616577905000
06-24 17:03:08.789  1394  2393 D InputReader: Input event(6): value=1 when=663616577905000
06-24 17:03:08.789  1394  2393 I InputReader: Touch event's action is 0x0 (deviceType=0) [pCnt=1, s=0.4486 ] when=663616577905000
06-24 17:03:08.789  1394  2392 I InputDispatcher: Delivering touch to (17748): action: 0x0, toolType: 1
06-24 17:03:08.791  1173 21160 E mm-3a-external: [cgAF] Invalid Cal. Set Default AF Cal: PAN: 0x78, MAC: 0x1F4, OFFSET: 0x0
06-24 17:03:08.791  1394  6975 D CustomFrequencyManagerService: acquireDVFSLockLocked : type : DVFS_MIN_LIMIT  frequency : 883200  uid : 1000  pid : 1394  pkgName : GESTURE_DETECTED@CPU_MIN@78
06-24 17:03:08.799 21996 21327 I POITask : [#CMH#] Finished processing images in POITask,exiting 
06-24 17:03:08.799 21996 21327 I BaseThreadPoolExecutor: [#CMH#] afterExecute FutureTask
06-24 17:03:08.807 17748 17748 D ViewRootImpl@f74dda0[MainActivity]: ViewPostIme pointer 0
06-24 17:03:08.821   763   763 W Layer   : [SurfaceView - com.appname/com.appname.MainActivity@40fc623@0#0] Timestamp 949071881114240 seems implausible relative to expectedPresent 663616626394108
06-24 17:03:08.824  1173 21160 E mm-3a-external: [cgAF] Invalid Cal. Set Default AF Cal: PAN: 0x78, MAC: 0x1F4, OFFSET: 0x0
06-24 17:03:08.831 29907 18976 D CMHServiceInterface: Sending intent to CMH
06-24 17:03:08.832 21996 21326 I LocationTask: [#CMH#] Finished processing images in LocationTask,exiting 
06-24 17:03:08.832 21996 21326 I BaseThreadPoolExecutor: [#CMH#] afterExecute FutureTask
06-24 17:03:08.837  5613 21237 I Controller: [#CMH#] com.android.providers.media Insert
06-24 17:03:08.838  5613 21237 I Controller: [#CMH#] processInsertAction,No of files to insert: 1,Origin:com.android.providers.media
06-24 17:03:08.845  5613 21237 E Controller: [#CMH#] Content inserted without datetaken 
06-24 17:03:08.845  5613 21237 E Controller: [#CMH#] lSefFileSubType is null 
06-24 17:03:08.846  5613 21237 E ImageFeatures: [#CMH#] applyJustShotFlag : java.io.FileNotFoundException: /storage/emulated/0/Pictures/1593043388763.jpg (No such file or directory) (/storage/emulated/0/Pictures/1593043388763.jpg (No such file or directory))
06-24 17:03:08.846  5613 21237 E ImageFeatures: 	at java.io.FileInputStream.open0 (FileInputStream.java:-2)
06-24 17:03:08.846  5613 21237 E ImageFeatures: 	at java.io.FileInputStream.open (FileInputStream.java:200)
06-24 17:03:08.846  5613 21237 E ImageFeatures: 	at java.io.FileInputStream.<init> (FileInputStream.java:150)
06-24 17:03:08.846  5613 21237 E ImageFeatures: 	at java.io.FileInputStream.<init> (FileInputStream.java:103)
06-24 17:03:08.846  5613 21237 E ImageFeatures: 	at android.media.ExifInterface.<init> (ExifInterface.java:1329)
06-24 17:03:08.846  5613 21237 E ImageFeatures: 	at com.samsung.cmh.features.ImageFeatures.isJustShot (ImageFeatures.java:54)
06-24 17:03:08.846  5613 21237 E ImageFeatures: 	at com.samsung.cmh.core.Controller.processInsertAction (Controller.java:2550)
06-24 17:03:08.846  5613 21237 E ImageFeatures: 	at com.samsung.cmh.core.Controller.execute (Controller.java:991)
06-24 17:03:08.846  5613 21237 E ImageFeatures: 	at com.samsung.cmh.service.CMHService.onHandleIntent (CMHService.java:100)
06-24 17:03:08.846  5613 21237 E ImageFeatures: 	at android.app.IntentService$ServiceHandler.handleMessage (IntentService.java:68)
06-24 17:03:08.846  5613 21237 E ImageFeatures: 	at android.os.Handler.dispatchMessage (Handler.java:105)
06-24 17:03:08.846  5613 21237 E ImageFeatures: 	at android.os.Looper.loop (Looper.java:164)
06-24 17:03:08.846  5613 21237 E ImageFeatures: 	at android.os.HandlerThread.run (HandlerThread.java:65)
06-24 17:03:08.846  5613 21237 E ImageFeatures:  
06-24 17:03:08.848  1394 10129 W ActivityManager: Background start not allowed: service Intent { cmp=com.google.android.apps.photos/com.google.android.libraries.social.mediamonitor.BackgroundThreadNotifierIntentService (has extras) } to com.google.android.apps.photos/com.google.android.libraries.social.mediamonitor.BackgroundThreadNotifierIntentService from pid=1328 uid=10156 pkg=com.google.android.apps.photos
06-24 17:03:08.852 18658 18658 D LibraryDataManager: onChange = 0, active = true, uri = content://com.samsung.cmh/notify_images, this = com.sec.android.gallery3d.data.LibraryDataManager$NotifyBroker@361d8
06-24 17:03:08.853  5613 21237 I Controller: [#CMH#] Sent Notification for uri content://com.samsung.cmh/notify_images
06-24 17:03:08.853  5613 21237 I Controller: [#CMH#] startSmartClustering starting clustering 
06-24 17:03:08.853  5613 21239 I ClusteringTask: [#CMH#] before mutex 
06-24 17:03:08.853  5613 21239 I ClusteringTask: [#CMH#] after mutex 
06-24 17:03:08.853  5613 21239 I MomentClusteringAlgo: [#CMH#] performClustering images deleted false
06-24 17:03:08.853  5613 21239 I ClusteringDBUtils: [#CMH#] updateClusterTable In nothing to update 
06-24 17:03:08.853  5613 21237 I Controller: [#CMH#] startDaywiseClustering starting day clustering 
06-24 17:03:08.855  5613 21238 I DayAndMonthTask: [#CMH#] before mutex 
06-24 17:03:08.855   763   763 W Layer   : [SurfaceView - com.appname/com.appname.MainActivity@40fc623@0#0] Timestamp 949071914444240 seems implausible relative to expectedPresent 663616659932268
06-24 17:03:08.855  5613 21238 I DayAndMonthTask: [#CMH#] after mutex 
06-24 17:03:08.859  1173 21160 E mm-3a-external: [cgAF] Invalid Cal. Set Default AF Cal: PAN: 0x78, MAC: 0x1F4, OFFSET: 0x0
06-24 17:03:08.875  5613 21238 I DayAndMonthTask: [#CMH#] after mutex release 
06-24 17:03:08.882  5613 21239 I Utils   : [#CMH#] No of media items  (images/videos) to process ::  1
06-24 17:03:08.882  5613 21239 I MomentClusteringAlgo: [#CMH#] performClustering In 1 
06-24 17:03:08.888   763   763 W Layer   : [SurfaceView - com.appname/com.appname.MainActivity@40fc623@0#0] Timestamp 949071947782240 seems implausible relative to expectedPresent 663616693470428
06-24 17:03:08.892  1173 21160 E mm-3a-external: [cgAF] Invalid Cal. Set Default AF Cal: PAN: 0x78, MAC: 0x1F4, OFFSET: 0x0
06-24 17:03:08.897  1394  2393 D InputReader: Input event(6): value=0 when=663616686892000
06-24 17:03:08.898  1394  2393 D InputReader: Input event(6): value=0 when=663616686892000
06-24 17:03:08.898  1394  2393 I InputReader: Touch event's action is 0x1 (deviceType=0) [pCnt=1, s=] when=663616686892000
06-24 17:03:08.899  1394  2392 I InputDispatcher: Delivering touch to (17748): action: 0x1, toolType: 1
06-24 17:03:08.901  1394  6975 D CustomFrequencyManagerService: acquireDVFSLockLocked : type : DVFS_MIN_LIMIT  frequency : 883200  uid : 1000  pid : 1394  pkgName : GESTURE_DETECTED@CPU_MIN@78
06-24 17:03:08.902  5613 21239 I ClusteringTask: [#CMH#] Cluster size: 1
06-24 17:03:08.902  5613 21239 I ClusteringDBUtils: [#CMH#] updateClusterTable In 1 
06-24 17:03:08.909 17748 17748 D ViewRootImpl@f74dda0[MainActivity]: ViewPostIme pointer 1
06-24 17:03:08.928  1173 21160 E mm-3a-external: [cgAF] Invalid Cal. Set Default AF Cal: PAN: 0x78, MAC: 0x1F4, OFFSET: 0x0
06-24 17:03:08.939   763   763 W Layer   : [SurfaceView - com.appname/com.appname.MainActivity@40fc623@0#0] Timestamp 949071981116240 seems implausible relative to expectedPresent 663616743777668
06-24 17:03:08.955   763   763 W Layer   : [SurfaceView - com.appname/com.appname.MainActivity@40fc623@0#0] Timestamp 949072014427240 seems implausible relative to expectedPresent 663616760546748
06-24 17:03:08.956  1394  2393 D InputReader: Input event(6): value=1 when=663616745574000
06-24 17:03:08.956  1394  2393 D InputReader: Input event(6): value=1 when=663616745574000
06-24 17:03:08.956  1394  2393 I InputReader: Touch event's action is 0x0 (deviceType=0) [pCnt=1, s=0.4487 ] when=663616745574000
06-24 17:03:08.956  1394  2392 I InputDispatcher: Delivering touch to (17748): action: 0x0, toolType: 1
06-24 17:03:08.966 17748 17748 D ViewRootImpl@f74dda0[MainActivity]: ViewPostIme pointer 0
06-24 17:03:08.970  1173 21160 E mm-3a-external: [cgAF] Invalid Cal. Set Default AF Cal: PAN: 0x78, MAC: 0x1F4, OFFSET: 0x0
06-24 17:03:08.977  1173 21159 D mm-camera-CORE: TSAec_process works: stats' frame_id=379, 0, 0
06-24 17:03:08.989   763   763 W Layer   : [SurfaceView - com.appname/com.appname.MainActivity@40fc623@0#0] Timestamp 949072047788240 seems implausible relative to expectedPresent 663616794084908
06-24 17:03:09.007  1173 21160 E mm-3a-external: [cgAF] Invalid Cal. Set Default AF Cal: PAN: 0x78, MAC: 0x1F4, OFFSET: 0x0
06-24 17:03:09.026  1173 21160 E mm-3a-external: [cgAF] Invalid Cal. Set Default AF Cal: PAN: 0x78, MAC: 0x1F4, OFFSET: 0x0
06-24 17:03:09.026  1146  1458 D DnsProxyListener: DNSDBG::dns addrinfo af 0
06-24 17:03:09.039   763   763 W Layer   : [SurfaceView - com.appname/com.appname.MainActivity@40fc623@0#0] Timestamp 949072081093240 seems implausible relative to expectedPresent 663616844392148
06-24 17:03:09.049 18658 18658 D LibraryDataManager: onChange = 0, active = true, uri = content://com.samsung.cmh/daycluster, this = com.sec.android.gallery3d.data.LibraryDataManager$NotifyBroker@e50a931
06-24 17:03:09.055  5613 21239 I MomentClusteringAlgo: [#CMH#] performClustering images deleted false
06-24 17:03:09.055  5613 21239 I ClusteringDBUtils: [#CMH#] updateClusterTable In nothing to update 
06-24 17:03:09.056   763   763 W Layer   : [SurfaceView - com.appname/com.appname.MainActivity@40fc623@0#0] Timestamp 949072114412240 seems implausible relative to expectedPresent 663616861161228
06-24 17:03:09.057  1173 21160 E mm-3a-external: [cgAF] Invalid Cal. Set Default AF Cal: PAN: 0x78, MAC: 0x1F4, OFFSET: 0x0
06-24 17:03:09.064  1394  2393 D InputReader: Input event(6): value=0 when=663616853824000
06-24 17:03:09.064  1394  2393 D InputReader: Input event(6): value=0 when=663616853824000
06-24 17:03:09.064  1394  2393 I InputReader: Touch event's action is 0x1 (deviceType=0) [pCnt=1, s=] when=663616853824000
06-24 17:03:09.065  1394  2392 I InputDispatcher: Delivering touch to (17748): action: 0x1, toolType: 1
06-24 17:03:09.067 17748 17748 D ViewRootImpl@f74dda0[MainActivity]: ViewPostIme pointer 1
06-24 17:03:09.079  5613 21239 I MomentClusteringAlgo: [#CMH#] performClustering In 0 
06-24 17:03:09.079  5613 21239 I ClusteringTask: [#CMH#] Cluster size: 0
06-24 17:03:09.079  5613 21239 I ClusteringDBUtils: [#CMH#] updateClusterTable In nothing to update 
06-24 17:03:09.079  5613 21239 I ClusteringTask: [#CMH#] after mutex release 
06-24 17:03:09.089   763   763 W Layer   : [SurfaceView - com.appname/com.appname.MainActivity@40fc623@0#0] Timestamp 949072147737240 seems implausible relative to expectedPresent 663616894699388
06-24 17:03:09.093  1173 21160 E mm-3a-external: [cgAF] Invalid Cal. Set Default AF Cal: PAN: 0x78, MAC: 0x1F4, OFFSET: 0x0
06-24 17:03:09.123   763   763 W Layer   : [SurfaceView - com.appname/com.appname.MainActivity@40fc623@0#0] Timestamp 949072181157240 seems implausible relative to expectedPresent 663616928237548
06-24 17:03:09.125  1173 21160 E mm-3a-external: [cgAF] Invalid Cal. Set Default AF Cal: PAN: 0x78, MAC: 0x1F4, OFFSET: 0x0
06-24 17:03:09.131  3882  3882 D io_stats: !@   8,0 r 2772253 118505232 w 2744840 90757372 d 643816 50079364 f 1040134 1040737 iot 5661420 2807493 th 51200 0 0 pt 0 inp 0 0 663616.920
06-24 17:03:09.157   763   763 W Layer   : [SurfaceView - com.appname/com.appname.MainActivity@40fc623@0#0] Timestamp 949072214394240 seems implausible relative to expectedPresent 663616961775708
06-24 17:03:09.159  1173 21160 E mm-3a-external: [cgAF] Invalid Cal. Set Default AF Cal: PAN: 0x78, MAC: 0x1F4, OFFSET: 0x0
06-24 17:03:09.185  1394  2867 D ConnectivityService: filterNetworkStateForUid() uid: 10081 networkInfo: [type: WIFI[] - WIFI, state: CONNECTED/CONNECTED, reason: (unspecified), extra: "BananaPancake", failover: false, available: true, roaming: false, metered: false]
06-24 17:03:09.186  1394 10129 D SensorService: Calling activate off 1
06-24 17:03:09.186   734   734 I qti_sensors_hal: batch:sensor(android.sensor.accelerometer) handle:1 flags:0x0 period_ns 20000000
06-24 17:03:09.186   734   734 I qti_sensors_hal: SMGRReportAdd:sensor(android.sensor.accelerometer) handle=1, sample_rate=50.000000 report_rate=983035 buffer=1
06-24 17:03:09.190   763   763 W Layer   : [SurfaceView - com.appname/com.appname.MainActivity@40fc623@0#0] Timestamp 949072247741240 seems implausible relative to expectedPresent 663616995313868
06-24 17:03:09.192 19589 21305 D SensorManager: unregisterListener ::   
06-24 17:03:09.195  1173 21160 E mm-3a-external: [cgAF] Invalid Cal. Set Default AF Cal: PAN: 0x78, MAC: 0x1F4, OFFSET: 0x0
06-24 17:03:09.200  1394  2393 D InputReader: Input event(6): value=1 when=663616988979000
06-24 17:03:09.200  1394  2393 D InputReader: Input event(6): value=1 when=663616988979000
06-24 17:03:09.200  1394  2393 I InputReader: Touch event's action is 0x0 (deviceType=0) [pCnt=1, s=0.4488 ] when=663616988979000
06-24 17:03:09.200  1394  2392 I InputDispatcher: Delivering touch to (17748): action: 0x0, toolType: 1
06-24 17:03:09.201  1394  6975 D CustomFrequencyManagerService: acquireDVFSLockLocked : type : DVFS_MIN_LIMIT  frequency : 883200  uid : 1000  pid : 1394  pkgName : GESTURE_DETECTED@CPU_MIN@78
06-24 17:03:09.211 17748 17748 D ViewRootImpl@f74dda0[MainActivity]: ViewPostIme pointer 0
06-24 17:03:09.224   763   763 W Layer   : [SurfaceView - com.appname/com.appname.MainActivity@40fc623@0#0] Timestamp 949072281047240 seems implausible relative to expectedPresent 663617028852028
06-24 17:03:09.225  1173 21160 E mm-3a-external: [cgAF] Invalid Cal. Set Default AF Cal: PAN: 0x78, MAC: 0x1F4, OFFSET: 0x0
06-24 17:03:09.259  1173 21160 E mm-3a-external: [cgAF] Invalid Cal. Set Default AF Cal: PAN: 0x78, MAC: 0x1F4, OFFSET: 0x0
06-24 17:03:09.274   763   763 W Layer   : [SurfaceView - com.appname/com.appname.MainActivity@40fc623@0#0] Timestamp 949072314397240 seems implausible relative to expectedPresent 663617079159268
06-24 17:03:09.290 17748 17748 D ReactNative: CameraView: Photo capture succeeded: content://media/external/images/media/1697
06-24 17:03:09.291   763   763 W Layer   : [SurfaceView - com.appname/com.appname.MainActivity@40fc623@0#0] Timestamp 949072347701240 seems implausible relative to expectedPresent 663617095928348
06-24 17:03:09.291  1173 21160 E mm-3a-external: [cgAF] Invalid Cal. Set Default AF Cal: PAN: 0x78, MAC: 0x1F4, OFFSET: 0x0
06-24 17:03:09.308  1394  2393 D InputReader: Input event(6): value=0 when=663617097706000
06-24 17:03:09.308  1394  2393 D InputReader: Input event(6): value=0 when=663617097706000
06-24 17:03:09.308  1394  2393 I InputReader: Touch event's action is 0x1 (deviceType=0) [pCnt=1, s=] when=663617097706000
06-24 17:03:09.308  1394  2392 I InputDispatcher: Delivering touch to (17748): action: 0x1, toolType: 1
06-24 17:03:09.314 17748 17748 D ViewRootImpl@f74dda0[MainActivity]: ViewPostIme pointer 1
06-24 17:03:09.324   763   763 W Layer   : [SurfaceView - com.appname/com.appname.MainActivity@40fc623@0#0] Timestamp 949072381030240 seems implausible relative to expectedPresent 663617129466508
06-24 17:03:09.325  1173 21160 E mm-3a-external: [cgAF] Invalid Cal. Set Default AF Cal: PAN: 0x78, MAC: 0x1F4, OFFSET: 0x0
06-24 17:03:09.329  1162  1231 I LocSvc_ApiV02: <--- globalEventCb line 162 QMI_LOC_EVENT_GNSS_SV_INFO_IND_V02
06-24 17:03:09.329  1162  4816 I LocSvc_libulp: ulp_brain_process_gnss_sv_report, gnss sv report cnt = 3738, gnss pos report cnt = 83,strong sv cnt = 0
06-24 17:03:09.330  1394  2391 D GnssLocationProvider_ex: SV Count : 1      (PRN, Constellation, SNR, Used)
06-24 17:03:09.330  1394  2391 D GnssLocationProvider_ex: (194, QZSS, 31.0, 0) 
06-24 17:03:09.356  1394 10129 D SensorService: Calling activate off 1
06-24 17:03:09.356   734  2320 I qti_sensors_hal: batch:sensor(android.sensor.accelerometer) handle:1 flags:0x0 period_ns 66667000
06-24 17:03:09.356   734  2320 I qti_sensors_hal: SMGRReportAdd:sensor(android.sensor.accelerometer) handle=1, sample_rate=14.999925 report_rate=0 buffer=0
06-24 17:03:09.358   763   763 W Layer   : [SurfaceView - com.appname/com.appname.MainActivity@40fc623@0#0] Timestamp 949072414358240 seems implausible relative to expectedPresent 663617163004668
06-24 17:03:09.360  1173 21160 E mm-3a-external: [cgAF] Invalid Cal. Set Default AF Cal: PAN: 0x78, MAC: 0x1F4, OFFSET: 0x0
06-24 17:03:09.361 19589 20242 D SensorManager: unregisterListener :: 1, K6DS3TR Accelerometer,  
06-24 17:03:09.362  1394 10129 I EDMNativeHelperService: isCameraEnabled
06-24 17:03:09.367  1394  2867 I SensorService: createSensorEventConnection package name bgww
06-24 17:03:09.368  1394  2867 D SensorService: Calling batch handle==1 flags=0 rate=20000000 timeout== 0
06-24 17:03:09.368   734  2320 I qti_sensors_hal: batch:sensor(android.sensor.accelerometer) handle:1 flags:0x0 period_ns 20000000
06-24 17:03:09.368   734  2320 I qti_sensors_hal: SMGRReportAdd:sensor(android.sensor.accelerometer) handle=1, sample_rate=50.000000 report_rate=0 buffer=0
06-24 17:03:09.373   734  2320 I qti_sensors_hal: SMGRReportAdd:sensor(android.sensor.accelerometer) handle=1, sample_rate=50.000000 report_rate=0 buffer=0
06-24 17:03:09.373 19589 20617 D SensorManager: registerListener :: 1, K6DS3TR Accelerometer, 20000, 0,  
06-24 17:03:09.388  1394 10129 I SensorService: createSensorEventConnection package name bhsj
06-24 17:03:09.388  1394 10129 D SensorService: Calling batch handle==15 flags=0 rate=0 timeout== 0
06-24 17:03:09.389   734  2320 I qti_sensors_hal: batch:sensor(android.sensor.significant_motion) handle:58 flags:0x0 period_ns:1000000 timeout:0
06-24 17:03:09.391   763   763 W Layer   : [SurfaceView - com.appname/com.appname.MainActivity@40fc623@0#0] Timestamp 949072447693240 seems implausible relative to expectedPresent 663617196542828
06-24 17:03:09.391  1173 21160 E mm-3a-external: [cgAF] Invalid Cal. Set Default AF Cal: PAN: 0x78, MAC: 0x1F4, OFFSET: 0x0
06-24 17:03:09.393   734   903 I qti_sensors_hal: processResp: handle:58
06-24 17:03:09.395 19589 20242 D SensorManager: requestTrigger :: 15, Significant Motion Detector,  
06-24 17:03:09.404 19589 20617 W Looper  : Looper already prepared for this thread with a different value for the LOOPER_PREPARE_ALLOW_NON_CALLBACKS option.
06-24 17:03:09.408  1394  2393 D InputReader: Input event(6): value=1 when=663617198029000
06-24 17:03:09.408  1394  2393 D InputReader: Input event(6): value=1 when=663617198029000
06-24 17:03:09.408  1394  2393 I InputReader: Touch event's action is 0x0 (deviceType=0) [pCnt=1, s=0.4489 ] when=663617198029000
06-24 17:03:09.409  1394  2392 I InputDispatcher: Delivering touch to (17748): action: 0x0, toolType: 1
06-24 17:03:09.409  1394 10129 I SensorService: createSensorEventConnection package name 
06-24 17:03:09.410  1394 10129 D SensorService: Calling batch handle==1 flags=0 rate=200000000 timeout== 0
06-24 17:03:09.410   734  2320 I qti_sensors_hal: SMGRReportAdd:sensor(android.sensor.accelerometer) handle=1, sample_rate=50.000000 report_rate=0 buffer=0
06-24 17:03:09.415   734  2320 I qti_sensors_hal: batch:sensor(android.sensor.accelerometer) handle:1 flags:0x0 period_ns 10000000
06-24 17:03:09.415   734  2320 I qti_sensors_hal: SMGRReportAdd:sensor(android.sensor.accelerometer) handle=1, sample_rate=100.000000 report_rate=0 buffer=0
06-24 17:03:09.422  1394 10129 D SensorService: Calling batch handle==4 flags=0 rate=200000000 timeout== 0
06-24 17:03:09.422   734  2320 I qti_sensors_hal: batch:sensor(android.sensor.magnetic_field_uncalibrated) handle:12 flags:0x0 period_ns 200000000
06-24 17:03:09.423   734  2320 I qti_sensors_hal: SMGRReportAdd:sensor(android.sensor.magnetic_field_uncalibrated) handle=12, sample_rate=5.000000 report_rate=0 buffer=0
06-24 17:03:09.424  1173 21160 E mm-3a-external: [cgAF] Invalid Cal. Set Default AF Cal: PAN: 0x78, MAC: 0x1F4, OFFSET: 0x0
06-24 17:03:09.424  1394 10598 D ConnectivityService: filterNetworkStateForUid() uid: 10024 networkInfo: [type: WIFI[] - WIFI, state: CONNECTED/CONNECTED, reason: (unspecified), extra: "BananaPancake", failover: false, available: true, roaming: false, metered: false]
06-24 17:03:09.425   763   763 W Layer   : [SurfaceView - com.appname/com.appname.MainActivity@40fc623@0#0] Timestamp 949072481010240 seems implausible relative to expectedPresent 663617230080988
06-24 17:03:09.427   734  2320 I qti_sensors_hal: batch:sensor(android.sensor.magnetic_field_uncalibrated) handle:12 flags:0x0 period_ns 20000000
06-24 17:03:09.428   734  2320 I qti_sensors_hal: SMGRReportAdd:sensor(android.sensor.magnetic_field_uncalibrated) handle=12, sample_rate=50.000000 report_rate=0 buffer=0
06-24 17:03:09.430 17748 17748 D ViewRootImpl@f74dda0[MainActivity]: ViewPostIme pointer 0
06-24 17:03:09.431  1394 10129 D SensorService: Calling batch handle==6 flags=0 rate=200000000 timeout== 0
06-24 17:03:09.431   734  2320 I qti_sensors_hal: batch:sensor(android.sensor.gyroscope_uncalibrated) handle:9 flags:0x0 period_ns 200000000
06-24 17:03:09.435   734  2320 I qti_sensors_hal: SMGRReportAdd:sensor(android.sensor.gyroscope_uncalibrated) handle=9, sample_rate=5.000000 report_rate=0 buffer=0
06-24 17:03:09.447   734  2320 I qti_sensors_hal: batch:sensor(android.sensor.gyroscope_uncalibrated) handle:9 flags:0x0 period_ns 10000000
06-24 17:03:09.447   734  2320 I qti_sensors_hal: SMGRReportAdd:sensor(android.sensor.gyroscope_uncalibrated) handle=9, sample_rate=100.000000 report_rate=0 buffer=0
06-24 17:03:09.450 19589 20617 W inertial-anchor: Significant calibration change for SENSOR_TYPE_MAGNETOMETER_UT from CAL_SOURCE_UNCAL_SENSOR, delta=222.163, threshold=5, at time: 943693463292585
06-24 17:03:09.450 19589 20617 W inertial-anchor: Reinitializing due to significant calibration change
06-24 17:03:09.457  1173 21160 E mm-3a-external: [cgAF] Invalid Cal. Set Default AF Cal: PAN: 0x78, MAC: 0x1F4, OFFSET: 0x0
06-24 17:03:09.475   763   763 W Layer   : [SurfaceView - com.appname/com.appname.MainActivity@40fc623@0#0] Timestamp 949072514341240 seems implausible relative to expectedPresent 663617280388228
06-24 17:03:09.491  1173 21160 E mm-3a-external: [cgAF] Invalid Cal. Set Default AF Cal: PAN: 0x78, MAC: 0x1F4, OFFSET: 0x0
06-24 17:03:09.492   763   763 W Layer   : [SurfaceView - com.appname/com.appname.MainActivity@40fc623@0#0] Timestamp 949072547665240 seems implausible relative to expectedPresent 663617297157308
06-24 17:03:09.518  1394  2393 D InputReader: Input event(6): value=0 when=663617307102000
06-24 17:03:09.518  1394  2393 D InputReader: Input event(6): value=0 when=663617307102000
06-24 17:03:09.518  1394  2393 I InputReader: Touch event's action is 0x1 (deviceType=0) [pCnt=1, s=] when=663617307102000
06-24 17:03:09.518  1394  2392 I InputDispatcher: Delivering touch to (17748): action: 0x1, toolType: 1
06-24 17:03:09.524  1173 21160 E mm-3a-external: [cgAF] Invalid Cal. Set Default AF Cal: PAN: 0x78, MAC: 0x1F4, OFFSET: 0x0
06-24 17:03:09.525   763   763 W Layer   : [SurfaceView - com.appname/com.appname.MainActivity@40fc623@0#0] Timestamp 949072581008240 seems implausible relative to expectedPresent 663617330695468
06-24 17:03:09.531 17748 17748 D ViewRootImpl@f74dda0[MainActivity]: ViewPostIme pointer 1
06-24 17:03:09.557  1173 21160 E mm-3a-external: [cgAF] Invalid Cal. Set Default AF Cal: PAN: 0x78, MAC: 0x1F4, OFFSET: 0x0
06-24 17:03:09.559   763   763 W Layer   : [SurfaceView - com.appname/com.appname.MainActivity@40fc623@0#0] Timestamp 949072614322240 seems implausible relative to expectedPresent 663617364233628
06-24 17:03:09.590  1173 21160 E mm-3a-external: [cgAF] Invalid Cal. Set Default AF Cal: PAN: 0x78, MAC: 0x1F4, OFFSET: 0x0
06-24 17:03:09.592   763   763 W Layer   : [SurfaceView - com.appname/com.appname.MainActivity@40fc623@0#0] Timestamp 949072647673240 seems implausible relative to expectedPresent 663617397771788
06-24 17:03:09.601  1394  2393 D InputReader: Input event(6): value=1 when=663617390958000
06-24 17:03:09.601  1394  2393 D InputReader: Input event(6): value=1 when=663617390958000
06-24 17:03:09.601  1394  2393 I InputReader: Touch event's action is 0x0 (deviceType=0) [pCnt=1, s=0.4490 ] when=663617390958000
06-24 17:03:09.602  1394  2392 I InputDispatcher: Delivering touch to (17748): action: 0x0, toolType: 1
06-24 17:03:09.603  1394  6975 D CustomFrequencyManagerService: acquireDVFSLockLocked : type : DVFS_MIN_LIMIT  frequency : 883200  uid : 1000  pid : 1394  pkgName : GESTURE_DETECTED@CPU_MIN@78
06-24 17:03:09.621 17748 17748 D ViewRootImpl@f74dda0[MainActivity]: ViewPostIme pointer 0
06-24 17:03:09.626   763   763 W Layer   : [SurfaceView - com.appname/com.appname.MainActivity@40fc623@0#0] Timestamp 949072680976240 seems implausible relative to expectedPresent 663617431309948
06-24 17:03:09.632  1173 21160 E mm-3a-external: [cgAF] Invalid Cal. Set Default AF Cal: PAN: 0x78, MAC: 0x1F4, OFFSET: 0x0
06-24 17:03:09.637  1173 21159 D mm-camera-CORE: TSAec_process works: stats' frame_id=399, 0, 0
06-24 17:03:09.654 19589 20617 W inertial-anchor: Max norm deviation percent value of 0 is non-positive. Aborting anomalous mag measurement detection.
06-24 17:03:09.659   763   763 W Layer   : [SurfaceView - com.appname/com.appname.MainActivity@40fc623@0#0] Timestamp 949072714301240 seems implausible relative to expectedPresent 663617464848108
06-24 17:03:09.665  1173 21160 E mm-3a-external: [cgAF] Invalid Cal. Set Default AF Cal: PAN: 0x78, MAC: 0x1F4, OFFSET: 0x0
06-24 17:03:09.690  1173 21160 E mm-3a-external: [cgAF] Invalid Cal. Set Default AF Cal: PAN: 0x78, MAC: 0x1F4, OFFSET: 0x0
06-24 17:03:09.693   763   763 W Layer   : [SurfaceView - com.appname/com.appname.MainActivity@40fc623@0#0] Timestamp 949072747700240 seems implausible relative to expectedPresent 663617498386268
06-24 17:03:09.710  1394  2393 D InputReader: Input event(6): value=0 when=663617499585000
06-24 17:03:09.710  1394  2393 D InputReader: Input event(6): value=0 when=663617499585000
06-24 17:03:09.710  1394  2393 I InputReader: Touch event's action is 0x1 (deviceType=0) [pCnt=1, s=] when=663617499585000
06-24 17:03:09.710  1394  2392 I InputDispatcher: Delivering touch to (17748): action: 0x1, toolType: 1
06-24 17:03:09.724  1173 21160 E mm-3a-external: [cgAF] Invalid Cal. Set Default AF Cal: PAN: 0x78, MAC: 0x1F4, OFFSET: 0x0
06-24 17:03:09.727   763   763 W Layer   : [SurfaceView - com.appname/com.appname.MainActivity@40fc623@0#0] Timestamp 949072780958240 seems implausible relative to expectedPresent 663617531924428
06-24 17:03:09.727 17748 17748 D ViewRootImpl@f74dda0[MainActivity]: ViewPostIme pointer 1
06-24 17:03:09.732 19589 19601 I zygote64: Background concurrent copying GC freed 34320(2MB) AllocSpace objects, 3(60KB) LOS objects, 49% free, 11MB/23MB, paused 3.641ms total 396.846ms
06-24 17:03:09.759  1173 21160 E mm-3a-external: [cgAF] Invalid Cal. Set Default AF Cal: PAN: 0x78, MAC: 0x1F4, OFFSET: 0x0
06-24 17:03:09.760   763   763 W Layer   : [SurfaceView - com.appname/com.appname.MainActivity@40fc623@0#0] Timestamp 949072814285240 seems implausible relative to expectedPresent 663617565462588
06-24 17:03:09.791  1173 21160 E mm-3a-external: [cgAF] Invalid Cal. Set Default AF Cal: PAN: 0x78, MAC: 0x1F4, OFFSET: 0x0
06-24 17:03:09.794   763   763 W Layer   : [SurfaceView - com.appname/com.appname.MainActivity@40fc623@0#0] Timestamp 949072847612240 seems implausible relative to expectedPresent 663617599000748
06-24 17:03:09.802  1394  1394 D TelephonyManager: getCellLocation : Caller (PID / UID / TID): 1394 / 1000 / 1394
06-24 17:03:09.803  1394  2393 D InputReader: Input event(6): value=1 when=663617591959000
06-24 17:03:09.803  1394  2393 D InputReader: Input event(6): value=1 when=663617591959000
06-24 17:03:09.803  1394  2393 I InputReader: Touch event's action is 0x0 (deviceType=0) [pCnt=1, s=0.4491 ] when=663617591959000
06-24 17:03:09.803  2724  2989 D NetworkController.MobileSignalController(0/1): onSignalStrengthsChanged signalStrength=SignalStrength: 99 99 -82 -170 -120 -1 -1 16 -120 -19 -116 2147483647 0 2147483647 0x1010 P gsm|lte level=1
06-24 17:03:09.803  2724  2989 D NetworkController.MobileSignalController(0/1): getMobileIconGroup(): 13
06-24 17:03:09.803  2724  2989 D NetworkController.MobileSignalController(0/1): updateVZWMobileIconGroup(): 13
06-24 17:03:09.803  1394  2392 I InputDispatcher: Delivering touch to (17748): action: 0x0, toolType: 1
06-24 17:03:09.815  3047  3340 D EPDG -- SIM0 [SMARTWIFI]: onSignalStrengthsChanged: Received signal strength change, phone type is: 2
06-24 17:03:09.816  3047  5316 D EPDG -- SIM0 [SMARTWIFI]: lastLteRSRP is -120currentLteRSRP is -120
06-24 17:03:09.816  3047  5316 D EPDG -- SIM0 [SMARTWIFI]: lastLteRSRQ is -19currentLteRSRQ is -19
06-24 17:03:09.816  3047  5316 D EPDG -- SIM0 [SMARTWIFI]: lastCdmaDb is -18currentCdmaDb is -17
06-24 17:03:09.816  3047  5316 V EPDG -- SIM0 [SMARTWIFI]: Radio oldest entry removed
06-24 17:03:09.816  3047  5316 V EPDG -- SIM0 [SMARTWIFI]: New entry : (SignalStrength: 99 99 -82 -170 -120 -1 -1 16 -120 -19 -116 2147483647 0 2147483647 0x1010 P gsm|lte : 0 )
06-24 17:03:09.816  3047  5316 V EPDG -- SIM0 [SMARTWIFI]: Radio entry added
06-24 17:03:09.818 17748 17748 D ViewRootImpl@f74dda0[MainActivity]: ViewPostIme pointer 0
06-24 17:03:09.825  1173 21160 E mm-3a-external: [cgAF] Invalid Cal. Set Default AF Cal: PAN: 0x78, MAC: 0x1F4, OFFSET: 0x0
06-24 17:03:09.827   763   763 W Layer   : [SurfaceView - com.appname/com.appname.MainActivity@40fc623@0#0] Timestamp 949072880938240 seems implausible relative to expectedPresent 663617632538908
06-24 17:03:09.855  2724  2989 D NetworkController.MobileSignalController(0/1): callState:0, callStateByPhone:false voLTECall:false voiceNetTpe:7 dataNetType:13, ine911:false, emergencyCallbackMode:false
06-24 17:03:09.857  1173 21160 E mm-3a-external: [cgAF] Invalid Cal. Set Default AF Cal: PAN: 0x78, MAC: 0x1F4, OFFSET: 0x0
06-24 17:03:09.861   763   763 W Layer   : [SurfaceView - com.appname/com.appname.MainActivity@40fc623@0#0] Timestamp 949072914266240 seems implausible relative to expectedPresent 663617666077068
06-24 17:03:09.892  1173 21160 E mm-3a-external: [cgAF] Invalid Cal. Set Default AF Cal: PAN: 0x78, MAC: 0x1F4, OFFSET: 0x0
06-24 17:03:09.894   763   763 W Layer   : [SurfaceView - com.appname/com.appname.MainActivity@40fc623@0#0] Timestamp 949072947587240 seems implausible relative to expectedPresent 663617699615228
06-24 17:03:09.911   763   763 W Layer   : [SurfaceView - com.appname/com.appname.MainActivity@40fc623@0#0] Timestamp 949072980917240 seems implausible relative to expectedPresent 663617716384308
06-24 17:03:09.912  1394  2393 D InputReader: Input event(6): value=0 when=663617701132000
06-24 17:03:09.912  1394  2393 D InputReader: Input event(6): value=0 when=663617701132000
06-24 17:03:09.912  1394  2393 I InputReader: Touch event's action is 0x1 (deviceType=0) [pCnt=1, s=] when=663617701132000
06-24 17:03:09.913  1394  2392 I InputDispatcher: Delivering touch to (17748): action: 0x1, toolType: 1
06-24 17:03:09.915  1394  2392 D PowerManagerService: [api] userActivityFromNative : 1990 (event: 2 flags: 0) eventTime = 663617701
06-24 17:03:09.919 17748 17748 D ViewRootImpl@f74dda0[MainActivity]: ViewPostIme pointer 1
06-24 17:03:09.924  1173 21160 E mm-3a-external: [cgAF] Invalid Cal. Set Default AF Cal: PAN: 0x78, MAC: 0x1F4, OFFSET: 0x0
06-24 17:03:09.958  1173 21160 E mm-3a-external: [cgAF] Invalid Cal. Set Default AF Cal: PAN: 0x78, MAC: 0x1F4, OFFSET: 0x0
06-24 17:03:09.961   763   763 W Layer   : [SurfaceView - com.appname/com.appname.MainActivity@40fc623@0#0] Timestamp 949073014286240 seems implausible relative to expectedPresent 663617766691548
06-24 17:03:09.991  1173 21160 E mm-3a-external: [cgAF] Invalid Cal. Set Default AF Cal: PAN: 0x78, MAC: 0x1F4, OFFSET: 0x0
06-24 17:03:09.995   763   763 W Layer   : [SurfaceView - com.appname/com.appname.MainActivity@40fc623@0#0] Timestamp 949073047576240 seems implausible relative to expectedPresent 663617800229708
06-24 17:03:10.012   763   763 W Layer   : [SurfaceView - com.appname/com.appname.MainActivity@40fc623@0#0] Timestamp 949073080906240 seems implausible relative to expectedPresent 663617816998788
06-24 17:03:10.012  1394  2393 D InputReader: Input event(6): value=1 when=663617802081000
06-24 17:03:10.012  1394  2393 D InputReader: Input event(6): value=1 when=663617802081000
06-24 17:03:10.015  1394  2393 I InputReader: Touch event's action is 0x0 (deviceType=0) [pCnt=1, s=0.4492 ] when=663617802081000
06-24 17:03:10.015  1394  2392 I InputDispatcher: Delivering touch to (17748): action: 0x0, toolType: 1
06-24 17:03:10.017  1394  6975 D CustomFrequencyManagerService: acquireDVFSLockLocked : type : DVFS_MIN_LIMIT  frequency : 883200  uid : 1000  pid : 1394  pkgName : GESTURE_DETECTED@CPU_MIN@78
06-24 17:03:10.024  1173 21160 E mm-3a-external: [cgAF] Invalid Cal. Set Default AF Cal: PAN: 0x78, MAC: 0x1F4, OFFSET: 0x0
06-24 17:03:10.026 17748 17748 D ViewRootImpl@f74dda0[MainActivity]: ViewPostIme pointer 0
06-24 17:03:10.057  1173 21160 E mm-3a-external: [cgAF] Invalid Cal. Set Default AF Cal: PAN: 0x78, MAC: 0x1F4, OFFSET: 0x0
06-24 17:03:10.062   763   763 W Layer   : [SurfaceView - com.appname/com.appname.MainActivity@40fc623@0#0] Timestamp 949073114251240 seems implausible relative to expectedPresent 663617867306028
06-24 17:03:10.090  1173 21160 E mm-3a-external: [cgAF] Invalid Cal. Set Default AF Cal: PAN: 0x78, MAC: 0x1F4, OFFSET: 0x0
06-24 17:03:10.096   763   763 W Layer   : [SurfaceView - com.appname/com.appname.MainActivity@40fc623@0#0] Timestamp 949073147561240 seems implausible relative to expectedPresent 663617900844188
06-24 17:03:10.121  1394  2393 D InputReader: Input event(6): value=0 when=663617910589000
06-24 17:03:10.121  1394  2393 D InputReader: Input event(6): value=0 when=663617910589000
06-24 17:03:10.121  1394  2393 I InputReader: Touch event's action is 0x1 (deviceType=0) [pCnt=1, s=] when=663617910589000
06-24 17:03:10.121  1394  2392 I InputDispatcher: Delivering touch to (17748): action: 0x1, toolType: 1
06-24 17:03:10.124  1173 21160 E mm-3a-external: [cgAF] Invalid Cal. Set Default AF Cal: PAN: 0x78, MAC: 0x1F4, OFFSET: 0x0
06-24 17:03:10.129   763   763 W Layer   : [SurfaceView - com.appname/com.appname.MainActivity@40fc623@0#0] Timestamp 949073180883240 seems implausible relative to expectedPresent 663617934382348
06-24 17:03:10.135 17748 17748 D ViewRootImpl@f74dda0[MainActivity]: ViewPostIme pointer 1
06-24 17:03:10.157  1173 21160 E mm-3a-external: [cgAF] Invalid Cal. Set Default AF Cal: PAN: 0x78, MAC: 0x1F4, OFFSET: 0x0
06-24 17:03:10.163   763   763 W Layer   : [SurfaceView - com.appname/com.appname.MainActivity@40fc623@0#0] Timestamp 949073214214240 seems implausible relative to expectedPresent 663617967920508
06-24 17:03:10.179   763   763 W Layer   : [SurfaceView - com.appname/com.appname.MainActivity@40fc623@0#0] Timestamp 949073247542240 seems implausible relative to expectedPresent 663617984689588
06-24 17:03:10.192  1394 10598 D ConnectivityService: filterNetworkStateForUid() uid: 10081 networkInfo: [type: WIFI[] - WIFI, state: CONNECTED/CONNECTED, reason: (unspecified), extra: "BananaPancake", failover: false, available: true, roaming: false, metered: false]
06-24 17:03:10.193  1173 21160 E mm-3a-external: [cgAF] Invalid Cal. Set Default AF Cal: PAN: 0x78, MAC: 0x1F4, OFFSET: 0x0
06-24 17:03:10.214  1394  2393 D InputReader: Input event(6): value=1 when=663618002928000
06-24 17:03:10.214  1394  2393 D InputReader: Input event(6): value=1 when=663618002928000
06-24 17:03:10.214  1394  2393 I InputReader: Touch event's action is 0x0 (deviceType=0) [pCnt=1, s=0.4493 ] when=663618002928000
06-24 17:03:10.215  1394  2392 I InputDispatcher: Delivering touch to (17748): action: 0x0, toolType: 1
06-24 17:03:10.218 17748 17748 D ViewRootImpl@f74dda0[MainActivity]: ViewPostIme pointer 0
06-24 17:03:10.224  1173 21160 E mm-3a-external: [cgAF] Invalid Cal. Set Default AF Cal: PAN: 0x78, MAC: 0x1F4, OFFSET: 0x0
06-24 17:03:10.230   763   763 W Layer   : [SurfaceView - com.appname/com.appname.MainActivity@40fc623@0#0] Timestamp 949073280917240 seems implausible relative to expectedPresent 663618034996828
06-24 17:03:10.259  1173 21160 E mm-3a-external: [cgAF] Invalid Cal. Set Default AF Cal: PAN: 0x78, MAC: 0x1F4, OFFSET: 0x0
06-24 17:03:10.263   763   763 W Layer   : [SurfaceView - com.appname/com.appname.MainActivity@40fc623@0#0] Timestamp 949073314193240 seems implausible relative to expectedPresent 663618068534988
06-24 17:03:10.290  1173 21160 E mm-3a-external: [cgAF] Invalid Cal. Set Default AF Cal: PAN: 0x78, MAC: 0x1F4, OFFSET: 0x0
06-24 17:03:10.297   763   763 W Layer   : [SurfaceView - com.appname/com.appname.MainActivity@40fc623@0#0] Timestamp 949073347523240 seems implausible relative to expectedPresent 663618102073148
06-24 17:03:10.305  1173 21159 D mm-camera-CORE: TSAec_process works: stats' frame_id=419, 0, 0
06-24 17:03:10.305  1394  2393 D InputReader: Input event(6): value=0 when=663618094916000
06-24 17:03:10.305  1394  2393 D InputReader: Input event(6): value=0 when=663618094916000
06-24 17:03:10.305  1394  2393 I InputReader: Touch event's action is 0x1 (deviceType=0) [pCnt=1, s=] when=663618094916000
06-24 17:03:10.307  2724  2989 D NetworkController.MobileSignalController(0/1): onSignalStrengthsChanged signalStrength=SignalStrength: 99 99 -87 -180 -120 -1 -1 16 -120 -19 -116 2147483647 0 2147483647 0x1010 P gsm|lte level=1
06-24 17:03:10.307  2724  2989 D NetworkController.MobileSignalController(0/1): getMobileIconGroup(): 13
06-24 17:03:10.307  2724  2989 D NetworkController.MobileSignalController(0/1): updateVZWMobileIconGroup(): 13
06-24 17:03:10.309  1394  2392 I InputDispatcher: Delivering touch to (17748): action: 0x1, toolType: 1
06-24 17:03:10.316  1394  1394 D TelephonyManager: getCellLocation : Caller (PID / UID / TID): 1394 / 1000 / 1394
06-24 17:03:10.325  1162  1231 I LocSvc_ApiV02: <--- globalEventCb line 162 QMI_LOC_EVENT_GNSS_SV_INFO_IND_V02
06-24 17:03:10.325  1162  4816 I LocSvc_libulp: ulp_brain_process_gnss_sv_report, gnss sv report cnt = 3739, gnss pos report cnt = 83,strong sv cnt = 0
06-24 17:03:10.326  1394  2391 D GnssLocationProvider_ex: SV Count : 1      (PRN, Constellation, SNR, Used)
06-24 17:03:10.326  1394  2391 D GnssLocationProvider_ex: (194, QZSS, 31.0, 0) 
06-24 17:03:10.326  1173 21160 E mm-3a-external: [cgAF] Invalid Cal. Set Default AF Cal: PAN: 0x78, MAC: 0x1F4, OFFSET: 0x0
06-24 17:03:10.330   763   763 W Layer   : [SurfaceView - com.appname/com.appname.MainActivity@40fc623@0#0] Timestamp 949073380896240 seems implausible relative to expectedPresent 663618135611308
06-24 17:03:10.330  2724  2989 D NetworkController.MobileSignalController(0/1): callState:0, callStateByPhone:false voLTECall:false voiceNetTpe:7 dataNetType:13, ine911:false, emergencyCallbackMode:false
06-24 17:03:10.331  3047  3340 D EPDG -- SIM0 [SMARTWIFI]: onSignalStrengthsChanged: Received signal strength change, phone type is: 2
06-24 17:03:10.331  3047  5316 D EPDG -- SIM0 [SMARTWIFI]: lastLteRSRP is -120currentLteRSRP is -120
06-24 17:03:10.331  3047  5316 D EPDG -- SIM0 [SMARTWIFI]: lastLteRSRQ is -19currentLteRSRQ is -19
06-24 17:03:10.331  3047  5316 D EPDG -- SIM0 [SMARTWIFI]: lastCdmaDb is -17currentCdmaDb is -18
06-24 17:03:10.331  3047  5316 V EPDG -- SIM0 [SMARTWIFI]: Radio oldest entry removed
06-24 17:03:10.331  3047  5316 V EPDG -- SIM0 [SMARTWIFI]: New entry : (SignalStrength: 99 99 -87 -180 -120 -1 -1 16 -120 -19 -116 2147483647 0 2147483647 0x1010 P gsm|lte : 0 )
06-24 17:03:10.331  3047  5316 V EPDG -- SIM0 [SMARTWIFI]: Radio entry added
06-24 17:03:10.346 17748 17748 D ViewRootImpl@f74dda0[MainActivity]: ViewPostIme pointer 1
06-24 17:03:10.347   763   763 W Layer   : [SurfaceView - com.appname/com.appname.MainActivity@40fc623@0#0] Timestamp 949073414176240 seems implausible relative to expectedPresent 663618152380388
06-24 17:03:10.357  1173 21160 E mm-3a-external: [cgAF] Invalid Cal. Set Default AF Cal: PAN: 0x78, MAC: 0x1F4, OFFSET: 0x0
06-24 17:03:10.368  1394 10598 I EDMNativeHelperService: isCameraEnabled
06-24 17:03:10.390  1173 21160 E mm-3a-external: [cgAF] Invalid Cal. Set Default AF Cal: PAN: 0x78, MAC: 0x1F4, OFFSET: 0x0
06-24 17:03:10.398   763   763 W Layer   : [SurfaceView - com.appname/com.appname.MainActivity@40fc623@0#0] Timestamp 949073447502240 seems implausible relative to expectedPresent 663618202687628
06-24 17:03:10.406  1394  2393 D InputReader: Input event(6): value=1 when=663618195291000
06-24 17:03:10.406  1394  2393 D InputReader: Input event(6): value=1 when=663618195291000
06-24 17:03:10.406  1394  2393 I InputReader: Touch event's action is 0x0 (deviceType=0) [pCnt=1, s=0.4494 ] when=663618195291000
06-24 17:03:10.406  1394  2392 I InputDispatcher: Delivering touch to (17748): action: 0x0, toolType: 1
06-24 17:03:10.409  1394  6975 D CustomFrequencyManagerService: acquireDVFSLockLocked : type : DVFS_MIN_LIMIT  frequency : 883200  uid : 1000  pid : 1394  pkgName : GESTURE_DETECTED@CPU_MIN@78
06-24 17:03:10.424 17748 17748 D ViewRootImpl@f74dda0[MainActivity]: ViewPostIme pointer 0
06-24 17:03:10.426  1173 21160 E mm-3a-external: [cgAF] Invalid Cal. Set Default AF Cal: PAN: 0x78, MAC: 0x1F4, OFFSET: 0x0
06-24 17:03:10.431   763   763 W Layer   : [SurfaceView - com.appname/com.appname.MainActivity@40fc623@0#0] Timestamp 949073480833240 seems implausible relative to expectedPresent 663618236225788
06-24 17:03:10.458  1173 21160 E mm-3a-external: [cgAF] Invalid Cal. Set Default AF Cal: PAN: 0x78, MAC: 0x1F4, OFFSET: 0x0
06-24 17:03:10.464   763   763 W Layer   : [SurfaceView - com.appname/com.appname.MainActivity@40fc623@0#0] Timestamp 949073514160240 seems implausible relative to expectedPresent 663618269763948
06-24 17:03:10.490  1394  2393 D InputReader: Input event(6): value=0 when=663618279367000
06-24 17:03:10.490  1394  2393 D InputReader: Input event(6): value=0 when=663618279367000
06-24 17:03:10.490  1394  2393 I InputReader: Touch event's action is 0x1 (deviceType=0) [pCnt=1, s=] when=663618279367000
06-24 17:03:10.490  1394  2392 I InputDispatcher: Delivering touch to (17748): action: 0x1, toolType: 1
06-24 17:03:10.492  1173 21160 E mm-3a-external: [cgAF] Invalid Cal. Set Default AF Cal: PAN: 0x78, MAC: 0x1F4, OFFSET: 0x0
06-24 17:03:10.498   763   763 W Layer   : [SurfaceView - com.appname/com.appname.MainActivity@40fc623@0#0] Timestamp 949073547503240 seems implausible relative to expectedPresent 663618303302108
06-24 17:03:10.518 17748 17748 D ViewRootImpl@f74dda0[MainActivity]: ViewPostIme pointer 1
06-24 17:03:10.524  1173 21160 E mm-3a-external: [cgAF] Invalid Cal. Set Default AF Cal: PAN: 0x78, MAC: 0x1F4, OFFSET: 0x0
06-24 17:03:10.532   763   763 W Layer   : [SurfaceView - com.appname/com.appname.MainActivity@40fc623@0#0] Timestamp 949073580816240 seems implausible relative to expectedPresent 663618336840268
06-24 17:03:10.548   763   763 W Layer   : [SurfaceView - com.appname/com.appname.MainActivity@40fc623@0#0] Timestamp 949073614139240 seems implausible relative to expectedPresent 663618353609348
06-24 17:03:10.557  1173 21160 E mm-3a-external: [cgAF] Invalid Cal. Set Default AF Cal: PAN: 0x78, MAC: 0x1F4, OFFSET: 0x0
06-24 17:03:10.590  1173 21160 E mm-3a-external: [cgAF] Invalid Cal. Set Default AF Cal: PAN: 0x78, MAC: 0x1F4, OFFSET: 0x0
06-24 17:03:10.598   763   763 W Layer   : [SurfaceView - com.appname/com.appname.MainActivity@40fc623@0#0] Timestamp 949073647476240 seems implausible relative to expectedPresent 663618403464448
06-24 17:03:10.599  1394  2393 D InputReader: Input event(6): value=1 when=663618388175000
06-24 17:03:10.599  1394  2393 D InputReader: Input event(6): value=1 when=663618388175000
06-24 17:03:10.599  1394  2393 I InputReader: Touch event's action is 0x0 (deviceType=0) [pCnt=1, s=0.4495 ] when=663618388175000
06-24 17:03:10.600  1394  2392 I InputDispatcher: Delivering touch to (17748): action: 0x0, toolType: 1
06-24 17:03:10.614 17748 17748 D ViewRootImpl@f74dda0[MainActivity]: ViewPostIme pointer 0
06-24 17:03:10.624  1173 21160 E mm-3a-external: [cgAF] Invalid Cal. Set Default AF Cal: PAN: 0x78, MAC: 0x1F4, OFFSET: 0x0
06-24 17:03:10.632   763   763 W Layer   : [SurfaceView - com.appname/com.appname.MainActivity@40fc623@0#0] Timestamp 949073680795240 seems implausible relative to expectedPresent 663618437002608
06-24 17:03:10.657  1173 21160 E mm-3a-external: [cgAF] Invalid Cal. Set Default AF Cal: PAN: 0x78, MAC: 0x1F4, OFFSET: 0x0
06-24 17:03:10.665   763   763 W Layer   : [SurfaceView - com.appname/com.appname.MainActivity@40fc623@0#0] Timestamp 949073714126240 seems implausible relative to expectedPresent 663618470521622
06-24 17:03:10.691  1173 21160 E mm-3a-external: [cgAF] Invalid Cal. Set Default AF Cal: PAN: 0x78, MAC: 0x1F4, OFFSET: 0x0
06-24 17:03:10.699   763   763 W Layer   : [SurfaceView - com.appname/com.appname.MainActivity@40fc623@0#0] Timestamp 949073747449240 seems implausible relative to expectedPresent 663618504052524
06-24 17:03:10.716  1394  2393 D InputReader: Input event(6): value=0 when=663618505480000
06-24 17:03:10.716  1394  2393 D InputReader: Input event(6): value=0 when=663618505480000
06-24 17:03:10.716  1394  2393 I InputReader: Touch event's action is 0x1 (deviceType=0) [pCnt=1, s=] when=663618505480000
06-24 17:03:10.716  1394  2392 I InputDispatcher: Delivering touch to (17748): action: 0x1, toolType: 1
06-24 17:03:10.724  1173 21160 E mm-3a-external: [cgAF] Invalid Cal. Set Default AF Cal: PAN: 0x78, MAC: 0x1F4, OFFSET: 0x0
06-24 17:03:10.729 17748 17748 D ViewRootImpl@f74dda0[MainActivity]: ViewPostIme pointer 1
06-24 17:03:10.732   763   763 W Layer   : [SurfaceView - com.appname/com.appname.MainActivity@40fc623@0#0] Timestamp 949073780776240 seems implausible relative to expectedPresent 663618537583426
06-24 17:03:10.758  1173 21160 E mm-3a-external: [cgAF] Invalid Cal. Set Default AF Cal: PAN: 0x78, MAC: 0x1F4, OFFSET: 0x0
06-24 17:03:10.763  1394  2362 D SamsungAlarmManager: Expired : 4
06-24 17:03:10.763  1394  2362 I SamsungAlarmManager: setLocked to kernel - T:2 / 20200624T170519, SetElapsed=949203034, nowELAPSED=949073932
06-24 17:03:10.763  1394  2362 V SamsungAlarmManager: Sending to uid : 10024 action=com.google.android.location.ALARM_WAKEUP_LOCATOR alarm=Alarm{4fc1736 type 2 when 949073932 com.google.android.gms}
06-24 17:03:10.766   763   763 W Layer   : [SurfaceView - com.appname/com.appname.MainActivity@40fc623@0#0] Timestamp 949073814104240 seems implausible relative to expectedPresent 663618571114328
06-24 17:03:10.783   763   763 W Layer   : [SurfaceView - com.appname/com.appname.MainActivity@40fc623@0#0] Timestamp 949073847449240 seems implausible relative to expectedPresent 663618587879779
06-24 17:03:10.790  1173 21160 E mm-3a-external: [cgAF] Invalid Cal. Set Default AF Cal: PAN: 0x78, MAC: 0x1F4, OFFSET: 0x0
06-24 17:03:10.816   763   763 W Layer   : [SurfaceView - com.appname/com.appname.MainActivity@40fc623@0#0] Timestamp 949073880759240 seems implausible relative to expectedPresent 663618621410681
06-24 17:03:10.814  1394 10598 D SamsungAlarmManager: setExact Intent (T:2/F:1/AC:false) 20200624T170315 - CU:10024/CP:19589
06-24 17:03:10.820  1394 10598 I SamsungAlarmManager: setLocked to kernel - T:2 / 20200624T170315, SetElapsed=949078969, nowELAPSED=949073989
06-24 17:03:10.825  1394  2393 D InputReader: Input event(6): value=1 when=663618614389000
06-24 17:03:10.825  1394  2393 D InputReader: Input event(6): value=1 when=663618614389000
06-24 17:03:10.825  1394  2393 I InputReader: Touch event's action is 0x0 (deviceType=0) [pCnt=1, s=0.4496 ] when=663618614389000
06-24 17:03:10.825  1394  2392 I InputDispatcher: Delivering touch to (17748): action: 0x0, toolType: 1
06-24 17:03:10.826  1394  6975 D CustomFrequencyManagerService: acquireDVFSLockLocked : type : DVFS_MIN_LIMIT  frequency : 883200  uid : 1000  pid : 1394  pkgName : GESTURE_DETECTED@CPU_MIN@78
06-24 17:03:10.826 19589 20242 D TelephonyManager: getAllCellInfo : Caller (PID / UID / TID): 19589 / 10024 / 20242
06-24 17:03:10.829  1173 21160 E mm-3a-external: [cgAF] Invalid Cal. Set Default AF Cal: PAN: 0x78, MAC: 0x1F4, OFFSET: 0x0
06-24 17:03:10.839 17748 17748 D ViewRootImpl@f74dda0[MainActivity]: ViewPostIme pointer 0
06-24 17:03:10.857  1173 21160 E mm-3a-external: [cgAF] Invalid Cal. Set Default AF Cal: PAN: 0x78, MAC: 0x1F4, OFFSET: 0x0
06-24 17:03:10.866   763   763 W Layer   : [SurfaceView - com.appname/com.appname.MainActivity@40fc623@0#0] Timestamp 949073914136240 seems implausible relative to expectedPresent 663618671707034
06-24 17:03:10.883   763   763 W Layer   : [SurfaceView - com.appname/com.appname.MainActivity@40fc623@0#0] Timestamp 949073947415240 seems implausible relative to expectedPresent 663618688472485
06-24 17:03:10.890  1173 21160 E mm-3a-external: [cgAF] Invalid Cal. Set Default AF Cal: PAN: 0x78, MAC: 0x1F4, OFFSET: 0x0
