--------- beginning of main
06-24 17:02:54.792   727   727 D SEC LightsHAL: button : 1 +
06-24 17:02:54.822   727   727 D SEC LightsHAL: button : 1 -
06-24 17:02:54.832 28461 28461 E adbd    : recv: OPEN 0000022c 00000000 0047:73 68 65 6C 6C 2C 76 32 2C 54 45 52 4D 3D 78 74 65 72 6D 2D 32 35 36 63 6F 6C 6F 72 3A 65 78 70 6F 72 74 20 41 4E 44 52 4F 49 44 5F 4C 4F 47 5F 54 41 47 53 3D 22 27 27 22 3B 20 65 78 65 63 20 6C 6F 67 63 61 74 00 
06-24 17:02:54.832 28461 28461 E adbd    : service_to_fd: shell,v2,TERM=xterm-256color:export ANDROID_LOG_TAGS="''"; exec logcat
06-24 17:02:54.848 21129 21129 E propClient: PropClient failed to load
06-24 17:02:54.860 21129 21129 E propClient: PropClient failed to load
06-24 17:02:54.880  1394  2393 D InputReader: Input event(6): value=0 when=663602669959000
06-24 17:02:54.881  1394  2393 D InputReader: Input event(6): value=0 when=663602669959000
06-24 17:02:54.881  1394  2393 I InputReader: Touch event's action is 0x1 (deviceType=0) [pCnt=1, s=] when=663602669959000
06-24 17:02:54.881  1394  2392 I InputDispatcher: Delivering touch to (17748): action: 0x1, toolType: 1
06-24 17:02:54.883 17748 17748 D ViewRootImpl@65929e8[MainActivity]: ViewPostIme pointer 1
06-24 17:02:54.897  1146  1458 D DnsProxyListener: DNSDBG::dns addrinfo af 0
06-24 17:02:54.908  1394  3101 V AudioService: AudioService playSoundEffect Type : 0, volume : -1.0
06-24 17:02:54.909  1394  2552 V AudioService: received MSG_PLAY_SOUND_EFFECT onPlaySoundEffect start
06-24 17:02:54.909  1028  2139 V APM_AudioPolicyManager: getAudioPolicyConfig: situation=1;device=0
06-24 17:02:54.909  1028  2139 I APM_AudioPolicyManager: getSituationVolume: isBTConnected:0 isHeadConnected:0
06-24 17:02:54.910  1028  2139 V APM_AudioPolicyManager: deviceInt = 0, situationInt = 1, situationVolume = 1.000000
06-24 17:02:54.910  1028  2139 V APM_AudioPolicyManager: getOutput() device 2, stream 1, samplingRate 0, format 0, channelMask 3, flags 0
06-24 17:02:54.910  1028  2139 V APM_AudioPolicyManager: selectOutput() commonFlags for output 13, 0000
06-24 17:02:54.911  1028  2139 V APM_AudioPolicyManager: selectOutput() commonFlags for output 21, 0000
06-24 17:02:54.912  1028  2139 V APM_AudioPolicyManager: selectOutput() commonFlags for output 29, 0000
06-24 17:02:54.912  1028  2139 V APM_AudioPolicyManager:   getOutputForDevice() returns output 13
06-24 17:02:54.912  1028  2139 V APM_AudioPolicyManager: getOutput() device 2, stream 1, samplingRate 0, format 0, channelMask 3, flags 0
06-24 17:02:54.912  1028  2139 V APM_AudioPolicyManager: selectOutput() commonFlags for output 13, 0000
06-24 17:02:54.912  1028  2139 V APM_AudioPolicyManager: selectOutput() commonFlags for output 21, 0000
06-24 17:02:54.912  1028  2139 V APM_AudioPolicyManager: selectOutput() commonFlags for output 29, 0000
06-24 17:02:54.912  1028  2139 V APM_AudioPolicyManager:   getOutputForDevice() returns output 13
06-24 17:02:54.913  1028  2139 W AudioPolicyIntefaceImpl: Skipped to add effects on session 6617
06-24 17:02:54.913  1028  2139 V APM_AudioPolicyManager: startOutput() output 21, stream 1, session 6617
06-24 17:02:54.913  1028  2139 V APM_AudioPolicyManager: setBeaconMute(1) mBeaconMuteRefCount=1 mBeaconPlayingRefCount=0
06-24 17:02:54.913  1028  2139 V APM_AudioPolicyManager: getNewOutputDevice() selected device 2
06-24 17:02:54.913  1028  2139 V APM_AudioPolicyManager: setOutputDevice() device 0002 delayMs 0
06-24 17:02:54.913  1028  2139 V APM_AudioPolicyManager: setOutputDevice() prevDevice 0x0002
06-24 17:02:54.913  1028  2139 V APM_AudioPolicyManager: setOutputDevice() setting same device 0x0002 or null device
06-24 17:02:54.913  1028  2139 I AudioFlinger: updateStageIndex prev 0, new -2101
06-24 17:02:54.915   718 13894 D audio_hw_primary: start_output_stream: enter: stream(0xe4b8a800)usecase(1: low-latency-playback) devices(0x2)
06-24 17:02:54.915   718 13894 D audio_hw_primary: select_devices for use case (low-latency-playback)
06-24 17:02:54.915   718 13894 V msm8974_platform: platform_get_output_snd_device: enter: output devices(0x2)
06-24 17:02:54.916   718 13894 V msm8974_platform: platform_get_output_snd_device: exit: snd_device(speaker)
06-24 17:02:54.916   718 13894 D audio_hw_primary: select_devices: out_snd_device(2: speaker) in_snd_device(0: )
06-24 17:02:54.916   718 13894 V msm8974_platform: platform_get_backend_index:napb: backend port - 0 device - 2 
06-24 17:02:54.916   718 13894 I msm8974_platform: platform_check_and_set_codec_backend_cfg:becf: afe: bitwidth 16, samplerate 48000 channels 2, backend_idx 0 usecase = 1 device (speaker)
06-24 17:02:54.916   718 13894 D msm8974_platform: platform_split_snd_device: snd_device(2) num devices(1) new_snd_devices(0)
06-24 17:02:54.916   718 13894 I msm8974_platform: platform_check_and_set_codec_backend_cfg: new_snd_devices[0] is 2
06-24 17:02:54.916   718 13894 V msm8974_platform: platform_get_native_support:napb: ui Prop enabled(0) version(4)
06-24 17:02:54.916   718 13894 V msm8974_platform: platform_get_backend_index:napb: backend port - 0 device - 2 
06-24 17:02:54.916   718 13894 I msm8974_platform: platform_check_codec_backend_cfg:becf: afe: bitwidth 16, samplerate 48000 channels 2, backend_idx 0 usecase = 1 device (speaker)
06-24 17:02:54.916   718 13894 V msm8974_platform: platform_check_backends_match: snd_device1 = speaker, snd_device2 = speaker
06-24 17:02:54.916   718 13894 V msm8974_platform: platform_check_backends_match: be_itf1 = SLIMBUS_0_RX, be_itf2 = SLIMBUS_0_RX, match 1
06-24 17:02:54.916   718 13894 D msm8974_platform: platform_check_codec_backend_cfg:becf: afe: playback on codec device not supporting native playback set default Sample Rate(48k)
06-24 17:02:54.916   718 13894 I msm8974_platform: platform_check_codec_backend_cfg:becf: afe: Codec selected backend: 0 updated bit width: 16 and sample rate: 48000
06-24 17:02:54.916   718 13894 D audio_hw_primary: check_usecases_codec_backend:becf: force routing 0
06-24 17:02:54.916   718 13894 V msm8974_platform: platform_check_backends_match: snd_device1 = speaker, snd_device2 = 
06-24 17:02:54.916   718 13894 E msm8974_platform: platform_check_backends_match: Invalid snd_device = 
06-24 17:02:54.916   718 13894 D audio_hw_primary: check_usecases_codec_backend:becf: (63) check_usecases curr device: speaker, usecase device: backends match 0
06-24 17:02:54.916   718 13894 D audio_hw_primary: check_usecases_codec_backend:becf: check_usecases num.of Usecases to switch 0
06-24 17:02:54.916   718 13894 D hardware_info: hw_info_append_hw_type : device_name = speaker
06-24 17:02:54.916   718 13894 D audio_hw_primary: enable_snd_device: snd_device(2: speaker)
06-24 17:02:54.916   718 13894 D audio_hw_utils: audio_extn_utils_send_app_type_cfg: usecase->out_snd_device speaker
06-24 17:02:54.917   718 13894 D msm8974_platform: platform_split_snd_device: snd_device(2) num devices(0) new_snd_devices(0)
06-24 17:02:54.917   718 13894 V msm8974_platform: platform_get_snd_device_backend_index: enter with device 2
06-24 17:02:54.917   718 13894 E msm8974_platform: platform_get_snd_device_backend_index: BE DAI Name Table is not present
06-24 17:02:54.917   718 13894 E audio_hw_utils: send_app_type_cfg_for_device: Couldn't get the backend index for snd device speaker ret=-14
06-24 17:02:54.917   718 13894 I audio_hw_utils: send_app_type_cfg_for_device PLAYBACK app_type 69937, acdb_dev_id 15, sample_rate 48000, snd_device_be_idx -14
06-24 17:02:54.918   718 13894 D msm8974_platform: platform_split_snd_device: snd_device(2) num devices(1) new_snd_devices(0)
06-24 17:02:54.918   718 13894 V msm8974_platform: platform_send_audio_calibration: sending audio calibration for snd_device(2) acdb_id(15)
06-24 17:02:54.918   718 13894 D ACDB-LOADER: ACDB -> send_audio_cal, acdb_id = 15, path = 0, app id = 0x11131, sample rate = 48000
06-24 17:02:54.918   718 13894 D ACDB-LOADER: ACDB -> send_asm_topology
06-24 17:02:54.918   718 13894 D ACDB-LOADER: ACDB -> ACDB_CMD_GET_AUDPROC_STREAM_TOPOLOGY_ID
06-24 17:02:54.918   718 13894 D ACDB-LOADER: ACDB -> send_adm_topology
06-24 17:02:54.918   718 13894 D ACDB-LOADER: ACDB -> ACDB_CMD_GET_AUDPROC_COMMON_TOPOLOGY_ID
06-24 17:02:54.918   718 13894 D ACDB-LOADER: ACDB -> send_audtable
06-24 17:02:54.918   718 13894 D ACDB-LOADER: ACDB -> ACDB_CMD_GET_AUDPROC_COMMON_TABLE_SIZE
06-24 17:02:54.918   718 13894 D ACDB-LOADER: ACDB -> ACDB_CMD_GET_AUDPROC_COMMON_TABLE
06-24 17:02:54.918   718 13894 D ACDB-LOADER: ACDB -> AUDIO_SET_AUDPROC_CAL
06-24 17:02:54.918   718 13894 D ACDB-LOADER: ACDB -> send_audvoltable
06-24 17:02:54.918   718 13894 D ACDB-LOADER: ACDB -> ACDB_CMD_GET_AUDPROC_VOL_STEP_TABLE_SIZE
06-24 17:02:54.918   718 13894 D ACDB-LOADER: ACDB -> ACDB_CMD_GET_AUDPROC_GAIN_DEP_STEP_TABLE, vol index 0
06-24 17:02:54.919   718 13894 D ACDB-LOADER: ACDB -> AUDIO_SET_VOL_CAL cal type = 12
06-24 17:02:54.919   718 13894 D ACDB-LOADER: ACDB -> ACDB_CMD_GET_AUDPROC_STREAM_TABLE_SIZE
06-24 17:02:54.919   718 13894 D ACDB-LOADER: ACDB -> send_audstrmtable
06-24 17:02:54.919   718 13894 D ACDB-LOADER: ACDB -> ACDB_CMD_GET_AUDPROC_STREAM_TABLE_V2
06-24 17:02:54.919   718 13894 D ACDB-LOADER: ACDB -> audstrm_cal->cal_type.cal_data.cal_size = 4160
06-24 17:02:54.919   718 13894 D ACDB-LOADER: ACDB -> send_afe_topology
06-24 17:02:54.919   718 13894 D ACDB-LOADER: ACDB -> ACDB_CMD_GET_AFE_TOPOLOGY_ID
06-24 17:02:54.919   718 13894 D ACDB-LOADER: ACDB -> GET_AFE_TOPOLOGY_ID for adcd_id 15, Topology Id 10001061
06-24 17:02:54.919   718 13894 D ACDB-LOADER: ACDB -> send_afe_cal
06-24 17:02:54.919   718 13894 D ACDB-LOADER: ACDB -> ACDB_CMD_GET_AFE_COMMON_TABLE_SIZE
06-24 17:02:54.919   718 13894 D ACDB-LOADER: ACDB -> ACDB_CMD_GET_AFE_COMMON_TABLE
06-24 17:02:54.919   718 13894 D ACDB-LOADER: ACDB -> AUDIO_SET_AFE_CAL
06-24 17:02:54.919   718 13894 D ACDB-LOADER: ACDB -> send_hw_delay : acdb_id = 15 path = 0
06-24 17:02:54.919   718 13894 D ACDB-LOADER: ACDB -> ACDB_AVSYNC_INFO: ACDB_CMD_GET_DEVICE_PROPERTY
06-24 17:02:54.919   718 13894 D audio_hw_primary: enable_audio_route: apply mixer and update path: low-latency-playback speaker
06-24 17:02:54.919   718 13894 D audio_route: Setting mixer control: PRI_MI2S_RX Audio Mixer MultiMedia5, value: 1
06-24 17:02:54.921   718 13894 V audio_hw_sec: [MAXIM] sec_dsm_spkr_prot_control_tx_topology() enable:1, dsm_is_enabled:0
06-24 17:02:54.921   718 13894 D hardware_info: hw_info_append_hw_type : device_name = vi-feedback
06-24 17:02:54.921   718 13894 D audio_hw_primary: enable_snd_device: snd_device(389: vi-feedback)
06-24 17:02:54.921   718 13894 D audio_hw_utils: audio_extn_utils_send_app_type_cfg: usecase->in_snd_device vi-feedback
06-24 17:02:54.921   718 13894 D msm8974_platform: platform_split_snd_device: snd_device(389) num devices(0) new_snd_devices(0)
06-24 17:02:54.922   718 13894 V msm8974_platform: platform_get_snd_device_backend_index: enter with device 389
06-24 17:02:54.922   718 13894 E msm8974_platform: platform_get_snd_device_backend_index: BE DAI Name Table is not present
06-24 17:02:54.922   718 13894 E audio_hw_utils: send_app_type_cfg_for_device: Couldn't get the backend index for snd device vi-feedback ret=-14
06-24 17:02:54.922   718 13894 I audio_hw_utils: send_app_type_cfg_for_device default app_type 69936, acdb_dev_id 102, sample_rate 48000, snd_device_be_idx -14
06-24 17:02:54.923   718 13894 E voice   : voice_is_in_call_rec_stream: input stream is NULL
06-24 17:02:54.923   718 13894 D msm8974_platform: platform_split_snd_device: snd_device(389) num devices(1) new_snd_devices(0)
06-24 17:02:54.923   718 13894 V msm8974_platform: platform_send_audio_calibration: sending audio calibration for snd_device(389) acdb_id(102)
06-24 17:02:54.923   718 13894 D ACDB-LOADER: ACDB -> send_audio_cal, acdb_id = 102, path = 1, app id = 0x11130, sample rate = 48000
06-24 17:02:54.923   718 13894 D ACDB-LOADER: ACDB -> send_asm_topology
06-24 17:02:54.923   718 13894 D ACDB-LOADER: ACDB -> ACDB_CMD_GET_AUDPROC_STREAM_TOPOLOGY_ID
06-24 17:02:54.923   718 13894 D ACDB-LOADER: ACDB -> send_adm_topology
06-24 17:02:54.923   718 13894 D ACDB-LOADER: ACDB -> ACDB_CMD_GET_AUDPROC_COMMON_TOPOLOGY_ID
06-24 17:02:54.923   718 13894 D ACDB-LOADER: ACDB -> send_audtable
06-24 17:02:54.923   718 13894 D ACDB-LOADER: ACDB -> ACDB_CMD_GET_AUDPROC_COMMON_TABLE_SIZE
06-24 17:02:54.924   718 13894 D ACDB-LOADER: ACDB -> ACDB_CMD_GET_AUDPROC_COMMON_TABLE
06-24 17:02:54.924   718 13894 D ACDB-LOADER: ACDB -> AUDIO_SET_AUDPROC_CAL
06-24 17:02:54.924   718 13894 D ACDB-LOADER: ACDB -> send_audvoltable
06-24 17:02:54.924   718 13894 D ACDB-LOADER: ACDB -> ACDB_CMD_GET_AUDPROC_VOL_STEP_TABLE_SIZE
06-24 17:02:54.924   718 13894 D ACDB-LOADER: ACDB -> ACDB_CMD_GET_AUDPROC_GAIN_DEP_STEP_TABLE, vol index 0
06-24 17:02:54.924   718 13894 D         : Failed to fetch the lookup information of the device 00000066 
06-24 17:02:54.924   718 13894 E ACDB-LOADER: Error: ACDB AudProc vol returned = -19
06-24 17:02:54.924   718 13894 D ACDB-LOADER: ACDB -> AUDIO_SET_VOL_CAL cal type = 12
06-24 17:02:54.924   718 13894 D ACDB-LOADER: ACDB -> ACDB_CMD_GET_AUDPROC_STREAM_TABLE_SIZE
06-24 17:02:54.924   718 13894 D ACDB-LOADER: ACDB -> send_audstrmtable
06-24 17:02:54.924   718 13894 D ACDB-LOADER: ACDB -> ACDB_CMD_GET_AUDPROC_STREAM_TABLE_V2
06-24 17:02:54.924   718 13894 D ACDB-LOADER: ACDB -> audstrm_cal->cal_type.cal_data.cal_size = 4160
06-24 17:02:54.924   718 13894 D ACDB-LOADER: ACDB -> send_afe_topology
06-24 17:02:54.924   718 13894 D ACDB-LOADER: ACDB -> ACDB_CMD_GET_AFE_TOPOLOGY_ID
06-24 17:02:54.924   718 13894 D ACDB-LOADER: ACDB -> GET_AFE_TOPOLOGY_ID for adcd_id 102, Topology Id 10001060
06-24 17:02:54.924   718 13894 D ACDB-LOADER: ACDB -> send_afe_cal
06-24 17:02:54.924   718 13894 D ACDB-LOADER: ACDB -> ACDB_CMD_GET_AFE_COMMON_TABLE_SIZE
06-24 17:02:54.924   718 13894 D ACDB-LOADER: ACDB -> ACDB_CMD_GET_AFE_COMMON_TABLE
06-24 17:02:54.924   718 13894 D ACDB-LOADER: ACDB -> AUDIO_SET_AFE_CAL
06-24 17:02:54.925   718 13894 D ACDB-LOADER: ACDB -> send_hw_delay : acdb_id = 102 path = 1
06-24 17:02:54.925   718 13894 D ACDB-LOADER: ACDB -> ACDB_AVSYNC_INFO: ACDB_CMD_GET_DEVICE_PROPERTY
06-24 17:02:54.925   718 13894 D audio_hw_primary: enable_audio_route: apply mixer and update path: spkr-vi-feedback
06-24 17:02:54.925   718 13894 D audio_route: Setting mixer control: MultiMedia2 Mixer PRI_MI2S_TX, value: 1
--------- beginning of system
06-24 17:02:54.951  1394  4557 V WindowManager: Relayout Window{6809857 u0 com.appname/com.appname.MainActivity}: viewVisibility=0 req=1080x1920 WM.LayoutParams{(0,0)(fillxfill) sim=#10 ty=1 fl=#81810500 pfl=0x20000 wanim=0x10302fd vsysui=0x600 needsMenuKey=2 colorMode=0 naviIconColor=0}
06-24 17:02:54.962   718 13894 V audio_hw_sec: [MAXIM] sec_dsm_spkr_prot_control_tx_topology() dsm enabled (c:0 d:1 m:0)
06-24 17:02:54.962   718 13894 D audio_hw_primary: select_devices: done
06-24 17:02:54.976 17748 17748 D ViewRootImpl@65929e8[MainActivity]: Relayout returned: old=[0,0][1080,1920] new=[0,0][1080,1920] result=0x1 surface={valid=true 518548692992} changed=false
06-24 17:02:54.992   763   763 I SurfaceFlinger: Display 0 HWC layers:
06-24 17:02:54.992   763   763 I SurfaceFlinger:     type    |    handle    | flag |  format   |   source crop (l,t,r,b)    |         frame       | name 
06-24 17:02:54.992   763   763 I SurfaceFlinger: ------------+--------------+------+-----------+----------------------------+---------------------+------
06-24 17:02:54.992   763   763 I SurfaceFlinger:      Device | 0x726ad8e380 | 0002 | RGBA_8888 |   0.0    0.0 1080.0 1920.0 |    0    0 1080 1920 | com.appname/com.appname.MainActivity#0
06-24 17:02:54.992   763   763 I SurfaceFlinger: 
06-24 17:02:54.993   718 13894 V msm8974_platform: platform_set_channel_map channel_count:2
06-24 17:02:54.993   718 13894 D msm8974_platform: platform_set_channel_map mixer_ctl_name:Playback Channel Map15
06-24 17:02:54.993   718 13894 D msm8974_platform: platform_set_channel_map: set mapping(1 2 0 0 0 0 0 0) for channel:2
06-24 17:02:54.994   718 13894 D audio_hw_primary: start_output_stream: exit
06-24 17:02:55.017  1028  2063 D AudioFlinger: mixer(0xe4983e80) Spend too much time to write: delta 102(effect 0, stage 0)
06-24 17:02:55.068 17748 17748 D ViewRootImpl@f74dda0[MainActivity]: setView = DecorView@a094d59[] TM=true MM=false
06-24 17:02:55.072  1028  1363 V APM_AudioPolicyManager: stopOutput() output 21, stream 1, session 6617
06-24 17:02:55.072  1028  1363 V APM_AudioPolicyManager: setBeaconMute(1) mBeaconMuteRefCount=0 mBeaconPlayingRefCount=0
06-24 17:02:55.073  1028  1363 V APM_AudioPolicyManager: getNewOutputDevice() selected device 0
06-24 17:02:55.073  1028  1363 V APM_AudioPolicyManager: setOutputDevice() device 0000 delayMs 96
06-24 17:02:55.073  1028  1363 V APM_AudioPolicyManager: setOutputDevice() prevDevice 0x0002
06-24 17:02:55.073  1028  1363 V APM_AudioPolicyManager: setOutputDevice() setting same device 0x0000 or null device
06-24 17:02:55.075 17748 17748 D ViewRootImpl@f74dda0[MainActivity]: dispatchAttachedToWindow
06-24 17:02:55.079  1394  3101 V WindowManager: Relayout Window{2d9b187 u0 com.appname/com.appname.MainActivity}: viewVisibility=0 req=1080x1848 WM.LayoutParams{(0,0)(fillxfill) gr=#11 sim=#10 ty=2 fl=#80810502 pfl=0x20000 fmt=-2 wanim=0x7f0e00a9 vsysui=0x600 needsMenuKey=2 colorMode=0 naviIconColor=0}
06-24 17:02:55.092   763   763 D SurfaceFlinger: duplicate layer name: changing com.appname/com.appname.MainActivity to com.appname/com.appname.MainActivity#1
06-24 17:02:55.093   763   763 I SurfaceFlinger: id=7387 createSurf (1080x1920),1 flag=4, com.appname/com.appname.MainActivity#1
06-24 17:02:55.095  1394  3101 V Surface : sf_framedrop debug : 0x4f4c, game : false, logging : 0
06-24 17:02:55.109  1394  3101 D InputDispatcher: Focus left window: 17748
06-24 17:02:55.110  1394  3101 D InputDispatcher: Focus entered window: 17748
06-24 17:02:55.113 17748 17748 V Surface : sf_framedrop debug : 0x4f4c, game : false, logging : 0
06-24 17:02:55.114 17748 17748 D ViewRootImpl@f74dda0[MainActivity]: Relayout returned: old=[0,0][0,0] new=[0,0][1080,1920] result=0x7 surface={valid=true 518630064128} changed=true
06-24 17:02:55.127 17748 17848 D OpenGLRenderer: eglCreateWindowSurface = 0x78bc1f02f0
06-24 17:02:55.150  1394  3101 V WindowManager: Relayout Window{2d9b187 u0 com.appname/com.appname.MainActivity}: viewVisibility=0 req=1080x1920 WM.LayoutParams{(0,0)(fillxfill) gr=#11 sim=#10 ty=2 fl=#80810502 pfl=0x20000 fmt=-2 wanim=0x7f0e00a9 vsysui=0x600 needsMenuKey=2 colorMode=0 naviIconColor=0}
06-24 17:02:55.160 17748 17748 D ViewRootImpl@f74dda0[MainActivity]: Relayout returned: old=[0,0][1080,1920] new=[0,0][1080,1920] result=0x3 surface={valid=true 518630064128} changed=false
06-24 17:02:55.177  1394  3101 V WindowManager: finishDrawingLocked: mDrawState=COMMIT_DRAW_PENDING Window{2d9b187 u0 com.appname/com.appname.MainActivity} in Surface(name=com.appname/com.appname.MainActivity)
06-24 17:02:55.184 17748 17748 D ViewRootImpl@f74dda0[MainActivity]: MSG_RESIZED_REPORT: frame=Rect(0, 0 - 1080, 1920) ci=Rect(0, 0 - 0, 0) vi=Rect(0, 0 - 0, 0) or=1
06-24 17:02:55.184 17748 17748 D ViewRootImpl@f74dda0[MainActivity]: MSG_WINDOW_FOCUS_CHANGED 1
06-24 17:02:55.201 17748 17748 V InputMethodManager: Starting input: tba=android.view.inputmethod.EditorInfo@79c0d2a nm : com.appname ic=null
06-24 17:02:55.201 17748 17748 I InputMethodManager: startInputInner - mService.startInputOrWindowGainedFocus
06-24 17:02:55.202  1394  3101 D InputMethodManagerService: startInputOrWindowGainedFocus : windowGainedFocus 
06-24 17:02:55.202  1394  3101 D InputMethodManagerService: windowGainedFocus: destinationUserId (getCallingUid) = 0
06-24 17:02:55.202  1394  3101 D InputMethodManagerService: windowGainedFocus: currentUserId=0
06-24 17:02:55.202  1394  3101 D InputMethodManagerService: windowGainedFocus: mCurrentFocusedUserId=0
06-24 17:02:55.202  1394  3101 D InputMethodManagerService: windowGainedFocus : lock - currentUserId = 0 destinationUserId = 0
06-24 17:02:55.203  1394  3101 D InputMethodManagerService: windowGainedFocus : mCurrentFocusedUserId - 0 and mSecureKeypadEnabled - false, userSwitched - false
06-24 17:02:55.203  1394  3101 V InputMethodManagerService: windowGainedFocus : reason=WINDOW_FOCUS_GAIN client=android.os.BinderProxy@836f198 inputContext=null missingMethods= attribute=android.view.inputmethod.EditorInfo@31e8b4 nm = com.appname controlFlags=#104 softInputMode=#10 windowFlags=#80810502
06-24 17:02:55.203  1394  3101 V InputMethodManagerService: hideCurrentInputLocked : shouldHideSoftInput is false
06-24 17:02:55.203  1394  3101 D InputMethodManagerService: setCurrentInputInfo - inputContext : null eidtorInfo : android.view.inputmethod.EditorInfo@31e8b4 missingMethods : 0
06-24 17:02:55.204  2718  2718 I InputMethodWrapper:  call dispatchStartInputWithToken
06-24 17:02:55.204  2718  2718 I InputMethodService: dispatchStartInputWithToken
06-24 17:02:55.204  2718  2718 I SKBD    : SamsungKeypad [IMI] onStartInput - caller pid : 17748, caller uid : 10336
06-24 17:02:55.226   763   763 I SurfaceFlinger: Display 0 HWC layers:
06-24 17:02:55.226   763   763 I SurfaceFlinger:     type    |    handle    | flag |  format   |   source crop (l,t,r,b)    |         frame       | name 
06-24 17:02:55.226   763   763 I SurfaceFlinger: ------------+--------------+------+-----------+----------------------------+---------------------+------
06-24 17:02:55.226   763   763 I SurfaceFlinger:      Device | 0x726ad8d680 | 0002 | RGBA_8888 |   0.0    0.0 1080.0 1920.0 |    0    0 1080 1920 | com.appname/com.appname.MainActivity#0
06-24 17:02:55.226   763   763 I SurfaceFlinger:      Device | 0x726ad8e680 | 0000 | RGBA_8888 |   0.0    0.0 1080.0   34.0 |    0 1886 1080 1920 | com.appname/com.appname.MainActivity#1
06-24 17:02:55.226   763   763 I SurfaceFlinger: 
06-24 17:02:55.238 17748 17748 D ViewRootImpl@65929e8[MainActivity]: MSG_WINDOW_FOCUS_CHANGED 0
06-24 17:02:55.243   763   763 I SurfaceFlinger: Display 0 HWC layers:
06-24 17:02:55.243   763   763 I SurfaceFlinger:     type    |    handle    | flag |  format   |   source crop (l,t,r,b)    |         frame       | name 
06-24 17:02:55.243   763   763 I SurfaceFlinger: ------------+--------------+------+-----------+----------------------------+---------------------+------
06-24 17:02:55.243   763   763 I SurfaceFlinger:      Device | 0x726ad8d680 | 0002 | RGBA_8888 |   0.0    0.0 1080.0 1920.0 |    0    0 1080 1920 | com.appname/com.appname.MainActivity#0
06-24 17:02:55.243   763   763 I SurfaceFlinger:  SolidColor |              | 0000 |  Unknown  |  -0.2   -0.2   -0.8   -0.8 |    0    0 1080 1920 | DimLayerController/Stack=0#0
06-24 17:02:55.243   763   763 I SurfaceFlinger:      Device | 0x726ad8e600 | 0000 | RGBA_8888 |   0.0    0.0 1080.0  134.0 |    0 1786 1080 1920 | com.appname/com.appname.MainActivity#1
06-24 17:02:55.243   763   763 I SurfaceFlinger: 
06-24 17:02:55.345  1162  1231 I LocSvc_ApiV02: <--- globalEventCb line 162 QMI_LOC_EVENT_GNSS_SV_INFO_IND_V02
06-24 17:02:55.345  1162  4816 I LocSvc_libulp: ulp_brain_process_gnss_sv_report, gnss sv report cnt = 3724, gnss pos report cnt = 83,strong sv cnt = 0
06-24 17:02:55.346  1394  2391 D GnssLocationProvider_ex: SV Count : 1      (PRN, Constellation, SNR, Used)
06-24 17:02:55.346  1394  2391 D GnssLocationProvider_ex: (194, QZSS, 31.0, 0) 
06-24 17:02:55.379  1394  3101 I ActivityManager: KPU : put [com.telecomsys.directedsms.android.SCG] : 24247 K
06-24 17:02:55.380  1394  3101 I ActivityManager: Killing 12891:com.telecomsys.directedsms.android.SCG/u0a142 (adj 906): DHA:SPC_empty #25
06-24 17:02:55.414  2927  2979 E RequestManager_FLP: [FusedLocationApi] Location request 6353d65 PRIORITY_HIGH_ACCURACY interval=0 from com.appname
06-24 17:02:55.415  1394  2867 D ConnectivityService: filterNetworkStateForUid() uid: 5013 networkInfo: [type: WIFI[] - WIFI, state: CONNECTED/CONNECTED, reason: (unspecified), extra: "BananaPancake", failover: false, available: true, roaming: false, metered: false]
06-24 17:02:55.420  1394  4557 I PermissionMonitor: App is not in hidden status (background/etc). Ignore
06-24 17:02:55.424  1394  2867 D LocationManagerService: Location listener died at com.telecomsys.directedsms.android.SCG
06-24 17:02:55.424  1394  2867 I LocationManagerService: remove 11f8054
06-24 17:02:55.424  1394  2867 I LocationManagerService: removeUpdates, receiver.requestedID = 11f8054, receiver.mIdentity.mPid = 12891, receiver.mIdentity.mUid = 10142
06-24 17:02:55.426  1394  2867 D LocationManagerService: provider request: passive ProviderRequest[ON interval=0]
06-24 17:02:55.427  1394  4627 W ActivityManager: Scheduling restart of crashed service com.telecomsys.directedsms.android.SCG/.SCGService in 1000ms
06-24 17:02:55.428  2927  2979 D ListenerMonitor_FLP: removeListener, packageName : com.telecomsys.directedsms.android.SCG , listener count : 0
06-24 17:02:55.430  3000  3028 D ForegroundUtils: could not check pending caller
06-24 17:02:55.432  2927 18243 D ProcessObserver_FLP: onProcessDied, 12891/10142
06-24 17:02:55.439  2927  2979 E RequestManager_FLP: [LocationManagerService] Location remove 11f8054 from com.telecomsys.directedsms.android.SCG
06-24 17:02:55.440  1394 10129 D ConnectivityService: filterNetworkStateForUid() uid: 5013 networkInfo: [type: WIFI[] - WIFI, state: CONNECTED/CONNECTED, reason: (unspecified), extra: "BananaPancake", failover: false, available: true, roaming: false, metered: false]
06-24 17:02:55.460 17748 17748 D ReactNative: CameraView looking for ThemedReactContext
06-24 17:02:55.460 17748 17748 D ReactNative: CameraView found ThemedReactContext
06-24 17:02:55.462 17748 17748 D ReactNative: onResume
06-24 17:02:55.496  1394 10129 D SamsungAlarmManager: Cancel Alarm calling from uid:10024 pid :19589 / listener:android.app.IAlarmListener$Stub$Proxy@115df23
06-24 17:02:55.504  1394  4627 D SamsungAlarmManager: setExact Listener (T:3/F:1/AC:false) 20200624T210258 - CU:10024/CP:19589
06-24 17:02:55.509  2724  2989 D LocationControllerImpl: onReceive() = android.location.HIGH_POWER_REQUEST_CHANGE
06-24 17:02:55.515  1394  4627 D SamsungAlarmManager: Cancel Alarm calling from uid:10024 pid :19589 / listener:android.app.IAlarmListener$Stub$Proxy@f6f9f9e
06-24 17:02:55.518  1394 10129 D SamsungAlarmManager: setExact Listener (T:3/F:1/AC:false) 20200624T170306 - CU:10024/CP:19589
06-24 17:02:55.521  1394 10129 D LocationManagerService: request 7ee2410 gps Request[ACCURACY_FINE gps requested=0 fastest=0] from com.google.android.gms(10024 foreground [whitelisted])
06-24 17:02:55.522  2927  2979 D ListenerMonitor_FLP: addListener, packageName : com.google.android.gms , listener count : 4
06-24 17:02:55.522  1394 10129 D LocationManagerService: provider request: gps ProviderRequest[ON interval=0]
06-24 17:02:55.522  1394 10129 I GnssLocationProvider: WakeLock acquired by sendMessage(SET_REQUEST, 0, com.android.server.location.GnssLocationProvider$GpsRequest@a4e0a95)
06-24 17:02:55.523  1394  2889 D GnssLocationProvider: setRequest ProviderRequest[ON interval=0]
06-24 17:02:55.523  1162  1162 I LocSvc_GnssInterface: ===> setPositionMode line 268 
06-24 17:02:55.524  1162  4816 I LocSvc_libulp: ulp_msg_process_criteria_update: valid 0x27 action:1, minTime:0, minDistance:0.000000, singleShot:0, horizontalAccuracy:0, powerRequirement:0, emergency_request:96
06-24 17:02:55.524  1162  4816 I LocSvc_libulp: ulp_brain_process_criteria_update index at 0, isNew = 0, mask 0x27, provider source = 1,accuracy = 0, singleshot = 0, tbf = 0 emergency_request = 165
06-24 17:02:55.524  1162  4816 I LocSvc_libulp: ulp_msg_process_start_req, at ulp state = 1
06-24 17:02:55.525  2927  2979 E RequestManager_FLP: [LocationManagerService] Location request 7ee2410 gps interval=0 from com.google.android.gms.persistent
06-24 17:02:55.529  1394  2889 I GnssLocationProvider: WakeLock released by handleMessage(SET_REQUEST, 0, com.android.server.location.GnssLocationProvider$GpsRequest@a4e0a95)
06-24 17:02:55.555  1394 13864 I SensorService: createSensorEventConnection package name android.view.OrientationEventListener
06-24 17:02:55.556  1394 10129 D SensorService: Calling batch handle==1 flags=0 rate=66667000 timeout== 0
06-24 17:02:55.556   734  2320 I qti_sensors_hal: SMGRReportAdd:sensor(android.sensor.accelerometer) handle=1, sample_rate=14.999925 report_rate=0 buffer=0
06-24 17:02:55.557 17748 17748 D SensorManager: registerListener :: 1, K6DS3TR Accelerometer, 66667, 0,  
06-24 17:02:55.591  1146  1435 D Netd    : Iface wlan0 link up
06-24 17:02:55.591  1278  1310 I QC-NETMGR-LIB: Received nl msg, recvmsg returned 64
06-24 17:02:55.591  1278  1310 I QC-NETMGR-LIB: Received command: ID=NETMGR_KIF_MSG_CMD, link=0
06-24 17:02:55.591  1278  1312 I QC-NETMGR-LIB: Process command: ID=NETMGR_KIF_MSG_CMD, link=0, state=1
06-24 17:02:55.591  1278  1312 I QC-NETMGR-LIB: Processing RTM_NEWLINK
06-24 17:02:55.591  1278  1312 I QC-NETMGR-LIB: Metainfo:  Index=6 Family=0 Type=0x1 Change=[0x0] Flags=[0x11043]UP BROADCAST RUNNING MULTICAST LOWER_UP 
06-24 17:02:55.591  1278  1312 I QC-NETMGR-LIB: Rcvd Netlink msg type [16]
06-24 17:02:55.591  1278  1312 I QC-NETMGR-LIB: Received RTM_NEWLINK
06-24 17:02:55.592  1278  1312 I QC-NETMGR-LIB: netmgr_kif_is_ifindex_wlan(): input ifindex=6, wlan0 ifindex=6
06-24 17:02:55.592  1278  1312 I QC-NETMGR-LIB: not IFF_UP change, ignoring
06-24 17:02:55.593  1394  4627 D ConnectivityService: filterNetworkStateForUid() uid: 10024 networkInfo: [type: WIFI[] - WIFI, state: CONNECTED/CONNECTED, reason: (unspecified), extra: "BananaPancake", failover: false, available: true, roaming: false, metered: false]
06-24 17:02:55.594  3047  5900 D EPDG -- [NETMGMT]: Interface wlan0 link up
06-24 17:02:55.594  3047  3340 D EPDG -- SIM0 [EpdgSubScription]: Interface wlan0 link up
06-24 17:02:55.594  3047  3340 D EPDG -- SIM0 [EpdgSubScription]: mobileIntfPrefix is rmnet_data
06-24 17:02:55.594  3047  3340 D EPDG -- SIM0 [EpdgSubScription]: Not Mobile Interface. Ignoring Interface State Change Event
06-24 17:02:55.594  1394  2867 D WificondControl: Scan result ready event
06-24 17:02:55.594  1394  1950 D Tethering: interfaceLinkStateChanged wlan0, true
06-24 17:02:55.594  1394  1950 D Tethering: interfaceStatusChanged wlan0, true
06-24 17:02:55.594  1394  2500 D SamsungAlarmManager: Cancel Alarm calling from uid:1000 pid :1394 / listener:android.app.AlarmManager$ListenerWrapper@400a7a1
06-24 17:02:55.599  1199  1431 I LOWI-8.5.0.3.a: [LOWI-Scan] lowi_close_record:Scan completed in 949045494ms and Recieved 17 APs scan results
06-24 17:02:55.599  1394 10598 I SamsungAlarmManager: setLocked to kernel - T:2 / 20200624T170307, SetElapsed=949070254, nowELAPSED=949058768
06-24 17:02:55.599  1394 10598 I SamsungAlarmManager: setLocked to kernel - T:3 / 20200624T170300, SetElapsed=949063169, nowELAPSED=949058768
06-24 17:02:55.600  1394 10598 D SamsungAlarmManager: setExact Intent (T:2/F:1/AC:false) 20200624T170300 - CU:10024/CP:19589
06-24 17:02:55.601  1394 10598 I SamsungAlarmManager: setLocked to kernel - T:2 / 20200624T170300, SetElapsed=949063761, nowELAPSED=949058769
06-24 17:02:55.608  1394  2500 D WifiScanningService: onFullScanResult received, previous scan count:6
06-24 17:02:55.608  1394  2500 D WifiScanningService: onScanStatus event received, event=0
06-24 17:02:55.610 17748 18064 D UseCaseAttachState: Active and attached use case: [] for camera: 0
06-24 17:02:55.611 19589 20242 D TelephonyManager: getAllCellInfo : Caller (PID / UID / TID): 19589 / 10024 / 20242
06-24 17:02:55.616  1394  2500 D WifiScanningService: singleScanResults: ClientInfo[uid=10024,android.os.Messenger@1a888fa],Id=493,results=17
06-24 17:02:55.618 17748 17748 V Surface : sf_framedrop debug : 0x4f4c, game : false, logging : 0
06-24 17:02:55.619  1394  2500 D WifiScanningService: singleScanResults: ClientInfo[uid=1000,android.os.Messenger@cfe5107],Id=1,results=17
06-24 17:02:55.623 17748 18063 D UseCaseAttachState: Active and attached use case: [] for camera: 0
06-24 17:02:55.624 17748 18064 D UseCaseAttachState: All use case: [androidx.camera.core.ImageCapture-4c081d49-998a-411c-bce9-48c32ca65169, androidx.camera.core.Preview-9e513a35-d048-472d-b4ce-c1786f682ad0] for camera: 0
06-24 17:02:55.624 17748 18064 D Camera2CameraImpl: mMeteringRepeating is ATTACHED, SessionConfig Surfaces: 2, CaptureConfig Surfaces: 1
06-24 17:02:55.625 17748 18064 D UseCaseAttachState: Active and attached use case: [androidx.camera.core.ImageCapture-4c081d49-998a-411c-bce9-48c32ca65169] for camera: 0
06-24 17:02:55.627 17748 17748 D ReactNative: CameraView: Use cases bound
06-24 17:02:55.627 17748 18064 D UseCaseAttachState: All use case: [androidx.camera.core.ImageCapture-4c081d49-998a-411c-bce9-48c32ca65169, androidx.camera.core.Preview-9e513a35-d048-472d-b4ce-c1786f682ad0] for camera: 0
06-24 17:02:55.628 17748 18064 I CameraManager: getCameraCharacteristics : cameraId = 0
06-24 17:02:55.632  2927  2980 D EventHandler_FLP: WIFI_SCAN_RESULTS
06-24 17:02:55.632  1394  1645 W BroadcastQueue: Background execution not allowed: receiving Intent { act=android.net.wifi.SCAN_RESULTS flg=0x4000010 (has extras) } to com.verizon.mips.services/com.verizon.vzwavs.AVSImplicitBroadcastReceiver
06-24 17:02:55.632  1394 10129 D WifiPermissionsUtil: canAccessScanResults: pkgName = com.google.android.gms, uid = 10024
06-24 17:02:55.635  1029 13227 I CameraService: CameraService::connect call (PID -1 "com.appname", camera ID 0) for HAL version default and Camera API version 2
06-24 17:02:55.638  1394  1394 I WifiService: Securities matching
06-24 17:02:55.640  1394  2867 I EDMNativeHelperService: isCameraEnabled
06-24 17:02:55.642  1029 13227 E CameraService: checkTemperature (0)
06-24 17:02:55.642  1029 13227 I CameraService: CameraService::validateClientPermissionsLocked is ok : calling pid 17748, calling uid 10336, cameraservice pid=1029, device user 0, currently allowed device users: 0
06-24 17:02:55.642  1029 13227 I CameraService: CameraService::handleEvictionsLocked
06-24 17:02:55.642  1029 13227 I CameraService: wouldEvictLocked:getCurrentCostLocked()=0, cost=100, totalCost=100, MaxCost=100
06-24 17:02:55.642  1029 13227 I CameraService: wouldEvictLocked: owner=17748, priority-score=0, highestPriorityOwner=17748, highestPriority-score=0
06-24 17:02:55.643  1029 13227 I CameraFlashlight: prepareDeviceOpen: prepare for device open(cameraId=0, package=com.appname)
06-24 17:02:55.643  1029 13227 I CameraService: torch_mode_status_change: cameraId=0, TorchStatus=0
06-24 17:02:55.643  1029 13227 I CameraService: onTorchStatusChangedLocked: Torch status changed for cameraId=0, newStatus=0
06-24 17:02:55.644  1029 13227 E CameraService: setCompanionDisableSysFs : cc.disable property set to 0
06-24 17:02:55.646  2724  2989 D FlashlightController: updateTorchCallback for mCameraId 0
06-24 17:02:55.650  1029 13227 I Camera2ClientBase: Camera 0: Opened. Client: com.appname (PID 17748, UID 10336)
06-24 17:02:55.651  1029 13227 I CameraDeviceClient: CameraDeviceClient 0: Opened
06-24 17:02:55.651  1029 13227 I CameraService: startCameraOps: Start camera ops, package name = com.appname, client UID = 10336
06-24 17:02:55.652  2724  3168 D Tile.FlashlightTile: cancelNotification!!!
06-24 17:02:55.662  1029 13227 D Camera3-Device: initialize: mInterfaceLock.lock()
06-24 17:02:55.662  1029 13227 I QCamera2Factory: cameraDeviceOpen: Open camera id 0 API version 768
06-24 17:02:55.663  1029 13227 I QCamera3HWI: [getLogLevel::9904][gMetaLogLevel::0]
06-24 17:02:55.663  1029 13227 I vndksupport: sphal namespace is not configured for this process. Loading /vendor/lib/hw/power.qcom.so from the current namespace instead.
06-24 17:02:55.674  1394  2867 I SensorService: createSensorEventConnection package name android.view.OrientationEventListener
06-24 17:02:55.675  1394  2867 D SensorService: Calling batch handle==1 flags=0 rate=66667000 timeout== 0
06-24 17:02:55.676   734   734 I qti_sensors_hal: SMGRReportAdd:sensor(android.sensor.accelerometer) handle=1, sample_rate=14.999925 report_rate=0 buffer=0
06-24 17:02:55.678 17748 17748 D SensorManager: registerListener :: 1, K6DS3TR Accelerometer, 66667, 0,  
06-24 17:02:55.693  1029 13227 I QCamera3HWI: [KPI Perf] openCamera: E PROFILE_OPEN_CAMERA camera id 0
06-24 17:02:55.693  1029 13227 I CameraProviderManager: Camera device device@1.0/legacy/0 torch status is now NOT_AVAILABLE
06-24 17:02:55.693  1029 13227 I CameraService: onTorchStatusChangedLocked: Torch status changed for cameraId=0, newStatus=0
06-24 17:02:55.693  1029 13227 I CameraProviderManager: Camera device device@3.2/legacy/0 torch status is now NOT_AVAILABLE
06-24 17:02:55.693  1029 13227 I CameraService: onTorchStatusChangedLocked: Torch status changed for cameraId=0, newStatus=0
06-24 17:02:55.705  1394  2867 D ConnectivityService: filterNetworkStateForUid() uid: 5013 networkInfo: [type: WIFI[] - WIFI, state: CONNECTED/CONNECTED, reason: (unspecified), extra: "BananaPancake", failover: false, available: true, roaming: false, metered: false]
06-24 17:02:55.709  1173 21140 I mm-camera-sensor: module_sensor_start_session:1907session 2
06-24 17:02:55.712  1173 21140 I mm-camera-sensor: ois_open:350[E]
06-24 17:02:55.712  1173 21140 I mm-camera-CORE: companion_open:2294Enter
06-24 17:02:55.713  1173 21140 I mm-camera-CORE: companion_open:2406companion thread created.
06-24 17:02:55.713  1173 21140 I mm-camera-CORE: companion_open:2410Exit
06-24 17:02:55.713  1173 21140 E mm-camera-sensor: module_sensor_load_external_libs:1225Enter
06-24 17:02:55.713  1173 21140 I mm-camera-sensor: module_sensor_load_external_libs:1233AEC, AWB, ACCM and AF lib : Try to load FW from phone
06-24 17:02:55.713  1173 21140 E mm-camera-sensor: [mm]hwinfo_make_3a_name:2383 3A Name = C12QL_libTsAe.so
06-24 17:02:55.713  1173 21140 E mm-camera-sensor: [mm]hwinfo_make_3a_name:2392 3a name (type : 0) C12QL_libTsAe.so
06-24 17:02:55.713  1173 21140 E mm-camera-sensor: [mm]hwinfo_make_3a_bin_path:2413 path=/data/camera/TsAeTuningData.bin
06-24 17:02:55.713  1173 21140 E mm-camera-sensor: module_sensor_load_external_libs:1261AEC lib : C12QL_libTsAe.so : so name default
06-24 17:02:55.715  1173 21142 E mm-camera-CORE: companion_config_interface:2545companion_config_interface : E
06-24 17:02:55.715  1173 21142 I mm-camera-CORE: companion_config_interface:2573i2c node open passed
06-24 17:02:55.723  1173 21140 E mm-camera-sensor: [mm]hwinfo_make_3a_name:2383 3A Name = C12QL_libTsAwb.so
06-24 17:02:55.723  1173 21140 E mm-camera-sensor: [mm]hwinfo_make_3a_name:2392 3a name (type : 2) C12QL_libTsAwb.so
06-24 17:02:55.723  1173 21140 E mm-camera-sensor: [mm]hwinfo_make_3a_bin_path:2413 path=/data/camera/TsAwbTuningData.bin
06-24 17:02:55.723  1173 21140 E mm-camera-sensor: module_sensor_load_external_libs:1319AWB lib : C12QL_libTsAwb.so : so name default
06-24 17:02:55.724  1162  1162 I LocSvc_GnssInterface: ===> injectLocation line 232 
06-24 17:02:55.724  1394  4786 D NpProxy : handleMessage what - 4
06-24 17:02:55.724  1394  4786 V LocSvc_HIDL_OsNpGlue_jni: [onJavaLocationChanged][159] [HC] =>> [HS]
06-24 17:02:55.726  1162  1162 V LocSvc_HIDL_IzatOsNpGlue: [locationChanged][33] [HS] <<<<= [HC]
06-24 17:02:55.727  1173 21140 E mm-camera-sensor: [mm]hwinfo_make_3a_name:2383 3A Name = C12QL_libTsAccm.so
06-24 17:02:55.727  1173 21140 E mm-camera-sensor: [mm]hwinfo_make_3a_name:2392 3a name (type : 3) C12QL_libTsAccm.so
06-24 17:02:55.727  1173 21140 E mm-camera-sensor: [mm]hwinfo_make_3a_bin_path:2413 path=/data/camera/TsAccmTuningData.bin
06-24 17:02:55.727  1173 21140 E mm-camera-sensor: module_sensor_load_external_libs:1377ACCM lib : C12QL_libTsAccm.so : so name default
06-24 17:02:55.729  1394 10129 I SamsungAlarmManager: setLocked to kernel - T:2 / 20200624T170301, SetElapsed=949064488, nowELAPSED=949058898
06-24 17:02:55.730  1173 21140 E mm-camera-sensor: [mm]hwinfo_make_3a_name:2383 3A Name = C12QL_libTsAf.so
06-24 17:02:55.730  1173 21140 E mm-camera-sensor: [mm]hwinfo_make_3a_name:2392 3a name (type : 1) C12QL_libTsAf.so
06-24 17:02:55.730  1173 21140 E mm-camera-sensor: [mm]hwinfo_make_3a_bin_path:2413 path=/data/camera/TsAfTuningData.bin
06-24 17:02:55.731  1173 21140 E mm-camera-sensor: module_sensor_load_external_libs:1435AF lib : C12QL_libTsAf.so : so name default
06-24 17:02:55.731  1394 10129 D SamsungAlarmManager: setInexact Intent (T:2/F:0/AC:false) 20200624T170300 - CU:10024/CP:19589
06-24 17:02:55.731  1394 10129 I SamsungAlarmManager: setLocked to kernel - T:2 / 20200624T170300, SetElapsed=949063761, nowELAPSED=949058900
06-24 17:02:55.732  1173 21140 I mm-camera-sensor: module_sensor_load_tuning_bins:1148Enter
06-24 17:02:55.732  1173 21140 I mm-camera-sensor: module_sensor_load_tuning_bins:1160LLS bins : Try to load FW from phone
06-24 17:02:55.732  1173 21140 I mm-camera-sensor: module_sensor_load_tuning_bins:1181Dejagging bins : Try to load FW from phone
06-24 17:02:55.732  1173 21140 I mm-camera-sensor: module_sensor_init_session:1732Success
06-24 17:02:55.732  1173 21140 E mm-camera-sensor: module_sensor_start_session:1956SUCCESS
06-24 17:02:55.734  1162  1198 I LocSvc_api_v02: ---> locClientSendReq line 2102 QMI_LOC_INJECT_POSITION_REQ_V02
06-24 17:02:55.734  1162  4816 I LocSvc_libulp: ulp_brain_process_gnp_position_report, first_fix_pending 1, request active = 0,gnss running 1, gnss state 1 quipc running 0 quipc state 0
06-24 17:02:55.734  1162  4816 I LocSvc_libulp: ulp_brain_process_gnp_position_report, report GNP position to hybrid fix requests = 0
06-24 17:02:55.734  1162  4816 I LocSvc_libulp: ulp_brain_transition_all_providers, before transition, 
06-24 17:02:55.734  1162  4816 I LocSvc_libulp:  GNSS provider state = 1,  GNSS selected to run = 1,  GNSS onoff_cnt = 0, GNSS high speed flag = 0 
06-24 17:02:55.734  1162  4816 I LocSvc_libulp:  QUIPC provider state = 0, QUIPC selected to run = 0, QUIPC onoff_cnt = 5, 
06-24 17:02:55.734  1162  4816 I LocSvc_libulp:  GNP provider state = 0,   GNP selected to run = 0,   GNP onoff_cnt = 1, 
06-24 17:02:55.735  1162  1231 I LocSvc_ApiV02: <--- globalRespCb line 188 QMI_LOC_INJECT_POSITION_REQ_V02
06-24 17:02:55.741  1173 21144 D mm-camera-isp2: isp_module_start_session[221][Quick Switching] isp preallocate 1
06-24 17:02:55.742 17748 17748 V Surface : sf_framedrop debug : 0x4f4c, game : false, logging : 0
06-24 17:02:55.745 17748 17748 D ReactNative: CameraView: Use cases bound
06-24 17:02:55.754  1394 10129 D WifiPermissionsUtil: canAccessScanResults: pkgName = com.google.android.gms, uid = 10024
06-24 17:02:55.754 17748 17748 D PreviewView: Surface requested by Preview.
06-24 17:02:55.757  1173 21150 E mm-camera-img: module_imglib_start_session:1765 ###Img_Loglevel 4081
06-24 17:02:55.758  1173  2072 E mm-camera-img: int img_algo_preload(img_base_ops_t*):118 ###Img_Loglevel 0
06-24 17:02:55.758  1173  2072 E         : edge_smooth_get_buffer_size:44: edge_smooth_get_buffer_size: E
06-24 17:02:55.758  1173  2072 E         : edge_smooth_get_buffer_size:46: edge_smooth_get_buffer_size: get param width = 5504 ,height = 4100
06-24 17:02:55.758  1173  2072 E         : edge_smooth_get_buffer_size:53: edge_smooth_get_buffer_size: X, p_size = 507904
06-24 17:02:55.758  1173  2072 E mm-camera-img: img_buffer_get:224]ION Alloc buff_type 1 size 507904 HeapIdMask 0x2000000
06-24 17:02:55.759  1173  2072 E mm-camera-img: img_buffer_get:262] Success fd 35 addr 0xda8a5000
06-24 17:02:55.759  1173  2072 E mm-camera-img: img_buffer_get:224]ION Alloc buff_type 1 size 5246976 HeapIdMask 0x2000000
06-24 17:02:55.759  1173  2072 E mm-camera-img: img_buffer_get:262] Success fd 36 addr 0xd988e000
06-24 17:02:55.759  1173  2072 E mm-camera-img: img_buffer_get:224]ION Alloc buff_type 1 size 5246976 HeapIdMask 0x2000000
06-24 17:02:55.760  1173  2072 E mm-camera-img: img_buffer_get:262] Success fd 38 addr 0xd867f000
06-24 17:02:55.762  1173  1173 I mm-camera-sensor: module_sensor_get_session_data:8532session 2
06-24 17:02:55.762  1173  1173 I mm-camera-sensor: module_sensor_set_session_data:8658max delay 2 report delay 1 retry skip 3
06-24 17:02:55.766  1173  1173 D TsAe_Debugging: TSAE_MEMORY BufferUsedSize=0xC64, addedSize=0xC64, InputBufferSize=0x6000, RemainedBufferSize=0x539C
06-24 17:02:55.766  1173  1173 D TsAe_Debugging: TSAE_MEMORY BufferUsedSize=0x5018, addedSize=0x43B4, InputBufferSize=0x6000, RemainedBufferSize=0xFE8
06-24 17:02:55.766  1173  1173 E         : Camera[DBG] aec_port_ext_init: 2310: [3aext] ext_param 0xe2afec00, custom_output 0xe2afec00, aec_port_private_custom_t 0xe2afef18
06-24 17:02:55.766  1173  1173 E         : Camera[DBG] aec_port_set_session_data: 293: 3A VERSION --> 61552.56791.2685.r59402
06-24 17:02:55.770  1173  1173 E         : Camera[DBG] af_port_ext_load_function: 2044: ext_load_func X 
06-24 17:02:55.771  1173  1173 E mm-3a-external: [af_func] AF_Lib_Algorithm_Init
06-24 17:02:55.771  1173  1173 E mm-3a-external: [cgAF] ---------------------------------------------------------------------
06-24 17:02:55.771  1173  1173 E mm-3a-external: [cgAF] AF Lib Version : 0xA055
06-24 17:02:55.771  1173  1173 E mm-3a-external: [cgAF] AF Cal: PAN: 0x0, MAC: 0x0, OFFSET: 0, PHASE-HEAD: 0x0(0), PHASE CAL-ERROR(0)
06-24 17:02:55.771  1173  1173 E mm-3a-external: [cgAF] Tracking CAF Lib Version : 0x8C
06-24 17:02:55.771  1173  1173 E mm-3a-external: [cgAF] Check OCR mode : Enabled(0), Dir(0)
06-24 17:02:55.771  1173  1173 E mm-3a-external: [cgAF] AF Mode: 0x3 PREVIEW CAF
06-24 17:02:55.771  1173  1173 E mm-3a-external: [cgAF] PafStatValid: 0 , CafStatValid: 0 , InitPafLib: 0
06-24 17:02:55.771  1173  1173 E mm-3a-external: [cgAF] Object Tracking : 0
06-24 17:02:55.771  1173  1173 E mm-3a-external: [cgAF] Sensor image size ( 0 0 ) ratio(-1)
06-24 17:02:55.771  1173  1173 E mm-3a-external: [cgAF] Window Setting ERROR : Sensor Size(0, 0)
06-24 17:02:55.771  1173  1173 E mm-3a-external: [cgAF] AF status: 0x1 AFM_CAF_RESTARTCHK
06-24 17:02:55.771  1173  1173 E mm-3a-external: [cgAF] Wrong Phase AF CAL Info. Phase AF Disabled
06-24 17:02:55.771  1173  1173 E mm-3a-external: [cgAF] cgAF_ComInitPafLib (0)
06-24 17:02:55.771  1173  1173 E         : Camera[DBG] TsAf_init: 3598: TsAf_init: X
06-24 17:02:55.774  1173 21154 I mm-camera-CORE: port_sensor_caps_reserve:198ide 2000f stream type 10 w*h 0*0
06-24 17:02:55.775  1173 21154 I mm-camera-CORE: port_sensor_ext_link_func:573ide 2000f
06-24 17:02:55.776  1173 21154 E         : Camera[DBG] pproc_port_add_modules_to_stream: 432: int_link = 0xddd665c0
06-24 17:02:55.776  1173 21154 E         : Camera[DBG] pproc_port_add_modules_to_stream: 465: pproc_port_add_modules_to_stream:465] X rc: 1
06-24 17:02:55.778  1029 13227 I QCamera3HWI: [KPI Perf] openCamera: X PROFILE_OPEN_CAMERA camera id 0, rc: 0
06-24 17:02:55.782  1029 13227 D Camera3-Device: initialize: mInterfaceLock.unlock()
06-24 17:02:55.783 17748 17748 D Notification: allPendingIntents
06-24 17:02:55.783  1029 13227 I CameraService: CameraService::finishConnectLocked E
06-24 17:02:55.783  1029 13227 I CameraService: wouldEvictLocked:getCurrentCostLocked()=0, cost=100, totalCost=100, MaxCost=100
06-24 17:02:55.783  1029 13227 I CameraService: wouldEvictLocked: owner=17748, priority-score=0, highestPriorityOwner=17748, highestPriority-score=0
06-24 17:02:55.785  1029 13227 I CameraService: addAndEvict: push the client(owner 17748, priorityScore 0, state 2) to mClients
06-24 17:02:55.785  1029 13227 I CameraService: CameraService::finishConnectLocked X
06-24 17:02:55.789  1394  1645 D API test: getContainerInfo: value is 
06-24 17:02:55.792  1394  1394 D AudioService: getStreamVolume 5 index 80
06-24 17:02:55.789  1394  1645 D API test: getContainerInfo: value is 
06-24 17:02:55.795  1394 10129 D Notification: allPendingIntents
06-24 17:02:55.796 17748 18064 D UseCaseAttachState: Active and attached use case: [androidx.camera.core.ImageCapture-4c081d49-998a-411c-bce9-48c32ca65169] for camera: 0
06-24 17:02:55.797 17748 18064 D UseCaseAttachState: Active and attached use case: [androidx.camera.core.ImageCapture-4c081d49-998a-411c-bce9-48c32ca65169] for camera: 0
06-24 17:02:55.798  2724  2724 D StatusBar: addNotification key=0|com.appname|9942585|null|10336 fullscreen:false
06-24 17:02:55.798  1394  2867 D Notification: allPendingIntents
06-24 17:02:55.798  1394  4627 I PermissionMonitor: App is not in hidden status (background/etc). Ignore
06-24 17:02:55.800 17748 17748 D Notification: allPendingIntents
06-24 17:02:55.803 17748 18064 D UseCaseAttachState: All use case: [androidx.camera.core.Preview-9e513a35-d048-472d-b4ce-c1786f682ad0] for camera: 0
06-24 17:02:55.803 17748 18064 D UseCaseAttachState: Active and attached use case: [] for camera: 0
06-24 17:02:55.804 17748 18064 D UseCaseAttachState: Active and attached use case: [] for camera: 0
06-24 17:02:55.804 17748 18064 D UseCaseAttachState: All use case: [] for camera: 0
06-24 17:02:55.804  1394  1645 D API test: getContainerInfo: value is 
06-24 17:02:55.806  1394  1394 D AudioService: getStreamVolume 5 index 80
06-24 17:02:55.805  1394  1645 D API test: getContainerInfo: value is 
06-24 17:02:55.808  1394  2867 D Notification: allPendingIntents
06-24 17:02:55.810  1394 10129 D Notification: allPendingIntents
06-24 17:02:55.811 17748 18064 D UseCaseAttachState: Active and attached use case: [] for camera: 0
06-24 17:02:55.812 17748 18064 D UseCaseAttachState: Active and attached use case: [] for camera: 0
06-24 17:02:55.815 17748 18064 D UseCaseAttachState: All use case: [androidx.camera.core.ImageCapture-001d25bc-b88f-460e-9419-697a7d8079c5, androidx.camera.core.Preview-eedde991-5d98-43b3-b0e3-2eda0560e774] for camera: 0
06-24 17:02:55.815 17748 18064 D Camera2CameraImpl: mMeteringRepeating is ATTACHED, SessionConfig Surfaces: 2, CaptureConfig Surfaces: 1
