06-24 17:02:59.125  3047  3340 D EPDG -- SIM0 [SMARTWIFI]: onSignalStrengthsChanged: Received signal strength change, phone type is: 2
06-24 17:02:59.126  3047  5316 D EPDG -- SIM0 [SMARTWIFI]: lastLteRSRP is -119currentLteRSRP is -119
06-24 17:02:59.127  3047  5316 D EPDG -- SIM0 [SMARTWIFI]: lastLteRSRQ is -19currentLteRSRQ is -20
06-24 17:02:59.126  3882  3882 D io_stats: !@   8,0 r 2772039 118500244 w 2744516 90746464 d 643803 50078928 f 1040047 1040650 iot 5660940 2807277 th 51200 0 0 pt 0 inp 0 0 663606.916
06-24 17:02:59.127  3047  5316 D EPDG -- SIM0 [SMARTWIFI]: lastLteRSRQ is -19currentLteRSRQ is -20
06-24 17:02:59.127  3047  5316 D EPDG -- SIM0 [SMARTWIFI]: lastCdmaDb is -15currentCdmaDb is -19
06-24 17:02:59.127  3047  5316 V EPDG -- SIM0 [SMARTWIFI]: Radio oldest entry removed
06-24 17:02:59.127  3047  5316 V EPDG -- SIM0 [SMARTWIFI]: New entry : (SignalStrength: 99 99 -93 -190 -120 -1 -1 16 -119 -20 -77 2147483647 0 2147483647 0x1010 P gsm|lte : 0 )
06-24 17:02:59.127  3047  5316 V EPDG -- SIM0 [SMARTWIFI]: Radio entry added
06-24 17:02:59.127  1173 21160 E mm-3a-external: [cgAF] Invalid Cal. Set Default AF Cal: PAN: 0x78, MAC: 0x1F4, OFFSET: 0x0
06-24 17:02:59.130   763   763 W Layer   : [SurfaceView - com.appname/com.appname.MainActivity@40fc623@0#0] Timestamp 949062216190240 seems implausible relative to expectedPresent 663606934926268
06-24 17:02:59.132  1394  1394 I CAE     : sendCmdToSensorHub(SensorHubCommManager.java:158) - -63, 17, 0, 2, 59, 1, 50, 16, 0, 4, 0, 40, 0, 0, 0, 0,
06-24 17:02:59.133  1394  2372 D SensorService: setSContextDataLocked ints length 5 , byte length 16
06-24 17:02:59.133   734  2320 I qti_sensors_hal: sensors_inject_sensor_data: sensors_inject_sensor_data
06-24 17:02:59.133   734  2320 I qti_sensors_hal: sensor hal 80, 16, (c1, 17)
06-24 17:02:59.133   734  2320 I qti_sensors_hal: Activities 16
06-24 17:02:59.133   734  2320 E qti_sensors_hal: Activities en 0, len 16
06-24 17:02:59.133   734  2320 I qti_sensors_hal: CommonInfo 16
06-24 17:02:59.134   734  2320 I qti_sensors_hal: CommonInfo h 193 m 17 s 0
06-24 17:02:59.142   734   935 I qti_sensors_hal: CommonInfo UPDATE_RESP
06-24 17:02:59.159  1173 21160 E mm-3a-external: [cgAF] Invalid Cal. Set Default AF Cal: PAN: 0x78, MAC: 0x1F4, OFFSET: 0x0
06-24 17:02:59.162  2724  2989 D NetworkController.MobileSignalController(0/1): callState:0, callStateByPhone:false voLTECall:false voiceNetTpe:7 dataNetType:13, ine911:false, emergencyCallbackMode:false
06-24 17:02:59.163   763   763 W Layer   : [SurfaceView - com.appname/com.appname.MainActivity@40fc623@0#0] Timestamp 949062249512240 seems implausible relative to expectedPresent 663606968462344
06-24 17:02:59.192  1173 21160 E mm-3a-external: [cgAF] Invalid Cal. Set Default AF Cal: PAN: 0x78, MAC: 0x1F4, OFFSET: 0x0
06-24 17:02:59.197   763   763 W Layer   : [SurfaceView - com.appname/com.appname.MainActivity@40fc623@0#0] Timestamp 949062282839240 seems implausible relative to expectedPresent 663607001998420
06-24 17:02:59.198  1394  2393 D InputReader: Input event(6): value=1 when=663606987215000
06-24 17:02:59.198  1394  2393 D InputReader: Input event(6): value=1 when=663606987215000
06-24 17:02:59.198  1394  2393 I InputReader: Touch event's action is 0x0 (deviceType=0) [pCnt=1, s=0.4441 ] when=663606987215000
06-24 17:02:59.199  1394  2392 I InputDispatcher: Delivering touch to (17748): action: 0x0, toolType: 1
06-24 17:02:59.202  1394 10129 I EDMNativeHelperService: isCameraEnabled
06-24 17:02:59.202 17748 17748 D ViewRootImpl@f74dda0[MainActivity]: ViewPostIme pointer 0
06-24 17:02:59.226  1173 21160 E mm-3a-external: [cgAF] Invalid Cal. Set Default AF Cal: PAN: 0x78, MAC: 0x1F4, OFFSET: 0x0
06-24 17:02:59.230   763   763 W Layer   : [SurfaceView - com.appname/com.appname.MainActivity@40fc623@0#0] Timestamp 949062316191240 seems implausible relative to expectedPresent 663607035534496
06-24 17:02:59.259  1173 21160 E mm-3a-external: [cgAF] Invalid Cal. Set Default AF Cal: PAN: 0x78, MAC: 0x1F4, OFFSET: 0x0
06-24 17:02:59.264   763   763 W Layer   : [SurfaceView - com.appname/com.appname.MainActivity@40fc623@0#0] Timestamp 949062349499240 seems implausible relative to expectedPresent 663607069070572
06-24 17:02:59.282  1394  2393 D InputReader: Input event(6): value=0 when=663607070866000
06-24 17:02:59.282  1394  2393 D InputReader: Input event(6): value=0 when=663607070866000
06-24 17:02:59.282  1394  2393 I InputReader: Touch event's action is 0x1 (deviceType=0) [pCnt=1, s=] when=663607070866000
06-24 17:02:59.283  1394  2392 I InputDispatcher: Delivering touch to (17748): action: 0x1, toolType: 1
06-24 17:02:59.289 17748 17748 D ViewRootImpl@f74dda0[MainActivity]: ViewPostIme pointer 1
06-24 17:02:59.295  1173 21160 E mm-3a-external: [cgAF] Invalid Cal. Set Default AF Cal: PAN: 0x78, MAC: 0x1F4, OFFSET: 0x0
06-24 17:02:59.297   763   763 W Layer   : [SurfaceView - com.appname/com.appname.MainActivity@40fc623@0#0] Timestamp 949062382824240 seems implausible relative to expectedPresent 663607102606648
06-24 17:02:59.330  1162  1231 I LocSvc_ApiV02: <--- globalEventCb line 162 QMI_LOC_EVENT_GNSS_SV_INFO_IND_V02
06-24 17:02:59.330  1162  4816 I LocSvc_libulp: ulp_brain_process_gnss_sv_report, gnss sv report cnt = 3728, gnss pos report cnt = 83,strong sv cnt = 0
06-24 17:02:59.330  1394 28315 D GnssLocationProvider_ex: SV Count : 1      (PRN, Constellation, SNR, Used)
06-24 17:02:59.330  1394 28315 D GnssLocationProvider_ex: (194, QZSS, 31.0, 0) 
06-24 17:02:59.331   763   763 W Layer   : [SurfaceView - com.appname/com.appname.MainActivity@40fc623@0#0] Timestamp 949062416149240 seems implausible relative to expectedPresent 663607136142724
06-24 17:02:59.331  1173 21160 E mm-3a-external: [cgAF] Invalid Cal. Set Default AF Cal: PAN: 0x78, MAC: 0x1F4, OFFSET: 0x0
06-24 17:02:59.348   763   763 W Layer   : [SurfaceView - com.appname/com.appname.MainActivity@40fc623@0#0] Timestamp 949062449511240 seems implausible relative to expectedPresent 663607152910762
06-24 17:02:59.366  1394  2393 D InputReader: Input event(6): value=1 when=663607154269000
06-24 17:02:59.366  1394  2393 D InputReader: Input event(6): value=1 when=663607154269000
06-24 17:02:59.366  1394  2393 I InputReader: Touch event's action is 0x0 (deviceType=0) [pCnt=1, s=0.4442 ] when=663607154269000
06-24 17:02:59.366  1173 21160 E mm-3a-external: [cgAF] Invalid Cal. Set Default AF Cal: PAN: 0x78, MAC: 0x1F4, OFFSET: 0x0
06-24 17:02:59.367  1394  2392 I InputDispatcher: Delivering touch to (17748): action: 0x0, toolType: 1
06-24 17:02:59.370  1394  6975 D CustomFrequencyManagerService: acquireDVFSLockLocked : type : DVFS_MIN_LIMIT  frequency : 883200  uid : 1000  pid : 1394  pkgName : GESTURE_DETECTED@CPU_MIN@78
06-24 17:02:59.381   763   763 W Layer   : [SurfaceView - com.appname/com.appname.MainActivity@40fc623@0#0] Timestamp 949062482803240 seems implausible relative to expectedPresent 663607186446838
06-24 17:02:59.393 17748 17748 D ViewRootImpl@f74dda0[MainActivity]: ViewPostIme pointer 0
06-24 17:02:59.393  1173 21160 E mm-3a-external: [cgAF] Invalid Cal. Set Default AF Cal: PAN: 0x78, MAC: 0x1F4, OFFSET: 0x0
06-24 17:02:59.426  1173 21160 E mm-3a-external: [cgAF] Invalid Cal. Set Default AF Cal: PAN: 0x78, MAC: 0x1F4, OFFSET: 0x0
06-24 17:02:59.432   763   763 W Layer   : [SurfaceView - com.appname/com.appname.MainActivity@40fc623@0#0] Timestamp 949062516130240 seems implausible relative to expectedPresent 663607236750952
06-24 17:02:59.459  1173 21160 E mm-3a-external: [cgAF] Invalid Cal. Set Default AF Cal: PAN: 0x78, MAC: 0x1F4, OFFSET: 0x0
06-24 17:02:59.465   763   763 W Layer   : [SurfaceView - com.appname/com.appname.MainActivity@40fc623@0#0] Timestamp 949062549459240 seems implausible relative to expectedPresent 663607270287028
06-24 17:02:59.474  1394  2393 D InputReader: Input event(6): value=0 when=663607263281000
06-24 17:02:59.474  1394  2393 D InputReader: Input event(6): value=0 when=663607263281000
06-24 17:02:59.474  1394  2393 I InputReader: Touch event's action is 0x1 (deviceType=0) [pCnt=1, s=] when=663607263281000
06-24 17:02:59.474  1394  2392 I InputDispatcher: Delivering touch to (17748): action: 0x1, toolType: 1
06-24 17:02:59.487 17748 17748 D ViewRootImpl@f74dda0[MainActivity]: ViewPostIme pointer 1
06-24 17:02:59.495  1173 21160 E mm-3a-external: [cgAF] Invalid Cal. Set Default AF Cal: PAN: 0x78, MAC: 0x1F4, OFFSET: 0x0
06-24 17:02:59.499   763   763 W Layer   : [SurfaceView - com.appname/com.appname.MainActivity@40fc623@0#0] Timestamp 949062582788240 seems implausible relative to expectedPresent 663607303823104
06-24 17:02:59.526  1173 21160 E mm-3a-external: [cgAF] Invalid Cal. Set Default AF Cal: PAN: 0x78, MAC: 0x1F4, OFFSET: 0x0
06-24 17:02:59.532   763   763 W Layer   : [SurfaceView - com.appname/com.appname.MainActivity@40fc623@0#0] Timestamp 949062616115240 seems implausible relative to expectedPresent 663607337359180
06-24 17:02:59.559  1394  2393 D InputReader: Input event(6): value=1 when=663607347508000
06-24 17:02:59.559  1394  2393 D InputReader: Input event(6): value=1 when=663607347508000
06-24 17:02:59.559  1394  2393 I InputReader: Touch event's action is 0x0 (deviceType=0) [pCnt=1, s=0.4443 ] when=663607347508000
06-24 17:02:59.559  1394  2392 I InputDispatcher: Delivering touch to (17748): action: 0x0, toolType: 1
06-24 17:02:59.562  1173 21160 E mm-3a-external: [cgAF] Invalid Cal. Set Default AF Cal: PAN: 0x78, MAC: 0x1F4, OFFSET: 0x0
06-24 17:02:59.566   763   763 W Layer   : [SurfaceView - com.appname/com.appname.MainActivity@40fc623@0#0] Timestamp 949062649447240 seems implausible relative to expectedPresent 663607370895256
06-24 17:02:59.566 17748 17748 D ViewRootImpl@f74dda0[MainActivity]: ViewPostIme pointer 0
06-24 17:02:59.593  1173 21160 E mm-3a-external: [cgAF] Invalid Cal. Set Default AF Cal: PAN: 0x78, MAC: 0x1F4, OFFSET: 0x0
06-24 17:02:59.599   763   763 W Layer   : [SurfaceView - com.appname/com.appname.MainActivity@40fc623@0#0] Timestamp 949062682771240 seems implausible relative to expectedPresent 663607404431332
06-24 17:02:59.616   763   763 W Layer   : [SurfaceView - com.appname/com.appname.MainActivity@40fc623@0#0] Timestamp 949062716094240 seems implausible relative to expectedPresent 663607421199370
06-24 17:02:59.626  1173 21160 E mm-3a-external: [cgAF] Invalid Cal. Set Default AF Cal: PAN: 0x78, MAC: 0x1F4, OFFSET: 0x0
06-24 17:02:59.649   763   763 W Layer   : [SurfaceView - com.appname/com.appname.MainActivity@40fc623@0#0] Timestamp 949062749420240 seems implausible relative to expectedPresent 663607454735446
06-24 17:02:59.650  1173 21159 D mm-camera-CORE: TSAec_process works: stats' frame_id=99, 0, 0
06-24 17:02:59.659  1173 21160 E mm-3a-external: [cgAF] Invalid Cal. Set Default AF Cal: PAN: 0x78, MAC: 0x1F4, OFFSET: 0x0
06-24 17:02:59.667  1394  2393 D InputReader: Input event(6): value=0 when=663607456167000
06-24 17:02:59.667  1394  2393 D InputReader: Input event(6): value=0 when=663607456167000
06-24 17:02:59.667  1394  2393 I InputReader: Touch event's action is 0x1 (deviceType=0) [pCnt=1, s=] when=663607456167000
06-24 17:02:59.668  1394  2392 I InputDispatcher: Delivering touch to (17748): action: 0x1, toolType: 1
06-24 17:02:59.682 17748 17748 D ViewRootImpl@f74dda0[MainActivity]: ViewPostIme pointer 1
06-24 17:02:59.693  1173 21160 E mm-3a-external: [cgAF] Invalid Cal. Set Default AF Cal: PAN: 0x78, MAC: 0x1F4, OFFSET: 0x0
06-24 17:02:59.700   763   763 W Layer   : [SurfaceView - com.appname/com.appname.MainActivity@40fc623@0#0] Timestamp 949062782749240 seems implausible relative to expectedPresent 663607505039560
06-24 17:02:59.716   763   763 W Layer   : [SurfaceView - com.appname/com.appname.MainActivity@40fc623@0#0] Timestamp 949062816120240 seems implausible relative to expectedPresent 663607521807598
06-24 17:02:59.726  1173 21160 E mm-3a-external: [cgAF] Invalid Cal. Set Default AF Cal: PAN: 0x78, MAC: 0x1F4, OFFSET: 0x0
06-24 17:02:59.751  1394  2393 D InputReader: Input event(6): value=1 when=663607540532000
06-24 17:02:59.752  1394  2393 D InputReader: Input event(6): value=1 when=663607540532000
06-24 17:02:59.752  1394  2393 I InputReader: Touch event's action is 0x0 (deviceType=0) [pCnt=1, s=0.4444 ] when=663607540532000
06-24 17:02:59.752  1394  2392 I InputDispatcher: Delivering touch to (17748): action: 0x0, toolType: 1
06-24 17:02:59.759  1173 21160 E mm-3a-external: [cgAF] Invalid Cal. Set Default AF Cal: PAN: 0x78, MAC: 0x1F4, OFFSET: 0x0
06-24 17:02:59.767   763   763 W Layer   : [SurfaceView - com.appname/com.appname.MainActivity@40fc623@0#0] Timestamp 949062849406240 seems implausible relative to expectedPresent 663607572111712
06-24 17:02:59.769 17748 17748 D ViewRootImpl@f74dda0[MainActivity]: ViewPostIme pointer 0
06-24 17:02:59.793  1173 21160 E mm-3a-external: [cgAF] Invalid Cal. Set Default AF Cal: PAN: 0x78, MAC: 0x1F4, OFFSET: 0x0
06-24 17:02:59.800   763   763 W Layer   : [SurfaceView - com.appname/com.appname.MainActivity@40fc623@0#0] Timestamp 949062882728240 seems implausible relative to expectedPresent 663607605647788
06-24 17:02:59.808 17748 17748 D ImageCapture: Send image capture request [current, pending] = [0, 1]
06-24 17:02:59.817   763   763 W Layer   : [SurfaceView - com.appname/com.appname.MainActivity@40fc623@0#0] Timestamp 949062916063240 seems implausible relative to expectedPresent 663607622415826
06-24 17:02:59.818 17748 18063 D CaptureSession: Issuing capture request.
06-24 17:02:59.825  1394  2867 I EDMNativeHelperService: isCameraEnabled
06-24 17:02:59.828  1173 21160 E mm-3a-external: [cgAF] Invalid Cal. Set Default AF Cal: PAN: 0x78, MAC: 0x1F4, OFFSET: 0x0
06-24 17:02:59.828  1029 14994 D Camera3-Device: submitRequestsHelper: mInterfaceLock.lock()
06-24 17:02:59.828  1029 14994 D Camera3-Device: submitRequestsHelper: mInterfaceLock.unlock()
06-24 17:02:59.848  1029 21164 D Camera3-Status: markComponent: Component 2 is now active
06-24 17:02:59.851   763   763 W Layer   : [SurfaceView - com.appname/com.appname.MainActivity@40fc623@0#0] Timestamp 949062949391240 seems implausible relative to expectedPresent 663607655951902
06-24 17:02:59.851  1394  2393 D InputReader: Input event(6): value=0 when=663607640215000
06-24 17:02:59.851  1394  2393 D InputReader: Input event(6): value=0 when=663607640215000
06-24 17:02:59.851  1394  2393 I InputReader: Touch event's action is 0x1 (deviceType=0) [pCnt=1, s=] when=663607640215000
06-24 17:02:59.852  1394  2392 I InputDispatcher: Delivering touch to (17748): action: 0x1, toolType: 1
06-24 17:02:59.859  1173 21160 E mm-3a-external: [cgAF] Invalid Cal. Set Default AF Cal: PAN: 0x78, MAC: 0x1F4, OFFSET: 0x0
06-24 17:02:59.860 17748 21248 I OggExtractor: OggSource::OggSource() mExtractor ref count = 3
06-24 17:02:59.873  1173 21156 E         : Camera[DBG][IFACE ] iface_set_super_param: 2689: iface_set_super_param:2689 store q_idx 1
06-24 17:02:59.873  1173 21156 E         : Camera[DBG] cpp_module_get_params_for_identity: 533: cpp_module_get_params_for_identity:533, failed, identity=0x20003
06-24 17:02:59.874  1173 21156 E mm-camera-img: module_faceproc_client_handle_ctrl_parm:5683] 3 calling module_faceproc_client_schedule_mode 0
06-24 17:02:59.874  1173 21156 E mm-camera-img: module_faceproc_client_handle_ctrl_parm:5633] 2 calling module_faceproc_client_schedule_mode 0
06-24 17:02:59.874  1173 21156 I mm-camera-sensor: module_sensor_set_parm_led_mode:229CAM_INTF_PARM_LED_MODE 0 is_capture 0
06-24 17:02:59.874  1173 21156 I mm-camera-sensor: module_sensor_set_parm_led_mode:305last flash request 0
06-24 17:02:59.874  1173 21156 I mm-camera-sensor: sensor_set_capture_intent:1968capture intent 2
06-24 17:02:59.874  1173 21156 E mm-camera-sensor: flash_process:483invalid event 151
06-24 17:02:59.874  1173 21156 I mm-camera-sensor: module_sensor_event_control_set_parm:5662CAM_INTF_PARM_OIS_MODES: 3
06-24 17:02:59.874  1173 21156 I mm-camera-sensor: ois_process:396[E]
06-24 17:02:59.874  1173 21156 I mm-camera-sensor: ois_process:406[OIS_SET_MODE][data :: 3]
06-24 17:02:59.874  1173 21156 I mm-camera-sensor: ois_set_mode:25[Enter]
06-24 17:02:59.874  1173 21156 I mm-camera-sensor: ois_set_mode:46[ois_set_mode][modes :: 3]
06-24 17:02:59.874 17748 21248 I OggExtractor: OggSource::stop() mExtractor ref count = 2
06-24 17:02:59.874 17748 21248 I OggExtractor: ~OggSource --
06-24 17:02:59.875 17748 21248 I OggExtractor: ~OggExtractor ++
06-24 17:02:59.875 17748 21248 I OggExtractor: ~MyOggExtractor ++ 
06-24 17:02:59.875 17748 21248 I OggExtractor: ~MyOggExtractor --
06-24 17:02:59.875 17748 21248 I OggExtractor: ~OggExtractor --
06-24 17:02:59.876  1173 21156 I mm-camera-sensor: module_sensor_event_control_set_parm:5738[stats_use][STATS] Set cc_stats [AEC=0],[PAF=0],[RECONSTRUCTION=0],[DRC=0]
06-24 17:02:59.876  1173 21156 I mm-camera-sensor: module_sensor_event_control_set_parm:5753[WDR_MODE]wdr_mode = 0
06-24 17:02:59.876  1173 21156 I mm-camera-CORE: companion_wdr_on_off:1046WDR enable = 0
06-24 17:02:59.876  1173 21156 I mm-camera-sensor: module_sensor_event_control_set_parm:5765[WDR_MODE]CAM_INTF_PARM_RTHDR_MODES: 0
06-24 17:02:59.876  1173 21156 I mm-camera-sensor: sensor_set_rt_hdr_mode:4046 HDR mode set = 0
06-24 17:02:59.877  1173 21156 I mm-camera-sensor: sensor_apply_exposure:1193s_gain=0x1000073, l_gain=0x1000073, s_linecount=2370,l_linecount=2370, fl_lines=3156
06-24 17:02:59.878  1173 21159 E         : Camera[DBG] TsAec_set_ae_manual_mode: 732: TsAec_set_ae_manual_mode ae_manual_mode = 1
06-24 17:02:59.878  1173 21159 E         : Camera[DBG] TsAwb_set_params: 802: TsAwb->gAwbLock =0
06-24 17:02:59.878  1173 21159 E         : 
06-24 17:02:59.878  1173 21159 D mm-camera-CORE: [Exp_Table:Rear] Shooting mode = 0, ExpDiagram_command = 0, m_video_mode = 0
06-24 17:02:59.878  1173 21159 D mm-camera-CORE: TsAec_set_manual_ISO manual_iso=0, aec->is_manual=0 
06-24 17:02:59.882 17748 21248 I OggExtractor: OggSource::OggSource() mExtractor ref count = 3
06-24 17:02:59.884 17748 17748 D ViewRootImpl@f74dda0[MainActivity]: ViewPostIme pointer 1
06-24 17:02:59.892  1173 21160 E mm-3a-external: [cgAF] Invalid Cal. Set Default AF Cal: PAN: 0x78, MAC: 0x1F4, OFFSET: 0x0
06-24 17:02:59.893 17748 21252 I OggExtractor: OggSource::stop() mExtractor ref count = 2
06-24 17:02:59.893 17748 21252 I OggExtractor: ~OggSource --
06-24 17:02:59.893 17748 21252 I OggExtractor: ~OggExtractor ++
06-24 17:02:59.893 17748 21252 I OggExtractor: ~MyOggExtractor ++ 
06-24 17:02:59.893 17748 21252 I OggExtractor: ~MyOggExtractor --
06-24 17:02:59.893 17748 21252 I OggExtractor: ~OggExtractor --
06-24 17:02:59.901   763   763 W Layer   : [SurfaceView - com.appname/com.appname.MainActivity@40fc623@0#0] Timestamp 949062982721240 seems implausible relative to expectedPresent 663607706256016
06-24 17:02:59.907  1173 21156 E         : Camera[DBG][IFACE ] iface_set_super_param: 2689: iface_set_super_param:2689 store q_idx 2
06-24 17:02:59.909  1173 21156 E mm-camera-img: module_faceproc_client_handle_ctrl_parm:5683] 3 calling module_faceproc_client_schedule_mode 0
06-24 17:02:59.909  1173 21156 E mm-camera-img: module_faceproc_client_handle_ctrl_parm:5633] 2 calling module_faceproc_client_schedule_mode 0
06-24 17:02:59.909  1173 21156 I mm-camera-sensor: module_sensor_set_parm_led_mode:229CAM_INTF_PARM_LED_MODE 0 is_capture 0
06-24 17:02:59.909  1173 21156 I mm-camera-sensor: module_sensor_set_parm_led_mode:305last flash request 0
06-24 17:02:59.909  1173 21156 I mm-camera-sensor: sensor_set_capture_intent:1968capture intent 1
06-24 17:02:59.909  1173 21156 E mm-camera-sensor: flash_process:483invalid event 151
06-24 17:02:59.909  1173 21156 I mm-camera-sensor: module_sensor_event_control_set_parm:5662CAM_INTF_PARM_OIS_MODES: 3
06-24 17:02:59.909  1173 21156 I mm-camera-sensor: ois_process:396[E]
06-24 17:02:59.909  1173 21156 I mm-camera-sensor: ois_process:406[OIS_SET_MODE][data :: 3]
06-24 17:02:59.909  1173 21156 I mm-camera-sensor: ois_set_mode:25[Enter]
06-24 17:02:59.909  1173 21156 I mm-camera-sensor: ois_set_mode:46[ois_set_mode][modes :: 3]
06-24 17:02:59.912  1173 21159 E         : Camera[DBG] TsAec_set_ae_manual_mode: 732: TsAec_set_ae_manual_mode ae_manual_mode = 1
06-24 17:02:59.912  1173 21159 E         : Camera[DBG] TsAwb_set_params: 802: TsAwb->gAwbLock =0
06-24 17:02:59.912  1173 21159 E         : 
06-24 17:02:59.912  1173 21159 D mm-camera-CORE: [Exp_Table:Rear] Shooting mode = 0, ExpDiagram_command = 0, m_video_mode = 0
06-24 17:02:59.912  1173 21159 D mm-camera-CORE: TsAec_set_manual_ISO manual_iso=0, aec->is_manual=0 
06-24 17:02:59.915  1028 21135 W libutils.threads: Thread (this=0xe6e34730): don't call waitForExit() from this Thread object's thread. It's a guaranteed deadlock!
06-24 17:02:59.921  1028  5309 V APM_AudioPolicyManager: getOutput() device 2, stream 7, samplingRate 0, format 0, channelMask 3, flags 0
06-24 17:02:59.922  1028  5309 V APM_AudioPolicyManager: selectOutput() commonFlags for output 13, 0000
06-24 17:02:59.922  1028  5309 V APM_AudioPolicyManager: selectOutput() commonFlags for output 21, 0000
06-24 17:02:59.922  1028  5309 V APM_AudioPolicyManager: selectOutput() commonFlags for output 29, 0000
06-24 17:02:59.922  1028  5309 V APM_AudioPolicyManager:   getOutputForDevice() returns output 13
06-24 17:02:59.922  1028  5309 V APM_AudioPolicyManager: getOutput() device 2, stream 7, samplingRate 0, format 0, channelMask 3, flags 0
06-24 17:02:59.922  1028  5309 V APM_AudioPolicyManager: selectOutput() commonFlags for output 13, 0000
06-24 17:02:59.922  1028  5309 V APM_AudioPolicyManager: selectOutput() commonFlags for output 21, 0000
06-24 17:02:59.922  1028  5309 V APM_AudioPolicyManager: selectOutput() commonFlags for output 29, 0000
06-24 17:02:59.922  1028  5309 V APM_AudioPolicyManager:   getOutputForDevice() returns output 13
06-24 17:02:59.923  1028  5309 V APM_AudioPolicyManager: getOutputForAttr() usage=13, content=4, tag= flags=00000001 session 7713 selectedDeviceId 0
06-24 17:02:59.923  1028  5309 V APM_AudioPolicyManager: getOutputForAttr() device 0x2, samplingRate 48000, format 1, channelMask 3, flags 100000
06-24 17:02:59.923  1028  5309 V APM_AudioPolicyManager: selectOutput() commonFlags for output 13, 0000
06-24 17:02:59.923  1028  5309 V APM_AudioPolicyManager: selectOutput() commonFlags for output 21, 0000
06-24 17:02:59.923  1028  5309 V APM_AudioPolicyManager: selectOutput() commonFlags for output 29, 0000
06-24 17:02:59.923  1028  5309 V APM_AudioPolicyManager:   getOutputForDevice() returns output 13
06-24 17:02:59.925  1173 21156 I mm-camera-sensor: module_sensor_event_control_set_parm:5738[stats_use][STATS] Set cc_stats [AEC=0],[PAF=0],[RECONSTRUCTION=0],[DRC=0]
06-24 17:02:59.925  1173 21156 I mm-camera-sensor: module_sensor_event_control_set_parm:5753[WDR_MODE]wdr_mode = 0
06-24 17:02:59.925  1173 21156 I mm-camera-CORE: companion_wdr_on_off:1046WDR enable = 0
06-24 17:02:59.925  1173 21156 I mm-camera-sensor: module_sensor_event_control_set_parm:5765[WDR_MODE]CAM_INTF_PARM_RTHDR_MODES: 0
06-24 17:02:59.925  1173 21156 I mm-camera-sensor: sensor_set_rt_hdr_mode:4046 HDR mode set = 0
06-24 17:02:59.928  1173 21160 E mm-3a-external: [cgAF] Invalid Cal. Set Default AF Cal: PAN: 0x78, MAC: 0x1F4, OFFSET: 0x0
06-24 17:02:59.932  1173 21159 I mm-camera-sensor: sensor_apply_exposure:1193s_gain=0x1000073, l_gain=0x1000073, s_linecount=2370,l_linecount=2370, fl_lines=3156
06-24 17:02:59.942  1028  5309 W AudioPolicyIntefaceImpl: Skipped to add effects on session 7713
06-24 17:02:59.942  1028  5309 V APM_AudioPolicyManager: startOutput() output 13, stream 7, session 7713
06-24 17:02:59.942  1028  5309 V APM_AudioPolicyManager: setBeaconMute(1) mBeaconMuteRefCount=1 mBeaconPlayingRefCount=0
06-24 17:02:59.942  1028  5309 V APM_AudioPolicyManager: getNewOutputDevice() selected device 2
06-24 17:02:59.942  1028  5309 V APM_AudioPolicyManager: setOutputDevice() device 0002 delayMs 0
06-24 17:02:59.942  1028  5309 V APM_AudioPolicyManager: setOutputDevice() prevDevice 0x0002
06-24 17:02:59.942  1028  5309 V APM_AudioPolicyManager: setOutputDevice() setting same device 0x0002 or null device
06-24 17:02:59.942  1028  5309 V APM_AudioPolicyManager: computeVolume : camera shutter sound volume 1.000000
06-24 17:02:59.942  1028  5309 I AudioFlinger: updateStageIndex prev 0, new -1303
06-24 17:02:59.951   763   763 W Layer   : [SurfaceView - com.appname/com.appname.MainActivity@40fc623@0#0] Timestamp 949063016063240 seems implausible relative to expectedPresent 663607756560130
06-24 17:02:59.959  1173 21160 E mm-3a-external: [cgAF] Invalid Cal. Set Default AF Cal: PAN: 0x78, MAC: 0x1F4, OFFSET: 0x0
06-24 17:02:59.977  1394  2393 D InputReader: Input event(6): value=1 when=663607766117000
06-24 17:02:59.977  1394  2393 D InputReader: Input event(6): value=1 when=663607766117000
06-24 17:02:59.977  1394  2393 I InputReader: Touch event's action is 0x0 (deviceType=0) [pCnt=1, s=0.4445 ] when=663607766117000
06-24 17:02:59.978  1173 21156 E         : Camera[DBG][MCT   ] mct_stream_fill_metadata_v3: 2609: mct_stream_fill_metadata_v3:2609 Unsupported message type 86
06-24 17:02:59.978  1394  2392 I InputDispatcher: Delivering touch to (17748): action: 0x0, toolType: 1
06-24 17:02:59.985   763   763 W Layer   : [SurfaceView - com.appname/com.appname.MainActivity@40fc623@0#0] Timestamp 949063049394240 seems implausible relative to expectedPresent 663607790096206
06-24 17:02:59.993  1173 21160 E mm-3a-external: [cgAF] Invalid Cal. Set Default AF Cal: PAN: 0x78, MAC: 0x1F4, OFFSET: 0x0
06-24 17:02:59.995 17748 17748 D ViewRootImpl@f74dda0[MainActivity]: ViewPostIme pointer 0
06-24 17:03:00.000  1394  2362 D SamsungAlarmManager: Expired : 8
06-24 17:03:00.001  1394  2362 V SamsungAlarmManager: Sending to uid : 1000 action=android.intent.action.TIME_TICK alarm=Alarm{8acf5d6 type 3 when 949063169 android}
06-24 17:03:00.007  1173 21156 E         : Camera[DBG][MCT   ] mct_stream_fill_metadata_v3: 2609: mct_stream_fill_metadata_v3:2609 Unsupported message type 86
06-24 17:03:00.018  1173 21155 E         : Camera[DBG] pproc_module_handle_reprocess_offline: 2167: pproc_module_handle_reprocess_offline2167: No flip value in metadata! Use default!!!
06-24 17:03:00.018  1173 21155 E         : Camera[DBG] pproc_module_handle_reprocess_offline: 2177: pproc_module_handle_reprocess_offline2177: No tnr value in metadata! Use default!!!
06-24 17:03:00.019  1173 21155 E         : Camera[DBG] pproc_module_send_set_param_event: 1196: pproc_module_send_set_param_event:1196] rotation:1, strmId:5
06-24 17:03:00.019  1173 21151 E         : Camera[DBG][CPP   ] cpp_module_util_post_crop_info: 1156: meta_data container is NULL
06-24 17:03:00.019  1173 21151 E         : Camera[DBG] cpp_module_enq_event: 751: cpp_module_enq_event:751, partial_frame_queue size = 1
06-24 17:03:00.019  1173 21151 E         : Camera[DBG] cpp_module_enq_event: 751: cpp_module_enq_event:751, partial_frame_queue size = 2
06-24 17:03:00.019  1173 21151 E         : Camera[DBG] cpp_module_enq_event: 751: cpp_module_enq_event:751, partial_frame_queue size = 3
06-24 17:03:00.019  1173 21151 E         : Camera[DBG] cpp_module_enq_event: 751: cpp_module_enq_event:751, partial_frame_queue size = 4
06-24 17:03:00.023  1394  2362 V SamsungAlarmManager: Sending to uid : 10028 action=com.samsung.action.EVERY_MINUTE_CLOCK_UPDATE alarm=Alarm{c1ba744 type 1 when 1593043380000 com.sec.android.app.launcher}
06-24 17:03:00.026  1173 21160 E mm-3a-external: [cgAF] Invalid Cal. Set Default AF Cal: PAN: 0x78, MAC: 0x1F4, OFFSET: 0x0
06-24 17:03:00.034  4659  4659 I Launcher: onReceive: com.samsung.action.EVERY_MINUTE_CLOCK_UPDATE
06-24 17:03:00.035   763   763 W Layer   : [SurfaceView - com.appname/com.appname.MainActivity@40fc623@0#0] Timestamp 949063116027240 seems implausible relative to expectedPresent 663607840400320
06-24 17:03:00.052  1029 21167 D mm-jpeg-intf: mm_jpeg_destroy_session:2890] abort todo jobs
06-24 17:03:00.052  1029 21167 D mm-jpeg-intf: mm_jpeg_destroy_session:2898] abort ongoing jobs
06-24 17:03:00.057  1394  1394 D SamsungAlarmManager: setExact Intent (T:3/F:1/AC:false) 20200624T170400 - CU:1000/CP:1394
06-24 17:03:00.057  1394  1394 V AlarmManager: ___SyncScheduler (v3) ACTIVATED___
06-24 17:03:00.057  1394  1394 V AlarmManagerEXT: <AppSync3 Whitelist>
06-24 17:03:00.057  1394  1394 V AlarmManagerEXT: (AppSync) com.google.android.gms : 10800(13680)
06-24 17:03:00.057  1394  1394 V AlarmManagerEXT: (AppSync) com.google.android.gms : 7200(7140)
06-24 17:03:00.057  1394  1394 V AlarmManagerEXT: (AppSync) ### 2 added ###
06-24 17:03:00.057  1029 21167 D mm-still: releaseCodecLibs:1692] X
06-24 17:03:00.058  1029 21167 V qomx_image_core: OMX_FreeHandle:335] 
06-24 17:03:00.058  1029 21167 D qomx_image_core: get_idx_from_handle:294] comp_idx 2 inst_idx 0
06-24 17:03:00.059  1029 21167 V qomx_image_core: OMX_FreeHandle:370] Success
06-24 17:03:00.059  1029 21167 D mm-jpeg-intf: mm_jpeg_session_destroy:399] Session destroy successful. X
06-24 17:03:00.059  1029 21167 D mm-jpeg-intf: mm_jpeg_destroy_session:2943] destroy session successful. X
06-24 17:03:00.063  1029 21167 I qomx_image_core: OMX_GetHandle:240] get instance pts is 0xebdaf200
06-24 17:03:00.066  1173 21160 E mm-3a-external: [cgAF] Invalid Cal. Set Default AF Cal: PAN: 0x78, MAC: 0x1F4, OFFSET: 0x0
06-24 17:03:00.067  1394  2867 D SamsungAlarmManager: setInexact Intent (T:1/F:0/AC:false) 20200624T170400 - CU:10028/CP:4659
06-24 17:03:00.067  4659  4659 I IconView: applyFromApplicationInfo - start GetLive : com.samsung.android.calendar
06-24 17:03:00.067  4659  4659 I IconView: applyFromApplicationInfo - end GetLive : com.samsung.android.calendar
06-24 17:03:00.068  4659  4659 I IconView: applyFromApplicationInfo - start GetLive : com.sec.android.app.clockpackage
06-24 17:03:00.068  1394  2393 D InputReader: Input event(6): value=0 when=663607857734000
06-24 17:03:00.068  1394  2393 D InputReader: Input event(6): value=0 when=663607857734000
06-24 17:03:00.072  2724  2876 D KeyguardUpdateMonitor: received broadcast android.intent.action.TIME_TICK
06-24 17:03:00.073  2724  2724 D KeyguardServiceBoxContainer: refreshTime() 1
06-24 17:03:00.074  1394  2392 I InputDispatcher: Delivering touch to (17748): action: 0x1, toolType: 1
06-24 17:03:00.086   763   763 W Layer   : [SurfaceView - com.appname/com.appname.MainActivity@40fc623@0#0] Timestamp 949063149363240 seems implausible relative to expectedPresent 663607890704434
06-24 17:03:00.087  4659  4659 D ApplicationPackageManager: we has com.sec.android.app.clockpackage class. reuse it 
06-24 17:03:00.087  4659  4659 D LiveIconLoader: getLiveIcon was called in ClockPackage
06-24 17:03:00.089  4659  4659 D LiveIconLoader: getLiveIcon res = com.sec.android.app.clockpackage
06-24 17:03:00.089  4659  4659 D LiveIconLoader: stdIconSize : 144 , targetIconSize : 162
06-24 17:03:00.089  4659  4659 D LiveIconLoader: mIconDpi : 640 , mTargetIconDpi : 480
06-24 17:03:00.091 17748 17748 D ViewRootImpl@f74dda0[MainActivity]: ViewPostIme pointer 1
06-24 17:03:00.092  1173 21160 E mm-3a-external: [cgAF] Invalid Cal. Set Default AF Cal: PAN: 0x78, MAC: 0x1F4, OFFSET: 0x0
06-24 17:03:00.118  1394 10129 D ConnectivityService: filterNetworkStateForUid() uid: 10081 networkInfo: [type: WIFI[] - WIFI, state: CONNECTED/CONNECTED, reason: (unspecified), extra: "BananaPancake", failover: false, available: true, roaming: false, metered: false]
06-24 17:03:00.119   763   763 W Layer   : [SurfaceView - com.appname/com.appname.MainActivity@40fc623@0#0] Timestamp 949063182679240 seems implausible relative to expectedPresent 663607924240510
06-24 17:03:00.128  1173 21160 E mm-3a-external: [cgAF] Invalid Cal. Set Default AF Cal: PAN: 0x78, MAC: 0x1F4, OFFSET: 0x0
06-24 17:03:00.136   763   763 W Layer   : [SurfaceView - com.appname/com.appname.MainActivity@40fc623@0#0] Timestamp 949063216016240 seems implausible relative to expectedPresent 663607941008548
06-24 17:03:00.153   763   763 W Layer   : [SurfaceView - com.appname/com.appname.MainActivity@40fc623@0#0] Timestamp 949063249330240 seems implausible relative to expectedPresent 663607957776586
06-24 17:03:00.159  1173 21160 E mm-3a-external: [cgAF] Invalid Cal. Set Default AF Cal: PAN: 0x78, MAC: 0x1F4, OFFSET: 0x0
06-24 17:03:00.161  4659  4659 I ApplicationPackageManager: load= live icon for com.sec.android.app.clockpackage, from overlay = false
06-24 17:03:00.164  4659  4659 I LiveIconManager: getLiveIcon: complete(sync_created)
06-24 17:03:00.164  4659  4659 I IconView: applyFromApplicationInfo - end GetLive : com.sec.android.app.clockpackage
06-24 17:03:00.178  1394  2393 D InputReader: Input event(6): value=1 when=663607967078000
06-24 17:03:00.178  1394  2393 D InputReader: Input event(6): value=1 when=663607967078000
06-24 17:03:00.178  1394  2393 I InputReader: Touch event's action is 0x0 (deviceType=0) [pCnt=1, s=0.4446 ] when=663607967078000
06-24 17:03:00.178  1394  2392 I InputDispatcher: Delivering touch to (17748): action: 0x0, toolType: 1
06-24 17:03:00.178  1394  2392 D PowerManagerService: [api] userActivityFromNative : 1920 (event: 2 flags: 0) eventTime = 663607967
06-24 17:03:00.179  1394  6975 D CustomFrequencyManagerService: acquireDVFSLockLocked : type : DVFS_MIN_LIMIT  frequency : 883200  uid : 1000  pid : 1394  pkgName : GESTURE_DETECTED@CPU_MIN@78
06-24 17:03:00.182  1029 21167 D qomx_image_core: OMX_GetHandle:258] handle = 0xebdaf204 Instanceindex = 0,comp_idx 2 g_ptr 0xe9458f00
06-24 17:03:00.182  1029 21167 I qomx_image_core: OMX_GetHandle:264] Success
06-24 17:03:00.182  1029 21167 D mm-jpeg-intf: mm_jpeg_session_config_main:1270] config port
06-24 17:03:00.184  1029 21167 D mm-jpeg-intf: mm_jpeg_session_config_main_buffer_offset:449] yOffset = 0, cbcrOffset = (0 0), totalSize = 18292736,cbcrStartOffset = (12192768 6096384)
06-24 17:03:00.184  1029 21167 E mm-jpeg-intf: mm_jpeg_meta_enc_key:766] Key is invalid
06-24 17:03:00.184  1029 21167 D mm-jpeg-intf: mm_jpeg_mem_ops:679] HAL get_mem handler undefined
06-24 17:03:00.184  1029 21167 D mm-jpeg-intf: mm_jpeg_speed_mode:552] speed 1
06-24 17:03:00.184  1029 21167 D mm-still: configureEncodedata:183] size 4032x3024 pad 4032x3024 out 4032x3024 subsampling 0 format 0
06-24 17:03:00.186   763   763 W Layer   : [SurfaceView - com.appname/com.appname.MainActivity@40fc623@0#0] Timestamp 949063282665240 seems implausible relative to expectedPresent 663607991312662
06-24 17:03:00.192  1173 21160 E mm-3a-external: [cgAF] Invalid Cal. Set Default AF Cal: PAN: 0x78, MAC: 0x1F4, OFFSET: 0x0
06-24 17:03:00.195  1029 21167 D mm-jpeg-intf: mm_jpeg_create_session:2763] session id 1000000
06-24 17:03:00.196  1029 21167 D mm-jpeg-intf: mm_jpeg_start_job:2395] session_idx 0 client idx 0
06-24 17:03:00.196  1029 21167 D mm-jpeg-intf: mm_jpeg_start_job:2426] >>>> Work bufs need 1, 1
06-24 17:03:00.196  1029 21167 D mm-jpeg-intf: mm_jpeg_alloc_workbuffer, 2100] work_bufs_need 1 work_buf_cnt 1
06-24 17:03:00.196  1029 21167 D mm-jpeg-intf: mm_jpeg_alloc_workbuffer, 2117] rc 0 
06-24 17:03:00.196  1029 21168 D mm-jpeg-intf: process_sensor_data: Flash value 0 flash mode 0 flash state 2
06-24 17:03:00.196  1029 21168 D mm-jpeg-intf: mm_jpeg_session_config_main_crop:1237] OMX_IndexConfigCommonInputCrop w = 0, h = 0, l = 0, t = 0, port_idx = 0
06-24 17:03:00.196  1029 21168 D mm-jpeg-intf: mm_jpeg_session_config_thumbnail:1032] encode_thumbnail 0
06-24 17:03:00.196  1029 21168 E mm-jpeg-intf: mm_jpeg_configure_job_params:1585] Work buffer info 213 0xcab2a000 WorkBufSize: 18579456 invalidate
06-24 17:03:00.198  1029 21168 D mm-jpeg-intf: mm_jpeg_process_encoding_job:1911] Success X 
06-24 17:03:00.198  1029 21255 D mm-still: configureEncodedata:183] size 4032x3024 pad 4032x3024 out 4032x3024 subsampling 0 format 0
06-24 17:03:00.198  1029 21167 D mm-jpeg-intf: mm_jpeg_start_job:2485] job_id 16842752 X
06-24 17:03:00.198  1029 21255 D mm-still: writeExifData:417] Image type 0 mobicat_mask 0
06-24 17:03:00.198  1029 21255 E mm-still: EmitApp5:1661] , 0
06-24 17:03:00.198  1029 21255 E mm-still: EmitApp5:1675] App5 write successful
06-24 17:03:00.198  1029 21255 E mm-still: startEncode:641] Start Encode 1
06-24 17:03:00.198  1029 21255 E jpeg_hw : jpege_lib_hw_fe_buffer_cfg:296] w 4032 h 3024 stride 4032 scanline 3024
06-24 17:03:00.199  1029 21255 D mm-still: ConfigureOutputBuffer:553] Received output image fd 213 addr 0xcab2a000 WorkBufSize 18579456 
06-24 17:03:00.200  1029 21255 W libc    : invalid pthread_t (0) passed to libc
06-24 17:03:00.203 17748 17748 D ViewRootImpl@f74dda0[MainActivity]: ViewPostIme pointer 0
06-24 17:03:00.209  1394  4627 I EDMNativeHelperService: isCameraEnabled
06-24 17:03:00.226  1173 21160 E mm-3a-external: [cgAF] Invalid Cal. Set Default AF Cal: PAN: 0x78, MAC: 0x1F4, OFFSET: 0x0
06-24 17:03:00.231  1029 21256 D mm-still: EncodeComplete:938] MainImage Encoding complete. Filled Length = 2555712 m_thumbEncodingComplete 0 mSeqNo 1
06-24 17:03:00.233  1029 21256 D mm-still: ReleaseMainImage:794] Encoded image length 2557089
06-24 17:03:00.233  1029 21255 D mm-jpeg-intf: mm_jpeg_ebd:3083] count 0 
06-24 17:03:00.234  1029 21255 D mm-jpeg-intf: mm_jpeg_fbd:3097] count 0 
06-24 17:03:00.234  1029 21255 D mm-jpeg-intf: [KPI Perf] : PROFILE_JPEG_FBD
06-24 17:03:00.234  1029 21255 D mm-jpeg-intf: mm_jpeg_fbd:3127] send jpeg callback 0 buf 0x0xd258e000 len 2557089 JobID 16842752
06-24 17:03:00.236  1029 21255 D Camera3-Status: markComponent: Component 2 is now idle
06-24 17:03:00.236   763   763 W Layer   : [SurfaceView - com.appname/com.appname.MainActivity@40fc623@0#0] Timestamp 949063315992240 seems implausible relative to expectedPresent 663608041616776
06-24 17:03:00.253  1394  2393 D InputReader: Input event(6): value=0 when=663608042396000
06-24 17:03:00.253  1394  2393 D InputReader: Input event(6): value=0 when=663608042396000
06-24 17:03:00.253  1394  2393 I InputReader: Touch event's action is 0x1 (deviceType=0) [pCnt=1, s=] when=663608042396000
06-24 17:03:00.253  1394  2392 I InputDispatcher: Delivering touch to (17748): action: 0x1, toolType: 1
06-24 17:03:00.255  1029 21255 D mm-jpeg-intf: mm_jpegenc_destroy_job:2802] Exif entry count 15 15
06-24 17:03:00.255  1029 21255 D mm-jpeg-intf: mm_jpeg_queue_remove_job_by_job_id:3297] found matching job id
06-24 17:03:00.258 17748 17748 D ViewRootImpl@f74dda0[MainActivity]: ViewPostIme pointer 1
06-24 17:03:00.259  1173 21160 E mm-3a-external: [cgAF] Invalid Cal. Set Default AF Cal: PAN: 0x78, MAC: 0x1F4, OFFSET: 0x0
06-24 17:03:00.270   763   763 W Layer   : [SurfaceView - com.appname/com.appname.MainActivity@40fc623@0#0] Timestamp 949063349311240 seems implausible relative to expectedPresent 663608075152852
06-24 17:03:00.283 17748 17748 W ExifInterface: Skip the tag entry since tag number is not defined: 2
06-24 17:03:00.283 17748 17748 W ExifInterface: Stop reading file since a wrong offset may cause an infinite loop: 0
06-24 17:03:00.283 17748 17748 I chatty  : uid=10336(u0_a336) com.appname identical 1 line
06-24 17:03:00.283 17748 17748 W ExifInterface: Stop reading file since a wrong offset may cause an infinite loop: 0
06-24 17:03:00.287   763   763 W Layer   : [SurfaceView - com.appname/com.appname.MainActivity@40fc623@0#0] Timestamp 949063382643240 seems implausible relative to expectedPresent 663608091920890
06-24 17:03:00.292  1173 21160 E mm-3a-external: [cgAF] Invalid Cal. Set Default AF Cal: PAN: 0x78, MAC: 0x1F4, OFFSET: 0x0
06-24 17:03:00.309  1173 21159 D mm-camera-CORE: TSAec_process works: stats' frame_id=119, 0, 0
06-24 17:03:00.320   763   763 W Layer   : [SurfaceView - com.appname/com.appname.MainActivity@40fc623@0#0] Timestamp 949063415966240 seems implausible relative to expectedPresent 663608125456966
06-24 17:03:00.324 17748 18136 W ExifInterface: Skip the tag entry since tag number is not defined: 2
06-24 17:03:00.324 17748 18136 W ExifInterface: Stop reading file since a wrong offset may cause an infinite loop: 0
06-24 17:03:00.324 17748 18136 I chatty  : uid=10336(u0_a336) CameraX-camerax identical 1 line
06-24 17:03:00.324 17748 18136 W ExifInterface: Stop reading file since a wrong offset may cause an infinite loop: 0
06-24 17:03:00.325  1173 21160 E mm-3a-external: [cgAF] Invalid Cal. Set Default AF Cal: PAN: 0x78, MAC: 0x1F4, OFFSET: 0x0
06-24 17:03:00.330  1162  1231 I LocSvc_ApiV02: <--- globalEventCb line 162 QMI_LOC_EVENT_GNSS_SV_INFO_IND_V02
06-24 17:03:00.330  1162  4816 I LocSvc_libulp: ulp_brain_process_gnss_sv_report, gnss sv report cnt = 3729, gnss pos report cnt = 83,strong sv cnt = 0
06-24 17:03:00.331  1394 28315 D GnssLocationProvider_ex: SV Count : 1      (PRN, Constellation, SNR, Used)
06-24 17:03:00.331  1394 28315 D GnssLocationProvider_ex: (194, QZSS, 31.0, 0) 
06-24 17:03:00.354  1394  2393 D InputReader: Input event(6): value=1 when=663608143153000
06-24 17:03:00.354  1394  2393 D InputReader: Input event(6): value=1 when=663608143153000
06-24 17:03:00.354   763   763 W Layer   : [SurfaceView - com.appname/com.appname.MainActivity@40fc623@0#0] Timestamp 949063449296240 seems implausible relative to expectedPresent 663608158993042
06-24 17:03:00.354  1394  2393 I InputReader: Touch event's action is 0x0 (deviceType=0) [pCnt=1, s=0.4447 ] when=663608143153000
06-24 17:03:00.354  1394  2392 I InputDispatcher: Delivering touch to (17748): action: 0x0, toolType: 1
06-24 17:03:00.355 17748 17748 D ViewRootImpl@f74dda0[MainActivity]: ViewPostIme pointer 0
06-24 17:03:00.361  1173 21160 E mm-3a-external: [cgAF] Invalid Cal. Set Default AF Cal: PAN: 0x78, MAC: 0x1F4, OFFSET: 0x0
06-24 17:03:00.367 17748 18136 W ExifInterface: Skip the tag entry since tag number is not defined: 2
06-24 17:03:00.367 17748 18136 W ExifInterface: Stop reading file since a wrong offset may cause an infinite loop: 0
06-24 17:03:00.367 17748 18136 I chatty  : uid=10336(u0_a336) CameraX-camerax identical 1 line
06-24 17:03:00.367 17748 18136 W ExifInterface: Stop reading file since a wrong offset may cause an infinite loop: 0
06-24 17:03:00.393  1173 21160 E mm-3a-external: [cgAF] Invalid Cal. Set Default AF Cal: PAN: 0x78, MAC: 0x1F4, OFFSET: 0x0
06-24 17:03:00.404   763   763 W Layer   : [SurfaceView - com.appname/com.appname.MainActivity@40fc623@0#0] Timestamp 949063482627240 seems implausible relative to expectedPresent 663608209297156
06-24 17:03:00.421   763   763 W Layer   : [SurfaceView - com.appname/com.appname.MainActivity@40fc623@0#0] Timestamp 949063515952240 seems implausible relative to expectedPresent 663608226065194
06-24 17:03:00.426  1173 21160 E mm-3a-external: [cgAF] Invalid Cal. Set Default AF Cal: PAN: 0x78, MAC: 0x1F4, OFFSET: 0x0
06-24 17:03:00.443 29907 18976 V MediaProvider: 7klwibgf7fvntblfd7(7Hrclnifk7*.:+(,++8(,,)5qhg is not existed
06-24 17:03:00.445  1394  2393 D InputReader: Input event(6): value=0 when=663608234630000
06-24 17:03:00.445  1394  2393 D InputReader: Input event(6): value=0 when=663608234630000
06-24 17:03:00.445  1394  2393 I InputReader: Touch event's action is 0x1 (deviceType=0) [pCnt=1, s=] when=663608234630000
06-24 17:03:00.446  1394  2392 I InputDispatcher: Delivering touch to (17748): action: 0x1, toolType: 1
06-24 17:03:00.448 17748 17748 D ViewRootImpl@f74dda0[MainActivity]: ViewPostIme pointer 1
06-24 17:03:00.453  1394 10129 W StorageManager: getStorageLowBytes lowPercent : 5, lowBytes : 1225677414, maxLowBytes : 524288000
06-24 17:03:00.454   763   763 W Layer   : [SurfaceView - com.appname/com.appname.MainActivity@40fc623@0#0] Timestamp 949063549280240 seems implausible relative to expectedPresent 663608259601270
06-24 17:03:00.459  1173 21160 E mm-3a-external: [cgAF] Invalid Cal. Set Default AF Cal: PAN: 0x78, MAC: 0x1F4, OFFSET: 0x0
06-24 17:03:00.470 29907 18976 D CMHServiceInterface: Sending intent to CMH
06-24 17:03:00.477  5613 21237 I Controller: [#CMH#] com.android.providers.media Insert
06-24 17:03:00.477  5613 21237 I Controller: [#CMH#] processInsertAction,No of files to insert: 1,Origin:com.android.providers.media
06-24 17:03:00.478  5613 21237 E Controller: [#CMH#] Content inserted without datetaken 
06-24 17:03:00.478  5613 21237 E Controller: [#CMH#] lSefFileSubType is null 
06-24 17:03:00.478  5613 21237 E ImageFeatures: [#CMH#] applyJustShotFlag : java.io.FileNotFoundException: /storage/emulated/0/Pictures/1593043380442.jpg (No such file or directory) (/storage/emulated/0/Pictures/1593043380442.jpg (No such file or directory))
06-24 17:03:00.478  5613 21237 E ImageFeatures: 	at java.io.FileInputStream.open0 (FileInputStream.java:-2)
06-24 17:03:00.478  5613 21237 E ImageFeatures: 	at java.io.FileInputStream.open (FileInputStream.java:200)
06-24 17:03:00.478  5613 21237 E ImageFeatures: 	at java.io.FileInputStream.<init> (FileInputStream.java:150)
06-24 17:03:00.478  5613 21237 E ImageFeatures: 	at java.io.FileInputStream.<init> (FileInputStream.java:103)
06-24 17:03:00.478  5613 21237 E ImageFeatures: 	at android.media.ExifInterface.<init> (ExifInterface.java:1329)
06-24 17:03:00.478  5613 21237 E ImageFeatures: 	at com.samsung.cmh.features.ImageFeatures.isJustShot (ImageFeatures.java:54)
06-24 17:03:00.478  5613 21237 E ImageFeatures: 	at com.samsung.cmh.core.Controller.processInsertAction (Controller.java:2550)
06-24 17:03:00.478  5613 21237 E ImageFeatures: 	at com.samsung.cmh.core.Controller.execute (Controller.java:991)
06-24 17:03:00.478  5613 21237 E ImageFeatures: 	at com.samsung.cmh.service.CMHService.onHandleIntent (CMHService.java:100)
06-24 17:03:00.478  5613 21237 E ImageFeatures: 	at android.app.IntentService$ServiceHandler.handleMessage (IntentService.java:68)
06-24 17:03:00.478  5613 21237 E ImageFeatures: 	at android.os.Handler.dispatchMessage (Handler.java:105)
06-24 17:03:00.478  5613 21237 E ImageFeatures: 	at android.os.Looper.loop (Looper.java:164)
06-24 17:03:00.478  5613 21237 E ImageFeatures: 	at android.os.HandlerThread.run (HandlerThread.java:65)
06-24 17:03:00.478  5613 21237 E ImageFeatures:  
06-24 17:03:00.486  1394  2867 W ActivityManager: Background start not allowed: service Intent { cmp=com.google.android.apps.photos/com.google.android.libraries.social.mediamonitor.BackgroundThreadNotifierIntentService (has extras) } to com.google.android.apps.photos/com.google.android.libraries.social.mediamonitor.BackgroundThreadNotifierIntentService from pid=1328 uid=10156 pkg=com.google.android.apps.photos
06-24 17:03:00.487  1028  2058 I SoundBoosterEffectPlus: SB_reset SoundBooster sessionId(-1303)
06-24 17:03:00.487  1028  2058 I SoundBooster7: BuffClear()
06-24 17:03:00.492  1173 21160 E mm-3a-external: [cgAF] Invalid Cal. Set Default AF Cal: PAN: 0x78, MAC: 0x1F4, OFFSET: 0x0
06-24 17:03:00.494 18658 18658 D LibraryDataManager: onChange = 0, active = true, uri = content://com.samsung.cmh/notify_images, this = com.sec.android.gallery3d.data.LibraryDataManager$NotifyBroker@361d8
06-24 17:03:00.494  5613 21237 I Controller: [#CMH#] Sent Notification for uri content://com.samsung.cmh/notify_images
06-24 17:03:00.494  5613 21237 I Controller: [#CMH#] startSmartClustering starting clustering 
06-24 17:03:00.495  5613 21238 I ClusteringTask: [#CMH#] before mutex 
06-24 17:03:00.495  5613 21238 I ClusteringTask: [#CMH#] after mutex 
06-24 17:03:00.495  5613 21238 I MomentClusteringAlgo: [#CMH#] performClustering images deleted false
06-24 17:03:00.495  5613 21238 I ClusteringDBUtils: [#CMH#] updateClusterTable In nothing to update 
06-24 17:03:00.496  5613 21237 I Controller: [#CMH#] startDaywiseClustering starting day clustering 
06-24 17:03:00.496  5613 21239 I DayAndMonthTask: [#CMH#] before mutex 
06-24 17:03:00.496  5613 21239 I DayAndMonthTask: [#CMH#] after mutex 
06-24 17:03:00.501  1028  1363 V APM_AudioPolicyManager: stopOutput() output 13, stream 7, session 7713
06-24 17:03:00.502  1028  1363 V APM_AudioPolicyManager: setBeaconMute(1) mBeaconMuteRefCount=0 mBeaconPlayingRefCount=0
06-24 17:03:00.502  1028  1363 V APM_AudioPolicyManager: getNewOutputDevice() selected device 0
06-24 17:03:00.502  1028  1363 V APM_AudioPolicyManager: setOutputDevice() device 0000 delayMs 160
06-24 17:03:00.502  1028  1363 V APM_AudioPolicyManager: setOutputDevice() prevDevice 0x0002
06-24 17:03:00.502  1028  1363 V APM_AudioPolicyManager: setOutputDevice() setting same device 0x0000 or null device
06-24 17:03:00.505   763   763 W Layer   : [SurfaceView - com.appname/com.appname.MainActivity@40fc623@0#0] Timestamp 949063582607240 seems implausible relative to expectedPresent 663608309905384
06-24 17:03:00.521   763   763 W Layer   : [SurfaceView - com.appname/com.appname.MainActivity@40fc623@0#0] Timestamp 949063615954240 seems implausible relative to expectedPresent 663608326673422
06-24 17:03:00.524  5613 21239 I DayAndMonthTask: [#CMH#] after mutex release 
06-24 17:03:00.525  1173 21160 E mm-3a-external: [cgAF] Invalid Cal. Set Default AF Cal: PAN: 0x78, MAC: 0x1F4, OFFSET: 0x0
06-24 17:03:00.528  5613 21238 I Utils   : [#CMH#] No of media items  (images/videos) to process ::  1
06-24 17:03:00.529  5613 21238 I MomentClusteringAlgo: [#CMH#] performClustering In 1 
06-24 17:03:00.538  1394  2393 D InputReader: Input event(6): value=1 when=663608327203000
06-24 17:03:00.538  1394  2393 D InputReader: Input event(6): value=1 when=663608327203000
06-24 17:03:00.538  1394  2393 I InputReader: Touch event's action is 0x0 (deviceType=0) [pCnt=1, s=0.4448 ] when=663608327203000
06-24 17:03:00.539  1394  2392 I InputDispatcher: Delivering touch to (17748): action: 0x0, toolType: 1
06-24 17:03:00.540  1394  6975 D CustomFrequencyManagerService: acquireDVFSLockLocked : type : DVFS_MIN_LIMIT  frequency : 883200  uid : 1000  pid : 1394  pkgName : GESTURE_DETECTED@CPU_MIN@78
06-24 17:03:00.551 17748 17748 D ViewRootImpl@f74dda0[MainActivity]: ViewPostIme pointer 0
