06-24 17:03:03.736  5613 21257 I ClusteringTask: [#CMH#] after mutex release 
06-24 17:03:03.741   763   763 W Layer   : [SurfaceView - com.appname/com.appname.MainActivity@40fc623@0#0] Timestamp 949066782051240 seems implausible relative to expectedPresent 663611545752691
06-24 17:03:03.757   763   763 W Layer   : [SurfaceView - com.appname/com.appname.MainActivity@40fc623@0#0] Timestamp 949066815356240 seems implausible relative to expectedPresent 663611562522257
06-24 17:03:03.759  1173 21160 E mm-3a-external: [cgAF] Invalid Cal. Set Default AF Cal: PAN: 0x78, MAC: 0x1F4, OFFSET: 0x0
06-24 17:03:03.771  1394  2393 D InputReader: Input event(6): value=0 when=663611560228000
06-24 17:03:03.771  1394  2393 D InputReader: Input event(6): value=0 when=663611560228000
06-24 17:03:03.771  1394  2393 I InputReader: Touch event's action is 0x1 (deviceType=0) [pCnt=1, s=] when=663611560228000
06-24 17:03:03.773  1394  2392 I InputDispatcher: Delivering touch to (17748): action: 0x1, toolType: 1
06-24 17:03:03.785 17748 17748 D ViewRootImpl@f74dda0[MainActivity]: ViewPostIme pointer 1
06-24 17:03:03.786  1394  1394 D TelephonyManager: getCellLocation : Caller (PID / UID / TID): 1394 / 1000 / 1394
06-24 17:03:03.787  2724  2989 D NetworkController.MobileSignalController(0/1): onSignalStrengthsChanged signalStrength=SignalStrength: 99 99 -93 -180 -120 -1 -1 19 -112 -19 -83 2147483647 0 2147483647 0x1010 P gsm|lte level=1
06-24 17:03:03.788  2724  2989 D NetworkController.MobileSignalController(0/1): getMobileIconGroup(): 13
06-24 17:03:03.788  2724  2989 D NetworkController.MobileSignalController(0/1): updateVZWMobileIconGroup(): 13
06-24 17:03:03.791  1173 21160 E mm-3a-external: [cgAF] Invalid Cal. Set Default AF Cal: PAN: 0x78, MAC: 0x1F4, OFFSET: 0x0
06-24 17:03:03.802  3047  3340 D EPDG -- SIM0 [SMARTWIFI]: onSignalStrengthsChanged: Received signal strength change, phone type is: 2
06-24 17:03:03.803  3047  5316 D EPDG -- SIM0 [SMARTWIFI]: lastLteRSRP is -112currentLteRSRP is -112
06-24 17:03:03.803  3047  5316 D EPDG -- SIM0 [SMARTWIFI]: lastLteRSRQ is -19currentLteRSRQ is -19
06-24 17:03:03.803  3047  5316 D EPDG -- SIM0 [SMARTWIFI]: lastCdmaDb is -18currentCdmaDb is -18
06-24 17:03:03.803  3047  5316 V EPDG -- SIM0 [SMARTWIFI]: Radio oldest entry removed
06-24 17:03:03.803  3047  5316 V EPDG -- SIM0 [SMARTWIFI]: New entry : (SignalStrength: 99 99 -93 -180 -120 -1 -1 19 -112 -19 -83 2147483647 0 2147483647 0x1010 P gsm|lte : 0 )
06-24 17:03:03.803  3047  5316 V EPDG -- SIM0 [SMARTWIFI]: Radio entry added
06-24 17:03:03.808   763   763 W Layer   : [SurfaceView - com.appname/com.appname.MainActivity@40fc623@0#0] Timestamp 949066848698240 seems implausible relative to expectedPresent 663611612830955
06-24 17:03:03.824   763   763 W Layer   : [SurfaceView - com.appname/com.appname.MainActivity@40fc623@0#0] Timestamp 949066882015240 seems implausible relative to expectedPresent 663611629600521
06-24 17:03:03.825  1173 21160 E mm-3a-external: [cgAF] Invalid Cal. Set Default AF Cal: PAN: 0x78, MAC: 0x1F4, OFFSET: 0x0
06-24 17:03:03.830  2724  2989 D NetworkController.MobileSignalController(0/1): callState:0, callStateByPhone:false voLTECall:false voiceNetTpe:7 dataNetType:13, ine911:false, emergencyCallbackMode:false
06-24 17:03:03.858   763   763 W Layer   : [SurfaceView - com.appname/com.appname.MainActivity@40fc623@0#0] Timestamp 949066915343240 seems implausible relative to expectedPresent 663611663139653
06-24 17:03:03.862  1173 21160 E mm-3a-external: [cgAF] Invalid Cal. Set Default AF Cal: PAN: 0x78, MAC: 0x1F4, OFFSET: 0x0
06-24 17:03:03.891   763   763 W Layer   : [SurfaceView - com.appname/com.appname.MainActivity@40fc623@0#0] Timestamp 949066948682240 seems implausible relative to expectedPresent 663611696678785
06-24 17:03:03.893  1173 21160 E mm-3a-external: [cgAF] Invalid Cal. Set Default AF Cal: PAN: 0x78, MAC: 0x1F4, OFFSET: 0x0
06-24 17:03:03.925   763   763 W Layer   : [SurfaceView - com.appname/com.appname.MainActivity@40fc623@0#0] Timestamp 949066982000240 seems implausible relative to expectedPresent 663611730217917
06-24 17:03:03.928  1173 21160 E mm-3a-external: [cgAF] Invalid Cal. Set Default AF Cal: PAN: 0x78, MAC: 0x1F4, OFFSET: 0x0
06-24 17:03:03.939  1394  2393 D InputReader: Input event(6): value=1 when=663611728185000
06-24 17:03:03.940  1394  2393 D InputReader: Input event(6): value=1 when=663611728185000
06-24 17:03:03.940  1394  2393 I InputReader: Touch event's action is 0x0 (deviceType=0) [pCnt=1, s=0.4464 ] when=663611728185000
06-24 17:03:03.940  1394  2392 I InputDispatcher: Delivering touch to (17748): action: 0x0, toolType: 1
06-24 17:03:03.942 17748 17748 D ViewRootImpl@f74dda0[MainActivity]: ViewPostIme pointer 0
06-24 17:03:03.959   763   763 W Layer   : [SurfaceView - com.appname/com.appname.MainActivity@40fc623@0#0] Timestamp 949067015325240 seems implausible relative to expectedPresent 663611763757049
06-24 17:03:03.960  1173 21160 E mm-3a-external: [cgAF] Invalid Cal. Set Default AF Cal: PAN: 0x78, MAC: 0x1F4, OFFSET: 0x0
06-24 17:03:03.991  1173 21160 E mm-3a-external: [cgAF] Invalid Cal. Set Default AF Cal: PAN: 0x78, MAC: 0x1F4, OFFSET: 0x0
06-24 17:03:03.992   763   763 W Layer   : [SurfaceView - com.appname/com.appname.MainActivity@40fc623@0#0] Timestamp 949067048656240 seems implausible relative to expectedPresent 663611797296181
06-24 17:03:04.026   763   763 W Layer   : [SurfaceView - com.appname/com.appname.MainActivity@40fc623@0#0] Timestamp 949067081987240 seems implausible relative to expectedPresent 663611830835313
06-24 17:03:04.026  1173 21160 E mm-3a-external: [cgAF] Invalid Cal. Set Default AF Cal: PAN: 0x78, MAC: 0x1F4, OFFSET: 0x0
06-24 17:03:04.047  1394  2393 D InputReader: Input event(6): value=0 when=663611836467000
06-24 17:03:04.048  1394  2393 D InputReader: Input event(6): value=0 when=663611836467000
06-24 17:03:04.048  1394  2393 I InputReader: Touch event's action is 0x1 (deviceType=0) [pCnt=1, s=] when=663611836467000
06-24 17:03:04.048  1394  2392 I InputDispatcher: Delivering touch to (17748): action: 0x1, toolType: 1
06-24 17:03:04.055 17748 17748 D ViewRootImpl@f74dda0[MainActivity]: ViewPostIme pointer 1
06-24 17:03:04.058  1173 21160 E mm-3a-external: [cgAF] Invalid Cal. Set Default AF Cal: PAN: 0x78, MAC: 0x1F4, OFFSET: 0x0
06-24 17:03:04.059   763   763 W Layer   : [SurfaceView - com.appname/com.appname.MainActivity@40fc623@0#0] Timestamp 949067115330240 seems implausible relative to expectedPresent 663611864374445
06-24 17:03:04.091  1173 21160 E mm-3a-external: [cgAF] Invalid Cal. Set Default AF Cal: PAN: 0x78, MAC: 0x1F4, OFFSET: 0x0
06-24 17:03:04.093   763   763 W Layer   : [SurfaceView - com.appname/com.appname.MainActivity@40fc623@0#0] Timestamp 949067148635240 seems implausible relative to expectedPresent 663611897913577
06-24 17:03:04.126   763   763 W Layer   : [SurfaceView - com.appname/com.appname.MainActivity@40fc623@0#0] Timestamp 949067181984240 seems implausible relative to expectedPresent 663611931452709
06-24 17:03:04.128  3882  3882 D io_stats: !@   8,0 r 2772175 118502668 w 2744588 90748264 d 643809 50079140 f 1040050 1040653 iot 5661090 2807338 th 51200 0 0 pt 0 inp 0 0 663611.917
06-24 17:03:04.129  1173 21160 E mm-3a-external: [cgAF] Invalid Cal. Set Default AF Cal: PAN: 0x78, MAC: 0x1F4, OFFSET: 0x0
06-24 17:03:04.154  1394  2867 D ConnectivityService: filterNetworkStateForUid() uid: 10081 networkInfo: [type: WIFI[] - WIFI, state: CONNECTED/CONNECTED, reason: (unspecified), extra: "BananaPancake", failover: false, available: true, roaming: false, metered: false]
06-24 17:03:04.162  1173 21160 E mm-3a-external: [cgAF] Invalid Cal. Set Default AF Cal: PAN: 0x78, MAC: 0x1F4, OFFSET: 0x0
06-24 17:03:04.177   763   763 W Layer   : [SurfaceView - com.appname/com.appname.MainActivity@40fc623@0#0] Timestamp 949067215352240 seems implausible relative to expectedPresent 663611981761407
06-24 17:03:04.181  1394  2393 D InputReader: Input event(6): value=1 when=663611970884000
06-24 17:03:04.181  1394  2393 D InputReader: Input event(6): value=1 when=663611970884000
06-24 17:03:04.181  1394  2393 I InputReader: Touch event's action is 0x0 (deviceType=0) [pCnt=1, s=0.4465 ] when=663611970884000
06-24 17:03:04.182  1394  2392 I InputDispatcher: Delivering touch to (17748): action: 0x0, toolType: 1
06-24 17:03:04.192  1173 21160 E mm-3a-external: [cgAF] Invalid Cal. Set Default AF Cal: PAN: 0x78, MAC: 0x1F4, OFFSET: 0x0
06-24 17:03:04.193   763   763 W Layer   : [SurfaceView - com.appname/com.appname.MainActivity@40fc623@0#0] Timestamp 949067248616240 seems implausible relative to expectedPresent 663611998530973
06-24 17:03:04.215 17748 17748 D ViewRootImpl@f74dda0[MainActivity]: ViewPostIme pointer 0
06-24 17:03:04.225  1173 21160 E mm-3a-external: [cgAF] Invalid Cal. Set Default AF Cal: PAN: 0x78, MAC: 0x1F4, OFFSET: 0x0
06-24 17:03:04.227   763   763 W Layer   : [SurfaceView - com.appname/com.appname.MainActivity@40fc623@0#0] Timestamp 949067281962240 seems implausible relative to expectedPresent 663612032070105
06-24 17:03:04.259  1173 21160 E mm-3a-external: [cgAF] Invalid Cal. Set Default AF Cal: PAN: 0x78, MAC: 0x1F4, OFFSET: 0x0
06-24 17:03:04.260   763   763 W Layer   : [SurfaceView - com.appname/com.appname.MainActivity@40fc623@0#0] Timestamp 949067315273240 seems implausible relative to expectedPresent 663612065609237
06-24 17:03:04.290  1394  2393 D InputReader: Input event(6): value=0 when=663612079456000
06-24 17:03:04.290  1394  2393 D InputReader: Input event(6): value=0 when=663612079456000
06-24 17:03:04.290  1394  2393 I InputReader: Touch event's action is 0x1 (deviceType=0) [pCnt=1, s=] when=663612079456000
06-24 17:03:04.290  1394  2392 I InputDispatcher: Delivering touch to (17748): action: 0x1, toolType: 1
06-24 17:03:04.294   763   763 W Layer   : [SurfaceView - com.appname/com.appname.MainActivity@40fc623@0#0] Timestamp 949067348599240 seems implausible relative to expectedPresent 663612099148369
06-24 17:03:04.300  1173 21160 E mm-3a-external: [cgAF] Invalid Cal. Set Default AF Cal: PAN: 0x78, MAC: 0x1F4, OFFSET: 0x0
06-24 17:03:04.302  1394  2867 I EDMNativeHelperService: isCameraEnabled
06-24 17:03:04.316 17748 17748 D ViewRootImpl@f74dda0[MainActivity]: ViewPostIme pointer 1
06-24 17:03:04.323  1173 21159 D mm-camera-CORE: TSAec_process works: stats' frame_id=239, 0, 0
06-24 17:03:04.325  1173 21160 E mm-3a-external: [cgAF] Invalid Cal. Set Default AF Cal: PAN: 0x78, MAC: 0x1F4, OFFSET: 0x0
06-24 17:03:04.327   763   763 W Layer   : [SurfaceView - com.appname/com.appname.MainActivity@40fc623@0#0] Timestamp 949067381927240 seems implausible relative to expectedPresent 663612132687501
06-24 17:03:04.334  1162  1231 I LocSvc_ApiV02: <--- globalEventCb line 162 QMI_LOC_EVENT_GNSS_SV_INFO_IND_V02
06-24 17:03:04.334  1162  4816 I LocSvc_libulp: ulp_brain_process_gnss_sv_report, gnss sv report cnt = 3733, gnss pos report cnt = 83,strong sv cnt = 0
06-24 17:03:04.336  1394 28315 D GnssLocationProvider_ex: SV Count : 1      (PRN, Constellation, SNR, Used)
06-24 17:03:04.336  1394 28315 D GnssLocationProvider_ex: (194, QZSS, 31.0, 0) 
06-24 17:03:04.344   763   763 W Layer   : [SurfaceView - com.appname/com.appname.MainActivity@40fc623@0#0] Timestamp 949067415257240 seems implausible relative to expectedPresent 663612149457067
06-24 17:03:04.364  1173 21160 E mm-3a-external: [cgAF] Invalid Cal. Set Default AF Cal: PAN: 0x78, MAC: 0x1F4, OFFSET: 0x0
06-24 17:03:04.394   763   763 W Layer   : [SurfaceView - com.appname/com.appname.MainActivity@40fc623@0#0] Timestamp 949067448583240 seems implausible relative to expectedPresent 663612199765765
06-24 17:03:04.411  1173 21160 E mm-3a-external: [cgAF] Invalid Cal. Set Default AF Cal: PAN: 0x78, MAC: 0x1F4, OFFSET: 0x0
06-24 17:03:04.416  1394  2393 D InputReader: Input event(6): value=1 when=663612205596000
06-24 17:03:04.416  1394  2393 D InputReader: Input event(6): value=1 when=663612205596000
06-24 17:03:04.416  1394  2393 I InputReader: Touch event's action is 0x0 (deviceType=0) [pCnt=1, s=0.4466 ] when=663612205596000
06-24 17:03:04.416  1394  2392 I InputDispatcher: Delivering touch to (17748): action: 0x0, toolType: 1
06-24 17:03:04.418  1394  6975 D CustomFrequencyManagerService: acquireDVFSLockLocked : type : DVFS_MIN_LIMIT  frequency : 883200  uid : 1000  pid : 1394  pkgName : GESTURE_DETECTED@CPU_MIN@78
06-24 17:03:04.426  1173 21160 E mm-3a-external: [cgAF] Invalid Cal. Set Default AF Cal: PAN: 0x78, MAC: 0x1F4, OFFSET: 0x0
06-24 17:03:04.428   763   763 W Layer   : [SurfaceView - com.appname/com.appname.MainActivity@40fc623@0#0] Timestamp 949067481925240 seems implausible relative to expectedPresent 663612233304897
06-24 17:03:04.450 17748 17748 D ViewRootImpl@f74dda0[MainActivity]: ViewPostIme pointer 0
06-24 17:03:04.461  1173 21160 E mm-3a-external: [cgAF] Invalid Cal. Set Default AF Cal: PAN: 0x78, MAC: 0x1F4, OFFSET: 0x0
06-24 17:03:04.462   763   763 W Layer   : [SurfaceView - com.appname/com.appname.MainActivity@40fc623@0#0] Timestamp 949067515248240 seems implausible relative to expectedPresent 663612266844029
06-24 17:03:04.491  1173 21160 E mm-3a-external: [cgAF] Invalid Cal. Set Default AF Cal: PAN: 0x78, MAC: 0x1F4, OFFSET: 0x0
06-24 17:03:04.495   763   763 W Layer   : [SurfaceView - com.appname/com.appname.MainActivity@40fc623@0#0] Timestamp 949067548557240 seems implausible relative to expectedPresent 663612300383161
06-24 17:03:04.525  1173 21160 E mm-3a-external: [cgAF] Invalid Cal. Set Default AF Cal: PAN: 0x78, MAC: 0x1F4, OFFSET: 0x0
06-24 17:03:04.526 17748 17748 D ImageCapture: Send image capture request [current, pending] = [0, 1]
06-24 17:03:04.529   763   763 W Layer   : [SurfaceView - com.appname/com.appname.MainActivity@40fc623@0#0] Timestamp 949067581890240 seems implausible relative to expectedPresent 663612333922293
06-24 17:03:04.533  1394  2393 D InputReader: Input event(6): value=0 when=663612322310000
06-24 17:03:04.533  1394  2393 D InputReader: Input event(6): value=0 when=663612322310000
06-24 17:03:04.533  1394  2393 I InputReader: Touch event's action is 0x1 (deviceType=0) [pCnt=1, s=] when=663612322310000
06-24 17:03:04.533  1394  2392 I InputDispatcher: Delivering touch to (17748): action: 0x1, toolType: 1
06-24 17:03:04.534 17748 18063 D CaptureSession: Issuing capture request.
06-24 17:03:04.536 17748 17748 D ViewRootImpl@f74dda0[MainActivity]: ViewPostIme pointer 1
06-24 17:03:04.540 17748 21291 I OggExtractor: OggSource::OggSource() mExtractor ref count = 3
06-24 17:03:04.547  1394  2867 I EDMNativeHelperService: isCameraEnabled
06-24 17:03:04.551  1029 14994 D Camera3-Device: submitRequestsHelper: mInterfaceLock.lock()
06-24 17:03:04.551  1029 14994 D Camera3-Device: submitRequestsHelper: mInterfaceLock.unlock()
06-24 17:03:04.558  1173 21160 E mm-3a-external: [cgAF] Invalid Cal. Set Default AF Cal: PAN: 0x78, MAC: 0x1F4, OFFSET: 0x0
06-24 17:03:04.562   763   763 W Layer   : [SurfaceView - com.appname/com.appname.MainActivity@40fc623@0#0] Timestamp 949067615215240 seems implausible relative to expectedPresent 663612367461425
06-24 17:03:04.576  1029 21164 D Camera3-Status: markComponent: Component 2 is now active
06-24 17:03:04.592  1173 21160 E mm-3a-external: [cgAF] Invalid Cal. Set Default AF Cal: PAN: 0x78, MAC: 0x1F4, OFFSET: 0x0
06-24 17:03:04.595 17748 21291 I OggExtractor: OggSource::stop() mExtractor ref count = 2
06-24 17:03:04.595 17748 21291 I OggExtractor: ~OggSource --
06-24 17:03:04.595 17748 21291 I OggExtractor: ~OggExtractor ++
06-24 17:03:04.595 17748 21291 I OggExtractor: ~MyOggExtractor ++ 
06-24 17:03:04.595 17748 21291 I OggExtractor: ~MyOggExtractor --
06-24 17:03:04.595 17748 21291 I OggExtractor: ~OggExtractor --
06-24 17:03:04.597   763   763 W Layer   : [SurfaceView - com.appname/com.appname.MainActivity@40fc623@0#0] Timestamp 949067648541240 seems implausible relative to expectedPresent 663612401000557
06-24 17:03:04.598 17748 21291 I OggExtractor: OggSource::OggSource() mExtractor ref count = 3
06-24 17:03:04.605  1173 21156 E         : Camera[DBG][IFACE ] iface_set_super_param: 2689: iface_set_super_param:2689 store q_idx 5
06-24 17:03:04.606  1173 21156 E         : Camera[DBG] cpp_module_get_params_for_identity: 533: cpp_module_get_params_for_identity:533, failed, identity=0x20003
06-24 17:03:04.606  1173 21156 E mm-camera-img: module_faceproc_client_handle_ctrl_parm:5683] 3 calling module_faceproc_client_schedule_mode 0
06-24 17:03:04.606  1173 21156 E mm-camera-img: module_faceproc_client_handle_ctrl_parm:5633] 2 calling module_faceproc_client_schedule_mode 0
06-24 17:03:04.606  1173 21156 I mm-camera-sensor: module_sensor_set_parm_led_mode:229CAM_INTF_PARM_LED_MODE 0 is_capture 0
06-24 17:03:04.606  1173 21156 I mm-camera-sensor: module_sensor_set_parm_led_mode:305last flash request 0
06-24 17:03:04.606  1173 21156 I mm-camera-sensor: sensor_set_capture_intent:1968capture intent 2
06-24 17:03:04.606  1173 21156 E mm-camera-sensor: flash_process:483invalid event 151
06-24 17:03:04.606  1173 21156 I mm-camera-sensor: module_sensor_event_control_set_parm:5662CAM_INTF_PARM_OIS_MODES: 3
06-24 17:03:04.606  1173 21156 I mm-camera-sensor: ois_process:396[E]
06-24 17:03:04.606  1173 21156 I mm-camera-sensor: ois_process:406[OIS_SET_MODE][data :: 3]
06-24 17:03:04.606  1173 21156 I mm-camera-sensor: ois_set_mode:25[Enter]
06-24 17:03:04.606  1173 21156 I mm-camera-sensor: ois_set_mode:46[ois_set_mode][modes :: 3]
06-24 17:03:04.609  1173 21156 I mm-camera-sensor: module_sensor_event_control_set_parm:5738[stats_use][STATS] Set cc_stats [AEC=0],[PAF=0],[RECONSTRUCTION=0],[DRC=0]
06-24 17:03:04.610  1173 21156 I mm-camera-sensor: module_sensor_event_control_set_parm:5753[WDR_MODE]wdr_mode = 0
06-24 17:03:04.610  1173 21156 I mm-camera-CORE: companion_wdr_on_off:1046WDR enable = 0
06-24 17:03:04.610  1173 21156 I mm-camera-sensor: module_sensor_event_control_set_parm:5765[WDR_MODE]CAM_INTF_PARM_RTHDR_MODES: 0
06-24 17:03:04.610  1173 21156 I mm-camera-sensor: sensor_set_rt_hdr_mode:4046 HDR mode set = 0
06-24 17:03:04.611  1173 21159 E         : Camera[DBG] TsAec_set_ae_manual_mode: 732: TsAec_set_ae_manual_mode ae_manual_mode = 1
06-24 17:03:04.611  1173 21159 E         : Camera[DBG] TsAwb_set_params: 802: TsAwb->gAwbLock =0
06-24 17:03:04.611  1173 21159 E         : 
06-24 17:03:04.611  1173 21159 D mm-camera-CORE: [Exp_Table:Rear] Shooting mode = 0, ExpDiagram_command = 0, m_video_mode = 0
06-24 17:03:04.611  1173 21159 D mm-camera-CORE: TsAec_set_manual_ISO manual_iso=0, aec->is_manual=0 
06-24 17:03:04.613  1173 21156 I mm-camera-sensor: sensor_apply_exposure:1193s_gain=0x1000073, l_gain=0x1000073, s_linecount=2370,l_linecount=2370, fl_lines=3156
06-24 17:03:04.625  1173 21160 E mm-3a-external: [cgAF] Invalid Cal. Set Default AF Cal: PAN: 0x78, MAC: 0x1F4, OFFSET: 0x0
06-24 17:03:04.629   763   763 W Layer   : [SurfaceView - com.appname/com.appname.MainActivity@40fc623@0#0] Timestamp 949067681874240 seems implausible relative to expectedPresent 663612434539689
06-24 17:03:04.634  1394  2393 D InputReader: Input event(6): value=1 when=663612423250000
06-24 17:03:04.634  1394  2393 D InputReader: Input event(6): value=1 when=663612423250000
06-24 17:03:04.634  1394  2393 I InputReader: Touch event's action is 0x0 (deviceType=0) [pCnt=1, s=0.4467 ] when=663612423250000
06-24 17:03:04.634  1394  2392 I InputDispatcher: Delivering touch to (17748): action: 0x0, toolType: 1
06-24 17:03:04.635  1394  2392 D PowerManagerService: [api] userActivityFromNative : 1950 (event: 2 flags: 0) eventTime = 663612423
06-24 17:03:04.641 17748 17748 D ViewRootImpl@f74dda0[MainActivity]: ViewPostIme pointer 0
06-24 17:03:04.643  1173 21156 E         : Camera[DBG][IFACE ] iface_set_super_param: 2689: iface_set_super_param:2689 store q_idx 0
06-24 17:03:04.643  1173 21156 E mm-camera-img: module_faceproc_client_handle_ctrl_parm:5683] 3 calling module_faceproc_client_schedule_mode 0
06-24 17:03:04.643  1173 21156 E mm-camera-img: module_faceproc_client_handle_ctrl_parm:5633] 2 calling module_faceproc_client_schedule_mode 0
06-24 17:03:04.643  1173 21156 I mm-camera-sensor: module_sensor_set_parm_led_mode:229CAM_INTF_PARM_LED_MODE 0 is_capture 0
06-24 17:03:04.643  1173 21156 I mm-camera-sensor: module_sensor_set_parm_led_mode:305last flash request 0
06-24 17:03:04.643  1173 21156 I mm-camera-sensor: sensor_set_capture_intent:1968capture intent 1
06-24 17:03:04.643  1173 21156 E mm-camera-sensor: flash_process:483invalid event 151
06-24 17:03:04.644  1173 21156 I mm-camera-sensor: module_sensor_event_control_set_parm:5662CAM_INTF_PARM_OIS_MODES: 3
06-24 17:03:04.644  1173 21156 I mm-camera-sensor: ois_process:396[E]
06-24 17:03:04.644  1173 21156 I mm-camera-sensor: ois_process:406[OIS_SET_MODE][data :: 3]
06-24 17:03:04.644  1173 21156 I mm-camera-sensor: ois_set_mode:25[Enter]
06-24 17:03:04.644  1173 21156 I mm-camera-sensor: ois_set_mode:46[ois_set_mode][modes :: 3]
06-24 17:03:04.645  1173 21156 I mm-camera-sensor: module_sensor_event_control_set_parm:5738[stats_use][STATS] Set cc_stats [AEC=0],[PAF=0],[RECONSTRUCTION=0],[DRC=0]
06-24 17:03:04.645  1173 21156 I mm-camera-sensor: module_sensor_event_control_set_parm:5753[WDR_MODE]wdr_mode = 0
06-24 17:03:04.645  1173 21156 I mm-camera-CORE: companion_wdr_on_off:1046WDR enable = 0
06-24 17:03:04.645  1173 21156 I mm-camera-sensor: module_sensor_event_control_set_parm:5765[WDR_MODE]CAM_INTF_PARM_RTHDR_MODES: 0
06-24 17:03:04.645  1173 21156 I mm-camera-sensor: sensor_set_rt_hdr_mode:4046 HDR mode set = 0
06-24 17:03:04.648  1394  2867 D SensorService: Calling activate off 1
06-24 17:03:04.649   734  2320 I qti_sensors_hal: batch:sensor(android.sensor.accelerometer) handle:1 flags:0x0 period_ns 20000000
06-24 17:03:04.649   734  2320 I qti_sensors_hal: SMGRReportAdd:sensor(android.sensor.accelerometer) handle=1, sample_rate=50.000000 report_rate=983035 buffer=1
06-24 17:03:04.658 19589 21262 D SensorManager: unregisterListener ::   
06-24 17:03:04.658  1173 21160 E mm-3a-external: [cgAF] Invalid Cal. Set Default AF Cal: PAN: 0x78, MAC: 0x1F4, OFFSET: 0x0
06-24 17:03:04.659 17748 21295 I OggExtractor: OggSource::stop() mExtractor ref count = 2
06-24 17:03:04.660 17748 21295 I OggExtractor: ~OggSource --
06-24 17:03:04.660 17748 21295 I OggExtractor: ~OggExtractor ++
06-24 17:03:04.660 17748 21295 I OggExtractor: ~MyOggExtractor ++ 
06-24 17:03:04.660 17748 21295 I OggExtractor: ~MyOggExtractor --
06-24 17:03:04.660 17748 21295 I OggExtractor: ~OggExtractor --
06-24 17:03:04.663   763   763 W Layer   : [SurfaceView - com.appname/com.appname.MainActivity@40fc623@0#0] Timestamp 949067715200240 seems implausible relative to expectedPresent 663612468078821
06-24 17:03:04.664  1173 21159 E         : Camera[DBG] TsAec_set_ae_manual_mode: 732: TsAec_set_ae_manual_mode ae_manual_mode = 1
06-24 17:03:04.664  1173 21159 E         : Camera[DBG] TsAwb_set_params: 802: TsAwb->gAwbLock =0
06-24 17:03:04.664  1173 21159 E         : 
06-24 17:03:04.664  1173 21159 D mm-camera-CORE: [Exp_Table:Rear] Shooting mode = 0, ExpDiagram_command = 0, m_video_mode = 0
06-24 17:03:04.664  1173 21159 D mm-camera-CORE: TsAec_set_manual_ISO manual_iso=0, aec->is_manual=0 
06-24 17:03:04.664  1173 21159 I mm-camera-sensor: sensor_apply_exposure:1193s_gain=0x1000073, l_gain=0x1000073, s_linecount=2370,l_linecount=2370, fl_lines=3156
06-24 17:03:04.665  1028  5309 V APM_AudioPolicyManager: getOutput() device 2, stream 7, samplingRate 0, format 0, channelMask 3, flags 0
06-24 17:03:04.665  1028  5309 V APM_AudioPolicyManager: selectOutput() commonFlags for output 13, 0000
06-24 17:03:04.665  1028  5309 V APM_AudioPolicyManager: selectOutput() commonFlags for output 21, 0000
06-24 17:03:04.665  1028  5309 V APM_AudioPolicyManager: selectOutput() commonFlags for output 29, 0000
06-24 17:03:04.666  1028  5309 V APM_AudioPolicyManager:   getOutputForDevice() returns output 13
06-24 17:03:04.666  1028  5309 V APM_AudioPolicyManager: getOutput() device 2, stream 7, samplingRate 0, format 0, channelMask 3, flags 0
06-24 17:03:04.666  1028  5309 V APM_AudioPolicyManager: selectOutput() commonFlags for output 13, 0000
06-24 17:03:04.666  1028  5309 V APM_AudioPolicyManager: selectOutput() commonFlags for output 21, 0000
06-24 17:03:04.666  1028  5309 V APM_AudioPolicyManager: selectOutput() commonFlags for output 29, 0000
06-24 17:03:04.667  1028  5309 V APM_AudioPolicyManager:   getOutputForDevice() returns output 13
06-24 17:03:04.667  1028  2139 V APM_AudioPolicyManager: getOutputForAttr() usage=13, content=4, tag= flags=00000001 session 7729 selectedDeviceId 0
06-24 17:03:04.667  1028  2139 V APM_AudioPolicyManager: getOutputForAttr() device 0x2, samplingRate 48000, format 1, channelMask 3, flags 100000
06-24 17:03:04.667  1028  2139 V APM_AudioPolicyManager: selectOutput() commonFlags for output 13, 0000
06-24 17:03:04.667  1028  2139 V APM_AudioPolicyManager: selectOutput() commonFlags for output 21, 0000
06-24 17:03:04.668  1028  2139 V APM_AudioPolicyManager: selectOutput() commonFlags for output 29, 0000
06-24 17:03:04.668  1028  2139 V APM_AudioPolicyManager:   getOutputForDevice() returns output 13
06-24 17:03:04.678  1028 13667 W AudioPolicyIntefaceImpl: Skipped to add effects on session 7729
06-24 17:03:04.678  1028 13667 V APM_AudioPolicyManager: startOutput() output 13, stream 7, session 7729
06-24 17:03:04.678  1028 13667 V APM_AudioPolicyManager: setBeaconMute(1) mBeaconMuteRefCount=1 mBeaconPlayingRefCount=0
06-24 17:03:04.678  1028 13667 V APM_AudioPolicyManager: getNewOutputDevice() selected device 2
06-24 17:03:04.678  1028 13667 V APM_AudioPolicyManager: setOutputDevice() device 0002 delayMs 0
06-24 17:03:04.678  1028 13667 V APM_AudioPolicyManager: setOutputDevice() prevDevice 0x0002
06-24 17:03:04.678  1028 13667 V APM_AudioPolicyManager: setOutputDevice() setting same device 0x0002 or null device
06-24 17:03:04.678  1028 13667 V APM_AudioPolicyManager: computeVolume : camera shutter sound volume 1.000000
06-24 17:03:04.678  1028 13667 I AudioFlinger: updateStageIndex prev 0, new -1303
06-24 17:03:04.691  1173 21160 E mm-3a-external: [cgAF] Invalid Cal. Set Default AF Cal: PAN: 0x78, MAC: 0x1F4, OFFSET: 0x0
06-24 17:03:04.696   763   763 W Layer   : [SurfaceView - com.appname/com.appname.MainActivity@40fc623@0#0] Timestamp 949067748539240 seems implausible relative to expectedPresent 663612501617953
06-24 17:03:04.707  1173 21156 E         : Camera[DBG][MCT   ] mct_stream_fill_metadata_v3: 2609: mct_stream_fill_metadata_v3:2609 Unsupported message type 86
06-24 17:03:04.715  1173 21155 E         : Camera[DBG] pproc_module_handle_reprocess_offline: 2167: pproc_module_handle_reprocess_offline2167: No flip value in metadata! Use default!!!
06-24 17:03:04.715  1173 21155 E         : Camera[DBG] pproc_module_handle_reprocess_offline: 2177: pproc_module_handle_reprocess_offline2177: No tnr value in metadata! Use default!!!
06-24 17:03:04.715  1173 21155 E         : Camera[DBG] pproc_module_send_set_param_event: 1196: pproc_module_send_set_param_event:1196] rotation:1, strmId:5
06-24 17:03:04.715  1173 21151 E         : Camera[DBG][CPP   ] cpp_module_util_post_crop_info: 1156: meta_data container is NULL
06-24 17:03:04.716  1173 21151 E         : Camera[DBG] cpp_module_enq_event: 751: cpp_module_enq_event:751, partial_frame_queue size = 1
06-24 17:03:04.716  1173 21151 E         : Camera[DBG] cpp_module_enq_event: 751: cpp_module_enq_event:751, partial_frame_queue size = 2
06-24 17:03:04.716  1173 21151 E         : Camera[DBG] cpp_module_enq_event: 751: cpp_module_enq_event:751, partial_frame_queue size = 3
06-24 17:03:04.716  1173 21151 E         : Camera[DBG] cpp_module_enq_event: 751: cpp_module_enq_event:751, partial_frame_queue size = 4
06-24 17:03:04.727  1173 21160 E mm-3a-external: [cgAF] Invalid Cal. Set Default AF Cal: PAN: 0x78, MAC: 0x1F4, OFFSET: 0x0
06-24 17:03:04.741  1173 21156 E         : Camera[DBG][MCT   ] mct_stream_fill_metadata_v3: 2609: mct_stream_fill_metadata_v3:2609 Unsupported message type 86
06-24 17:03:04.747  1394  1394 D TelephonyManager: getCellLocation : Caller (PID / UID / TID): 1394 / 1000 / 1394
06-24 17:03:04.748  2724  2989 D NetworkController.MobileSignalController(0/1): onSignalStrengthsChanged signalStrength=SignalStrength: 99 99 -93 -180 -120 -1 -1 19 -112 -19 -83 2147483647 0 2147483647 0x1010 P gsm|lte level=1
06-24 17:03:04.751  1394  2393 D InputReader: Input event(6): value=0 when=663612540238000
06-24 17:03:04.751  1394  2393 D InputReader: Input event(6): value=0 when=663612540238000
06-24 17:03:04.751  1394  2393 I InputReader: Touch event's action is 0x1 (deviceType=0) [pCnt=1, s=] when=663612540238000
06-24 17:03:04.751  1394  2392 I InputDispatcher: Delivering touch to (17748): action: 0x1, toolType: 1
06-24 17:03:04.753 17748 17748 D ViewRootImpl@f74dda0[MainActivity]: ViewPostIme pointer 1
06-24 17:03:04.753  1029 21167 D mm-jpeg-intf: mm_jpeg_destroy_session:2890] abort todo jobs
06-24 17:03:04.753  1029 21167 D mm-jpeg-intf: mm_jpeg_destroy_session:2898] abort ongoing jobs
06-24 17:03:04.763   763   763 W Layer   : [SurfaceView - com.appname/com.appname.MainActivity@40fc623@0#0] Timestamp 949067781856240 seems implausible relative to expectedPresent 663612568696217
06-24 17:03:04.765  1173 21160 E mm-3a-external: [cgAF] Invalid Cal. Set Default AF Cal: PAN: 0x78, MAC: 0x1F4, OFFSET: 0x0
06-24 17:03:04.768  3047  3340 D EPDG -- SIM0 [SMARTWIFI]: onSignalStrengthsChanged: Received signal strength change, phone type is: 2
06-24 17:03:04.768  3047  5313 D EPDG -- SIM0 [MODEM]: message length is  9
06-24 17:03:04.768  3047  5313 D EPDG -- SIM0 [MODEM]: countRead is 7 offset is 7remaining is 0
06-24 17:03:04.768  3047  5313 D EPDG -- EpdgIpcMessageFactory: ipcMainCmd: 8
06-24 17:03:04.768  3047  5313 D EPDG -- SIM0 [RILRECEIVER]: [Rx]: Main: IPC_NET_CMD Sub: IPC_NET_REGIST
06-24 17:03:04.768  3047  5316 D EPDG -- SIM0 [SMARTWIFI]: lastLteRSRP is -112currentLteRSRP is -112
06-24 17:03:04.768  3047  5313 D EPDG -- SIM0 [RILRECEIVER]: [Rx]: Param: FF 03 
06-24 17:03:04.768  3047  5316 D EPDG -- SIM0 [SMARTWIFI]: lastLteRSRQ is -19currentLteRSRQ is -19
06-24 17:03:04.768  3047  5313 I EPDG -- SIM0 [RILRECEIVER]: RX [NET_REGIST] -- RESPONSE -- EPDG NOT AVAILABLE
06-24 17:03:04.768  3047  5316 D EPDG -- SIM0 [SMARTWIFI]: lastCdmaDb is -18currentCdmaDb is -18
06-24 17:03:04.768  3047  5313 D EPDG -- [NETIPCMESSAGE]: encodeNetRegist
06-24 17:03:04.768  3047  5316 V EPDG -- SIM0 [SMARTWIFI]: Radio oldest entry removed
06-24 17:03:04.768  3047  5316 V EPDG -- SIM0 [SMARTWIFI]: New entry : (SignalStrength: 99 99 -93 -180 -120 -1 -1 19 -112 -19 -83 2147483647 0 2147483647 0x1010 P gsm|lte : 0 )
06-24 17:03:04.768  3047  5316 V EPDG -- SIM0 [SMARTWIFI]: Radio entry added
06-24 17:03:04.768  3047  5313 D EPDG -- SIM0 [IPCDISPATCHER]: [Tx]: Main: IPC_NET_CMD Sub: IPC_NET_REGIST Cmd Type: IPC_CMD_RESP
06-24 17:03:04.768  3047  5313 D EPDG -- SIM0 [IPCDISPATCHER]: [Tx]: Param: 30 03 01 00 00 00 00 00 00 00 00 00 00 
06-24 17:03:04.769  3047  5314 D EPDG -- SIM0 [MODEM]: Successfully written to RIL
06-24 17:03:04.770  3047  3340 D EPDG -- SIM0 [EpdgSubScription]: Event received: RIL_EPDG_STATUS_QUERY
06-24 17:03:04.770  3047  3340 D EPDG -- SIM0 [EpdgSubScription]: handleMessage: cid - 1
06-24 17:03:04.786  3047  5313 D EPDG -- SIM0 [MODEM]: message length is  9
06-24 17:03:04.786  3047  5313 D EPDG -- SIM0 [MODEM]: countRead is 7 offset is 7remaining is 0
06-24 17:03:04.786  3047  5313 D EPDG -- EpdgIpcMessageFactory: ipcMainCmd: 8
06-24 17:03:04.786  3047  5313 D EPDG -- SIM0 [RILRECEIVER]: [Rx]: Main: IPC_NET_CMD Sub: IPC_NET_REGIST
06-24 17:03:04.786  3047  5313 D EPDG -- SIM0 [RILRECEIVER]: [Rx]: Param: FF 03 
06-24 17:03:04.786  3047  5313 I EPDG -- SIM0 [RILRECEIVER]: RX [NET_REGIST] -- RESPONSE -- EPDG NOT AVAILABLE
06-24 17:03:04.786  3047  5313 D EPDG -- [NETIPCMESSAGE]: encodeNetRegist
06-24 17:03:04.787  3047  5313 D EPDG -- SIM0 [IPCDISPATCHER]: [Tx]: Main: IPC_NET_CMD Sub: IPC_NET_REGIST Cmd Type: IPC_CMD_RESP
06-24 17:03:04.787  3047  5313 D EPDG -- SIM0 [IPCDISPATCHER]: [Tx]: Param: 30 03 01 00 00 00 00 00 00 00 00 00 00 
06-24 17:03:04.787  3047  5314 D EPDG -- SIM0 [MODEM]: Successfully written to RIL
06-24 17:03:04.788  3047  3340 D EPDG -- SIM0 [EpdgSubScription]: Event received: RIL_EPDG_STATUS_QUERY
06-24 17:03:04.788  3047  3340 D EPDG -- SIM0 [EpdgSubScription]: handleMessage: cid - 1
06-24 17:03:04.793  2724  2989 D NetworkController.MobileSignalController(0/1): getMobileIconGroup(): 13
06-24 17:03:04.793  2724  2989 D NetworkController.MobileSignalController(0/1): updateVZWMobileIconGroup(): 13
06-24 17:03:04.794  1173 21160 E mm-3a-external: [cgAF] Invalid Cal. Set Default AF Cal: PAN: 0x78, MAC: 0x1F4, OFFSET: 0x0
06-24 17:03:04.803  1394  1394 D TelephonyManager: getCellLocation : Caller (PID / UID / TID): 1394 / 1000 / 1394
06-24 17:03:04.813  1394  1394 D TelephonyManager: getCellLocation : Caller (PID / UID / TID): 1394 / 1000 / 1394
06-24 17:03:04.814   763   763 W Layer   : [SurfaceView - com.appname/com.appname.MainActivity@40fc623@0#0] Timestamp 949067848506240 seems implausible relative to expectedPresent 663612619004915
06-24 17:03:04.815  1394  2932 D SLocation: onCellLocationChanged 1 / 0
06-24 17:03:04.823  1394  1644 D NetworkManagement: sendMdcCmd: cell
06-24 17:03:04.824  1394  2932 D TelephonyManager: getAllCellInfo : Caller (PID / UID / TID): 1394 / 1000 / 2932
06-24 17:03:04.824  1146  1465 D CommandListener: Mdc Run command
06-24 17:03:04.824  1146  1465 D ResolverController: getDnsResultInfo: dns request : 763
06-24 17:03:04.825  1394  1644 D MDC     : cell response : 0
06-24 17:03:04.828  1394  1644 D MDC     : operator = [311480]
06-24 17:03:04.828  1394  1644 D TelephonyManager: getCellLocation : Caller (PID / UID / TID): 1394 / 1000 / 1644
06-24 17:03:04.830  1394  2932 D SLocation: cellList : 3
06-24 17:03:04.836  1173 21160 E mm-3a-external: [cgAF] Invalid Cal. Set Default AF Cal: PAN: 0x78, MAC: 0x1F4, OFFSET: 0x0
06-24 17:03:04.837  1394  2932 W SLocation: handleEvent ENTER : currentDirection 1
06-24 17:03:04.840  3020  3285 D PdnController<0>: onCellLocationChanged:
06-24 17:03:04.843  3020  3285 D VolteServiceModule: onCellLocationChanged, phoneId: 0
06-24 17:03:04.843  3020  3285 D RegiMgrBase: handleMessage: CELL_LOCATION_CHANGED
06-24 17:03:04.843  3020  3285 D RegiMgrBase<0>: updatePani:
06-24 17:03:04.843  3020  3285 D ImsUtil : getSubId:
06-24 17:03:04.845  3020  3285 D PaniGenerator<0>: generate: subId - 1
06-24 17:03:04.845  1394  4786 D TelephonyManager: getCellLocation : Caller (PID / UID / TID): 1394 / 1000 / 4786
06-24 17:03:04.847   763   763 W Layer   : [SurfaceView - com.appname/com.appname.MainActivity@40fc623@0#0] Timestamp 949067881845240 seems implausible relative to expectedPresent 663612652544047
06-24 17:03:04.852  1394  1644 D TelephonyManager: getCellLocation : Caller (PID / UID / TID): 1394 / 1000 / 1644
06-24 17:03:04.854  3020  3285 D PdnController<0>: getNetworkState:
06-24 17:03:04.854  3020  3285 D ImsUtil : getSubId:
06-24 17:03:04.859  1173 21160 E mm-3a-external: [cgAF] Invalid Cal. Set Default AF Cal: PAN: 0x78, MAC: 0x1F4, OFFSET: 0x0
06-24 17:03:04.860  3020  3285 D PaniGenerator<0>: generate: network=13, fallbackPlmn=311480, subId=1
06-24 17:03:04.860  3020  3285 D ImsUtil : getSubId:
06-24 17:03:04.867  3020  3285 D PaniGenerator<0>: getPsPlmn: subId = 1
06-24 17:03:04.880  1394  1644 D TelephonyManager: getCellLocation : Caller (PID / UID / TID): 1394 / 1000 / 1644
06-24 17:03:04.881   763   763 W Layer   : [SurfaceView - com.appname/com.appname.MainActivity@40fc623@0#0] Timestamp 949067915165240 seems implausible relative to expectedPresent 663612686083179
06-24 17:03:04.886  1029 21167 D mm-still: releaseCodecLibs:1692] X
06-24 17:03:04.889  1029 21167 V qomx_image_core: OMX_FreeHandle:335] 
06-24 17:03:04.889  1029 21167 D qomx_image_core: get_idx_from_handle:294] comp_idx 2 inst_idx 0
06-24 17:03:04.892  1173 21160 E mm-3a-external: [cgAF] Invalid Cal. Set Default AF Cal: PAN: 0x78, MAC: 0x1F4, OFFSET: 0x0
06-24 17:03:04.895  1029 21167 V qomx_image_core: OMX_FreeHandle:370] Success
06-24 17:03:04.895  1029 21167 D mm-jpeg-intf: mm_jpeg_session_destroy:399] Session destroy successful. X
06-24 17:03:04.895  1029 21167 D mm-jpeg-intf: mm_jpeg_destroy_session:2943] destroy session successful. X
06-24 17:03:04.896  1394  1644 D ConnectivityService: filterNetworkStateForUid() uid: 1000 networkInfo: [type: WIFI[] - WIFI, state: CONNECTED/CONNECTED, reason: (unspecified), extra: "BananaPancake", failover: false, available: true, roaming: false, metered: false]
06-24 17:03:04.897  3020  3285 D PaniGenerator: getDataPlmn returns 311480
06-24 17:03:04.897  3020  3285 D PaniGenerator: generate: change to NW PLMN(311480)
06-24 17:03:04.897  3020  3285 D ImsUtil : getSubId:
06-24 17:03:04.898   763   763 W Layer   : [SurfaceView - com.appname/com.appname.MainActivity@40fc623@0#0] Timestamp 949067948483240 seems implausible relative to expectedPresent 663612702852745
06-24 17:03:04.896  1394  1644 D ConnectivityService: filterNetworkStateForUid() uid: 1000 networkInfo: [type: WIFI[] - WIFI, state: CONNECTED/CONNECTED, reason: (unspecified), extra: "BananaPancake", failover: false, available: true, roaming: false, metered: false]
06-24 17:03:04.898  1394  1644 I MDC     : def netId 763
06-24 17:03:04.903  1394 10129 D SamsungAlarmManager: setExact Intent (T:2/F:1/AC:false) 20200624T170304 - CU:10024/CP:19589
06-24 17:03:04.910  1394  2393 D InputReader: Input event(6): value=1 when=663612699555000
06-24 17:03:04.910  1394  2393 D InputReader: Input event(6): value=1 when=663612699555000
06-24 17:03:04.910  1394  2393 I InputReader: Touch event's action is 0x0 (deviceType=0) [pCnt=1, s=0.4468 ] when=663612699555000
06-24 17:03:04.910  1394  2392 I InputDispatcher: Delivering touch to (17748): action: 0x0, toolType: 1
06-24 17:03:04.911  1394  6975 D CustomFrequencyManagerService: acquireDVFSLockLocked : type : DVFS_MIN_LIMIT  frequency : 883200  uid : 1000  pid : 1394  pkgName : GESTURE_DETECTED@CPU_MIN@78
06-24 17:03:04.912  3020  3285 D ImsUtil : getSubId:
06-24 17:03:04.914  2724  2989 D NetworkController.MobileSignalController(0/1): callState:0, callStateByPhone:false voLTECall:false voiceNetTpe:7 dataNetType:13, ine911:false, emergencyCallbackMode:false
06-24 17:03:04.925 17748 17748 D ViewRootImpl@f74dda0[MainActivity]: ViewPostIme pointer 0
06-24 17:03:04.925  1173 21160 E mm-3a-external: [cgAF] Invalid Cal. Set Default AF Cal: PAN: 0x78, MAC: 0x1F4, OFFSET: 0x0
06-24 17:03:04.931   763   763 W Layer   : [SurfaceView - com.appname/com.appname.MainActivity@40fc623@0#0] Timestamp 949067981817240 seems implausible relative to expectedPresent 663612736391877
06-24 17:03:04.932  3020  3285 D RegiMgrBase<0>: notifyNetworkEvent:
06-24 17:03:04.932  3020  3285 D RegiMgrBase<0>: buildNetworkEvent:
06-24 17:03:04.932  3020  3285 D PdnController<0>: getNetworkState:
06-24 17:03:04.932  3020  3285 I chatty  : uid=1000(system) ImsServiceStub identical 7 lines
06-24 17:03:04.932  3020  3285 D PdnController<0>: getNetworkState:
06-24 17:03:04.933  3020  3285 D RegiMgrBase: handleMessage: PLANI_IN_TIME_CHANGED
06-24 17:03:04.933  3020  3285 D ImsUtil : getSubId:
06-24 17:03:04.936  1029 21167 I qomx_image_core: OMX_GetHandle:240] get instance pts is 0xebdaf200
06-24 17:03:04.940  3020  3285 D ImsUtil : getSlotId:
06-24 17:03:04.940  3020  3285 D SimManager: getTelephonyProperty: value [311480]
06-24 17:03:04.946  2724  2989 D NetworkController.MobileSignalController(0/1): onCellLocationChanged
06-24 17:03:04.948  1029 21167 D qomx_image_core: OMX_GetHandle:258] handle = 0xebdaf204 Instanceindex = 0,comp_idx 2 g_ptr 0xe9458f00
06-24 17:03:04.948  1029 21167 I qomx_image_core: OMX_GetHandle:264] Success
06-24 17:03:04.948  1029 21167 D mm-jpeg-intf: mm_jpeg_session_config_main:1270] config port
06-24 17:03:04.948  1029 21167 D mm-jpeg-intf: mm_jpeg_session_config_main_buffer_offset:449] yOffset = 0, cbcrOffset = (0 0), totalSize = 18292736,cbcrStartOffset = (12192768 6096384)
06-24 17:03:04.948   763   763 W Layer   : [SurfaceView - com.appname/com.appname.MainActivity@40fc623@0#0] Timestamp 949068015166240 seems implausible relative to expectedPresent 663612753161443
06-24 17:03:04.948  1029 21167 E mm-jpeg-intf: mm_jpeg_meta_enc_key:766] Key is invalid
06-24 17:03:04.948  1029 21167 D mm-jpeg-intf: mm_jpeg_mem_ops:679] HAL get_mem handler undefined
06-24 17:03:04.948  1029 21167 D mm-jpeg-intf: mm_jpeg_speed_mode:552] speed 1
06-24 17:03:04.948  1029 21167 D mm-still: configureEncodedata:183] size 4032x3024 pad 4032x3024 out 4032x3024 subsampling 0 format 0
06-24 17:03:04.951  1028 21254 W libutils.threads: Thread (this=0xe6e34730): don't call waitForExit() from this Thread object's thread. It's a guaranteed deadlock!
06-24 17:03:04.958  1173 21160 E mm-3a-external: [cgAF] Invalid Cal. Set Default AF Cal: PAN: 0x78, MAC: 0x1F4, OFFSET: 0x0
06-24 17:03:04.968  1029 21167 D mm-jpeg-intf: mm_jpeg_create_session:2763] session id 1000000
06-24 17:03:04.969  1029 21167 D mm-jpeg-intf: mm_jpeg_start_job:2395] session_idx 0 client idx 0
06-24 17:03:04.969  1029 21167 D mm-jpeg-intf: mm_jpeg_start_job:2426] >>>> Work bufs need 1, 1
06-24 17:03:04.969  1029 21167 D mm-jpeg-intf: mm_jpeg_alloc_workbuffer, 2100] work_bufs_need 1 work_buf_cnt 1
06-24 17:03:04.969  1029 21167 D mm-jpeg-intf: mm_jpeg_alloc_workbuffer, 2117] rc 0 
06-24 17:03:04.969  1029 21167 D mm-jpeg-intf: mm_jpeg_start_job:2485] job_id 16973824 X
06-24 17:03:04.969  1029 21168 D mm-jpeg-intf: process_sensor_data: Flash value 0 flash mode 0 flash state 2
06-24 17:03:04.969  1029 21168 D mm-jpeg-intf: mm_jpeg_session_config_main_crop:1237] OMX_IndexConfigCommonInputCrop w = 0, h = 0, l = 0, t = 0, port_idx = 0
06-24 17:03:04.969  1029 21168 D mm-jpeg-intf: mm_jpeg_session_config_thumbnail:1032] encode_thumbnail 0
06-24 17:03:04.969  1029 21168 E mm-jpeg-intf: mm_jpeg_configure_job_params:1585] Work buffer info 213 0xcab2a000 WorkBufSize: 18579456 invalidate
06-24 17:03:04.972  1173 21159 D mm-camera-CORE: TSAec_process works: stats' frame_id=259, 0, 0
06-24 17:03:04.976  1029 21168 D mm-jpeg-intf: mm_jpeg_process_encoding_job:1911] Success X 
06-24 17:03:04.978  1029 21302 D mm-still: configureEncodedata:183] size 4032x3024 pad 4032x3024 out 4032x3024 subsampling 0 format 0
06-24 17:03:04.978  1029 21302 D mm-still: writeExifData:417] Image type 0 mobicat_mask 0
06-24 17:03:04.978  1029 21302 E mm-still: EmitApp5:1661] , 0
06-24 17:03:04.978  1029 21302 E mm-still: EmitApp5:1675] App5 write successful
06-24 17:03:04.978  1029 21302 E mm-still: startEncode:641] Start Encode 1
06-24 17:03:04.978  1029 21302 E jpeg_hw : jpege_lib_hw_fe_buffer_cfg:296] w 4032 h 3024 stride 4032 scanline 3024
06-24 17:03:04.979  1029 21302 D mm-still: ConfigureOutputBuffer:553] Received output image fd 213 addr 0xcab2a000 WorkBufSize 18579456 
06-24 17:03:04.980  1029 21302 W libc    : invalid pthread_t (0) passed to libc
06-24 17:03:04.986  1146  1458 D DnsProxyListener: DNSDBG::dns addrinfo af 0
06-24 17:03:04.998   763   763 W Layer   : [SurfaceView - com.appname/com.appname.MainActivity@40fc623@0#0] Timestamp 949068048472240 seems implausible relative to expectedPresent 663612803470141
06-24 17:03:05.000  1173 21160 E mm-3a-external: [cgAF] Invalid Cal. Set Default AF Cal: PAN: 0x78, MAC: 0x1F4, OFFSET: 0x0
06-24 17:03:05.002  1394  2393 D InputReader: Input event(6): value=0 when=663612791437000
06-24 17:03:05.002  1394  2393 D InputReader: Input event(6): value=0 when=663612791437000
06-24 17:03:05.002  1394  2393 I InputReader: Touch event's action is 0x1 (deviceType=0) [pCnt=1, s=] when=663612791437000
06-24 17:03:05.003  1394  2392 I InputDispatcher: Delivering touch to (17748): action: 0x1, toolType: 1
06-24 17:03:05.008 17748 17748 D ViewRootImpl@f74dda0[MainActivity]: ViewPostIme pointer 1
06-24 17:03:05.014  1029 21303 D mm-still: EncodeComplete:938] MainImage Encoding complete. Filled Length = 2553517 m_thumbEncodingComplete 0 mSeqNo 1
06-24 17:03:05.022  1029 21303 D mm-still: ReleaseMainImage:794] Encoded image length 2554894
06-24 17:03:05.023  1029 21302 D mm-jpeg-intf: mm_jpeg_ebd:3083] count 0 
06-24 17:03:05.023  1029 21302 D mm-jpeg-intf: mm_jpeg_fbd:3097] count 0 
06-24 17:03:05.023  1029 21302 D mm-jpeg-intf: [KPI Perf] : PROFILE_JPEG_FBD
06-24 17:03:05.023  1029 21302 D mm-jpeg-intf: mm_jpeg_fbd:3127] send jpeg callback 0 buf 0x0xc99b8000 len 2554894 JobID 16973824
06-24 17:03:05.025  1173 21160 E mm-3a-external: [cgAF] Invalid Cal. Set Default AF Cal: PAN: 0x78, MAC: 0x1F4, OFFSET: 0x0
06-24 17:03:05.025  1029 21302 D Camera3-Status: markComponent: Component 2 is now idle
06-24 17:03:05.032   763   763 W Layer   : [SurfaceView - com.appname/com.appname.MainActivity@40fc623@0#0] Timestamp 949068081807240 seems implausible relative to expectedPresent 663612837009273
06-24 17:03:05.034 17748 17748 W ExifInterface: Skip the tag entry since tag number is not defined: 2
06-24 17:03:05.034 17748 17748 W ExifInterface: Stop reading file since a wrong offset may cause an infinite loop: 0
06-24 17:03:05.034 17748 17748 I chatty  : uid=10336(u0_a336) com.appname identical 1 line
06-24 17:03:05.034 17748 17748 W ExifInterface: Stop reading file since a wrong offset may cause an infinite loop: 0
06-24 17:03:05.046  1029 21302 D mm-jpeg-intf: mm_jpegenc_destroy_job:2802] Exif entry count 15 15
06-24 17:03:05.051  1029 21302 D mm-jpeg-intf: mm_jpeg_queue_remove_job_by_job_id:3297] found matching job id
06-24 17:03:05.058  1173 21160 E mm-3a-external: [cgAF] Invalid Cal. Set Default AF Cal: PAN: 0x78, MAC: 0x1F4, OFFSET: 0x0
06-24 17:03:05.065   763   763 W Layer   : [SurfaceView - com.appname/com.appname.MainActivity@40fc623@0#0] Timestamp 949068115127240 seems implausible relative to expectedPresent 663612870548405
06-24 17:03:05.082   763   763 W Layer   : [SurfaceView - com.appname/com.appname.MainActivity@40fc623@0#0] Timestamp 949068148461240 seems implausible relative to expectedPresent 663612887317971
06-24 17:03:05.087 17748 18136 W ExifInterface: Skip the tag entry since tag number is not defined: 2
06-24 17:03:05.087 17748 18136 W ExifInterface: Stop reading file since a wrong offset may cause an infinite loop: 0
06-24 17:03:05.087 17748 18136 I chatty  : uid=10336(u0_a336) CameraX-camerax identical 1 line
06-24 17:03:05.087 17748 18136 W ExifInterface: Stop reading file since a wrong offset may cause an infinite loop: 0
06-24 17:03:05.091  1173 21160 E mm-3a-external: [cgAF] Invalid Cal. Set Default AF Cal: PAN: 0x78, MAC: 0x1F4, OFFSET: 0x0
06-24 17:03:05.107 17748 18136 W ExifInterface: Skip the tag entry since tag number is not defined: 2
06-24 17:03:05.107 17748 18136 W ExifInterface: Stop reading file since a wrong offset may cause an infinite loop: 0
06-24 17:03:05.107 17748 18136 I chatty  : uid=10336(u0_a336) CameraX-camerax identical 1 line
06-24 17:03:05.108 17748 18136 W ExifInterface: Stop reading file since a wrong offset may cause an infinite loop: 0
06-24 17:03:05.112  1394  2393 D InputReader: Input event(6): value=1 when=663612901071000
06-24 17:03:05.112  1394  2393 D InputReader: Input event(6): value=1 when=663612901071000
06-24 17:03:05.112  1394  2393 I InputReader: Touch event's action is 0x0 (deviceType=0) [pCnt=1, s=0.4469 ] when=663612901071000
06-24 17:03:05.112  1394  2392 I InputDispatcher: Delivering touch to (17748): action: 0x0, toolType: 1
06-24 17:03:05.125  1173 21160 E mm-3a-external: [cgAF] Invalid Cal. Set Default AF Cal: PAN: 0x78, MAC: 0x1F4, OFFSET: 0x0
06-24 17:03:05.129 17748 17748 D ViewRootImpl@f74dda0[MainActivity]: ViewPostIme pointer 0
06-24 17:03:05.132   763   763 W Layer   : [SurfaceView - com.appname/com.appname.MainActivity@40fc623@0#0] Timestamp 949068181781240 seems implausible relative to expectedPresent 663612937626669
06-24 17:03:05.157  1394  2867 D ConnectivityService: filterNetworkStateForUid() uid: 10081 networkInfo: [type: WIFI[] - WIFI, state: CONNECTED/CONNECTED, reason: (unspecified), extra: "BananaPancake", failover: false, available: true, roaming: false, metered: false]
06-24 17:03:05.161  1173 21160 E mm-3a-external: [cgAF] Invalid Cal. Set Default AF Cal: PAN: 0x78, MAC: 0x1F4, OFFSET: 0x0
06-24 17:03:05.166   763   763 W Layer   : [SurfaceView - com.appname/com.appname.MainActivity@40fc623@0#0] Timestamp 949068215111240 seems implausible relative to expectedPresent 663612971165801
06-24 17:03:05.191  1173 21160 E mm-3a-external: [cgAF] Invalid Cal. Set Default AF Cal: PAN: 0x78, MAC: 0x1F4, OFFSET: 0x0
06-24 17:03:05.199   763   763 W Layer   : [SurfaceView - com.appname/com.appname.MainActivity@40fc623@0#0] Timestamp 949068248439240 seems implausible relative to expectedPresent 663613004704933
06-24 17:03:05.216   763   763 W Layer   : [SurfaceView - com.appname/com.appname.MainActivity@40fc623@0#0] Timestamp 949068281764240 seems implausible relative to expectedPresent 663613021474499
06-24 17:03:05.220  1394  2393 D InputReader: Input event(6): value=0 when=663613009517000
06-24 17:03:05.220  1394  2393 D InputReader: Input event(6): value=0 when=663613009517000
06-24 17:03:05.220  1394  2393 I InputReader: Touch event's action is 0x1 (deviceType=0) [pCnt=1, s=] when=663613009517000
06-24 17:03:05.220  1394  2392 I InputDispatcher: Delivering touch to (17748): action: 0x1, toolType: 1
06-24 17:03:05.224  1173 21160 E mm-3a-external: [cgAF] Invalid Cal. Set Default AF Cal: PAN: 0x78, MAC: 0x1F4, OFFSET: 0x0
06-24 17:03:05.228  1028  2058 I SoundBoosterEffectPlus: SB_reset SoundBooster sessionId(-1303)
06-24 17:03:05.228  1028  2058 I SoundBooster7: BuffClear()
06-24 17:03:05.234 17748 17748 D ViewRootImpl@f74dda0[MainActivity]: ViewPostIme pointer 1
06-24 17:03:05.240  1028  1363 V APM_AudioPolicyManager: stopOutput() output 13, stream 7, session 7729
