06-24 17:02:55.815 17748 18064 D UseCaseAttachState: Active and attached use case: [androidx.camera.core.ImageCapture-001d25bc-b88f-460e-9419-697a7d8079c5] for camera: 0
06-24 17:02:55.816 17748 18064 I chatty  : uid=10336(u0_a336) CameraX-core_ca identical 1 line
06-24 17:02:55.817 17748 18064 D UseCaseAttachState: Active and attached use case: [androidx.camera.core.ImageCapture-001d25bc-b88f-460e-9419-697a7d8079c5] for camera: 0
06-24 17:02:55.821 17748 18064 D UseCaseAttachState: Active and attached use case: [androidx.camera.core.ImageCapture-001d25bc-b88f-460e-9419-697a7d8079c5, androidx.camera.core.Preview-eedde991-5d98-43b3-b0e3-2eda0560e774] for camera: 0
06-24 17:02:55.822  2724  2724 D StatusBar: addNotification key=0|com.appname|9942585|null|10336 fullscreen:false
06-24 17:02:55.826  1173 21142 I mm-camera-sensor: sensor_set_retention_off:3009Sensor retention OFF for s5k2l1sx 
06-24 17:02:55.826  1173 21142 I mm-camera-sensor: 
06-24 17:02:55.828 17748 18064 D UseCaseAttachState: Active and attached use case: [androidx.camera.core.ImageCapture-001d25bc-b88f-460e-9419-697a7d8079c5, androidx.camera.core.Preview-eedde991-5d98-43b3-b0e3-2eda0560e774] for camera: 0
06-24 17:02:55.831 17748 18064 D UseCaseAttachState: All use case: [androidx.camera.core.ImageCapture-001d25bc-b88f-460e-9419-697a7d8079c5, androidx.camera.core.Preview-eedde991-5d98-43b3-b0e3-2eda0560e774] for camera: 0
06-24 17:02:55.834 17748 18064 D UseCaseAttachState: Active and attached use case: [androidx.camera.core.ImageCapture-001d25bc-b88f-460e-9419-697a7d8079c5, androidx.camera.core.Preview-eedde991-5d98-43b3-b0e3-2eda0560e774] for camera: 0
06-24 17:02:55.836 17748 18064 D UseCaseAttachState: Active and attached use case: [androidx.camera.core.ImageCapture-001d25bc-b88f-460e-9419-697a7d8079c5, androidx.camera.core.Preview-eedde991-5d98-43b3-b0e3-2eda0560e774] for camera: 0
06-24 17:02:55.838 17748 18064 D CaptureSession: Some surfaces were closed.
06-24 17:02:55.839  1173 21142 I mm-camera-sensor: sensor_check_checksum_result:2904Checksum PASS. addr: 0x70b, read_data: 0x1
06-24 17:02:55.839  1173 21142 I mm-camera-sensor: sensor_check_checksum_result:2944Sensor retention recovery PASS
06-24 17:02:55.839  1173 21142 I mm-camera-sensor: module_sensor_offload_init_config:483Start load firmware a
06-24 17:02:55.839  1173 21142 I mm-camera-CORE: companion_load_firmware_a:1531[E]
06-24 17:02:55.848  1173 21142 I mm-camera-sensor: module_sensor_offload_init_config:491Sending companion load fw message
06-24 17:02:55.848  1173 21142 I mm-camera-CORE: companion_process:3814Sending COMPANION_THREAD_MSG_FW_LOAD msg to companion thread !
06-24 17:02:55.848  1173 21142 I mm-camera-CORE: companion_post_msg_to_thread:892msg.type=1
06-24 17:02:55.848  1173 21142 I mm-camera-sensor: sensor_write_init_settings:1350enter
06-24 17:02:55.849  1173 21143 I mm-camera-sensor: companion_thread_process_pipe_message:376 COMPANION_THREAD_MSG_FW_LOAD: loading firmware from companion thread
06-24 17:02:55.849  1173 21143 I mm-camera-CORE: companion_process:3850Start load firmware !
06-24 17:02:55.849  1173 21143 I mm-camera-CORE: companion_load_firmware_b:1569[E]
06-24 17:02:55.849  1173 21143 I mm-camera-CORE: companion_load_firmware_b:1571Loading firmware
06-24 17:02:55.849  1173 21142 E mm-camera-sensor: sensor_write_init_settings:1394Sensor rev : 0xc1
06-24 17:02:55.849  1173 21142 E mm-camera-sensor: sensor_write_init_settings:15402L1 EVT 2.1
06-24 17:02:55.849  1173 21142 E mm-camera-sensor: sensor_write_init_settings:1560C3 EVT1 & 2L1 non swap module retention 1
06-24 17:02:55.850  1173 21142 I mm-camera-sensor: sensor_write_init_settings:1758exit
06-24 17:02:55.850  1173 21142 E FIDELIX_EEPROM_DEBUG: fidelix_goldenmodulecalibration_type:118 Enter
06-24 17:02:55.850  1173 21142 W FIDELIX_EEPROM_DEBUG: fidelix_get_calibration_items:557 GOLDEN_MODULE_CAL_EEPROM
06-24 17:02:55.850  1173 21142 W FIDELIX_EEPROM_DEBUG: fidelix_get_calibration_items:564 GOLDEN_MODULE_CAL_EEPROM af is TRUE
06-24 17:02:55.850  1173 21142 W FIDELIX_EEPROM_DEBUG: fidelix_get_calibration_items:582 GOLDEN_MODULE_CAL_EEPROM WB is 1
06-24 17:02:55.850  1173 21142 W FIDELIX_EEPROM_DEBUG: fidelix_get_calibration_items:589 GOLDEN_MODULE_CAL_EEPROM LSC is 1
06-24 17:02:55.850  1173 21142 I mm-camera-sensor: flash_load_lib:112Loading library libflash_pmic.so
06-24 17:02:55.851  1173 21142 E mm-camera-sensor: sensor_sdk_util_get_kernel_i2c_addr_type:26Invalid addr_type = 0
06-24 17:02:55.851  1173 21142 E mm-camera-sensor: sensor_sdk_util_get_kernel_i2c_data_type:44Invalid data_type = 0
06-24 17:02:55.852  1173 21142 I mm-camera-sensor: af_actuator_init:860name = ak7371
06-24 17:02:55.859  1173 21143 I mm-camera-CORE: companion_cal_data_write:1647Calibration data write
06-24 17:02:55.859 17748 17748 D PreviewView: Surface requested by Preview.
06-24 17:02:55.865  1173 21142 E mm-camera-sensor: actuator_load_lib:645eeprom_data : 0x0
06-24 17:02:55.866  1173 21142 E mm-camera-sensor: actuator_load_lib:660name=ak7371
06-24 17:02:55.866  1173 21142 E mm-camera-sensor: actuator_load_lib:697libactuator_ak7371.so : so name default
06-24 17:02:55.868  1173 21142 I mm-camera-sensor: actuator_load_lib:751library libactuator_ak7371.so successfully loaded
06-24 17:02:55.868  1173 21142 E mm-camera-sensor: af_actuator_set_params:411E
06-24 17:02:55.868  1173 21142 E mm-camera-sensor: sensor_sdk_util_get_kernel_i2c_data_type:44Invalid data_type = 0
06-24 17:02:55.868  1173 21142 E mm-camera-sensor: sensor_sdk_util_get_kernel_i2c_addr_type:26Invalid addr_type = 0
06-24 17:02:55.871  1173 21143 I mm-camera-CORE: companion_cal_data_write:1671Done
06-24 17:02:55.873   763   763 I SurfaceFlinger: id=7388 createSurf (1440x1080),4 flag=404, SurfaceView - com.appname/com.appname.MainActivity@a3cf68f@0#0
06-24 17:02:55.875   763   763 I SurfaceFlinger: id=7389 createSurf (1440x1080),-1 flag=20404, Background for - SurfaceView - com.appname/com.appname.MainActivity@a3cf68f@0#0
06-24 17:02:55.876 17748 17748 D SurfaceView: BG show() Surface(name=Background for - SurfaceView - com.appname/com.appname.MainActivity@a3cf68f@0) android.view.SurfaceView{a3cf68f V.E...... ......ID 0,0-1440,1080}
06-24 17:02:55.880  1173 21142 I mm-camera-sensor: module_sensor_offload_init_config:654Success
06-24 17:02:55.894 17748 17748 V Surface : sf_framedrop debug : 0x4f4c, game : false, logging : 0
06-24 17:02:55.894 17748 17748 D SurfaceView: surfaceCreated 1 android.view.SurfaceView{a3cf68f V.E...... ......ID 0,0-1440,1080}
06-24 17:02:55.895 17748 17748 D SurfaceViewImpl: Surface created.
06-24 17:02:55.895 17748 17748 D SurfaceView: surfaceChanged (1440,1080) 1 android.view.SurfaceView{a3cf68f V.E...... ......ID 0,0-1440,1080}
06-24 17:02:55.895 17748 17748 D SurfaceViewImpl: Surface changed. Size: 1440x1080
06-24 17:02:55.896   763   763 I SurfaceFlinger: Display 0 HWC layers:
06-24 17:02:55.896   763   763 I SurfaceFlinger:     type    |    handle    | flag |  format   |   source crop (l,t,r,b)    |         frame       | name 
06-24 17:02:55.896   763   763 I SurfaceFlinger: ------------+--------------+------+-----------+----------------------------+---------------------+------
06-24 17:02:55.896   763   763 I SurfaceFlinger:      Device | 0x726ad8e480 | 0002 | RGBA_8888 |   0.0    0.0 1080.0 1920.0 |    0    0 1080 1920 | com.appname/com.appname.MainActivity#0
06-24 17:02:55.896   763   763 I SurfaceFlinger:  SolidColor |              | 0000 |  Unknown  |  -0.2   -0.2   -0.8   -0.8 |    0    0 1080 1920 | DimLayerController/Stack=0#0
06-24 17:02:55.896   763   763 I SurfaceFlinger:  SolidColor |              | 0002 |  Unknown  |   0.0    0.0   -0.8   -1.0 |    0  163 1080 1243 | Background for - SurfaceView - com.appname.MainActivity@a3cf68f@0#0
06-24 17:02:55.896   763   763 I SurfaceFlinger:      Device | 0x726ad8e680 | 0000 | RGBA_8888 |   0.0    0.0 1080.0 1920.0 |    0    0 1080 1920 | com.appname/com.appname.MainActivity#1
06-24 17:02:55.896   763   763 I SurfaceFlinger: 
06-24 17:02:55.898 17748 17748 D SurfaceViewImpl: Wait for new Surface creation.
06-24 17:02:55.900 17748 17748 D SurfaceViewImpl: Surface set on Preview.
06-24 17:02:55.903 17748 18063 D UseCaseAttachState: Active and attached use case: [androidx.camera.core.ImageCapture-001d25bc-b88f-460e-9419-697a7d8079c5, androidx.camera.core.Preview-eedde991-5d98-43b3-b0e3-2eda0560e774] for camera: 0
06-24 17:02:55.908  1394  2867 V WindowManager: Relayout Window{2d9b187 u0 com.appname/com.appname.MainActivity}: viewVisibility=0 req=1080x1920 WM.LayoutParams{(0,0)(fillxfill) gr=#11 sim=#10 ty=2 fl=#80810502 pfl=0x20000 fmt=-2 wanim=0x7f0e00a9 vsysui=0x600 needsMenuKey=2 colorMode=0 naviIconColor=0}
06-24 17:02:55.909  1173 21143 I mm-camera-CORE: companion_check_crc:1779is_supported = 0x001F
06-24 17:02:55.909  1173 21143 E mm-camera-CORE: companion_process:3898is_supported = 0x001F
06-24 17:02:55.909  1173 21143 I mm-camera-CORE: companion_load_firmware_c:1609[E]
06-24 17:02:55.914 17748 18063 D UseCaseAttachState: All use case: [androidx.camera.core.ImageCapture-001d25bc-b88f-460e-9419-697a7d8079c5, androidx.camera.core.Preview-eedde991-5d98-43b3-b0e3-2eda0560e774] for camera: 0
06-24 17:02:55.919  1173 21143 I mm-camera-CORE: companion_load_master:1795Loading master
06-24 17:02:55.920 17748 17748 D ViewRootImpl@f74dda0[MainActivity]: Relayout returned: old=[0,0][1080,1920] new=[0,0][1080,1920] result=0x1 surface={valid=true 518630064128} changed=false
06-24 17:02:55.925  1394 10598 D SamsungAlarmManager: Cancel Alarm calling from uid:10024 pid :19589 / listener:android.app.IAlarmListener$Stub$Proxy@a05f74d
06-24 17:02:55.926  1173 21143 I mm-camera-CORE: companion_get_info:2457Read device id on i2c
06-24 17:02:55.928  1173 21143 I mm-camera-CORE: companion_get_info:2482Device id on i2c = 73c3
06-24 17:02:55.928  1173 21143 I mm-camera-CORE: companion_process:3928End load firmware !
06-24 17:02:55.934 17748 17748 D PreviewView: Surface requested by Preview.
06-24 17:02:55.936 17748 17748 D SurfaceView: BG show() Surface(name=Background for - SurfaceView - com.appname/com.appname.MainActivity@a3cf68f@0) android.view.SurfaceView{a3cf68f V.E...... ........ 0,0-1440,1080}
06-24 17:02:55.937 17748 17748 D SurfaceView: surfaceDestroyed 1 android.view.SurfaceView{a3cf68f V.E...... ........ 0,0-1440,1080}
06-24 17:02:55.937 17748 17748 D SurfaceViewImpl: Surface destroyed.
06-24 17:02:55.937 17748 17748 D SurfaceViewImpl: Surface invalidated androidx.camera.core.SurfaceRequest@aa26766
06-24 17:02:55.938   763  3212 I SurfaceFlinger: id=7388 Removed SurfaceView - com.appname/com.appname.MainActivity@a3cf68f@0#0 (1/5)
06-24 17:02:55.939  1394 10129 D SamsungAlarmManager: setExact Listener (T:3/F:1/AC:false) 20200624T170306 - CU:10024/CP:19589
06-24 17:02:55.939 17748 17748 D SurfaceView: BG destroy() Surface(name=Background for - SurfaceView - com.appname/com.appname.MainActivity@a3cf68f@0) android.view.SurfaceView{a3cf68f V.E...... ........ 0,0-1440,1080}
06-24 17:02:55.939   763  2424 I SurfaceFlinger: id=7388 Removed SurfaceView - com.appname/com.appname.MainActivity@a3cf68f@0#0 (-2/5)
06-24 17:02:55.940   763  3212 I SurfaceFlinger: id=7389 Removed Background for - SurfaceView - com.appname/com.appname.MainActivity@a3cf68f@0#0 (0/5)
06-24 17:02:55.941   763  2424 I SurfaceFlinger: id=7389 Removed Background for - SurfaceView - com.appname/com.appname.MainActivity@a3cf68f@0#0 (-2/5)
06-24 17:02:55.943   763   763 I Layer   : id=7388 onRemoved SurfaceView - com.appname/com.appname.MainActivity@a3cf68f@0#0 
06-24 17:02:55.944   763   763 I Layer   : id=7389 onRemoved Background for - SurfaceView - com.appname/com.appname.MainActivity@a3cf68f@0#0 
06-24 17:02:55.947   763   763 I SurfaceFlinger: Display 0 HWC layers:
06-24 17:02:55.947   763   763 I SurfaceFlinger:     type    |    handle    | flag |  format   |   source crop (l,t,r,b)    |         frame       | name 
06-24 17:02:55.947   763   763 I SurfaceFlinger: ------------+--------------+------+-----------+----------------------------+---------------------+------
06-24 17:02:55.947   763   763 I SurfaceFlinger:      Device | 0x726ad8e380 | 0002 | RGBA_8888 |   0.0    0.0 1080.0 1920.0 |    0    0 1080 1920 | com.appname/com.appname.MainActivity#0
06-24 17:02:55.947   763   763 I SurfaceFlinger:  SolidColor |              | 0000 |  Unknown  |  -0.2   -0.2   -0.8   -0.8 |    0    0 1080 1920 | DimLayerController/Stack=0#0
06-24 17:02:55.947   763   763 I SurfaceFlinger:      Device | 0x726ad8e580 | 0000 | RGBA_8888 |   0.0    0.0 1080.0 1920.0 |    0    0 1080 1920 | com.appname/com.appname.MainActivity#1
06-24 17:02:55.947   763   763 I SurfaceFlinger: 
06-24 17:02:55.948 17748 17748 D SurfaceViewImpl: Safe to release surface.
06-24 17:02:55.959 17748 17748 D Notification: allPendingIntents
06-24 17:02:55.962  1394  1645 D API test: getContainerInfo: value is 
06-24 17:02:55.964  1394  1394 D AudioService: getStreamVolume 5 index 80
06-24 17:02:55.962  1394  1645 D API test: getContainerInfo: value is 
06-24 17:02:55.970  1394 10598 D Notification: allPendingIntents
06-24 17:02:55.971  1394  2867 D Notification: allPendingIntents
06-24 17:02:55.980  2724  2724 D KeyguardServiceBoxContainer: updateCMAS() hasCmasNotification = false, mHasCMAS = false
06-24 17:02:55.991   763   763 I SurfaceFlinger: id=7390 createSurf (1440x1080),4 flag=404, SurfaceView - com.appname/com.appname.MainActivity@40fc623@0#0
06-24 17:02:55.992   763   763 I SurfaceFlinger: id=7391 createSurf (1440x1080),-1 flag=20404, Background for - SurfaceView - com.appname/com.appname.MainActivity@40fc623@0#0
06-24 17:02:55.993 17748 17748 D SurfaceView: BG show() Surface(name=Background for - SurfaceView - com.appname/com.appname.MainActivity@40fc623@0) android.view.SurfaceView{40fc623 V.E...... ......ID 0,0-1440,1080}
06-24 17:02:55.999  2724  2724 D KeyguardServiceBoxContainer: updateCMAS() hasCmasNotification = false, mHasCMAS = false
06-24 17:02:56.011 17748 17748 V Surface : sf_framedrop debug : 0x4f4c, game : false, logging : 0
06-24 17:02:56.011 17748 17748 D SurfaceView: surfaceCreated 1 android.view.SurfaceView{40fc623 V.E...... ......ID 0,0-1440,1080}
06-24 17:02:56.011 17748 17748 D SurfaceViewImpl: Surface created.
06-24 17:02:56.012 17748 17748 D SurfaceView: surfaceChanged (1440,1080) 1 android.view.SurfaceView{40fc623 V.E...... ......ID 0,0-1440,1080}
06-24 17:02:56.012 17748 17748 D SurfaceViewImpl: Surface changed. Size: 1440x1080
06-24 17:02:56.014   763   763 I SurfaceFlinger: Display 0 HWC layers:
06-24 17:02:56.014   763   763 I SurfaceFlinger:     type    |    handle    | flag |  format   |   source crop (l,t,r,b)    |         frame       | name 
06-24 17:02:56.014   763   763 I SurfaceFlinger: ------------+--------------+------+-----------+----------------------------+---------------------+------
06-24 17:02:56.014   763   763 I SurfaceFlinger:      Device | 0x726ad8e380 | 0002 | RGBA_8888 |   0.0    0.0 1080.0 1920.0 |    0    0 1080 1920 | com.appname/com.appname.MainActivity#0
06-24 17:02:56.014   763   763 I SurfaceFlinger:  SolidColor |              | 0000 |  Unknown  |  -0.2   -0.2   -0.8   -0.8 |    0    0 1080 1920 | DimLayerController/Stack=0#0
06-24 17:02:56.014   763   763 I SurfaceFlinger:  SolidColor |              | 0002 |  Unknown  |   0.0    0.0   -0.8   -1.0 |    0  163 1080 1243 | Background for - SurfaceView - com.appname.MainActivity@40fc623@0#0
06-24 17:02:56.014   763   763 I SurfaceFlinger:      Device | 0x726ad8e580 | 0000 | RGBA_8888 |   0.0    0.0 1080.0 1920.0 |    0    0 1080 1920 | com.appname/com.appname.MainActivity#1
06-24 17:02:56.014   763   763 I SurfaceFlinger: 
06-24 17:02:56.035 17748 17748 D Notification: allPendingIntents
06-24 17:02:56.038  1394  1645 D API test: getContainerInfo: value is 
06-24 17:02:56.039  1394  1645 D API test: getContainerInfo: value is 
06-24 17:02:56.042  1394 10129 D Notification: allPendingIntents
06-24 17:02:56.043  1394  2867 D Notification: allPendingIntents
06-24 17:02:56.059  2724  2724 D KeyguardServiceBoxContainer: updateCMAS() hasCmasNotification = false, mHasCMAS = false
06-24 17:02:56.065 17748 17748 D SurfaceViewImpl: Surface set on Preview.
06-24 17:02:56.067 17748 18064 D CaptureSession: Opening capture session.
06-24 17:02:56.071  1394  2867 V WindowManager: Relayout Window{2d9b187 u0 com.appname/com.appname.MainActivity}: viewVisibility=0 req=1080x1920 WM.LayoutParams{(0,0)(fillxfill) gr=#11 sim=#10 ty=2 fl=#80810502 pfl=0x20000 fmt=-2 wanim=0x7f0e00a9 vsysui=0x600 needsMenuKey=2 colorMode=0 naviIconColor=0}
06-24 17:02:56.072  1029 13227 D Camera3-Device: waitUntilDrained: mInterfaceLock.lock()
06-24 17:02:56.072  1029 13227 D Camera3-Device: waitUntilDrained: mInterfaceLock.unlock()
06-24 17:02:56.076 17748 17748 D ViewRootImpl@f74dda0[MainActivity]: Relayout returned: old=[0,0][1080,1920] new=[0,0][1080,1920] result=0x1 surface={valid=true 518630064128} changed=false
06-24 17:02:56.093  1029 13227 V Surface : sf_framedrop debug : 0x4f4c, game : false, logging : 0
06-24 17:02:56.096  1029 13227 D Camera3-Device: createStream: mInterfaceLock.lock()
06-24 17:02:56.096  1029 13227 D Camera3-Device: createStream: mInterfaceLock.unlock()
06-24 17:02:56.096  1029 13227 D Camera3-Device: setStreamTransform: mInterfaceLock.lock()
06-24 17:02:56.096  1029 13227 D Camera3-Device: setStreamTransform: mInterfaceLock.unlock()
06-24 17:02:56.099  1029 13227 W CameraDeviceClient: createSurfaceFromGbp: Camera 0 with consumer usage flag: 0x900: Forcing asynchronous mode for stream
06-24 17:02:56.099  1029 13227 V Surface : sf_framedrop debug : 0x4f4c, game : false, logging : 0
06-24 17:02:56.106  1029 13227 W CameraDeviceClient: createSurfaceFromGbp: Camera 0: Overriding format 0x4 to IMPLEMENTATION_DEFINED
06-24 17:02:56.106  1029 13227 D Camera3-Device: createStream: mInterfaceLock.lock()
06-24 17:02:56.107  1029 13227 D Camera3-Device: createStream: mInterfaceLock.unlock()
06-24 17:02:56.107  1029 13227 D Camera3-Device: setStreamTransform: mInterfaceLock.lock()
06-24 17:02:56.107  1029 13227 D Camera3-Device: setStreamTransform: mInterfaceLock.unlock()
06-24 17:02:56.109  1029 14994 I QCamera3HWI: configureStreamsPerfLocked: stream[0] type = 0, format = 33, width = 4032, height = 3024, rotation = 0, usage = 0x3
06-24 17:02:56.110  1029 14994 I QCamera3HWI: configureStreamsPerfLocked: stream[1] type = 0, format = 34, width = 1440, height = 1080, rotation = 0, usage = 0x900
06-24 17:02:56.120  1029 14994 E mm-camera-intf: mm_stream_get_v4l2_fmt: Unknown fmt=107
06-24 17:02:56.158  1029 14994 D mm-jpeg-intf: jpeg_open, 382] reuse_reproc_buffer 1 
06-24 17:02:56.159  1029 14994 I qomx_image_core: OMX_Init:98] Complete 3
06-24 17:02:56.159  1029 14994 D mm-jpeg-intf: jpeg_open:425] JPEGOBJ max wxh 4032 X 3024
06-24 17:02:56.171  1029 14994 D Camera3-Device: Set real time priority for request queue thread (tid 21164)
06-24 17:02:56.174 17748 18064 D CaptureSession: Attempting to send capture request onConfigured
06-24 17:02:56.174 17748 18064 D CaptureSession: Issuing request for session.
06-24 17:02:56.180  1394  2867 I EDMNativeHelperService: isCameraEnabled
06-24 17:02:56.183  1394 10129 I EDMNativeHelperService: isCameraEnabled
06-24 17:02:56.187  1029 14994 D Camera3-Device: submitRequestsHelper: mInterfaceLock.lock()
06-24 17:02:56.187  1029 14994 D Camera3-Status: markComponent: Component 1 is now active
06-24 17:02:56.187  1029 14994 D Camera3-Device: submitRequestsHelper: mInterfaceLock.unlock()
06-24 17:02:56.188 17748 18064 D CaptureSession: CameraCaptureSession.onConfigured() mState=OPENED
06-24 17:02:56.189 17748 18064 D CaptureSession: CameraCaptureSession.onReady() OPENED
06-24 17:02:56.191  1029 21164 D Camera3-Status: markComponent: Component 3 is now active
06-24 17:02:56.191  1029 21164 D Camera3-Status: markComponent: Component 0 is now active
06-24 17:02:56.192  1173 21155 E mm-camera-img: module_faceproc_client_handle_ctrl_parm:5683] 3 calling module_faceproc_client_schedule_mode 0
06-24 17:02:56.192  1173 21155 E         : Camera[DBG][IFACE ] iface_util_set_dis_enable_flag: 4792: iface_util_set_dis_enable_flag:4792 DIS enable flag = 0
06-24 17:02:56.192  1173 21155 E         : Camera[DBG][IFACE ] iface_util_set_hfr: 4930: iface_util_set_hfr: can't find hw stream, only save hfr mode
06-24 17:02:56.192  1173 21155 I mm-camera-sensor: sensor_get_output_info:6404requested dim 4032 3024 stream mask 80a
06-24 17:02:56.192  1173 21155 E mm-camera-sensor: sensor_pick_fill_expected_data:428ex_w:4032, ex_h:3024,ex_mode:1, ex_fps:30.000000, ex_clk:0, ex_ar: 133
06-24 17:02:56.192  1173 21155 I mm-camera-sensor: sensor_pick_res_idx:515[sensor_pick_res_idx::515][SENSOR_FAST_AEC_MODE res on HAL3 - return false]
06-24 17:02:56.192  1173 21155 I mm-camera-sensor: sensor_pick_resolution:634res_idx: 0
06-24 17:02:56.192  1173 21155 I mm-camera-sensor: sensor_get_output_info:6449pick res 0 dim 4032X3024 op clk 460000000
06-24 17:02:56.192  1173 21155 E         : Camera[DBG] cpp_module_utils_update_preferred_stream_mapping: 2241: cpp_module_utils_update_preferred_stream_mapping : META_STREAM_INFO type = 3 w x h : 4032 x 3024 pp_mask = 0x0
06-24 17:02:56.192  1173 21155 E         : Camera[DBG] cpp_module_utils_update_preferred_stream_mapping: 2241: cpp_module_utils_update_preferred_stream_mapping : META_STREAM_INFO type = 1 w x h : 1440 x 1080 pp_mask = 0x100068e
06-24 17:02:56.192  1173 21155 E         : Camera[DBG] cpp_module_utils_update_preferred_stream_mapping: 2241: cpp_module_utils_update_preferred_stream_mapping : META_STREAM_INFO type = 11 w x h : 640 x 480 pp_mask = 0x1
06-24 17:02:56.194  1173 21155 E         : Camera[DBG][ISP   ] isp_util_map_streams_to_hw_hal3: 6068: INFO: priority stream: 0 num: 1 mask: 0x800
06-24 17:02:56.195  1173 21155 E         : Camera[DBG][ISP   ] scaler46_util_append_stream_info: 273: cds_debug type 10 mask 0 enable 1
06-24 17:02:56.195  1173 21155 I chatty  : uid=1006(camera) CAM_MctServ identical 1 line
06-24 17:02:56.195  1173 21155 E         : Camera[DBG][ISP   ] scaler46_util_append_stream_info: 273: cds_debug type 10 mask 0 enable 1
06-24 17:02:56.195  1173 21155 E         : Camera[DBG][IFACE ] iface_util_handle_meta_stream_info: 4849: iface_util_handle_meta_stream_info:4849 stream mapping req failed, no native buf opt
06-24 17:02:56.195  1173 21155 I mm-camera-sensor: sensor_set_capture_intent:1968capture intent 1
06-24 17:02:56.196  1173 21155 E mm-camera-sensor: module_sensor_event_control_set_parm:6072CAM_INTF_PARM_MAX_DIMENSION
06-24 17:02:56.196  1173 21155 E mm-camera-sensor: sensor_set_max_dimension:5978raw w 4032 h 3024
06-24 17:02:56.196  1173 21155 E mm-camera-sensor: sensor_pick_fill_expected_data:428ex_w:4032, ex_h:3024,ex_mode:1, ex_fps:30.000000, ex_clk:0, ex_ar: 133
06-24 17:02:56.196  1173 21155 I mm-camera-sensor: sensor_pick_res_idx:515[sensor_pick_res_idx::515][SENSOR_FAST_AEC_MODE res on HAL3 - return false]
06-24 17:02:56.196  1173 21155 I mm-camera-sensor: sensor_pick_resolution:634res_idx: 0
06-24 17:02:56.196  1173 21155 I mm-camera-sensor: sensor_get_raw_dimension:6046pick New Res 0
06-24 17:02:56.196  1173 21155 E mm-camera-sensor: sensor_get_raw_dimension:6061is_frontraw_enable = 0
06-24 17:02:56.196  1173 21155 I mm-camera-sensor: sensor_get_raw_dimension:6076raw w 4032 h 3024
06-24 17:02:56.197  1029 21164 I QCamera3HWI: getSensorOutputSize: sensor output dimension = 4032 x 3024
06-24 17:02:56.197  1029 21164 I QCamera3CropRegionMapper: update: active_array: 4032 x 3024, sensor size 4032 x 3024
06-24 17:02:56.200  1173 21155 I mm-camera-CORE: port_sensor_caps_reserve:198ide 20002 stream type 1 w*h 1440*1080
06-24 17:02:56.200  1173 21155 I mm-camera-CORE: port_sensor_ext_link_func:573ide 20002
06-24 17:02:56.201  1173 21155 E         : Camera[DBG][ISP   ] scaler46_util_append_stream_info: 273: cds_debug type 1 mask 1000000 enable 1
06-24 17:02:56.201  1173 21155 E         : Camera[DBG] pproc_port_add_modules_to_stream: 432: int_link = 0xddd66840
06-24 17:02:56.202  1173 21155 E         : Camera[DBG] pproc_port_add_modules_to_stream: 465: pproc_port_add_modules_to_stream:465] X rc: 1
06-24 17:02:56.210  1173 21155 I mm-camera-CORE: port_sensor_caps_reserve:198ide 20003 stream type 3 w*h 4032*3024
06-24 17:02:56.210  1173 21155 I mm-camera-CORE: port_sensor_ext_link_func:573ide 20003
06-24 17:02:56.211  1173 21155 E         : Camera[DBG][ISP   ] scaler46_util_append_stream_info: 273: cds_debug type 3 mask 0 enable 0
06-24 17:02:56.218  1173 21155 I mm-camera-CORE: port_sensor_caps_reserve:198ide 20004 stream type 11 w*h 640*480
06-24 17:02:56.218  1173 21155 I mm-camera-CORE: port_sensor_ext_link_func:573ide 20004
06-24 17:02:56.218  1173 21155 E         : Camera[DBG][ISP   ] scaler46_util_append_stream_info: 273: cds_debug type 11 mask 1000000 enable 1
06-24 17:02:56.218  1173 21155 E         : Camera[DBG] pproc_port_add_modules_to_stream: 432: int_link = 0xddd66ac0
06-24 17:02:56.218  1173 21155 E         : Camera[DBG] pproc_port_add_modules_to_stream: 465: pproc_port_add_modules_to_stream:465] X rc: 1
06-24 17:02:56.219  1029 21164 E mm-camera-intf: mm_stream_get_v4l2_fmt: Unknown fmt=103
06-24 17:02:56.237  1173 21155 I mm-camera-CORE: port_sensor_handle_stream_on:376E
06-24 17:02:56.237  1173 21155 I mm-camera-CORE: port_sensor_handle_stream_on:380H/W revision = 15(15), Criterion ver = 10
06-24 17:02:56.237  1173 21155 I mm-camera-CORE: port_sensor_handle_stream_on:382Reference Value : CAMERA_CAL_CRC = 0x1FF, COMPANION_CAL_CRC = 0x1F, CAMERA_CAL_CRC_FRONT = 0x3F
06-24 17:02:56.237  1173 21155 I mm-camera-CORE: port_sensor_handle_stream_on:389hwinfo = 43 31 32 51 4c, session_id = 2
06-24 17:02:56.237  1173 21155 I mm-camera-CORE: port_sensor_handle_stream_on:390sensor position = 0
06-24 17:02:56.237  1173 21155 I mm-camera-CORE: companion_process:3971FW download is done!
06-24 17:02:56.237  1173 21155 E mm-camera-CORE: port_sensor_handle_stream_on:418check CRC32 Data for calibration at F-ROM = 0x1FF
06-24 17:02:56.237  1173 21155 E mm-camera-CORE: port_sensor_handle_stream_on:419check CRC32 Data for calibration at Companion = 0x1F
06-24 17:02:56.237  1173 21155 E mm-camera-CORE: port_sensor_handle_stream_on:420check CRC32 Data for calibration at front_rear = 0x3F01FF
06-24 17:02:56.237  1173 21155 I mm-camera-sensor: module_sensor_stream_on:4241ide 20004 SENSOR_START_STREAM
06-24 17:02:56.238  1173 21155 I mm-camera-CORE: companion_set_sensor_info:1841Updating module = 0xe2aa4380, identity = 131076
06-24 17:02:56.238  1173 21155 E mm-camera-sensor: module_sensor_stream_on:4268s_module = 0xe2aa4380, session_id = 131076
06-24 17:02:56.238  1173 21155 I mm-camera-sensor: module_sensor_is_ready_for_stream_on:2093session_id=2, stream_id=4
06-24 17:02:56.238  1173 21155 E mm-camera-sensor: module_sensor_stream_on:4336module_sensor_companion_stream_off
06-24 17:02:56.238  1173 21155 I mm-camera-CORE: companion_stream_on_off:1084enable = 0
06-24 17:02:56.238  1173 21155 I mm-camera-sensor: modules_sensor_set_new_resolution:2548SENSOR_SET_RESOLUTION 4032*3024 mask 80a, fast AEC: 0, FastAec mode:0
06-24 17:02:56.238  1173 21155 I mm-camera-sensor: sensor_set_resolution:3410Enter
06-24 17:02:56.238  1173 21155 I mm-camera-sensor: sensor_set_resolution:3435Requested width 4032, height 3024
06-24 17:02:56.238  1173 21155 I mm-camera-sensor: sensor_set_resolution:3437Requested stream mask 80a hfr mode 0 Cur fps 30.000000
06-24 17:02:56.238  1173 21155 E mm-camera-sensor: sensor_pick_fill_expected_data:428ex_w:4032, ex_h:3024,ex_mode:1, ex_fps:30.000000, ex_clk:0, ex_ar: 133
06-24 17:02:56.238  1173 21155 I mm-camera-sensor: sensor_pick_res_idx:515[sensor_pick_res_idx::515][SENSOR_FAST_AEC_MODE res on HAL3 - return false]
06-24 17:02:56.238  1173 21155 I mm-camera-sensor: sensor_pick_resolution:634res_idx: 0
06-24 17:02:56.238  1173 21155 I mm-camera-sensor: sensor_set_resolution:3446Curr Res ID -1 New Res ID 0 New FPS 30.000000
06-24 17:02:56.239  1173 21155 I mm-camera-sensor: sensor_set_resolution:3535[sensor_set_resolution::3535][Done mode change][prev_res::-1] -> [cur_res::0]
06-24 17:02:56.239  1173 21155 I mm-camera-sensor: sensor_set_resolution:3540Exit
06-24 17:02:56.239  1173 21155 I mm-camera-sensor: sensor_set_pip_mode:4073PIP mode, special_mode: 0
06-24 17:02:56.239  1173 21155 I mm-camera-sensor: sensor_set_vt_mode:4114VT mode, special_mode: 0
06-24 17:02:56.239  1173 21155 I mm-camera-sensor: sensor_set_rt_hdr_mode:4046 HDR mode set = 0
06-24 17:02:56.239  1173 21155 I mm-camera-sensor: sensor_set_special_mode_dimension:3966width = 0 height = 0 cur_stream_mask= 2058, hal_version= 3
06-24 17:02:56.239  1173 21155 I mm-camera-sensor: modules_sensor_set_new_resolution:2591SENSOR_SET_RESOLUTION is_fhd_30fps=0
06-24 17:02:56.239  1173 21155 E mm-camera-sensor: sensor_get_resolution_info:5322gain_from_aec = 0.000000, num_frames_skip = 0
06-24 17:02:56.239  1173 21155 I mm-camera-sensor: sensor_get_resolution_info:5435pdaf enable 1
06-24 17:02:56.239  1173 21155 I mm-camera-sensor: sensor_get_resolution_info:5526depth map enabled: 0
06-24 17:02:56.239  1173 21155 E mm-camera-sensor: sensor_get_resolution_info:5581DEPTH_MAP_DBG Num of meta 1
06-24 17:02:56.239  1173 21155 E mm-camera-sensor: modules_sensor_set_new_resolution:2659DEPTH_MAP_DBG num_meta 1
06-24 17:02:56.240  1173 21155 E         : Camera[DBG] af_port_handle_sensor_update: 2762: Depth_Err: actuator sensitivity: 0.000000 is invalid
06-24 17:02:56.240  1173 21160 E mm-3a-external: [af_func] AF_Lib_Algorithm_Init
06-24 17:02:56.240  1173 21160 E mm-3a-external: [cgAF] ---------------------------------------------------------------------
06-24 17:02:56.240  1173 21160 E mm-3a-external: [cgAF] AF Lib Version : 0xA055
06-24 17:02:56.240  1173 21160 E mm-3a-external: [cgAF] AF Cal: PAN: 0x0, MAC: 0x0, OFFSET: 0, PHASE-HEAD: 0x0(0), PHASE CAL-ERROR(0)
06-24 17:02:56.240  1173 21160 E mm-3a-external: [cgAF] Tracking CAF Lib Version : 0x8C
06-24 17:02:56.240  1173 21160 E mm-3a-external: [cgAF] Check OCR mode : Enabled(0), Dir(0)
06-24 17:02:56.240  1173 21160 E mm-3a-external: [cgAF] AF Mode: 0x3 PREVIEW CAF
06-24 17:02:56.240  1173 21160 E mm-3a-external: [cgAF] PafStatValid: 0 , CafStatValid: 1 , InitPafLib: 0
06-24 17:02:56.240  1173 21160 E mm-3a-external: [cgAF] Object Tracking : 0
06-24 17:02:56.240  1173 21160 E mm-3a-external: [cgAF] Set Contrast filter coeff.
06-24 17:02:56.240  1173 21160 E mm-3a-external: [cgAF] Sensor image size ( 4032 3024 ) ratio(43)
06-24 17:02:56.240  1173 21155 E         : Camera[DBG] cpp_module_handle_stream_cfg_event: 1697: cpp_module_handle_stream_cfg_event:1697 frame_offset=1, input_fps=30.00, identity=0x2000f
06-24 17:02:56.240  1173 21160 E mm-3a-external: [cgAF] Sensor size was changed : Sensor Size(1, 1) -> (4032, 3024)
06-24 17:02:56.240  1173 21160 E mm-3a-external: [cgAF] Set Contrast filter coeff.
06-24 17:02:56.240  1173 21160 E mm-3a-external: [cgAF] Wrong Phase AF CAL Info. Phase AF Disabled
06-24 17:02:56.240  1173 21160 E mm-3a-external: [cgAF] cgAF_ComInitPafLib (0)
06-24 17:02:56.240  1173 21155 E         : Camera[DBG] cpp_module_handle_stream_cfg_event: 1697: cpp_module_handle_stream_cfg_event:1697 frame_offset=1, input_fps=30.00, identity=0x20002
06-24 17:02:56.241  1173 21155 E mm-camera-sensor: csiphy_set_cfg:108csi params csid_core 0 csiphy_clk 200000000 csi_3phase 0
06-24 17:02:56.241  1173 21155 I mm-camera-sensor: sensor_get_cur_chromatix_name:4534!!!!!special_mode_mask = 0
06-24 17:02:56.241  1173 21155 I mm-camera-sensor: sensor_get_cur_chromatix_name:4684res_idx = 0 chromatix_lib_name[0] = libchromatix_s5k2l1sx_preview.so
06-24 17:02:56.241  1173 21155 I mm-camera-sensor: sensor_get_cur_chromatix_name:4684res_idx = 0 chromatix_lib_name[1] = libchromatix_s5k2l1sx_snapshot_hdroff.so
06-24 17:02:56.242  1173 21155 I mm-camera-sensor: sensor_get_cur_chromatix_name:4684res_idx = 0 chromatix_lib_name[2] = libchromatix_s5k2l1sx_common.so
06-24 17:02:56.242  1173 21155 I mm-camera-sensor: sensor_get_cur_chromatix_name:4684res_idx = 0 chromatix_lib_name[3] = libchromatix_s5k2l1sx_cpp_preview.so
06-24 17:02:56.242  1173 21155 I mm-camera-sensor: sensor_get_cur_chromatix_name:4684res_idx = 0 chromatix_lib_name[4] = libchromatix_s5k2l1sx_cpp_snapshot_hdroff.so
06-24 17:02:56.242  1173 21155 I mm-camera-sensor: sensor_get_cur_chromatix_name:4684res_idx = 0 chromatix_lib_name[5] = libchromatix_s5k2l1sx_cpp_snapshot_hdroff.so
06-24 17:02:56.242  1173 21155 I mm-camera-sensor: sensor_get_cur_chromatix_name:4684res_idx = 0 chromatix_lib_name[6] = libchromatix_s5k2l1sx_cpp_snapshot_hdroff.so
06-24 17:02:56.242  1173 21155 I mm-camera-sensor: sensor_get_cur_chromatix_name:4684res_idx = 0 chromatix_lib_name[7] = libchromatix_s5k2l1sx_cpp_snapshot_hdroff.so
06-24 17:02:56.242  1173 21155 I mm-camera-sensor: sensor_get_cur_chromatix_name:4684res_idx = 0 chromatix_lib_name[8] = libchromatix_s5k2l1sx_cpp_snapshot_hdroff.so
06-24 17:02:56.242  1173 21155 I mm-camera-sensor: sensor_get_cur_chromatix_name:4684res_idx = 0 chromatix_lib_name[9] = libchromatix_s5k2l1sx_cpp_snapshot_hdroff.so
06-24 17:02:56.242  1173 21155 I mm-camera-sensor: sensor_get_cur_chromatix_name:4684res_idx = 0 chromatix_lib_name[10] = libchromatix_s5k2l1sx_cpp_snapshot_hdroff.so
06-24 17:02:56.242  1173 21155 I mm-camera-sensor: sensor_get_cur_chromatix_name:4684res_idx = 0 chromatix_lib_name[11] = libchromatix_s5k2l1sx_cpp_video_hdroff.so
06-24 17:02:56.242  1173 21155 I mm-camera-sensor: sensor_get_cur_chromatix_name:4684res_idx = 0 chromatix_lib_name[12] = libchromatix_s5k2l1sx_postproc.so
06-24 17:02:56.242  1173 21155 I mm-camera-sensor: sensor_get_cur_chromatix_name:4684res_idx = 0 chromatix_lib_name[13] = libchromatix_s5k2l1sx_zsl_preview_lc898212xd.so
06-24 17:02:56.242  1173 21155 I mm-camera-sensor: sensor_get_cur_chromatix_name:4684res_idx = 0 chromatix_lib_name[14] = libchromatix_s5k2l1sx_common.so
06-24 17:02:56.242  1173 21155 I mm-camera-sensor: sensor_get_cur_chromatix_name:4684res_idx = 0 chromatix_lib_name[15] = libchromatix_s5k2l1sx_snapshot_hdroff.so
06-24 17:02:56.242  1173 21155 I mm-camera-sensor: sensor_get_cur_chromatix_name:4684res_idx = 0 chromatix_lib_name[16] = libchromatix_s5k2l1sx_cpp_snapshot_hdroff.so
06-24 17:02:56.242  1173 21155 I mm-camera-sensor: sensor_get_cur_chromatix_name:4684res_idx = 0 chromatix_lib_name[17] = libchromatix_s5k2l1sx_cpp_snapshot_hdroff.so
06-24 17:02:56.242  1173 21155 I mm-camera-sensor: sensor_get_cur_chromatix_name:4684res_idx = 0 chromatix_lib_name[18] = libchromatix_s5k2l1sx_cpp_snapshot_hdroff.so
06-24 17:02:56.242  1173 21155 I mm-camera-sensor: sensor_get_cur_chromatix_name:4684res_idx = 0 chromatix_lib_name[19] = libchromatix_s5k2l1sx_postproc.so
06-24 17:02:56.242  1173 21155 E FIDELIX_EEPROM_DEBUG: fidelix_goldenmodulecalibration_type:118 Enter
06-24 17:02:56.242  1173 21155 W FIDELIX_EEPROM_DEBUG: fidelix_get_calibration_items:557 GOLDEN_MODULE_CAL_EEPROM
06-24 17:02:56.242  1173 21155 W FIDELIX_EEPROM_DEBUG: fidelix_get_calibration_items:564 GOLDEN_MODULE_CAL_EEPROM af is TRUE
06-24 17:02:56.243  1173 21155 W FIDELIX_EEPROM_DEBUG: fidelix_get_calibration_items:582 GOLDEN_MODULE_CAL_EEPROM WB is 1
06-24 17:02:56.243  1394  1394 D LightsService: [api] [SvcLED] turnOff:: id = 4 (uid: 1000 pid: 1394) 
06-24 17:02:56.243  1173 21155 W FIDELIX_EEPROM_DEBUG: fidelix_get_calibration_items:589 GOLDEN_MODULE_CAL_EEPROM LSC is 1
06-24 17:02:56.243  1394  1394 D PowerManagerUtil: fileWriteString to /sys/power/wake_lock, LightsService
06-24 17:02:56.243  1173 21155 E mm-camera-sensor: sensor_get_resolution_info:5322gain_from_aec = 0.000000, num_frames_skip = 0
06-24 17:02:56.243  1173 21155 I mm-camera-sensor: sensor_get_resolution_info:5435pdaf enable 1
06-24 17:02:56.243  1173 21155 I mm-camera-sensor: sensor_get_resolution_info:5526depth map enabled: 0
06-24 17:02:56.243  1173 21155 E mm-camera-sensor: sensor_get_resolution_info:5581DEPTH_MAP_DBG Num of meta 1
06-24 17:02:56.243  1173 21155 E FIDELIX_EEPROM_DEBUG: fidelix_goldenmodulecalibration_type:118 Enter
06-24 17:02:56.243  1173 21155 W FIDELIX_EEPROM_DEBUG: fidelix_get_calibration_items:557 GOLDEN_MODULE_CAL_EEPROM
06-24 17:02:56.243  1173 21155 W FIDELIX_EEPROM_DEBUG: fidelix_get_calibration_items:564 GOLDEN_MODULE_CAL_EEPROM af is TRUE
06-24 17:02:56.243  1173 21155 W FIDELIX_EEPROM_DEBUG: fidelix_get_calibration_items:582 GOLDEN_MODULE_CAL_EEPROM WB is 1
06-24 17:02:56.243  1173 21155 W FIDELIX_EEPROM_DEBUG: fidelix_get_calibration_items:589 GOLDEN_MODULE_CAL_EEPROM LSC is 1
06-24 17:02:56.243  1173 21155 I mm-camera-sensor: sensor_util_post_chromatix_event_downstream:2284chromatixComPtr = 0xe1908008
06-24 17:02:56.243  1173 21155 I mm-camera-sensor: sensor_util_post_chromatix_event_downstream:2285chromatixPtr = 0xe18ec008
06-24 17:02:56.243  1173 21155 I mm-camera-sensor: sensor_util_post_chromatix_event_downstream:2286chromatixCppPtr = 0xe168e008
06-24 17:02:56.243  1173 21155 I mm-camera-sensor: sensor_util_post_chromatix_event_downstream:2287chromatixSnapCppPtr = 0xe1659008
06-24 17:02:56.243  1173 21155 I mm-camera-sensor: sensor_util_post_chromatix_event_downstream:2288chromatixFlashSnapCppPtr = 0xe1659008
06-24 17:02:56.243  1173 21155 I mm-camera-sensor: sensor_util_post_chromatix_event_downstream:2289chromatixDsCppPtr = 0xe1659008
06-24 17:02:56.243  1173 21155 I mm-camera-sensor: sensor_util_post_chromatix_event_downstream:2290chromatixUsCppPtr = 0xe1659008
06-24 17:02:56.243  1173 21155 I mm-camera-sensor: sensor_util_post_chromatix_event_downstream:2291chromatixVideoCppPtr = 0xe1617008
06-24 17:02:56.244  1173 21155 I mm-camera-sensor: sensor_util_post_chromatix_event_downstream:2292chromatixPostProcPtr = 0xe1589008
06-24 17:02:56.244  1173 21155 I mm-camera-sensor: sensor_util_post_chromatix_event_downstream:2293chromatix3aPtr = 0xe152e008
06-24 17:02:56.244  1173 21155 I mm-camera-sensor: sensor_util_post_chromatix_event_downstream:2296offline chromatixComPtr = 0xe1908008
06-24 17:02:56.244  1173 21155 I mm-camera-sensor: sensor_util_post_chromatix_event_downstream:2298offline chromatixPtr = 0xe1810008
06-24 17:02:56.244  1173 21155 I mm-camera-sensor: sensor_util_post_chromatix_event_downstream:2300offline chromatixCppPtr = 0xe1659008
06-24 17:02:56.244  1173 21155 I mm-camera-sensor: sensor_util_post_chromatix_event_downstream:2302offline chromatixDsCppPtr = 0xe1659008
06-24 17:02:56.244  1173 21155 I mm-camera-sensor: sensor_util_post_chromatix_event_downstream:2304offline chromatixUsCppPtr = 0xe1659008
06-24 17:02:56.244  1173 21155 I mm-camera-sensor: sensor_util_post_chromatix_event_downstream:2306offline chromatixPostProcPtr = 0xe1589008
06-24 17:02:56.244  1394  1394 D LightsService: [SvcLED] setSvcLedStateLocked:: SvcLEDState : 0x0 -> 0x0 | SvcLED(id=4) set Off
06-24 17:02:56.244  1394  2012 D LightsService: [SvcLED] handleForcedSvcLEDTask()
06-24 17:02:56.244  1394  2012 D LightsService: [SvcLED]  setSvcLedLightLocked :: Current SvcLED(id=3) maintains its priority right
06-24 17:02:56.244  1394  2012 D PowerManagerUtil: fileWriteString to /sys/power/wake_unlock, LightsService
06-24 17:02:56.247  1394  2867 D Notification: allPendingIntents
06-24 17:02:56.250  1394 10129 D Notification: allPendingIntents
06-24 17:02:56.256  2724  2724 D KeyguardServiceBoxContainer: updateCMAS() hasCmasNotification = false, mHasCMAS = false
06-24 17:02:56.258  1173 21155 E         : Camera[DBG][ISP   ] isp_sub_module_util_configure_from_chromatix_bit: 1901: LTM disable
06-24 17:02:56.258  1173 21155 E         : Camera[DBG] af_port_set_haf_enable: 2193: PDAF is being disabled as supported=0 and LIB Presence=1
06-24 17:02:56.258  1173 21155 E         : Camera[DBG] af_port_set_haf_enable: 2199: DCiAF is being disabled
06-24 17:02:56.260  1173 21159 D mm-camera-CORE: [Exp_Table:Rear] Shooting mode = 0, ExpDiagram_command = 0, m_video_mode = 0
06-24 17:02:56.261  1173 21159 E mm-camera-CORE: TsAec_get_modechage_Expinfo modechange exp_time=0.001, real_gain=1.000, line_cnt=90, l_exp_time=0.001, l_real_gain=1.000, l_line_cnt=90
06-24 17:02:56.261  1173 21159 E mm-camera-CORE: TsAec_get_modechage_Expinfo ledoff linecnt 90 gain: 1.000, param->u.exp_params.use_led_estimation=0
06-24 17:02:56.261  1173 21159 E mm-camera-CORE: TsAec_get_modechage_Expinfo flash exif_exp_time:0.001, exif_iso:40
06-24 17:02:56.267  1173 21155 I mm-camera-sensor: module_sensor_set_start_companion_stream_on:5197ide 20004 starting companion chip with mode configuration
06-24 17:02:56.267  1173 21155 E mm-camera-sensor: sensor_get_resolution_info:5322gain_from_aec = 0.000000, num_frames_skip = 0
06-24 17:02:56.267  1173 21155 I mm-camera-sensor: sensor_get_resolution_info:5435pdaf enable 1
06-24 17:02:56.268  1173 21155 I mm-camera-sensor: sensor_get_resolution_info:5526depth map enabled: 0
06-24 17:02:56.268  1173 21155 E mm-camera-sensor: sensor_get_resolution_info:5581DEPTH_MAP_DBG Num of meta 1
06-24 17:02:56.268  1173 21155 E mm-camera-CORE: module_sensor_companion_stream_on:175 companion_mode_param.cur_res = 0
06-24 17:02:56.268  1173 21155 I mm-camera-CORE: module_sensor_companion_stream_on:177 Companion stream on using the thread
06-24 17:02:56.268  1173 21155 I mm-camera-CORE: companion_process:3994Sending COMPANION_THREAD_MSG_SET_MODE_STREAM_ON msg to companion thread !
06-24 17:02:56.268  1173 21155 I mm-camera-CORE: companion_post_msg_to_thread:892msg.type=3
06-24 17:02:56.268  1173 21143 I mm-camera-sensor: companion_thread_process_pipe_message:397 COMPANION_THREAD_MSG_SET_MODE_STREAM_ON: set sensor mode from companion thread
06-24 17:02:56.268  1173 21143 I mm-camera-CORE: companion_process:4006set mode command
06-24 17:02:56.268  1173 21143 E mm-camera-CORE: companion_load_mode_tbl:1952bin_name : /data/camera/libmmcamera2_companion_s5k2l1sx.bin
06-24 17:02:56.268  1173 21143 E mm-camera-CORE: companion_load_mode_tbl:1985libmmcamera2_companion_s5k2l1sx.so : so name default
06-24 17:02:56.268  1173 21155 E         : Camera[DBG][ISP   ] bf_stats47_stats_config_update: 2601: error: invalid sensor dim w 4032 h 3024 validate_horiz_limit 0x0
06-24 17:02:56.269  1173 21155 E         : Camera[DBG][ISP   ] mesh_rolloff44_request_stats_type: 3265: 1 0
06-24 17:02:56.269  1173 21155 E         : Camera[DBG][ISP   ] isp_resource_get_stats_type_mask: 1075: enable_stats_mask 45a8
06-24 17:02:56.270  1173 21155 E         : Camera[DBG][IFACE ] iface_util_dump_isp_resource_request: 3006: iface_util_dump_isp_resource_request: =====DUMP RESOURCE: PIX STREAM=== 
06-24 17:02:56.270  1173 21155 E         : Camera[DBG][IFACE ] iface_util_dump_isp_resource_request: 3008: iface_util_dump_isp_resource_request: num pix stream = 3
06-24 17:02:56.270  1173 21155 E         : Camera[DBG][IFACE ] iface_util_dump_isp_resource_request: 3011: iface_util_dump_isp_resource_request: num_isp = 1, isp_mask = 2, request_op_pix_clk = 0
06-24 17:02:56.270  1173 21155 E         : Camera[DBG][IFACE ] iface_util_dump_isp_resource_request: 3015: iface_util_dump_isp_resource_request: ispif stripe info: is split 0, overlap 0, stripe offset 0
06-24 17:02:56.270  1173 21155 E         : Camera[DBG][IFACE ] iface_util_dump_isp_resource_request: 3018: iface_util_dump_isp_resource_request: pix stream 0
06-24 17:02:56.270  1173 21155 E         : Camera[DBG][IFACE ] iface_util_dump_isp_resource_request: 3021: iface_util_dump_isp_resource_request: num mct stream mapped = 1(Mapped stream ID[0] = 3)
06-24 17:02:56.270  1173 21155 E         : Camera[DBG][IFACE ] iface_util_dump_isp_resource_request: 3024: iface_util_dump_isp_resource_request: axi path = 1(ENC-0/VIEW-1/CAMIF-2/IDEAL-3), cam_fmt 2
06-24 17:02:56.270  1173 21155 E         : Camera[DBG][IFACE ] iface_util_dump_isp_resource_request: 3027: iface_util_dump_isp_resource_request: Width = 4032, Height = 3024
06-24 17:02:56.270  1173 21155 E         : Camera[DBG][IFACE ] iface_util_dump_isp_resource_request: 3032: iface_util_dump_isp_resource_request: split_info: is_split 0, right stripe offset = 0
06-24 17:02:56.270  1173 21155 E         : Camera[DBG][IFACE ] iface_util_dump_isp_resource_request: 3036: iface_util_dump_isp_resource_request: split_info: left output = 0, right output = 0
06-24 17:02:56.270  1173 21155 E         : Camera[DBG][IFACE ] iface_util_dump_isp_resource_request: 3039: iface_util_dump_isp_resource_request: use native buffer: 0 frame_skip 0
06-24 17:02:56.270  1173 21155 E         : Camera[DBG][IFACE ] iface_util_dump_isp_resource_request: 3042: iface_util_dump_isp_resource_request, ISP CDS Capability 0
06-24 17:02:56.270  1173 21155 E         : Camera[DBG][IFACE ] iface_util_dump_isp_resource_request: 3018: iface_util_dump_isp_resource_request: pix stream 1
06-24 17:02:56.270  1173 21155 E         : Camera[DBG][IFACE ] iface_util_dump_isp_resource_request: 3021: iface_util_dump_isp_resource_request: num mct stream mapped = 1(Mapped stream ID[0] = 2)
06-24 17:02:56.270  1173 21155 E         : Camera[DBG][IFACE ] iface_util_dump_isp_resource_request: 3024: iface_util_dump_isp_resource_request: axi path = 0(ENC-0/VIEW-1/CAMIF-2/IDEAL-3), cam_fmt 104
06-24 17:02:56.270  1173 21155 E         : Camera[DBG][IFACE ] iface_util_dump_isp_resource_request: 3027: iface_util_dump_isp_resource_request: Width = 1440, Height = 1080
06-24 17:02:56.270  1173 21155 E         : Camera[DBG][IFACE ] iface_util_dump_isp_resource_request: 3032: iface_util_dump_isp_resource_request: split_info: is_split 0, right stripe offset = 0
06-24 17:02:56.270  1173 21155 E         : Camera[DBG][IFACE ] iface_util_dump_isp_resource_request: 3036: iface_util_dump_isp_resource_request: split_info: left output = 0, right output = 0
06-24 17:02:56.270  1173 21155 E         : Camera[DBG][IFACE ] iface_util_dump_isp_resource_request: 3039: iface_util_dump_isp_resource_request: use native buffer: 1 frame_skip 0
06-24 17:02:56.270  1173 21155 E         : Camera[DBG][IFACE ] iface_util_dump_isp_resource_request: 3042: iface_util_dump_isp_resource_request, ISP CDS Capability 1
06-24 17:02:56.270  1173 21155 E         : Camera[DBG][IFACE ] iface_util_dump_isp_resource_request: 3018: iface_util_dump_isp_resource_request: pix stream 2
06-24 17:02:56.270  1173 21155 E         : Camera[DBG][IFACE ] iface_util_dump_isp_resource_request: 3021: iface_util_dump_isp_resource_request: num mct stream mapped = 1(Mapped stream ID[0] = 4)
06-24 17:02:56.270  1173 21155 E         : Camera[DBG][IFACE ] iface_util_dump_isp_resource_request: 3024: iface_util_dump_isp_resource_request: axi path = 2(ENC-0/VIEW-1/CAMIF-2/IDEAL-3), cam_fmt 103
06-24 17:02:56.270  1173 21155 E         : Camera[DBG][IFACE ] iface_util_dump_isp_resource_request: 3027: iface_util_dump_isp_resource_request: Width = 640, Height = 480
06-24 17:02:56.270  1173 21155 E         : Camera[DBG][IFACE ] iface_util_dump_isp_resource_request: 3032: iface_util_dump_isp_resource_request: split_info: is_split 0, right stripe offset = 0
06-24 17:02:56.270  1173 21155 E         : Camera[DBG][IFACE ] iface_util_dump_isp_resource_request: 3036: iface_util_dump_isp_resource_request: split_info: left output = 0, right output = 0
06-24 17:02:56.270  1173 21155 E         : Camera[DBG][IFACE ] iface_util_dump_isp_resource_request: 3039: iface_util_dump_isp_resource_request: use native buffer: 1 frame_skip 0
06-24 17:02:56.270  1173 21155 E         : Camera[DBG][IFACE ] iface_util_dump_isp_resource_request: 3042: iface_util_dump_isp_resource_request, ISP CDS Capability 1
06-24 17:02:56.270  1173 21155 E         : Camera[DBG][IFACE ] iface_util_fill_sensor_csid_info_to_hw_by_format: 1875: [DEPTH_MAP_DBG] csid: 0 cid: 0
06-24 17:02:56.270  1173 21155 I chatty  : uid=1006(camera) CAM_MctServ identical 1 line
06-24 17:02:56.271  1173 21155 E         : Camera[DBG][IFACE ] iface_util_fill_sensor_csid_info_to_hw_by_format: 1875: [DEPTH_MAP_DBG] csid: 0 cid: 0
06-24 17:02:56.271  1173 21143 I mm-camera-sensor: load_table:24 Loading companion table from companion_s5k2l1sx.so (ptr = 0xda12d004)
06-24 17:02:56.271  1173 21155 E         : Camera[DBG][IFACE ] iface_util_fill_sensor_csid_info_to_hw_by_format: 1875: [DEPTH_MAP_DBG] csid: 0 cid: 0
06-24 17:02:56.271  1173 21143 I mm-camera-CORE: companion_process:4051Updating mode configuration (cur = -1, new = 0)
06-24 17:02:56.271  1173 21143 E mm-camera-CORE: aswoogi new_res = 0, 
06-24 17:02:56.276  1173 21143 I mm-camera-sensor: companion_thread_process_pipe_message:399 COMPANION_THREAD_MSG_SET_MODE_STREAM_ON: sensor stream on from companion thread
06-24 17:02:56.276  1173 21143 I mm-camera-CORE: companion_stream_on_off:1084enable = 1
06-24 17:02:56.277  1173 21155 E         : Camera[DBG][IFACE ] iface_util_dump_camif_cfg: 7466: iface_util_dump_camif_cfg: =====Camif DUMP cfg for PIX interface====
06-24 17:02:56.277  1173 21155 E         : Camera[DBG][IFACE ] iface_util_dump_camif_cfg: 7468: iface_util_dump_camif_cfg: camif input type = 3(MIPI=3), op_pix_clk = 460000000
06-24 17:02:56.277  1173 21155 E         : Camera[DBG][IFACE ] iface_util_dump_camif_cfg: 7470: iface_util_dump_camif_cfg: camif pix_pattern(RGRG-0/GRGR-1/BGBG-2/GBGB-3) = 1
06-24 17:02:56.277  1173 21155 E         : Camera[DBG][IFACE ] iface_util_dump_camif_cfg: 7472: iface_util_dump_camif_cfg: camif first_pix = 0, last_pix = 4031
06-24 17:02:56.277  1173 21155 E         : Camera[DBG][IFACE ] iface_util_dump_camif_cfg: 7474: iface_util_dump_camif_cfg: camif first_line = 0, last_line = 3023
06-24 17:02:56.277  1173 21155 E         : Camera[DBG][IFACE ] iface_util_dump_camif_cfg: 7476: iface_util_dump_camif_cfg: camif pixels_per_line = 4032, lines_per_frame = 3024
06-24 17:02:56.277  1173 21155 E         : Camera[DBG][IFACE ] iface_util_dump_camif_cfg: 7480: iface_util_dump_camif_cfg: camif irq subsample pattern = 0, period = 0 sof_step 1
06-24 17:02:56.285  1173 21143 I mm-camera-sensor: companion_thread_process_pipe_message:407 COMPANION_THREAD_MSG_SET_MODE_STREAM_ON: SEND SIGNAL
