06-24 17:03:18.048  1173 21159 I mm-camera-sensor: sensor_apply_exposure:1193s_gain=0x1000073, l_gain=0x1000073, s_linecount=2370,l_linecount=2370, fl_lines=3156
06-24 17:03:18.067  1394 10598 V WindowManager: Relayout Window{6809857 u0 com.appname/com.appname.MainActivity}: viewVisibility=0 req=1080x1920 WM.LayoutParams{(0,0)(fillxfill) sim=#10 ty=1 fl=#81810900 pfl=0x20000 wanim=0x10302fd vsysui=0x600 needsMenuKey=2 colorMode=0 naviIconColor=0}
06-24 17:03:18.074  1173 21160 E mm-3a-external: [cgAF] Invalid Cal. Set Default AF Cal: PAN: 0x78, MAC: 0x1F4, OFFSET: 0x0
06-24 17:03:18.091  1394 13864 D ConnectivityService: filterNetworkStateForUid() uid: 5013 networkInfo: [type: WIFI[] - WIFI, state: CONNECTED/CONNECTED, reason: (unspecified), extra: "BananaPancake", failover: false, available: true, roaming: false, metered: false]
06-24 17:03:18.099  1394 10129 I SamsungAlarmManager: setLocked to kernel - T:2 / 20200624T170519, SetElapsed=949203034, nowELAPSED=949081268
06-24 17:03:18.100  1394 10129 D SamsungAlarmManager: setInexact Intent (T:2/F:0/AC:false) 20200624T170321 - CU:10024/CP:19589
06-24 17:03:18.100  1394 10129 I SamsungAlarmManager: setLocked to kernel - T:2 / 20200624T170321, SetElapsed=949084182, nowELAPSED=949081269
06-24 17:03:18.089  1173 21160 E mm-3a-external: [cgAF] Invalid Cal. Set Default AF Cal: PAN: 0x78, MAC: 0x1F4, OFFSET: 0x0
06-24 17:03:18.105 17748 17748 D ViewRootImpl@65929e8[MainActivity]: Relayout returned: old=[0,0][1080,1920] new=[0,0][1080,1920] result=0x1 surface={valid=true 518548692992} changed=false
06-24 17:03:18.110   763   763 W Layer   : [SurfaceView - com.appname/com.appname.MainActivity@40fc623@0#0] Timestamp 949081112836240 seems implausible relative to expectedPresent 663625915342068
06-24 17:03:18.113  1028  1363 V APM_AudioPolicyManager: stopOutput() output 21, stream 1, session 6617
06-24 17:03:18.113  1028  1363 V APM_AudioPolicyManager: setBeaconMute(1) mBeaconMuteRefCount=0 mBeaconPlayingRefCount=0
06-24 17:03:18.114  1028  1363 V APM_AudioPolicyManager: getNewOutputDevice() selected device 0
06-24 17:03:18.114  1028  1363 V APM_AudioPolicyManager: setOutputDevice() device 0000 delayMs 96
06-24 17:03:18.114  1028  1363 V APM_AudioPolicyManager: setOutputDevice() prevDevice 0x0002
06-24 17:03:18.114  1028  1363 V APM_AudioPolicyManager: setOutputDevice() setting same device 0x0000 or null device
06-24 17:03:18.123  1173 21160 E mm-3a-external: [cgAF] Invalid Cal. Set Default AF Cal: PAN: 0x78, MAC: 0x1F4, OFFSET: 0x0
06-24 17:03:18.131  1028  5309 V APM_AudioPolicyManager: getOutput() device 2, stream 7, samplingRate 0, format 0, channelMask 3, flags 0
06-24 17:03:18.131  1028  5309 V APM_AudioPolicyManager: selectOutput() commonFlags for output 13, 0000
06-24 17:03:18.131  1028  5309 V APM_AudioPolicyManager: selectOutput() commonFlags for output 21, 0000
06-24 17:03:18.131  1028  5309 V APM_AudioPolicyManager: selectOutput() commonFlags for output 29, 0000
06-24 17:03:18.131  1028  5309 V APM_AudioPolicyManager:   getOutputForDevice() returns output 13
06-24 17:03:18.131  1028 13667 V APM_AudioPolicyManager: getOutput() device 2, stream 7, samplingRate 0, format 0, channelMask 3, flags 0
06-24 17:03:18.132  1028 13667 V APM_AudioPolicyManager: selectOutput() commonFlags for output 13, 0000
06-24 17:03:18.132  1028 13667 V APM_AudioPolicyManager: selectOutput() commonFlags for output 21, 0000
06-24 17:03:18.132  1028 13667 V APM_AudioPolicyManager: selectOutput() commonFlags for output 29, 0000
06-24 17:03:18.132  1028 13667 V APM_AudioPolicyManager:   getOutputForDevice() returns output 13
06-24 17:03:18.133  1028 13667 V APM_AudioPolicyManager: getOutputForAttr() usage=13, content=4, tag= flags=00000001 session 7761 selectedDeviceId 0
06-24 17:03:18.133  1028 13667 V APM_AudioPolicyManager: getOutputForAttr() device 0x2, samplingRate 48000, format 1, channelMask 3, flags 100000
06-24 17:03:18.133  1028 13667 V APM_AudioPolicyManager: selectOutput() commonFlags for output 13, 0000
06-24 17:03:18.133  1028 13667 V APM_AudioPolicyManager: selectOutput() commonFlags for output 21, 0000
06-24 17:03:18.133  1028 13667 V APM_AudioPolicyManager: selectOutput() commonFlags for output 29, 0000
06-24 17:03:18.133  1028 13667 V APM_AudioPolicyManager:   getOutputForDevice() returns output 13
06-24 17:03:18.135  1173 21156 E         : Camera[DBG][MCT   ] mct_stream_fill_metadata_v3: 2609: mct_stream_fill_metadata_v3:2609 Unsupported message type 86
06-24 17:03:18.136  1028 13667 W AudioPolicyIntefaceImpl: Skipped to add effects on session 7761
06-24 17:03:18.136  1028 13667 V APM_AudioPolicyManager: startOutput() output 13, stream 7, session 7761
06-24 17:03:18.136  1028 13667 V APM_AudioPolicyManager: setBeaconMute(1) mBeaconMuteRefCount=1 mBeaconPlayingRefCount=0
06-24 17:03:18.136  1028 13667 V APM_AudioPolicyManager: getNewOutputDevice() selected device 2
06-24 17:03:18.136  1028 13667 V APM_AudioPolicyManager: setOutputDevice() device 0002 delayMs 0
06-24 17:03:18.136  1028 13667 V APM_AudioPolicyManager: setOutputDevice() prevDevice 0x0002
06-24 17:03:18.136  1028 13667 V APM_AudioPolicyManager: setOutputDevice() setting same device 0x0002 or null device
06-24 17:03:18.137  1028 13667 V APM_AudioPolicyManager: computeVolume : camera shutter sound volume 1.000000
06-24 17:03:18.137  1028 13667 I AudioFlinger: updateStageIndex prev 0, new -1303
06-24 17:03:18.141   718 14073 D audio_hw_primary: start_output_stream: enter: stream(0xe4b88000)usecase(0: deep-buffer-playback) devices(0x2)
06-24 17:03:18.141   718 14073 D audio_hw_primary: select_devices for use case (deep-buffer-playback)
06-24 17:03:18.141   718 14073 V msm8974_platform: platform_get_output_snd_device: enter: output devices(0x2)
06-24 17:03:18.141   718 14073 V msm8974_platform: platform_get_output_snd_device: exit: snd_device(speaker)
06-24 17:03:18.141   718 14073 D audio_hw_primary: select_devices: out_snd_device(2: speaker) in_snd_device(0: )
06-24 17:03:18.141   718 14073 V msm8974_platform: platform_get_backend_index:napb: backend port - 0 device - 2 
06-24 17:03:18.141   718 14073 I msm8974_platform: platform_check_and_set_codec_backend_cfg:becf: afe: bitwidth 16, samplerate 48000 channels 2, backend_idx 0 usecase = 0 device (speaker)
06-24 17:03:18.141   718 14073 D msm8974_platform: platform_split_snd_device: snd_device(2) num devices(1) new_snd_devices(0)
06-24 17:03:18.141   718 14073 I msm8974_platform: platform_check_and_set_codec_backend_cfg: new_snd_devices[0] is 2
06-24 17:03:18.141   718 14073 V msm8974_platform: platform_get_native_support:napb: ui Prop enabled(0) version(4)
06-24 17:03:18.141   718 14073 V msm8974_platform: platform_get_backend_index:napb: backend port - 0 device - 2 
06-24 17:03:18.141   718 14073 I msm8974_platform: platform_check_codec_backend_cfg:becf: afe: bitwidth 16, samplerate 48000 channels 2, backend_idx 0 usecase = 0 device (speaker)
06-24 17:03:18.141   718 14073 D msm8974_platform: platform_check_codec_backend_cfg:napb: (0) - (low-latency-playback)id (1) sr 48000 bw (16) ch (2) device speaker
06-24 17:03:18.141   718 14073 V msm8974_platform: platform_check_backends_match: snd_device1 = speaker, snd_device2 = speaker
06-24 17:03:18.141   718 14073 V msm8974_platform: platform_check_backends_match: be_itf1 = SLIMBUS_0_RX, be_itf2 = SLIMBUS_0_RX, match 1
06-24 17:03:18.141   718 14073 V msm8974_platform: platform_check_backends_match: snd_device1 = speaker, snd_device2 = speaker
06-24 17:03:18.141   718 14073 V msm8974_platform: platform_check_backends_match: be_itf1 = SLIMBUS_0_RX, be_itf2 = SLIMBUS_0_RX, match 1
06-24 17:03:18.141   718 14073 D msm8974_platform: platform_check_codec_backend_cfg:becf: afe: playback on codec device not supporting native playback set default Sample Rate(48k)
06-24 17:03:18.141   718 14073 I msm8974_platform: platform_check_codec_backend_cfg:becf: afe: Codec selected backend: 0 updated bit width: 16 and sample rate: 48000
06-24 17:03:18.141   718 14073 D audio_hw_primary: check_usecases_codec_backend:becf: force routing 0
06-24 17:03:18.141   718 14073 V msm8974_platform: platform_check_backends_match: snd_device1 = speaker, snd_device2 = speaker
06-24 17:03:18.141   718 14073 V msm8974_platform: platform_check_backends_match: be_itf1 = SLIMBUS_0_RX, be_itf2 = SLIMBUS_0_RX, match 1
06-24 17:03:18.141   718 14073 D audio_hw_primary: check_usecases_codec_backend:becf: (63) check_usecases curr device: speaker, usecase device:speaker backends match 1
06-24 17:03:18.141   718 14073 V msm8974_platform: platform_check_backends_match: snd_device1 = speaker, snd_device2 = speaker
06-24 17:03:18.142   718 14073 V msm8974_platform: platform_check_backends_match: be_itf1 = SLIMBUS_0_RX, be_itf2 = SLIMBUS_0_RX, match 1
06-24 17:03:18.142   718 14073 V msm8974_platform: platform_check_backends_match: snd_device1 = speaker, snd_device2 = 
06-24 17:03:18.142   718 14073 E msm8974_platform: platform_check_backends_match: Invalid snd_device = 
06-24 17:03:18.142   718 14073 D audio_hw_primary: check_usecases_codec_backend:becf: (63) check_usecases curr device: speaker, usecase device: backends match 0
06-24 17:03:18.142   718 14073 V msm8974_platform: platform_check_backends_match: snd_device1 = speaker, snd_device2 = 
06-24 17:03:18.142   718 14073 E msm8974_platform: platform_check_backends_match: Invalid snd_device = 
06-24 17:03:18.142   718 14073 D audio_hw_primary: check_usecases_codec_backend:becf: (63) check_usecases curr device: speaker, usecase device: backends match 0
06-24 17:03:18.142   718 14073 D audio_hw_primary: check_usecases_codec_backend:becf: check_usecases num.of Usecases to switch 0
06-24 17:03:18.142   718 14073 D hardware_info: hw_info_append_hw_type : device_name = speaker
06-24 17:03:18.142   718 14073 D audio_hw_utils: audio_extn_utils_send_app_type_cfg: usecase->out_snd_device speaker
06-24 17:03:18.142   718 14073 D msm8974_platform: platform_split_snd_device: snd_device(2) num devices(0) new_snd_devices(0)
06-24 17:03:18.142   718 14073 V msm8974_platform: platform_get_snd_device_backend_index: enter with device 2
06-24 17:03:18.142   718 14073 E msm8974_platform: platform_get_snd_device_backend_index: BE DAI Name Table is not present
06-24 17:03:18.142   718 14073 E audio_hw_utils: send_app_type_cfg_for_device: Couldn't get the backend index for snd device speaker ret=-14
06-24 17:03:18.142   718 14073 I audio_hw_utils: send_app_type_cfg_for_device PLAYBACK app_type 69937, acdb_dev_id 15, sample_rate 48000, snd_device_be_idx -14
06-24 17:03:18.143   718 14073 D msm8974_platform: platform_split_snd_device: snd_device(2) num devices(1) new_snd_devices(0)
06-24 17:03:18.143   718 14073 V msm8974_platform: platform_send_audio_calibration: sending audio calibration for snd_device(2) acdb_id(15)
06-24 17:03:18.143   718 14073 D ACDB-LOADER: ACDB -> send_audio_cal, acdb_id = 15, path = 0, app id = 0x11131, sample rate = 48000
06-24 17:03:18.143   718 14073 D ACDB-LOADER: ACDB -> send_asm_topology
06-24 17:03:18.143   718 14073 D ACDB-LOADER: ACDB -> ACDB_CMD_GET_AUDPROC_STREAM_TOPOLOGY_ID
06-24 17:03:18.143   718 14073 D ACDB-LOADER: ACDB -> send_adm_topology
06-24 17:03:18.143   718 14073 D ACDB-LOADER: ACDB -> ACDB_CMD_GET_AUDPROC_COMMON_TOPOLOGY_ID
06-24 17:03:18.143   718 14073 D ACDB-LOADER: ACDB -> send_audtable
06-24 17:03:18.143   718 14073 D ACDB-LOADER: ACDB -> ACDB_CMD_GET_AUDPROC_COMMON_TABLE_SIZE
06-24 17:03:18.143   718 14073 D ACDB-LOADER: ACDB -> ACDB_CMD_GET_AUDPROC_COMMON_TABLE
06-24 17:03:18.143   718 14073 D ACDB-LOADER: ACDB -> AUDIO_SET_AUDPROC_CAL
06-24 17:03:18.143   718 14073 D ACDB-LOADER: ACDB -> send_audvoltable
06-24 17:03:18.143   718 14073 D ACDB-LOADER: ACDB -> ACDB_CMD_GET_AUDPROC_VOL_STEP_TABLE_SIZE
06-24 17:03:18.143   718 14073 D ACDB-LOADER: ACDB -> ACDB_CMD_GET_AUDPROC_GAIN_DEP_STEP_TABLE, vol index 0
06-24 17:03:18.143   718 14073 D ACDB-LOADER: ACDB -> AUDIO_SET_VOL_CAL cal type = 12
06-24 17:03:18.143   718 14073 D ACDB-LOADER: ACDB -> ACDB_CMD_GET_AUDPROC_STREAM_TABLE_SIZE
06-24 17:03:18.143   718 14073 D ACDB-LOADER: ACDB -> send_audstrmtable
06-24 17:03:18.143   718 14073 D ACDB-LOADER: ACDB -> ACDB_CMD_GET_AUDPROC_STREAM_TABLE_V2
06-24 17:03:18.143   718 14073 D ACDB-LOADER: ACDB -> audstrm_cal->cal_type.cal_data.cal_size = 4160
06-24 17:03:18.143   718 14073 D ACDB-LOADER: ACDB -> send_afe_topology
06-24 17:03:18.143   718 14073 D ACDB-LOADER: ACDB -> ACDB_CMD_GET_AFE_TOPOLOGY_ID
06-24 17:03:18.143   718 14073 D ACDB-LOADER: ACDB -> GET_AFE_TOPOLOGY_ID for adcd_id 15, Topology Id 10001061
06-24 17:03:18.143   718 14073 D ACDB-LOADER: ACDB -> send_afe_cal
06-24 17:03:18.143   718 14073 D ACDB-LOADER: ACDB -> ACDB_CMD_GET_AFE_COMMON_TABLE_SIZE
06-24 17:03:18.143   718 14073 D ACDB-LOADER: ACDB -> ACDB_CMD_GET_AFE_COMMON_TABLE
06-24 17:03:18.146   718 14073 D ACDB-LOADER: ACDB -> AUDIO_SET_AFE_CAL
06-24 17:03:18.146   718 14073 D ACDB-LOADER: ACDB -> send_hw_delay : acdb_id = 15 path = 0
06-24 17:03:18.146   718 14073 D ACDB-LOADER: ACDB -> ACDB_AVSYNC_INFO: ACDB_CMD_GET_DEVICE_PROPERTY
06-24 17:03:18.147   718 14073 D audio_hw_primary: enable_audio_route: apply mixer and update path: deep-buffer-playback speaker
06-24 17:03:18.147   718 14073 D audio_route: Setting mixer control: PRI_MI2S_RX Audio Mixer MultiMedia1, value: 1
06-24 17:03:18.148   718 14073 V audio_hw_sec: [MAXIM] sec_dsm_spkr_prot_control_tx_topology() enable:1, dsm_is_enabled:1
06-24 17:03:18.149   718 14073 D audio_hw_primary: select_devices: done
06-24 17:03:18.155  1173 21160 E mm-3a-external: [cgAF] Invalid Cal. Set Default AF Cal: PAN: 0x78, MAC: 0x1F4, OFFSET: 0x0
06-24 17:03:18.162  1173 21155 E         : Camera[DBG] pproc_module_handle_reprocess_offline: 2167: pproc_module_handle_reprocess_offline2167: No flip value in metadata! Use default!!!
06-24 17:03:18.162  1173 21155 E         : Camera[DBG] pproc_module_handle_reprocess_offline: 2177: pproc_module_handle_reprocess_offline2177: No tnr value in metadata! Use default!!!
06-24 17:03:18.162  1173 21155 E         : Camera[DBG] pproc_module_send_set_param_event: 1196: pproc_module_send_set_param_event:1196] rotation:1, strmId:5
06-24 17:03:18.163  1173 21151 E         : Camera[DBG][CPP   ] cpp_module_util_post_crop_info: 1156: meta_data container is NULL
06-24 17:03:18.163  1173 21151 E         : Camera[DBG] cpp_module_enq_event: 751: cpp_module_enq_event:751, partial_frame_queue size = 1
06-24 17:03:18.164 17748 17748 D SurfaceView: BG show() Surface(name=Background for - SurfaceView - com.appname/com.appname.MainActivity@40fc623@0) android.view.SurfaceView{40fc623 V.E...... ........ 0,0-1440,1080}
06-24 17:03:18.165 17748 17748 D SurfaceView: surfaceDestroyed 1 android.view.SurfaceView{40fc623 V.E...... ........ 0,0-1440,1080}
06-24 17:03:18.165 17748 17748 D SurfaceViewImpl: Surface destroyed.
06-24 17:03:18.165 17748 17748 D SurfaceViewImpl: Surface invalidated androidx.camera.core.SurfaceRequest@d027efa
06-24 17:03:18.166   763  1294 I SurfaceFlinger: id=7390 Removed SurfaceView - com.appname/com.appname.MainActivity@40fc623@0#0 (1/5)
06-24 17:03:18.166   763  1294 I SurfaceFlinger: id=7390 Removed SurfaceView - com.appname/com.appname.MainActivity@40fc623@0#0 (-2/5)
06-24 17:03:18.166 17748 17748 D SurfaceView: BG destroy() Surface(name=Background for - SurfaceView - com.appname/com.appname.MainActivity@40fc623@0) android.view.SurfaceView{40fc623 V.E...... ........ 0,0-1440,1080}
06-24 17:03:18.167   763  1294 I SurfaceFlinger: id=7391 Removed Background for - SurfaceView - com.appname/com.appname.MainActivity@40fc623@0#0 (0/5)
06-24 17:03:18.167   718 14073 V msm8974_platform: platform_set_channel_map channel_count:2
06-24 17:03:18.167   718 14073 D msm8974_platform: platform_set_channel_map mixer_ctl_name:Playback Channel Map0
06-24 17:03:18.167   718 14073 D msm8974_platform: platform_set_channel_map: set mapping(1 2 0 0 0 0 0 0) for channel:2
06-24 17:03:18.167   763  1294 I SurfaceFlinger: id=7391 Removed Background for - SurfaceView - com.appname/com.appname.MainActivity@40fc623@0#0 (-2/5)
06-24 17:03:18.168   718 14073 D audio_hw_primary: start_output_stream: exit
06-24 17:03:18.168  1394  4627 D SensorService: Calling activate off 1
06-24 17:03:18.169   734  2320 I qti_sensors_hal: batch:sensor(android.sensor.accelerometer) handle:1 flags:0x0 period_ns 10000000
06-24 17:03:18.170   734  2320 I qti_sensors_hal: batch: current sample rate, report rate & buffering are equal to requested (100.000000,0.000000,0)
06-24 17:03:18.171  1173 21156 E         : Camera[DBG][MCT   ] mct_stream_fill_metadata_v3: 2609: mct_stream_fill_metadata_v3:2609 Unsupported message type 86
06-24 17:03:18.172 17748 17748 D SensorManager: unregisterListener ::   
06-24 17:03:18.163  1173 21151 E         : Camera[DBG] cpp_module_enq_event: 751: cpp_module_enq_event:751, partial_frame_queue size = 2
06-24 17:03:18.173  1173 21151 E         : Camera[DBG] cpp_module_enq_event: 751: cpp_module_enq_event:751, partial_frame_queue size = 3
06-24 17:03:18.173  1173 21151 E         : Camera[DBG] cpp_module_enq_event: 751: cpp_module_enq_event:751, partial_frame_queue size = 4
06-24 17:03:18.175 17748 18064 D UseCaseAttachState: All use case: [androidx.camera.core.Preview-eedde991-5d98-43b3-b0e3-2eda0560e774] for camera: 0
06-24 17:03:18.176 17748 18064 D UseCaseAttachState: Active and attached use case: [androidx.camera.core.Preview-eedde991-5d98-43b3-b0e3-2eda0560e774] for camera: 0
06-24 17:03:18.177   763   763 I Layer   : id=7391 onRemoved Background for - SurfaceView - com.appname/com.appname.MainActivity@40fc623@0#0 
06-24 17:03:18.177   763   763 I Layer   : id=7390 onRemoved SurfaceView - com.appname/com.appname.MainActivity@40fc623@0#0 
06-24 17:03:18.178 17748 18064 D CaptureSession: Attempting to submit CaptureRequest after setting
06-24 17:03:18.178 17748 18064 D CaptureSession: Issuing request for session.
06-24 17:03:18.187   763   763 I SurfaceFlinger: Display 0 HWC layers:
06-24 17:03:18.187   763   763 I SurfaceFlinger:     type    |    handle    | flag |  format   |   source crop (l,t,r,b)    |         frame       | name 
06-24 17:03:18.187   763   763 I SurfaceFlinger: ------------+--------------+------+-----------+----------------------------+---------------------+------
06-24 17:03:18.187   763   763 I SurfaceFlinger:      Device | 0x726ad8e480 | 0002 | RGBA_8888 |   0.0    0.0 1080.0 1920.0 |    0    0 1080 1920 | com.appname/com.appname.MainActivity#0
06-24 17:03:18.187   763   763 I SurfaceFlinger:  SolidColor |              | 0000 |  Unknown  |  -0.2   -0.2   -0.8   -0.8 |    0    0 1080 1920 | DimLayerController/Stack=0#0
06-24 17:03:18.187   763   763 I SurfaceFlinger:      Device | 0x726ad8e580 | 0000 | RGBA_8888 |   0.0    0.0 1080.0 1920.0 |    0    0 1080 1920 | com.appname/com.appname.MainActivity#1
06-24 17:03:18.187   763   763 I SurfaceFlinger: 
06-24 17:03:18.190 17748 17848 D OpenGLRenderer: eglDestroySurface = 0x78bc1f02f0
06-24 17:03:18.190 17748 17748 D ViewRootImpl@f74dda0[MainActivity]: dispatchDetachedFromWindow
06-24 17:03:18.192  1173 21160 E mm-3a-external: [cgAF] Invalid Cal. Set Default AF Cal: PAN: 0x78, MAC: 0x1F4, OFFSET: 0x0
06-24 17:03:18.198  1394  4786 D NpProxy : handleMessage what - 4
06-24 17:03:18.198  1394  4786 V LocSvc_HIDL_OsNpGlue_jni: [onJavaLocationChanged][159] [HC] =>> [HS]
06-24 17:03:18.198  1162  1162 I LocSvc_GnssInterface: ===> injectLocation line 232 
06-24 17:03:18.199  1162  2895 V LocSvc_HIDL_IzatOsNpGlue: [locationChanged][33] [HS] <<<<= [HC]
06-24 17:03:18.199  1162  1198 I LocSvc_api_v02: ---> locClientSendReq line 2102 QMI_LOC_INJECT_POSITION_REQ_V02
06-24 17:03:18.199  1162  4816 I LocSvc_libulp: ulp_brain_process_gnp_position_report, first_fix_pending 1, request active = 0,gnss running 1, gnss state 1 quipc running 0 quipc state 0
06-24 17:03:18.199  1162  4816 I LocSvc_libulp: ulp_brain_process_gnp_position_report, report GNP position to hybrid fix requests = 0
06-24 17:03:18.199  1162  4816 I LocSvc_libulp: ulp_brain_transition_all_providers, before transition, 
06-24 17:03:18.199  1162  4816 I LocSvc_libulp:  GNSS provider state = 1,  GNSS selected to run = 1,  GNSS onoff_cnt = 0, GNSS high speed flag = 0 
06-24 17:03:18.199  1162  4816 I LocSvc_libulp:  QUIPC provider state = 0, QUIPC selected to run = 0, QUIPC onoff_cnt = 5, 
06-24 17:03:18.199  1162  4816 I LocSvc_libulp:  GNP provider state = 0,   GNP selected to run = 0,   GNP onoff_cnt = 1, 
06-24 17:03:18.204  1162  1231 I LocSvc_ApiV02: <--- globalRespCb line 188 QMI_LOC_INJECT_POSITION_REQ_V02
06-24 17:03:18.209   763   836 E BufferQueueProducer: [SurfaceView - com.appname/com.appname.MainActivity@40fc623@0#0] queueBuffer: BufferQueue has been abandoned
06-24 17:03:18.209  1029 21176 E Surface : queueBuffer: error queuing buffer to SurfaceTexture, -19
06-24 17:03:18.209  1029 21176 E Camera3-OutputStream: returnBufferCheckedLocked: Stream 1: Error queueing buffer to native window: No such device (-19)
06-24 17:03:18.210  1029 21176 E Camera3-Device: Can't return buffer to its stream: No such device (-19)
06-24 17:03:18.212   763   836 E BufferQueueProducer: [SurfaceView - com.appname/com.appname.MainActivity@40fc623@0#0] dequeueBuffer: BufferQueue has been abandoned
06-24 17:03:18.212  1029 21164 E Camera3-OutputStream: getBufferLockedCommon: Stream 1: Can't dequeue next output buffer: No such device (-19)
06-24 17:03:18.212  1029 21164 E Camera3-Device: RequestThread: Can't get output buffer, skipping request: No such device (-19)
06-24 17:03:18.213   763  3212 E BufferQueueProducer: [SurfaceView - com.appname/com.appname.MainActivity@40fc623@0#0] queueBuffer: BufferQueue has been abandoned
06-24 17:03:18.213  1029 21190 E Surface : queueBuffer: error queuing buffer to SurfaceTexture, -19
06-24 17:03:18.213  1029 21190 E Camera3-OutputStream: returnBufferCheckedLocked: Stream 1: Error queueing buffer to native window: No such device (-19)
06-24 17:03:18.213  1029 21190 E Camera3-Device: Can't return buffer to its stream: No such device (-19)
06-24 17:03:18.215  1029 21167 D mm-jpeg-intf: mm_jpeg_destroy_session:2890] abort todo jobs
06-24 17:03:18.215  1029 21167 D mm-jpeg-intf: mm_jpeg_destroy_session:2898] abort ongoing jobs
06-24 17:03:18.210 21996 21402 I DCMTask : [#CMH#] No of images to process 1
06-24 17:03:18.220 17748 17748 D InputEventReceiver: channel '2d9b187 com.appname/com.appname.MainActivity (client)' ~ Disposing input event receiver.
06-24 17:03:18.220 17748 17748 D InputEventReceiver: channel '2d9b187 com.appname/com.appname.MainActivity (client)' ~NativeInputEventReceiver.
06-24 17:03:18.220   763  3212 E BufferQueueProducer: [SurfaceView - com.appname/com.appname.MainActivity@40fc623@0#0] queueBuffer: BufferQueue has been abandoned
06-24 17:03:18.222  1029 14994 E CameraDeviceClient: cancelRequest: Camera 0: Canceling request ID 0 doesn't match current request ID -1
06-24 17:03:18.222  1173 21160 E mm-3a-external: [cgAF] Invalid Cal. Set Default AF Cal: PAN: 0x78, MAC: 0x1F4, OFFSET: 0x0
06-24 17:03:18.226  1029 21190 E Surface : queueBuffer: error queuing buffer to SurfaceTexture, -19
06-24 17:03:18.226  1029 21190 E Camera3-OutputStream: returnBufferCheckedLocked: Stream 1: Error queueing buffer to native window: No such device (-19)
06-24 17:03:18.226  1029 21190 E Camera3-Device: Can't return buffer to its stream: No such device (-19)
06-24 17:03:18.228  1394  2867 I EDMNativeHelperService: isCameraEnabled
06-24 17:03:18.230  1029 14994 D Camera3-Device: submitRequestsHelper: mInterfaceLock.lock()
06-24 17:03:18.230  1029 21164 E Camera3-Stream: getBuffer: Stream 1: Can't get buffers if stream is not in CONFIGURED state 6
06-24 17:03:18.230  1029 21164 E Camera3-Device: RequestThread: Can't get output buffer, skipping request: Function not implemented (-38)
06-24 17:03:18.230  1029 14994 D Camera3-Device: submitRequestsHelper: mInterfaceLock.unlock()
06-24 17:03:18.239 17748 18064 D UseCaseAttachState: All use case: [androidx.camera.core.Preview-eedde991-5d98-43b3-b0e3-2eda0560e774] for camera: 0
06-24 17:03:18.241  1029 21167 D mm-still: releaseCodecLibs:1692] X
06-24 17:03:18.252 17748 18064 D UseCaseAttachState: Active and attached use case: [] for camera: 0
06-24 17:03:18.253 17748 18064 D UseCaseAttachState: All use case: [] for camera: 0
06-24 17:03:18.253  1029 21167 V qomx_image_core: OMX_FreeHandle:335] 
06-24 17:03:18.253  1029 21167 D qomx_image_core: get_idx_from_handle:294] comp_idx 2 inst_idx 0
06-24 17:03:18.256  1173 21160 E mm-3a-external: [cgAF] Invalid Cal. Set Default AF Cal: PAN: 0x78, MAC: 0x1F4, OFFSET: 0x0
06-24 17:03:18.261  1029 21167 V qomx_image_core: OMX_FreeHandle:370] Success
06-24 17:03:18.261  1029 21167 D mm-jpeg-intf: mm_jpeg_session_destroy:399] Session destroy successful. X
06-24 17:03:18.267  1394 10598 D InputDispatcher: Focus left window: 17748
06-24 17:03:18.267  1394 10598 D InputDispatcher: Focus entered window: 17748
06-24 17:03:18.269  1029 21167 D mm-jpeg-intf: mm_jpeg_destroy_session:2943] destroy session successful. X
06-24 17:03:18.272  1394 10598 D ConnectivityService: filterNetworkStateForUid() uid: 10081 networkInfo: [type: WIFI[] - WIFI, state: CONNECTED/CONNECTED, reason: (unspecified), extra: "BananaPancake", failover: false, available: true, roaming: false, metered: false]
06-24 17:03:18.279  1028  2058 D AudioFlinger: mixer(0xe5886280) throttle end: throttle time(65)
06-24 17:03:18.281  1029 21164 D Camera3-Status: markComponent: Component 1 is now idle
06-24 17:03:18.289  1173 21160 E mm-3a-external: [cgAF] Invalid Cal. Set Default AF Cal: PAN: 0x78, MAC: 0x1F4, OFFSET: 0x0
06-24 17:03:18.299   763   763 I SurfaceFlinger: Display 0 HWC layers:
06-24 17:03:18.299   763   763 I SurfaceFlinger:     type    |    handle    | flag |  format   |   source crop (l,t,r,b)    |         frame       | name 
06-24 17:03:18.299   763   763 I SurfaceFlinger: ------------+--------------+------+-----------+----------------------------+---------------------+------
06-24 17:03:18.299   763   763 I SurfaceFlinger:      Device | 0x726ad8e380 | 0002 | RGBA_8888 |   0.0    0.0 1080.0 1920.0 |    0    0 1080 1920 | com.appname/com.appname.MainActivity#0
06-24 17:03:18.299   763   763 I SurfaceFlinger:  SolidColor |              | 0000 |  Unknown  |  -0.2   -0.2   -0.8   -0.8 |    0    0 1080 1920 | DimLayerController/Stack=0#0
06-24 17:03:18.299   763   763 I SurfaceFlinger:      Device | 0x726ad8e580 | 0000 | RGBA_8888 |   0.0    0.0 1080.0 1786.0 |    0  134 1080 1920 | com.appname/com.appname.MainActivity#1
06-24 17:03:18.299   763   763 I SurfaceFlinger:      Device | 0x726ad8d300 | 0000 | RGBA_8888 |   0.0   46.0 1080.0   72.0 |    0    0 1080   26 | StatusBar#0
06-24 17:03:18.299   763   763 I SurfaceFlinger: 
06-24 17:03:18.305  1173 21159 D mm-camera-CORE: TSAec_process works: stats' frame_id=659, 0, 0
06-24 17:03:18.328  1162  1231 I LocSvc_ApiV02: <--- globalEventCb line 162 QMI_LOC_EVENT_GNSS_SV_INFO_IND_V02
06-24 17:03:18.328  1173 21160 E mm-3a-external: [cgAF] Invalid Cal. Set Default AF Cal: PAN: 0x78, MAC: 0x1F4, OFFSET: 0x0
06-24 17:03:18.328  1162  4816 I LocSvc_libulp: ulp_brain_process_gnss_sv_report, gnss sv report cnt = 3747, gnss pos report cnt = 83,strong sv cnt = 0
06-24 17:03:18.329  1394  6665 D GnssLocationProvider_ex: SV Count : 1      (PRN, Constellation, SNR, Used)
06-24 17:03:18.329  1394  6665 D GnssLocationProvider_ex: (194, QZSS, 31.0, 0) 
06-24 17:03:18.331  1029 21167 I qomx_image_core: OMX_GetHandle:240] get instance pts is 0xebdaf200
06-24 17:03:18.335 17748 17748 E ReactNative: CameraView: Photo capture failed: Camera is closed.
06-24 17:03:18.335 17748 17748 E ReactNative: androidx.camera.core.ImageCaptureException: Camera is closed.
06-24 17:03:18.335 17748 17748 E ReactNative: 	at androidx.camera.core.ImageCapture$ImageCaptureRequest.lambda$notifyCallbackError$1$ImageCapture$ImageCaptureRequest(ImageCapture.java:2016)
06-24 17:03:18.335 17748 17748 E ReactNative: 	at androidx.camera.core.-$$Lambda$ImageCapture$ImageCaptureRequest$1G7WSvt8TANxhZtOyewefm68pg4.run(Unknown Source:8)
06-24 17:03:18.335 17748 17748 E ReactNative: 	at android.os.Handler.handleCallback(Handler.java:789)
06-24 17:03:18.335 17748 17748 E ReactNative: 	at android.os.Handler.dispatchMessage(Handler.java:98)
06-24 17:03:18.335 17748 17748 E ReactNative: 	at android.os.Looper.loop(Looper.java:164)
06-24 17:03:18.335 17748 17748 E ReactNative: 	at android.app.ActivityThread.main(ActivityThread.java:6944)
06-24 17:03:18.335 17748 17748 E ReactNative: 	at java.lang.reflect.Method.invoke(Native Method)
06-24 17:03:18.335 17748 17748 E ReactNative: 	at com.android.internal.os.Zygote$MethodAndArgsCaller.run(Zygote.java:327)
06-24 17:03:18.335 17748 17748 E ReactNative: 	at com.android.internal.os.ZygoteInit.main(ZygoteInit.java:1374)
06-24 17:03:18.335 17748 17748 E ReactNative: Caused by: androidx.camera.core.CameraClosedException: Camera is closed.
06-24 17:03:18.335 17748 17748 E ReactNative: 	at androidx.camera.core.ImageCapture.abortImageCaptureRequests(ImageCapture.java:713)
06-24 17:03:18.335 17748 17748 E ReactNative: 	at androidx.camera.core.ImageCapture.clear(ImageCapture.java:1008)
06-24 17:03:18.335 17748 17748 E ReactNative: 	at androidx.camera.core.UseCase.onDetach(UseCase.java:451)
06-24 17:03:18.335 17748 17748 E ReactNative: 	at androidx.camera.core.CameraX.unbind(CameraX.java:447)
06-24 17:03:18.335 17748 17748 E ReactNative: 	at androidx.camera.core.CameraX.unbindAll(CameraX.java:477)
06-24 17:03:18.335 17748 17748 E ReactNative: 	at androidx.camera.lifecycle.ProcessCameraProvider.unbindAll(ProcessCameraProvider.java:276)
06-24 17:03:18.335 17748 17748 E ReactNative: 	at com.appname.CameraView.stopCamera(CameraView.kt:107)
06-24 17:03:18.335 17748 17748 E ReactNative: 	at com.appname.CameraView.onDetachedFromWindow(CameraView.kt:101)
06-24 17:03:18.335 17748 17748 E ReactNative: 	at android.view.View.dispatchDetachedFromWindow(View.java:18676)
06-24 17:03:18.335 17748 17748 E ReactNative: 	at android.view.ViewGroup.dispatchDetachedFromWindow(ViewGroup.java:3886)
06-24 17:03:18.335 17748 17748 E ReactNative: 	at android.view.ViewGroup.dispatchDetachedFromWindow(ViewGroup.java:3878)
06-24 17:03:18.335 17748 17748 E ReactNative: 	at android.view.ViewGroup.dispatchDetachedFromWindow(ViewGroup.java:3878)
06-24 17:03:18.335 17748 17748 E ReactNative: 	at android.view.ViewGroup.dispatchDetachedFromWindow(ViewGroup.java:3878)
06-24 17:03:18.335 17748 17748 E ReactNative: 	at android.view.ViewGroup.dispatchDetachedFromWindow(ViewGroup.java:3878)
06-24 17:03:18.335 17748 17748 E ReactNative: 	at android.view.ViewGroup.dispatchDetachedFromWindow(ViewGroup.java:3878)
06-24 17:03:18.335 17748 17748 E ReactNative: 	at android.view.ViewGroup.dispatchDetachedFromWindow(ViewGroup.java:3878)
06-24 17:03:18.335 17748 17748 E ReactNative: 	at android.view.ViewGroup.dispatchDetachedFromWindow(ViewGroup.java:3878)
06-24 17:03:18.335 17748 17748 E ReactNative: 	at android.view.ViewGroup.dispatchDetachedFromWindow(ViewGroup.java:3878)
06-24 17:03:18.335 17748 17748 E ReactNative: 	at android.view.ViewRootImpl.dispatchDetachedFromWindow(ViewRootImpl.java:4050)
06-24 17:03:18.335 17748 17748 E ReactNative: 	at android.view.ViewRootImpl.doDie(ViewRootImpl.java:7343)
06-24 17:03:18.335 17748 17748 E ReactNative: 	at android.view.ViewRootImpl.die(ViewRootImpl.java:7317)
06-24 17:03:18.335 17748 17748 E ReactNative: 	at android.view.WindowManagerGlobal.removeViewLocked(WindowManagerGlobal.java:497)
06-24 17:03:18.335 17748 17748 E ReactNative: 	at android.view.WindowManagerGlobal.removeView(WindowManagerGlobal.java:435)
06-24 17:03:18.335 17748 17748 E ReactNative: 	at android.view.WindowManagerImpl.removeViewImmediate(WindowManagerImpl.java:131)
06-24 17:03:18.335 17748 17748 E ReactNative: 	at android.app.Dialog.dismissDialog(Dialog.java:462)
06-24 17:03:18.335 17748 17748 E ReactNative: 	at android.app.Dialog.dismiss(Dialog.java:445)
06-24 17:03:18.335 17748 17748 E ReactNative: 	at com.facebook.react.views.modal.ReactModalHostView.dismiss(ReactModalHostView.java:146)
06-24 17:03:18.335 17748 17748 E ReactNative: 	at com.facebook.react.views.modal.ReactModalHostView.onDropInstance(ReactModalHostView.java:137)
06-24 17:03:18.335 17748 17748 E ReactNative: 	at com.facebook.react.views.modal.ReactModalHostManager.onDropViewInstance(ReactModalHostManager.java:52)
06-24 17:03:18.335 17748 17748 E ReactNative: 	at com.facebook.react.views.modal.ReactModalHostManager.onDropViewInstance(ReactModalHostManager.java:24)
06-24 17:03:18.335 17748 17748 E ReactNative: 	at com.facebook.react.uimanager.NativeViewHierarchyManager.dropView(NativeViewHierarchyManager.java:606)
06-24 17:03:18.335 17748 17748 E ReactNative: 	at com.facebook.react.uimanager.NativeViewHierarchyManager.manageChildren(NativeViewHierarchyManager.java:494)
06-24 17:03:18.335 17748 17748 E ReactNative: 	at com.facebook.react.uimanager.UIViewOperationQueue$ManageChildrenOperation.execute(UIViewOperationQueue.java:205)
06-24 17:03:18.335 17748 17748 E ReactNative: 	at com.facebook.react.uimanager.UIViewOperationQueue$1.run(UIViewOperationQueue.java:779)
06-24 17:03:18.335 17748 17748 E ReactNative: 	at com.facebook.react.uimanager.UIViewOperationQueue.flushPendingBatches(UIViewOperationQueue.java:888)
06-24 17:03:18.335 17748 17748 E ReactNative: 	at com.facebook.react.uimanager.UIViewOperationQueue.access$2200(UIViewOperationQueue.java:42)
06-24 17:03:18.335 17748 17748 E ReactNative: 	at com.facebook.react.uimanager.UIViewOperationQueue$DispatchUIFrameCallback.doFrameGuarded(UIViewOperationQueue.java:948)
06-24 17:03:18.335 17748 17748 E ReactNative: 	at com.facebook.react.uimanager.GuardedFrameCallback.doFrame(GuardedFrameCallback.java:28)
06-24 17:03:18.336 17748 17748 E ReactNative: 	at com.facebook.react.modules.core.ReactChoreographer$ReactChoreographerDispatcher.doFrame(ReactChoreographer.java:174)
06-24 17:03:18.336 17748 17748 E ReactNative: 	at com.facebook.react.modules.core.ChoreographerCompat$FrameCallback$1.doFrame(ChoreographerCompat.java:84)
06-24 17:03:18.336 17748 17748 E ReactNative: 	at android.view.Choreographer$CallbackRecord.run(Choreographer.java:909)
06-24 17:03:18.336 17748 17748 E ReactNative: 	at android.view.Choreographer.doCallbacks(Choreographer.java:723)
06-24 17:03:18.336 17748 17748 E ReactNative: 	at android.view.Choreographer.doFrame(Choreographer.java:655)
06-24 17:03:18.336 17748 17748 E ReactNative: 	at android.view.Choreographer$FrameDisplayEventReceiver.run(Choreographer.java:897)
06-24 17:03:18.336 17748 17748 E ReactNative: 	... 7 more
06-24 17:03:18.351   763   836 E BufferQueueProducer: [SurfaceView - com.appname/com.appname.MainActivity@40fc623@0#0] queueBuffer: BufferQueue has been abandoned
06-24 17:03:18.351  1029 21190 E Surface : queueBuffer: error queuing buffer to SurfaceTexture, -19
06-24 17:03:18.351  1029 21190 E Camera3-OutputStream: returnBufferCheckedLocked: Stream 1: Error queueing buffer to native window: No such device (-19)
06-24 17:03:18.351  1029 21190 E Camera3-Device: Can't return buffer to its stream: No such device (-19)
06-24 17:03:18.354 17748 17748 D ViewRootImpl@65929e8[MainActivity]: MSG_WINDOW_FOCUS_CHANGED 1
06-24 17:03:18.358  1029 21167 D qomx_image_core: OMX_GetHandle:258] handle = 0xebdaf204 Instanceindex = 0,comp_idx 2 g_ptr 0xe9458f00
06-24 17:03:18.358  1029 21167 I qomx_image_core: OMX_GetHandle:264] Success
06-24 17:03:18.359  1029 21167 D mm-jpeg-intf: mm_jpeg_session_config_main:1270] config port
06-24 17:03:18.359  1029 21167 D mm-jpeg-intf: mm_jpeg_session_config_main_buffer_offset:449] yOffset = 0, cbcrOffset = (0 0), totalSize = 18292736,cbcrStartOffset = (12192768 6096384)
06-24 17:03:18.360  1029 21167 E mm-jpeg-intf: mm_jpeg_meta_enc_key:766] Key is invalid
06-24 17:03:18.360  1029 21167 D mm-jpeg-intf: mm_jpeg_mem_ops:679] HAL get_mem handler undefined
06-24 17:03:18.360  1029 21167 D mm-jpeg-intf: mm_jpeg_speed_mode:552] speed 1
06-24 17:03:18.361  1029 21167 D mm-still: configureEncodedata:183] size 4032x3024 pad 4032x3024 out 4032x3024 subsampling 0 format 0
06-24 17:03:18.386  1173 21160 E mm-3a-external: [cgAF] Invalid Cal. Set Default AF Cal: PAN: 0x78, MAC: 0x1F4, OFFSET: 0x0
06-24 17:03:18.398  1029 21167 D mm-jpeg-intf: mm_jpeg_create_session:2763] session id 1000000
06-24 17:03:18.401  1029 21167 D mm-jpeg-intf: mm_jpeg_start_job:2395] session_idx 0 client idx 0
06-24 17:03:18.401  1029 21167 D mm-jpeg-intf: mm_jpeg_start_job:2426] >>>> Work bufs need 1, 1
06-24 17:03:18.401  1029 21167 D mm-jpeg-intf: mm_jpeg_alloc_workbuffer, 2100] work_bufs_need 1 work_buf_cnt 1
06-24 17:03:18.401  1029 21167 D mm-jpeg-intf: mm_jpeg_alloc_workbuffer, 2117] rc 0 
06-24 17:03:18.402  1029 21168 D mm-jpeg-intf: process_sensor_data: Flash value 0 flash mode 0 flash state 2
06-24 17:03:18.402  1029 21168 D mm-jpeg-intf: mm_jpeg_session_config_main_crop:1237] OMX_IndexConfigCommonInputCrop w = 0, h = 0, l = 0, t = 0, port_idx = 0
06-24 17:03:18.402  1029 21168 D mm-jpeg-intf: mm_jpeg_session_config_thumbnail:1032] encode_thumbnail 0
06-24 17:03:18.402  1029 21168 E mm-jpeg-intf: mm_jpeg_configure_job_params:1585] Work buffer info 213 0xcab2a000 WorkBufSize: 18579456 invalidate
06-24 17:03:18.404  1029 21168 D mm-jpeg-intf: mm_jpeg_process_encoding_job:1911] Success X 
06-24 17:03:18.405  1029 21409 D mm-still: configureEncodedata:183] size 4032x3024 pad 4032x3024 out 4032x3024 subsampling 0 format 0
06-24 17:03:18.405  1029 21409 D mm-still: writeExifData:417] Image type 0 mobicat_mask 0
06-24 17:03:18.405  1029 21409 E mm-still: EmitApp5:1661] , 0
06-24 17:03:18.405  1029 21409 E mm-still: EmitApp5:1675] App5 write successful
06-24 17:03:18.405  1029 21409 E mm-still: startEncode:641] Start Encode 1
06-24 17:03:18.405  1029 21409 E jpeg_hw : jpege_lib_hw_fe_buffer_cfg:296] w 4032 h 3024 stride 4032 scanline 3024
06-24 17:03:18.406  1029 21409 D mm-still: ConfigureOutputBuffer:553] Received output image fd 213 addr 0xcab2a000 WorkBufSize 18579456 
06-24 17:03:18.406 17748 17748 V InputMethodManager: Starting input: tba=android.view.inputmethod.EditorInfo@ea139ad nm : com.appname ic=null
06-24 17:03:18.406 17748 17748 I InputMethodManager: startInputInner - mService.startInputOrWindowGainedFocus
06-24 17:03:18.406  1394  2867 D InputMethodManagerService: startInputOrWindowGainedFocus : windowGainedFocus 
06-24 17:03:18.407  1029 21409 W libc    : invalid pthread_t (0) passed to libc
06-24 17:03:18.407  1394  2867 D InputMethodManagerService: windowGainedFocus: destinationUserId (getCallingUid) = 0
06-24 17:03:18.407  1394  2867 D InputMethodManagerService: windowGainedFocus: currentUserId=0
06-24 17:03:18.407  1394  2867 D InputMethodManagerService: windowGainedFocus: mCurrentFocusedUserId=0
06-24 17:03:18.407  1394  2867 D InputMethodManagerService: windowGainedFocus : lock - currentUserId = 0 destinationUserId = 0
06-24 17:03:18.407  1394  2867 D InputMethodManagerService: windowGainedFocus : mCurrentFocusedUserId - 0 and mSecureKeypadEnabled - false, userSwitched - false
06-24 17:03:18.419  1029 21167 D mm-jpeg-intf: mm_jpeg_start_job:2485] job_id 17235968 X
06-24 17:03:18.420  1173 21160 E mm-3a-external: [cgAF] Invalid Cal. Set Default AF Cal: PAN: 0x78, MAC: 0x1F4, OFFSET: 0x0
06-24 17:03:18.425 21996 21327 I LocationTask: [#CMH#] Finished processing images in LocationTask,exiting 
06-24 17:03:18.426 21996 21327 I BaseThreadPoolExecutor: [#CMH#] afterExecute FutureTask
06-24 17:03:18.431  1394  2867 V InputMethodManagerService: windowGainedFocus : reason=WINDOW_FOCUS_GAIN client=android.os.BinderProxy@836f198 inputContext=null missingMethods= attribute=android.view.inputmethod.EditorInfo@e756b27 nm = com.appname controlFlags=#100 softInputMode=#10 windowFlags=#81810900
06-24 17:03:18.431  1394  2867 V InputMethodManagerService: hideCurrentInputLocked : shouldHideSoftInput is false
06-24 17:03:18.431  1173 21160 E mm-3a-external: [cgAF] Invalid Cal. Set Default AF Cal: PAN: 0x78, MAC: 0x1F4, OFFSET: 0x0
06-24 17:03:18.432  1394  2867 D InputMethodManagerService: setCurrentInputInfo - inputContext : null eidtorInfo : android.view.inputmethod.EditorInfo@e756b27 missingMethods : 0
06-24 17:03:18.433  2718  2718 I InputMethodWrapper:  call dispatchStartInputWithToken
06-24 17:03:18.433  2718  2718 I InputMethodService: dispatchStartInputWithToken
06-24 17:03:18.434  2718  2718 I SKBD    : SamsungKeypad [IMI] onStartInput - caller pid : 17748, caller uid : 10336
06-24 17:03:18.435 17748 17748 E ViewRootImpl: sendUserActionEvent() returned.
06-24 17:03:18.443 17748 17748 D StreamStateObserver: Update Preview stream state to IDLE
06-24 17:03:18.459  1173 21160 E mm-3a-external: [cgAF] Invalid Cal. Set Default AF Cal: PAN: 0x78, MAC: 0x1F4, OFFSET: 0x0
06-24 17:03:18.464  1394  2317 I WindowManager: Destroying surface Surface(name=com.appname/com.appname.MainActivity) called by com.android.server.wm.WindowStateAnimator.destroySurface:2501 com.android.server.wm.WindowStateAnimator.destroySurfaceLocked:985 com.android.server.wm.WindowState.destroyOrSaveSurfaceUnchecked:3680 com.android.server.wm.WindowState.destroySurface:3628 com.android.server.wm.AppWindowToken.destroySurfaces:722 com.android.server.wm.AppWindowToken.destroySurfaces:706 com.android.server.wm.WindowState.onExitAnimationDone:5335 com.android.server.wm.WindowStateAnimator.stepAnimationLocked:550 
06-24 17:03:18.465   763   836 I SurfaceFlinger: id=7387 Removed com.appname/com.appname.MainActivity#1 (3/4)
06-24 17:03:18.471  1029 21411 D mm-still: EncodeComplete:938] MainImage Encoding complete. Filled Length = 2555712 m_thumbEncodingComplete 0 mSeqNo 1
06-24 17:03:18.475  1029 21411 D mm-still: ReleaseMainImage:794] Encoded image length 2557089
06-24 17:03:18.475  1029 21409 D mm-jpeg-intf: mm_jpeg_ebd:3083] count 0 
06-24 17:03:18.476  1029 21409 D mm-jpeg-intf: mm_jpeg_fbd:3097] count 0 
06-24 17:03:18.476  1029 21409 D mm-jpeg-intf: [KPI Perf] : PROFILE_JPEG_FBD
06-24 17:03:18.476  1029 21409 D mm-jpeg-intf: mm_jpeg_fbd:3127] send jpeg callback 0 buf 0x0xc99b8000 len 2557089 JobID 17235968
06-24 17:03:18.479   763   763 I Layer   : id=7387 onRemoved com.appname/com.appname.MainActivity#1 
06-24 17:03:18.483   763   763 I SurfaceFlinger: Display 0 HWC layers:
06-24 17:03:18.483   763   763 I SurfaceFlinger:     type    |    handle    | flag |  format   |   source crop (l,t,r,b)    |         frame       | name 
06-24 17:03:18.483   763   763 I SurfaceFlinger: ------------+--------------+------+-----------+----------------------------+---------------------+------
06-24 17:03:18.483   763   763 I SurfaceFlinger:      Device | 0x726ad8e380 | 0002 | RGBA_8888 |   0.0    0.0 1080.0 1920.0 |    0    0 1080 1920 | com.appname/com.appname.MainActivity#0
06-24 17:03:18.483   763   763 I SurfaceFlinger:  SolidColor |              | 0001 |  Unknown  |  -0.2   -0.2   -0.8   -0.8 |    0    0 1080 1920 | DimLayerController/Stack=0#0
06-24 17:03:18.483   763   763 I SurfaceFlinger:      Device | 0x726ad8d300 | 0000 | RGBA_8888 |   0.0    1.0 1080.0   72.0 |    0    0 1080   71 | StatusBar#0
06-24 17:03:18.483   763   763 I SurfaceFlinger: 
06-24 17:03:18.486  1029 21409 D Camera3-Status: markComponent: Component 2 is now idle
06-24 17:03:18.489  1173 21160 E mm-3a-external: [cgAF] Invalid Cal. Set Default AF Cal: PAN: 0x78, MAC: 0x1F4, OFFSET: 0x0
06-24 17:03:18.498   763   763 I SurfaceFlinger: Display 0 HWC layers:
06-24 17:03:18.498   763   763 I SurfaceFlinger:     type    |    handle    | flag |  format   |   source crop (l,t,r,b)    |         frame       | name 
06-24 17:03:18.498   763   763 I SurfaceFlinger: ------------+--------------+------+-----------+----------------------------+---------------------+------
06-24 17:03:18.498   763   763 I SurfaceFlinger:      Device | 0x726ad8d680 | 0002 | RGBA_8888 |   0.0    0.0 1080.0 1920.0 |    0    0 1080 1920 | com.appname/com.appname.MainActivity#0
06-24 17:03:18.498   763   763 I SurfaceFlinger:      Device | 0x726ad8d300 | 0000 | RGBA_8888 |   0.0    0.0 1080.0   72.0 |    0    0 1080   72 | StatusBar#0
06-24 17:03:18.498   763   763 I SurfaceFlinger: 
06-24 17:03:18.523  1173 21160 E mm-3a-external: [cgAF] Invalid Cal. Set Default AF Cal: PAN: 0x78, MAC: 0x1F4, OFFSET: 0x0
06-24 17:03:18.524  1029 21409 D mm-jpeg-intf: mm_jpegenc_destroy_job:2802] Exif entry count 15 15
06-24 17:03:18.524  1029 21409 D mm-jpeg-intf: mm_jpeg_queue_remove_job_by_job_id:3297] found matching job id
06-24 17:03:18.525  1394  2867 I EDMNativeHelperService: isCameraEnabled
06-24 17:03:18.543   727   727 D SEC LightsHAL: button : 0 +
06-24 17:03:18.556  1173 21160 E mm-3a-external: [cgAF] Invalid Cal. Set Default AF Cal: PAN: 0x78, MAC: 0x1F4, OFFSET: 0x0
06-24 17:03:18.571   727   727 D SEC LightsHAL: button : 0 -
06-24 17:03:18.574 21996 21327 I POITask : [#CMH#] POITask started 
06-24 17:03:18.589  1173 21160 E mm-3a-external: [cgAF] Invalid Cal. Set Default AF Cal: PAN: 0x78, MAC: 0x1F4, OFFSET: 0x0
06-24 17:03:18.598 21996 21327 W Utilities: [#CMH#] DCM Enabled?:false 
06-24 17:03:18.599  1028  2058 I SoundBoosterEffectPlus: SB_reset SoundBooster sessionId(-1303)
06-24 17:03:18.600  1028  2058 I SoundBooster7: BuffClear()
06-24 17:03:18.602 17748 17748 E unknown:NativeViewHierarchyManager: Unable to update properties for view tag 3219
06-24 17:03:18.602 17748 17748 E unknown:NativeViewHierarchyManager: com.facebook.react.uimanager.IllegalViewOperationException: ViewManager for tag 3219 could not be found.
06-24 17:03:18.602 17748 17748 E unknown:NativeViewHierarchyManager:  View already dropped? false.
06-24 17:03:18.602 17748 17748 E unknown:NativeViewHierarchyManager: Last index 0 in last 100 views[I@a28d073
06-24 17:03:18.602 17748 17748 E unknown:NativeViewHierarchyManager: 	at com.facebook.react.uimanager.NativeViewHierarchyManager.resolveViewManager(NativeViewHierarchyManager.java:118)
06-24 17:03:18.602 17748 17748 E unknown:NativeViewHierarchyManager: 	at com.facebook.react.uimanager.NativeViewHierarchyManager.updateProperties(NativeViewHierarchyManager.java:141)
06-24 17:03:18.602 17748 17748 E unknown:NativeViewHierarchyManager: 	at com.facebook.react.uimanager.UIImplementation.synchronouslyUpdateViewOnUIThread(UIImplementation.java:289)
06-24 17:03:18.602 17748 17748 E unknown:NativeViewHierarchyManager: 	at com.facebook.react.uimanager.UIManagerModule.synchronouslyUpdateViewOnUIThread(UIManagerModule.java:397)
06-24 17:03:18.602 17748 17748 E unknown:NativeViewHierarchyManager: 	at com.facebook.react.animated.PropsAnimatedNode.restoreDefaultValues(PropsAnimatedNode.java:72)
06-24 17:03:18.602 17748 17748 E unknown:NativeViewHierarchyManager: 	at com.facebook.react.animated.NativeAnimatedNodesManager.restoreDefaultValues(NativeAnimatedNodesManager.java:336)
06-24 17:03:18.602 17748 17748 E unknown:NativeViewHierarchyManager: 	at com.facebook.react.animated.NativeAnimatedModule$18.execute(NativeAnimatedModule.java:368)
06-24 17:03:18.602 17748 17748 E unknown:NativeViewHierarchyManager: 	at com.facebook.react.animated.NativeAnimatedModule$2.execute(NativeAnimatedModule.java:144)
06-24 17:03:18.602 17748 17748 E unknown:NativeViewHierarchyManager: 	at com.facebook.react.uimanager.UIViewOperationQueue$UIBlockOperation.execute(UIViewOperationQueue.java:498)
06-24 17:03:18.602 17748 17748 E unknown:NativeViewHierarchyManager: 	at com.facebook.react.uimanager.UIViewOperationQueue$1.run(UIViewOperationQueue.java:779)
06-24 17:03:18.602 17748 17748 E unknown:NativeViewHierarchyManager: 	at com.facebook.react.uimanager.UIViewOperationQueue.flushPendingBatches(UIViewOperationQueue.java:888)
06-24 17:03:18.602 17748 17748 E unknown:NativeViewHierarchyManager: 	at com.facebook.react.uimanager.UIViewOperationQueue.access$2200(UIViewOperationQueue.java:42)
06-24 17:03:18.602 17748 17748 E unknown:NativeViewHierarchyManager: 	at com.facebook.react.uimanager.UIViewOperationQueue$DispatchUIFrameCallback.doFrameGuarded(UIViewOperationQueue.java:948)
06-24 17:03:18.602 17748 17748 E unknown:NativeViewHierarchyManager: 	at com.facebook.react.uimanager.GuardedFrameCallback.doFrame(GuardedFrameCallback.java:28)
06-24 17:03:18.602 17748 17748 E unknown:NativeViewHierarchyManager: 	at com.facebook.react.modules.core.ReactChoreographer$ReactChoreographerDispatcher.doFrame(ReactChoreographer.java:174)
06-24 17:03:18.602 17748 17748 E unknown:NativeViewHierarchyManager: 	at com.facebook.react.modules.core.ChoreographerCompat$FrameCallback$1.doFrame(ChoreographerCompat.java:84)
06-24 17:03:18.602 17748 17748 E unknown:NativeViewHierarchyManager: 	at android.view.Choreographer$CallbackRecord.run(Choreographer.java:909)
06-24 17:03:18.602 17748 17748 E unknown:NativeViewHierarchyManager: 	at android.view.Choreographer.doCallbacks(Choreographer.java:723)
06-24 17:03:18.602 17748 17748 E unknown:NativeViewHierarchyManager: 	at android.view.Choreographer.doFrame(Choreographer.java:655)
06-24 17:03:18.602 17748 17748 E unknown:NativeViewHierarchyManager: 	at android.view.Choreographer$FrameDisplayEventReceiver.run(Choreographer.java:897)
06-24 17:03:18.602 17748 17748 E unknown:NativeViewHierarchyManager: 	at android.os.Handler.handleCallback(Handler.java:789)
06-24 17:03:18.602 17748 17748 E unknown:NativeViewHierarchyManager: 	at android.os.Handler.dispatchMessage(Handler.java:98)
06-24 17:03:18.602 17748 17748 E unknown:NativeViewHierarchyManager: 	at android.os.Looper.loop(Looper.java:164)
06-24 17:03:18.602 17748 17748 E unknown:NativeViewHierarchyManager: 	at android.app.ActivityThread.main(ActivityThread.java:6944)
06-24 17:03:18.602 17748 17748 E unknown:NativeViewHierarchyManager: 	at java.lang.reflect.Method.invoke(Native Method)
06-24 17:03:18.602 17748 17748 E unknown:NativeViewHierarchyManager: 	at com.android.internal.os.Zygote$MethodAndArgsCaller.run(Zygote.java:327)
