06-24 17:02:57.612   718 14073 D msm8974_platform: platform_split_snd_device: snd_device(2) num devices(0) new_snd_devices(0)
06-24 17:02:57.612   718 14073 V msm8974_platform: platform_get_snd_device_backend_index: enter with device 2
06-24 17:02:57.612   718 14073 E msm8974_platform: platform_get_snd_device_backend_index: BE DAI Name Table is not present
06-24 17:02:57.612   718 14073 E audio_hw_utils: send_app_type_cfg_for_device: Couldn't get the backend index for snd device speaker ret=-14
06-24 17:02:57.612   718 14073 I audio_hw_utils: send_app_type_cfg_for_device PLAYBACK app_type 69937, acdb_dev_id 15, sample_rate 48000, snd_device_be_idx -14
06-24 17:02:57.613   718 14073 D msm8974_platform: platform_split_snd_device: snd_device(2) num devices(1) new_snd_devices(0)
06-24 17:02:57.613   718 14073 V msm8974_platform: platform_send_audio_calibration: sending audio calibration for snd_device(2) acdb_id(15)
06-24 17:02:57.613   718 14073 D ACDB-LOADER: ACDB -> send_audio_cal, acdb_id = 15, path = 0, app id = 0x11131, sample rate = 48000
06-24 17:02:57.613   718 14073 D ACDB-LOADER: ACDB -> send_asm_topology
06-24 17:02:57.613   718 14073 D ACDB-LOADER: ACDB -> ACDB_CMD_GET_AUDPROC_STREAM_TOPOLOGY_ID
06-24 17:02:57.613   718 14073 D ACDB-LOADER: ACDB -> send_adm_topology
06-24 17:02:57.613   718 14073 D ACDB-LOADER: ACDB -> ACDB_CMD_GET_AUDPROC_COMMON_TOPOLOGY_ID
06-24 17:02:57.613   718 14073 D ACDB-LOADER: ACDB -> send_audtable
06-24 17:02:57.613   718 14073 D ACDB-LOADER: ACDB -> ACDB_CMD_GET_AUDPROC_COMMON_TABLE_SIZE
06-24 17:02:57.613  1173 21155 E         : Camera[DBG][MCT   ] mct_stream_start_link: 829: mct_stream_start_link: iface=0x0, isp=0x0, pproc=0xe19fd4e0, imglib=0x0
06-24 17:02:57.613   718 14073 D ACDB-LOADER: ACDB -> ACDB_CMD_GET_AUDPROC_COMMON_TABLE
06-24 17:02:57.613   718 14073 D ACDB-LOADER: ACDB -> AUDIO_SET_AUDPROC_CAL
06-24 17:02:57.613   718 14073 D ACDB-LOADER: ACDB -> send_audvoltable
06-24 17:02:57.613   718 14073 D ACDB-LOADER: ACDB -> ACDB_CMD_GET_AUDPROC_VOL_STEP_TABLE_SIZE
06-24 17:02:57.613   718 14073 D ACDB-LOADER: ACDB -> ACDB_CMD_GET_AUDPROC_GAIN_DEP_STEP_TABLE, vol index 0
06-24 17:02:57.613   718 14073 D ACDB-LOADER: ACDB -> AUDIO_SET_VOL_CAL cal type = 12
06-24 17:02:57.613   718 14073 D ACDB-LOADER: ACDB -> ACDB_CMD_GET_AUDPROC_STREAM_TABLE_SIZE
06-24 17:02:57.613  1173 21155 E         : Camera[DBG] pproc_port_add_modules_to_stream: 432: int_link = 0xddd66d40
06-24 17:02:57.613   718 14073 D ACDB-LOADER: ACDB -> send_audstrmtable
06-24 17:02:57.613   718 14073 D ACDB-LOADER: ACDB -> ACDB_CMD_GET_AUDPROC_STREAM_TABLE_V2
06-24 17:02:57.613   718 14073 D ACDB-LOADER: ACDB -> audstrm_cal->cal_type.cal_data.cal_size = 4160
06-24 17:02:57.613   718 14073 D ACDB-LOADER: ACDB -> send_afe_topology
06-24 17:02:57.613   718 14073 D ACDB-LOADER: ACDB -> ACDB_CMD_GET_AFE_TOPOLOGY_ID
06-24 17:02:57.613  1173 21155 E         : Camera[DBG] pproc_port_add_modules_to_stream: 465: pproc_port_add_modules_to_stream:465] X rc: 1
06-24 17:02:57.613   718 14073 D ACDB-LOADER: ACDB -> GET_AFE_TOPOLOGY_ID for adcd_id 15, Topology Id 10001061
06-24 17:02:57.614   718 14073 D ACDB-LOADER: ACDB -> send_afe_cal
06-24 17:02:57.614   718 14073 D ACDB-LOADER: ACDB -> ACDB_CMD_GET_AFE_COMMON_TABLE_SIZE
06-24 17:02:57.614   718 14073 D ACDB-LOADER: ACDB -> ACDB_CMD_GET_AFE_COMMON_TABLE
06-24 17:02:57.614   718 14073 D ACDB-LOADER: ACDB -> AUDIO_SET_AFE_CAL
06-24 17:02:57.614   718 14073 D ACDB-LOADER: ACDB -> send_hw_delay : acdb_id = 15 path = 0
06-24 17:02:57.614   718 14073 D ACDB-LOADER: ACDB -> ACDB_AVSYNC_INFO: ACDB_CMD_GET_DEVICE_PROPERTY
06-24 17:02:57.614   718 14073 D audio_hw_primary: enable_audio_route: apply mixer and update path: deep-buffer-playback speaker
06-24 17:02:57.614   718 14073 D audio_route: Setting mixer control: PRI_MI2S_RX Audio Mixer MultiMedia1, value: 1
06-24 17:02:57.615  1029 21164 E mm-camera-intf: mm_channel_fsm_fn_stopped: invalid state (1) for evt (9)
06-24 17:02:57.622   718 14073 V audio_hw_sec: [MAXIM] sec_dsm_spkr_prot_control_tx_topology() enable:1, dsm_is_enabled:1
06-24 17:02:57.622   718 14073 D audio_hw_primary: select_devices: done
06-24 17:02:57.627  1173 21160 E mm-3a-external: [cgAF] Invalid Cal. Set Default AF Cal: PAN: 0x78, MAC: 0x1F4, OFFSET: 0x0
06-24 17:02:57.659  1173 21160 E mm-3a-external: [cgAF] Invalid Cal. Set Default AF Cal: PAN: 0x78, MAC: 0x1F4, OFFSET: 0x0
06-24 17:02:57.676   718 14073 V msm8974_platform: platform_set_channel_map channel_count:2
06-24 17:02:57.676   718 14073 D msm8974_platform: platform_set_channel_map mixer_ctl_name:Playback Channel Map0
06-24 17:02:57.676   718 14073 D msm8974_platform: platform_set_channel_map: set mapping(1 2 0 0 0 0 0 0) for channel:2
06-24 17:02:57.677   718 14073 D audio_hw_primary: start_output_stream: exit
06-24 17:02:57.690  1028  2058 D AudioFlinger: mixer(0xe5886280) Spend too much time to write: delta 79(effect 0, stage 0)
06-24 17:02:57.693  1173 21160 E mm-3a-external: [cgAF] Invalid Cal. Set Default AF Cal: PAN: 0x78, MAC: 0x1F4, OFFSET: 0x0
06-24 17:02:57.694  1173 21159 D mm-camera-CORE: TSAec_process works: stats' frame_id=39, 0, 0
06-24 17:02:57.727  1173 21160 E mm-3a-external: [cgAF] Invalid Cal. Set Default AF Cal: PAN: 0x78, MAC: 0x1F4, OFFSET: 0x0
06-24 17:02:57.734  1173 21151 E         : Camera[DBG] cpp_hardware_set_clock: 367: :cpp_hardware_set_clock:367 Set clock 640000000 BW abg 552895488 BW inst 552895488
06-24 17:02:57.749  1173 21151 E         : Camera[DBG] cpp_hardware_set_clock: 367: :cpp_hardware_set_clock:367 Set clock 640000000 BW abg 552895488 BW inst 552895488
06-24 17:02:57.761  1173 21160 E mm-3a-external: [cgAF] Invalid Cal. Set Default AF Cal: PAN: 0x78, MAC: 0x1F4, OFFSET: 0x0
06-24 17:02:57.762  1394  1394 D TelephonyManager: getCellLocation : Caller (PID / UID / TID): 1394 / 1000 / 1394
06-24 17:02:57.764  2724  2989 D NetworkController.MobileSignalController(0/1): onSignalStrengthsChanged signalStrength=SignalStrength: 99 99 -87 -150 -120 -1 -1 17 -119 -19 -87 2147483647 0 2147483647 0x1020 P gsm|lte level=1
06-24 17:02:57.764  2724  2989 D NetworkController.MobileSignalController(0/1): getMobileIconGroup(): 13
06-24 17:02:57.765  2724  2989 D NetworkController.MobileSignalController(0/1): updateVZWMobileIconGroup(): 13
06-24 17:02:57.778  3047  3340 D EPDG -- SIM0 [SMARTWIFI]: onSignalStrengthsChanged: Received signal strength change, phone type is: 2
06-24 17:02:57.778  3047  5316 D EPDG -- SIM0 [SMARTWIFI]: lastLteRSRP is -119currentLteRSRP is -119
06-24 17:02:57.778  3047  5316 D EPDG -- SIM0 [SMARTWIFI]: lastLteRSRQ is -19currentLteRSRQ is -19
06-24 17:02:57.778  3047  5316 D EPDG -- SIM0 [SMARTWIFI]: lastCdmaDb is -15currentCdmaDb is -15
06-24 17:02:57.778  3047  5316 V EPDG -- SIM0 [SMARTWIFI]: Radio oldest entry removed
06-24 17:02:57.778  3047  5316 V EPDG -- SIM0 [SMARTWIFI]: New entry : (SignalStrength: 99 99 -87 -150 -120 -1 -1 17 -119 -19 -87 2147483647 0 2147483647 0x1020 P gsm|lte : 0 )
06-24 17:02:57.778  3047  5316 V EPDG -- SIM0 [SMARTWIFI]: Radio entry added
06-24 17:02:57.779  1173 21156 E         : Camera[DBG][IFACE ] iface_set_super_param: 2689: iface_set_super_param:2689 store q_idx 4
06-24 17:02:57.779  1173 21156 E         : Camera[DBG] cpp_module_get_params_for_identity: 533: cpp_module_get_params_for_identity:533, failed, identity=0x20003
06-24 17:02:57.780  1173 21156 E mm-camera-img: module_faceproc_client_handle_ctrl_parm:5683] 3 calling module_faceproc_client_schedule_mode 0
06-24 17:02:57.780  1173 21156 E mm-camera-img: module_faceproc_client_handle_ctrl_parm:5633] 2 calling module_faceproc_client_schedule_mode 0
06-24 17:02:57.780  1173 21156 I mm-camera-sensor: module_sensor_set_parm_led_mode:229CAM_INTF_PARM_LED_MODE 0 is_capture 0
06-24 17:02:57.780  1173 21156 I mm-camera-sensor: module_sensor_set_parm_led_mode:305last flash request 0
06-24 17:02:57.780  1173 21156 I mm-camera-sensor: sensor_set_capture_intent:1968capture intent 2
06-24 17:02:57.780  1173 21156 E mm-camera-sensor: flash_process:483invalid event 151
06-24 17:02:57.780  1173 21156 I mm-camera-sensor: module_sensor_event_control_set_parm:5662CAM_INTF_PARM_OIS_MODES: 3
06-24 17:02:57.780  1173 21156 I mm-camera-sensor: ois_process:396[E]
06-24 17:02:57.780  1173 21156 I mm-camera-sensor: ois_process:406[OIS_SET_MODE][data :: 3]
06-24 17:02:57.780  1173 21156 I mm-camera-sensor: ois_set_mode:25[Enter]
06-24 17:02:57.780  1173 21156 I mm-camera-sensor: ois_set_mode:46[ois_set_mode][modes :: 3]
06-24 17:02:57.784  1173 21156 I mm-camera-sensor: module_sensor_event_control_set_parm:5738[stats_use][STATS] Set cc_stats [AEC=0],[PAF=0],[RECONSTRUCTION=0],[DRC=0]
06-24 17:02:57.784  1173 21156 I mm-camera-sensor: module_sensor_event_control_set_parm:5753[WDR_MODE]wdr_mode = 0
06-24 17:02:57.784  1173 21156 I mm-camera-CORE: companion_wdr_on_off:1046WDR enable = 0
06-24 17:02:57.785  1173 21156 I mm-camera-sensor: module_sensor_event_control_set_parm:5765[WDR_MODE]CAM_INTF_PARM_RTHDR_MODES: 0
06-24 17:02:57.785  1173 21156 I mm-camera-sensor: sensor_set_rt_hdr_mode:4046 HDR mode set = 0
06-24 17:02:57.785  1173 21156 I mm-camera-sensor: sensor_apply_exposure:1193s_gain=0x1000073, l_gain=0x1000073, s_linecount=2370,l_linecount=2370, fl_lines=3156
06-24 17:02:57.787  3047  5313 D EPDG -- SIM0 [MODEM]: message length is  9
06-24 17:02:57.788  3047  5313 D EPDG -- SIM0 [MODEM]: countRead is 7 offset is 7remaining is 0
06-24 17:02:57.788  3047  5313 D EPDG -- EpdgIpcMessageFactory: ipcMainCmd: 8
06-24 17:02:57.789  3047  5313 D EPDG -- SIM0 [RILRECEIVER]: [Rx]: Main: IPC_NET_CMD Sub: IPC_NET_REGIST
06-24 17:02:57.789  3047  5313 D EPDG -- SIM0 [RILRECEIVER]: [Rx]: Param: FF 03 
06-24 17:02:57.793  3047  5313 I EPDG -- SIM0 [RILRECEIVER]: RX [NET_REGIST] -- RESPONSE -- EPDG NOT AVAILABLE
06-24 17:02:57.793  3047  5313 D EPDG -- [NETIPCMESSAGE]: encodeNetRegist
06-24 17:02:57.794  3047  5313 D EPDG -- SIM0 [IPCDISPATCHER]: [Tx]: Main: IPC_NET_CMD Sub: IPC_NET_REGIST Cmd Type: IPC_CMD_RESP
06-24 17:02:57.794  3047  5313 D EPDG -- SIM0 [IPCDISPATCHER]: [Tx]: Param: 30 03 01 00 00 00 00 00 00 00 00 00 00 
06-24 17:02:57.795  3047  5314 D EPDG -- SIM0 [MODEM]: Successfully written to RIL
06-24 17:02:57.795  3047  3340 D EPDG -- SIM0 [EpdgSubScription]: Event received: RIL_EPDG_STATUS_QUERY
06-24 17:02:57.795  3047  3340 D EPDG -- SIM0 [EpdgSubScription]: handleMessage: cid - 1
06-24 17:02:57.796  1173 21160 E mm-3a-external: [cgAF] Invalid Cal. Set Default AF Cal: PAN: 0x78, MAC: 0x1F4, OFFSET: 0x0
06-24 17:02:57.797  1173 21159 E         : Camera[DBG] TsAec_set_ae_manual_mode: 732: TsAec_set_ae_manual_mode ae_manual_mode = 1
06-24 17:02:57.797  1173 21159 E         : Camera[DBG] TsAwb_set_params: 802: TsAwb->gAwbLock =0
06-24 17:02:57.797  1173 21159 E         : 
06-24 17:02:57.797  1173 21159 D mm-camera-CORE: [Exp_Table:Rear] Shooting mode = 0, ExpDiagram_command = 0, m_video_mode = 0
06-24 17:02:57.797  1173 21159 D mm-camera-CORE: TsAec_set_manual_ISO manual_iso=0, aec->is_manual=0 
06-24 17:02:57.806   763   763 W Layer   : [SurfaceView - com.appname/com.appname.MainActivity@40fc623@0#0] Timestamp 949060716457240 seems implausible relative to expectedPresent 663605610651722
06-24 17:02:57.808  1028  2058 D AudioFlinger: mixer(0xe5886280) throttle end: throttle time(80)
06-24 17:02:57.810  2724  2989 D NetworkController.MobileSignalController(0/1): callState:0, callStateByPhone:false voLTECall:false voiceNetTpe:7 dataNetType:13, ine911:false, emergencyCallbackMode:false
06-24 17:02:57.813  1173 21156 E         : Camera[DBG][IFACE ] iface_set_super_param: 2689: iface_set_super_param:2689 store q_idx 5
06-24 17:02:57.814  1173 21156 E mm-camera-img: module_faceproc_client_handle_ctrl_parm:5683] 3 calling module_faceproc_client_schedule_mode 0
06-24 17:02:57.814  1173 21156 E mm-camera-img: module_faceproc_client_handle_ctrl_parm:5633] 2 calling module_faceproc_client_schedule_mode 0
06-24 17:02:57.814  1173 21156 I mm-camera-sensor: module_sensor_set_parm_led_mode:229CAM_INTF_PARM_LED_MODE 0 is_capture 0
06-24 17:02:57.814  1173 21156 I mm-camera-sensor: module_sensor_set_parm_led_mode:305last flash request 0
06-24 17:02:57.814  1173 21156 I mm-camera-sensor: sensor_set_capture_intent:1968capture intent 1
06-24 17:02:57.814  1173 21156 E mm-camera-sensor: flash_process:483invalid event 151
06-24 17:02:57.814  1173 21156 I mm-camera-sensor: module_sensor_event_control_set_parm:5662CAM_INTF_PARM_OIS_MODES: 3
06-24 17:02:57.814  1173 21156 I mm-camera-sensor: ois_process:396[E]
06-24 17:02:57.814  1173 21156 I mm-camera-sensor: ois_process:406[OIS_SET_MODE][data :: 3]
06-24 17:02:57.814  1173 21156 I mm-camera-sensor: ois_set_mode:25[Enter]
06-24 17:02:57.814  1173 21156 I mm-camera-sensor: ois_set_mode:46[ois_set_mode][modes :: 3]
06-24 17:02:57.817  1173 21159 E         : Camera[DBG] TsAec_set_ae_manual_mode: 732: TsAec_set_ae_manual_mode ae_manual_mode = 1
06-24 17:02:57.817  1173 21159 E         : Camera[DBG] TsAwb_set_params: 802: TsAwb->gAwbLock =0
06-24 17:02:57.817  1173 21159 E         : 
06-24 17:02:57.817  1173 21159 D mm-camera-CORE: [Exp_Table:Rear] Shooting mode = 0, ExpDiagram_command = 0, m_video_mode = 0
06-24 17:02:57.817  1173 21159 D mm-camera-CORE: TsAec_set_manual_ISO manual_iso=0, aec->is_manual=0 
06-24 17:02:57.818  1173 21156 I mm-camera-sensor: module_sensor_event_control_set_parm:5738[stats_use][STATS] Set cc_stats [AEC=0],[PAF=0],[RECONSTRUCTION=0],[DRC=0]
06-24 17:02:57.818  1173 21156 I mm-camera-sensor: module_sensor_event_control_set_parm:5753[WDR_MODE]wdr_mode = 0
06-24 17:02:57.818  1173 21156 I mm-camera-CORE: companion_wdr_on_off:1046WDR enable = 0
06-24 17:02:57.818  1173 21156 I mm-camera-sensor: module_sensor_event_control_set_parm:5765[WDR_MODE]CAM_INTF_PARM_RTHDR_MODES: 0
06-24 17:02:57.818  1173 21156 I mm-camera-sensor: sensor_set_rt_hdr_mode:4046 HDR mode set = 0
06-24 17:02:57.822   763   763 W Layer   : [SurfaceView - com.appname/com.appname.MainActivity@40fc623@0#0] Timestamp 949060749789240 seems implausible relative to expectedPresent 663605627421843
06-24 17:02:57.822  1173 21159 I mm-camera-sensor: sensor_apply_exposure:1193s_gain=0x1000073, l_gain=0x1000073, s_linecount=2370,l_linecount=2370, fl_lines=3156
06-24 17:02:57.826  1173 21160 E mm-3a-external: [cgAF] Invalid Cal. Set Default AF Cal: PAN: 0x78, MAC: 0x1F4, OFFSET: 0x0
06-24 17:02:57.839   763   763 W Layer   : [SurfaceView - com.appname/com.appname.MainActivity@40fc623@0#0] Timestamp 949060783111240 seems implausible relative to expectedPresent 663605644191964
06-24 17:02:57.846  1394  1394 D TelephonyManager: getCellLocation : Caller (PID / UID / TID): 1394 / 1000 / 1394
06-24 17:02:57.851  2724  2989 D NetworkController.MobileSignalController(0/1): onCellLocationChanged
06-24 17:02:57.859  1173 21160 E mm-3a-external: [cgAF] Invalid Cal. Set Default AF Cal: PAN: 0x78, MAC: 0x1F4, OFFSET: 0x0
06-24 17:02:57.863  1394  2932 D SLocation: onCellLocationChanged 1 / 0
06-24 17:02:57.866  1394  2932 D TelephonyManager: getAllCellInfo : Caller (PID / UID / TID): 1394 / 1000 / 2932
06-24 17:02:57.881  1173 21156 E         : Camera[DBG][MCT   ] mct_stream_fill_metadata_v3: 2609: mct_stream_fill_metadata_v3:2609 Unsupported message type 86
06-24 17:02:57.886  1394  2932 D SLocation: cellList : 4
06-24 17:02:57.894  3020  3285 D PdnController<0>: onCellLocationChanged:
06-24 17:02:57.894  3020  3285 D VolteServiceModule: onCellLocationChanged, phoneId: 0
06-24 17:02:57.894  3020  3285 D RegiMgrBase: handleMessage: CELL_LOCATION_CHANGED
06-24 17:02:57.894  3020  3285 D RegiMgrBase<0>: updatePani:
06-24 17:02:57.894  3020  3285 D ImsUtil : getSubId:
06-24 17:02:57.897  3020  3285 D PaniGenerator<0>: generate: subId - 1
06-24 17:02:57.899  3020  3285 D PdnController<0>: getNetworkState:
06-24 17:02:57.899  3020  3285 D ImsUtil : getSubId:
06-24 17:02:57.901  1173 21160 E mm-3a-external: [cgAF] Invalid Cal. Set Default AF Cal: PAN: 0x78, MAC: 0x1F4, OFFSET: 0x0
06-24 17:02:57.901  3020  3285 D PaniGenerator<0>: generate: network=13, fallbackPlmn=311480, subId=1
06-24 17:02:57.901  3020  3285 D ImsUtil : getSubId:
06-24 17:02:57.901  1394  2932 W SLocation: handleEvent ENTER : currentDirection 1
06-24 17:02:57.903  1394  4786 D TelephonyManager: getCellLocation : Caller (PID / UID / TID): 1394 / 1000 / 4786
06-24 17:02:57.903  1173 21155 E         : Camera[DBG] pproc_module_handle_reprocess_offline: 2167: pproc_module_handle_reprocess_offline2167: No flip value in metadata! Use default!!!
06-24 17:02:57.903  1173 21155 E         : Camera[DBG] pproc_module_handle_reprocess_offline: 2177: pproc_module_handle_reprocess_offline2177: No tnr value in metadata! Use default!!!
06-24 17:02:57.903  1173 21155 E         : Camera[DBG] pproc_module_send_set_param_event: 1196: pproc_module_send_set_param_event:1196] rotation:1, strmId:5
06-24 17:02:57.903  3020  3285 D PaniGenerator<0>: getPsPlmn: subId = 1
06-24 17:02:57.903  1173 21151 E         : Camera[DBG][CPP   ] cpp_module_util_post_crop_info: 1156: meta_data container is NULL
06-24 17:02:57.903  1173 21151 E         : Camera[DBG] cpp_module_enq_event: 751: cpp_module_enq_event:751, partial_frame_queue size = 1
06-24 17:02:57.903  1173 21151 E         : Camera[DBG] cpp_module_enq_event: 751: cpp_module_enq_event:751, partial_frame_queue size = 2
06-24 17:02:57.903  1173 21151 E         : Camera[DBG] cpp_module_enq_event: 751: cpp_module_enq_event:751, partial_frame_queue size = 3
06-24 17:02:57.903  1173 21151 E         : Camera[DBG] cpp_module_enq_event: 751: cpp_module_enq_event:751, partial_frame_queue size = 4
06-24 17:02:57.910  1173 21156 E         : Camera[DBG][MCT   ] mct_stream_fill_metadata_v3: 2609: mct_stream_fill_metadata_v3:2609 Unsupported message type 86
06-24 17:02:57.923   763   763 W Layer   : [SurfaceView - com.appname/com.appname.MainActivity@40fc623@0#0] Timestamp 949061016464240 seems implausible relative to expectedPresent 663605728042569
06-24 17:02:57.927  1173 21160 E mm-3a-external: [cgAF] Invalid Cal. Set Default AF Cal: PAN: 0x78, MAC: 0x1F4, OFFSET: 0x0
06-24 17:02:57.937  3020  3285 D PaniGenerator: getDataPlmn returns 311480
06-24 17:02:57.937  3020  3285 D PaniGenerator: generate: change to NW PLMN(311480)
06-24 17:02:57.939  3020  3285 D ImsUtil : getSubId:
06-24 17:02:57.943  1029 21167 I qomx_image_core: OMX_GetHandle:240] get instance pts is 0xebdaf200
06-24 17:02:57.944  1029 21167 D qomx_image_core: OMX_GetHandle:258] handle = 0xebdaf204 Instanceindex = 0,comp_idx 2 g_ptr 0xe9458f00
06-24 17:02:57.944  1029 21167 I qomx_image_core: OMX_GetHandle:264] Success
06-24 17:02:57.944  1029 21167 D mm-jpeg-intf: mm_jpeg_session_config_main:1270] config port
06-24 17:02:57.946  1029 21167 D mm-jpeg-intf: mm_jpeg_session_config_main_buffer_offset:449] yOffset = 0, cbcrOffset = (0 0), totalSize = 18292736,cbcrStartOffset = (12192768 6096384)
06-24 17:02:57.946  1029 21167 E mm-jpeg-intf: mm_jpeg_meta_enc_key:766] Key is invalid
06-24 17:02:57.946  1029 21167 D mm-jpeg-intf: mm_jpeg_mem_ops:679] HAL get_mem handler undefined
06-24 17:02:57.947  1029 21167 D mm-jpeg-intf: mm_jpeg_speed_mode:552] speed 1
06-24 17:02:57.960  1173 21160 E mm-3a-external: [cgAF] Invalid Cal. Set Default AF Cal: PAN: 0x78, MAC: 0x1F4, OFFSET: 0x0
06-24 17:02:57.960  1029 21167 D mm-still: configureEncodedata:183] size 4032x3024 pad 4032x3024 out 4032x3024 subsampling 0 format 0
06-24 17:02:57.964  3020  3285 D ImsUtil : getSubId:
06-24 17:02:57.967  1029 21167 D mm-jpeg-intf: mm_jpeg_create_session:2763] session id 1000000
06-24 17:02:57.973   763   763 W Layer   : [SurfaceView - com.appname/com.appname.MainActivity@40fc623@0#0] Timestamp 949061049744240 seems implausible relative to expectedPresent 663605778352932
06-24 17:02:57.979  1029 21167 D mm-jpeg-intf: mm_jpeg_start_job:2395] session_idx 0 client idx 0
06-24 17:02:57.979  1029 21167 D mm-jpeg-intf: mm_jpeg_start_job:2426] >>>> Work bufs need 1, 0
06-24 17:02:57.979  1029 21167 D mm-jpeg-intf: mm_jpeg_alloc_workbuffer, 2100] work_bufs_need 1 work_buf_cnt 0
06-24 17:02:57.979  1029 21167 D mm-jpeg-intf: mm_jpeg_alloc_workbuffer: Max picture size 4032 x 3024, WorkBufSize = 18579456
06-24 17:02:57.983  1394  2393 D InputReader: Input event(6): value=1 when=663605772573000
06-24 17:02:57.983  1394  2393 D InputReader: Input event(6): value=1 when=663605772573000
06-24 17:02:57.983  1394  2393 I InputReader: Touch event's action is 0x0 (deviceType=0) [pCnt=1, s=0.4436 ] when=663605772573000
06-24 17:02:57.984  1394  2392 I InputDispatcher: Delivering touch to (17748): action: 0x0, toolType: 1
06-24 17:02:57.984 17748 17748 D ViewRootImpl@f74dda0[MainActivity]: ViewPostIme pointer 0
06-24 17:02:57.986  3020  3285 D RegiMgrBase<0>: notifyNetworkEvent:
06-24 17:02:57.986  3020  3285 D RegiMgrBase<0>: buildNetworkEvent:
06-24 17:02:57.986  3020  3285 D PdnController<0>: getNetworkState:
06-24 17:02:57.986  3020  3285 I chatty  : uid=1000(system) ImsServiceStub identical 7 lines
06-24 17:02:57.986  3020  3285 D PdnController<0>: getNetworkState:
06-24 17:02:57.986  3020  3285 D RegiMgrBase: handleMessage: PLANI_IN_TIME_CHANGED
06-24 17:02:57.986  3020  3285 D ImsUtil : getSubId:
06-24 17:02:57.990   763   763 W Layer   : [SurfaceView - com.appname/com.appname.MainActivity@40fc623@0#0] Timestamp 949061083054240 seems implausible relative to expectedPresent 663605795123053
06-24 17:02:57.994  1173 21160 E mm-3a-external: [cgAF] Invalid Cal. Set Default AF Cal: PAN: 0x78, MAC: 0x1F4, OFFSET: 0x0
06-24 17:02:58.003  3020  3285 D ImsUtil : getSlotId:
06-24 17:02:58.003  3020  3285 D SimManager: getTelephonyProperty: value [311480]
06-24 17:02:58.026  1173 21160 E mm-3a-external: [cgAF] Invalid Cal. Set Default AF Cal: PAN: 0x78, MAC: 0x1F4, OFFSET: 0x0
06-24 17:02:58.042  1029 21167 D mm-jpeg-intf: mm_jpeg_alloc_workbuffer, 2117] rc 0 
06-24 17:02:58.042  1029 21167 D mm-jpeg-intf: mm_jpeg_start_job:2485] job_id 16777216 X
06-24 17:02:58.044   718   718 D audio_hw_primary: out_standby: enter: stream (0xe4b8a800) usecase(1: low-latency-playback)
06-24 17:02:58.049  1029 21168 D mm-jpeg-intf: process_sensor_data: Flash value 0 flash mode 0 flash state 2
06-24 17:02:58.049  1029 21168 D mm-jpeg-intf: mm_jpeg_session_config_main_crop:1237] OMX_IndexConfigCommonInputCrop w = 0, h = 0, l = 0, t = 0, port_idx = 0
06-24 17:02:58.049  1029 21168 D mm-jpeg-intf: mm_jpeg_session_config_thumbnail:1032] encode_thumbnail 0
06-24 17:02:58.049  1029 21168 E mm-jpeg-intf: mm_jpeg_configure_job_params:1585] Work buffer info 213 0xcab2a000 WorkBufSize: 18579456 invalidate
06-24 17:02:58.050  1029 21168 D mm-jpeg-intf: mm_jpeg_process_encoding_job:1911] Success X 
06-24 17:02:58.056  1029 21235 D mm-still: configureEncodedata:183] size 4032x3024 pad 4032x3024 out 4032x3024 subsampling 0 format 0
06-24 17:02:58.057  1029 21235 D mm-still: writeExifData:417] Image type 0 mobicat_mask 0
06-24 17:02:58.057   763   763 W Layer   : [SurfaceView - com.appname/com.appname.MainActivity@40fc623@0#0] Timestamp 949061116382240 seems implausible relative to expectedPresent 663605862203537
06-24 17:02:58.064  1029 21235 E mm-still: EmitApp5:1661] , 0
06-24 17:02:58.064  1029 21235 E mm-still: EmitApp5:1675] App5 write successful
06-24 17:02:58.064  1029 21235 E mm-still: startEncode:641] Start Encode 1
06-24 17:02:58.065   718   718 D audio_hw_primary: disable_audio_route: reset and update mixer path: low-latency-playback speaker
06-24 17:02:58.065   718   718 D audio_route: Setting mixer control: PRI_MI2S_RX Audio Mixer MultiMedia5, value: 0
06-24 17:02:58.066  1029 21235 E jpeg_hw : jpege_lib_hw_fe_buffer_cfg:296] w 4032 h 3024 stride 4032 scanline 3024
06-24 17:02:58.066  1029 21235 D mm-still: ConfigureOutputBuffer:553] Received output image fd 213 addr 0xcab2a000 WorkBufSize 18579456 
06-24 17:02:58.068  1029 21235 W libc    : invalid pthread_t (0) passed to libc
06-24 17:02:58.069   718   718 D hardware_info: hw_info_append_hw_type : device_name = speaker
06-24 17:02:58.069   718   718 V msm8974_platform: platform_get_output_snd_device: enter: output devices(0x2)
06-24 17:02:58.069   718   718 V msm8974_platform: platform_get_output_snd_device: exit: snd_device(speaker)
06-24 17:02:58.069   718   718 D audio_hw_primary: out_standby: exit
06-24 17:02:58.072  1173 21160 E mm-3a-external: [cgAF] Invalid Cal. Set Default AF Cal: PAN: 0x78, MAC: 0x1F4, OFFSET: 0x0
06-24 17:02:58.074   763   763 W Layer   : [SurfaceView - com.appname/com.appname.MainActivity@40fc623@0#0] Timestamp 949061149768240 seems implausible relative to expectedPresent 663605878973658
06-24 17:02:58.091   763   763 W Layer   : [SurfaceView - com.appname/com.appname.MainActivity@40fc623@0#0] Timestamp 949061183034240 seems implausible relative to expectedPresent 663605895743779
06-24 17:02:58.092  1394  2393 D InputReader: Input event(6): value=0 when=663605880930000
06-24 17:02:58.092  1394  2393 D InputReader: Input event(6): value=0 when=663605880930000
06-24 17:02:58.092  1394  2393 I InputReader: Touch event's action is 0x1 (deviceType=0) [pCnt=1, s=] when=663605880930000
06-24 17:02:58.094  1173 21160 E mm-3a-external: [cgAF] Invalid Cal. Set Default AF Cal: PAN: 0x78, MAC: 0x1F4, OFFSET: 0x0
06-24 17:02:58.094  1394  2392 I InputDispatcher: Delivering touch to (17748): action: 0x1, toolType: 1
06-24 17:02:58.096  1394  2867 D ConnectivityService: filterNetworkStateForUid() uid: 10081 networkInfo: [type: WIFI[] - WIFI, state: CONNECTED/CONNECTED, reason: (unspecified), extra: "BananaPancake", failover: false, available: true, roaming: false, metered: false]
06-24 17:02:58.097 17748 17748 D ViewRootImpl@f74dda0[MainActivity]: ViewPostIme pointer 1
06-24 17:02:58.107  1028  2058 I SoundBoosterEffectPlus: SB_reset SoundBooster sessionId(-1303)
06-24 17:02:58.107  1028  2058 I SoundBooster7: BuffClear()
06-24 17:02:58.115  1029 21236 D mm-still: EncodeComplete:938] MainImage Encoding complete. Filled Length = 2555777 m_thumbEncodingComplete 0 mSeqNo 1
06-24 17:02:58.118  1029 21236 D mm-still: ReleaseMainImage:794] Encoded image length 2557154
06-24 17:02:58.119  1029 21235 D mm-jpeg-intf: mm_jpeg_ebd:3083] count 0 
06-24 17:02:58.119  1029 21235 D mm-jpeg-intf: mm_jpeg_fbd:3097] count 0 
06-24 17:02:58.119  1029 21235 D mm-jpeg-intf: [KPI Perf] : PROFILE_JPEG_FBD
06-24 17:02:58.119  1029 21235 D mm-jpeg-intf: mm_jpeg_fbd:3127] send jpeg callback 0 buf 0x0xd258e000 len 2557154 JobID 16777216
06-24 17:02:58.122  1028  1363 V APM_AudioPolicyManager: stopOutput() output 13, stream 7, session 7705
06-24 17:02:58.122  1028  1363 V APM_AudioPolicyManager: setBeaconMute(1) mBeaconMuteRefCount=0 mBeaconPlayingRefCount=0
06-24 17:02:58.122  1028  1363 V APM_AudioPolicyManager: getNewOutputDevice() selected device 0
06-24 17:02:58.122  1028  1363 V APM_AudioPolicyManager: setOutputDevice() device 0000 delayMs 160
06-24 17:02:58.122  1028  1363 V APM_AudioPolicyManager: setOutputDevice() prevDevice 0x0002
06-24 17:02:58.122  1028  1363 V APM_AudioPolicyManager: setOutputDevice() setting same device 0x0000 or null device
06-24 17:02:58.123  1029 21235 D Camera3-Status: markComponent: Component 2 is now idle
06-24 17:02:58.128  1173 21160 E mm-3a-external: [cgAF] Invalid Cal. Set Default AF Cal: PAN: 0x78, MAC: 0x1F4, OFFSET: 0x0
06-24 17:02:58.134 17748 17748 W ExifInterface: Skip the tag entry since tag number is not defined: 2
06-24 17:02:58.134 17748 17748 W ExifInterface: Stop reading file since a wrong offset may cause an infinite loop: 0
06-24 17:02:58.134 17748 17748 I chatty  : uid=10336(u0_a336) com.appname identical 1 line
06-24 17:02:58.134 17748 17748 W ExifInterface: Stop reading file since a wrong offset may cause an infinite loop: 0
06-24 17:02:58.135  1029 21235 D mm-jpeg-intf: mm_jpegenc_destroy_job:2802] Exif entry count 15 15
06-24 17:02:58.135  1029 21235 D mm-jpeg-intf: mm_jpeg_queue_remove_job_by_job_id:3297] found matching job id
06-24 17:02:58.141   763   763 W Layer   : [SurfaceView - com.appname/com.appname.MainActivity@40fc623@0#0] Timestamp 949061216359240 seems implausible relative to expectedPresent 663605946054142
06-24 17:02:58.157   763   763 W Layer   : [SurfaceView - com.appname/com.appname.MainActivity@40fc623@0#0] Timestamp 949061249691240 seems implausible relative to expectedPresent 663605962824263
06-24 17:02:58.161  1173 21160 E mm-3a-external: [cgAF] Invalid Cal. Set Default AF Cal: PAN: 0x78, MAC: 0x1F4, OFFSET: 0x0
06-24 17:02:58.190 17748 18159 W ExifInterface: Skip the tag entry since tag number is not defined: 2
06-24 17:02:58.190 17748 18159 W ExifInterface: Stop reading file since a wrong offset may cause an infinite loop: 0
06-24 17:02:58.190 17748 18159 I chatty  : uid=10336(u0_a336) CameraX-camerax identical 1 line
06-24 17:02:58.190 17748 18159 W ExifInterface: Stop reading file since a wrong offset may cause an infinite loop: 0
06-24 17:02:58.191   763   763 W Layer   : [SurfaceView - com.appname/com.appname.MainActivity@40fc623@0#0] Timestamp 949061283027240 seems implausible relative to expectedPresent 663605996364505
06-24 17:02:58.193  1173 21160 E mm-3a-external: [cgAF] Invalid Cal. Set Default AF Cal: PAN: 0x78, MAC: 0x1F4, OFFSET: 0x0
06-24 17:02:58.194  1394  2867 I EDMNativeHelperService: isCameraEnabled
06-24 17:02:58.203 17748 18159 W ExifInterface: Skip the tag entry since tag number is not defined: 2
06-24 17:02:58.204 17748 18159 W ExifInterface: Stop reading file since a wrong offset may cause an infinite loop: 0
06-24 17:02:58.204 17748 18159 I chatty  : uid=10336(u0_a336) CameraX-camerax identical 1 line
06-24 17:02:58.204 17748 18159 W ExifInterface: Stop reading file since a wrong offset may cause an infinite loop: 0
06-24 17:02:58.225   763   763 W Layer   : [SurfaceView - com.appname/com.appname.MainActivity@40fc623@0#0] Timestamp 949061316367240 seems implausible relative to expectedPresent 663606029904747
06-24 17:02:58.229  1173 21160 E mm-3a-external: [cgAF] Invalid Cal. Set Default AF Cal: PAN: 0x78, MAC: 0x1F4, OFFSET: 0x0
06-24 17:02:58.258   763   763 W Layer   : [SurfaceView - com.appname/com.appname.MainActivity@40fc623@0#0] Timestamp 949061349672240 seems implausible relative to expectedPresent 663606062983114
06-24 17:02:58.263  1173 21160 E mm-3a-external: [cgAF] Invalid Cal. Set Default AF Cal: PAN: 0x78, MAC: 0x1F4, OFFSET: 0x0
06-24 17:02:58.281 29907 18976 V MediaProvider: 7klwibgf7fvntblfd7(7Hrclnifk7*.:+(,++/8)8(5qhg is not existed
06-24 17:02:58.290  1394  2867 W StorageManager: getStorageLowBytes lowPercent : 5, lowBytes : 1225677414, maxLowBytes : 524288000
06-24 17:02:58.291   763   763 W Layer   : [SurfaceView - com.appname/com.appname.MainActivity@40fc623@0#0] Timestamp 949061383004240 seems implausible relative to expectedPresent 663606096523356
06-24 17:02:58.295  1173 21160 E mm-3a-external: [cgAF] Invalid Cal. Set Default AF Cal: PAN: 0x78, MAC: 0x1F4, OFFSET: 0x0
06-24 17:02:58.305 29907 18976 I CMHServiceInterface: binding to CMH
06-24 17:02:58.308  1173 21159 D mm-camera-CORE: TSAec_process works: stats' frame_id=59, 0, 0
06-24 17:02:58.325   763   763 W Layer   : [SurfaceView - com.appname/com.appname.MainActivity@40fc623@0#0] Timestamp 949061416327240 seems implausible relative to expectedPresent 663606130060444
06-24 17:02:58.328  1394  2393 D InputReader: Input event(6): value=1 when=663606116346000
06-24 17:02:58.328  1394  2393 D InputReader: Input event(6): value=1 when=663606116346000
06-24 17:02:58.328  1394  2393 I InputReader: Touch event's action is 0x0 (deviceType=0) [pCnt=1, s=0.4437 ] when=663606116346000
06-24 17:02:58.328  1394  2392 I InputDispatcher: Delivering touch to (17748): action: 0x0, toolType: 1
06-24 17:02:58.328 17748 17748 D ViewRootImpl@f74dda0[MainActivity]: ViewPostIme pointer 0
06-24 17:02:58.333  1173 21160 E mm-3a-external: [cgAF] Invalid Cal. Set Default AF Cal: PAN: 0x78, MAC: 0x1F4, OFFSET: 0x0
06-24 17:02:58.333  1162  1231 I LocSvc_ApiV02: <--- globalEventCb line 162 QMI_LOC_EVENT_GNSS_SV_INFO_IND_V02
06-24 17:02:58.333  1162  4816 I LocSvc_libulp: ulp_brain_process_gnss_sv_report, gnss sv report cnt = 3727, gnss pos report cnt = 83,strong sv cnt = 0
06-24 17:02:58.334  1394 28315 D GnssLocationProvider_ex: SV Count : 1      (PRN, Constellation, SNR, Used)
06-24 17:02:58.334  1394 28315 D GnssLocationProvider_ex: (194, QZSS, 31.0, 0) 
06-24 17:02:58.358   763   763 W Layer   : [SurfaceView - com.appname/com.appname.MainActivity@40fc623@0#0] Timestamp 949061449685240 seems implausible relative to expectedPresent 663606163596520
06-24 17:02:58.361  1173 21160 E mm-3a-external: [cgAF] Invalid Cal. Set Default AF Cal: PAN: 0x78, MAC: 0x1F4, OFFSET: 0x0
06-24 17:02:58.365 29907 18976 D CMHServiceInterface: Sending intent to CMH
06-24 17:02:58.386  5613  5613 I CMHService: [#CMH#] onCreate() 
06-24 17:02:58.389 29907 29907 I CMHServiceInterface: CMHService connected
06-24 17:02:58.390  5613 21237 I Controller: [#CMH#] com.android.providers.media Insert
06-24 17:02:58.391  5613 21237 I Controller: [#CMH#] processInsertAction,No of files to insert: 1,Origin:com.android.providers.media
06-24 17:02:58.391  5613 21237 E Controller: [#CMH#] Content inserted without datetaken 
06-24 17:02:58.392   763   763 W Layer   : [SurfaceView - com.appname/com.appname.MainActivity@40fc623@0#0] Timestamp 949061482982240 seems implausible relative to expectedPresent 663606197132596
06-24 17:02:58.392  1173 21160 E mm-3a-external: [cgAF] Invalid Cal. Set Default AF Cal: PAN: 0x78, MAC: 0x1F4, OFFSET: 0x0
06-24 17:02:58.393  5613 21237 E Controller: [#CMH#] lSefFileSubType is null 
06-24 17:02:58.395  5613 21237 E ImageFeatures: [#CMH#] applyJustShotFlag : java.io.FileNotFoundException: /storage/emulated/0/Pictures/1593043378280.jpg (No such file or directory) (/storage/emulated/0/Pictures/1593043378280.jpg (No such file or directory))
06-24 17:02:58.395  5613 21237 E ImageFeatures: 	at java.io.FileInputStream.open0 (FileInputStream.java:-2)
06-24 17:02:58.395  5613 21237 E ImageFeatures: 	at java.io.FileInputStream.open (FileInputStream.java:200)
06-24 17:02:58.395  5613 21237 E ImageFeatures: 	at java.io.FileInputStream.<init> (FileInputStream.java:150)
06-24 17:02:58.395  5613 21237 E ImageFeatures: 	at java.io.FileInputStream.<init> (FileInputStream.java:103)
06-24 17:02:58.395  5613 21237 E ImageFeatures: 	at android.media.ExifInterface.<init> (ExifInterface.java:1329)
06-24 17:02:58.395  5613 21237 E ImageFeatures: 	at com.samsung.cmh.features.ImageFeatures.isJustShot (ImageFeatures.java:54)
06-24 17:02:58.395  5613 21237 E ImageFeatures: 	at com.samsung.cmh.core.Controller.processInsertAction (Controller.java:2550)
06-24 17:02:58.395  5613 21237 E ImageFeatures: 	at com.samsung.cmh.core.Controller.execute (Controller.java:991)
06-24 17:02:58.395  5613 21237 E ImageFeatures: 	at com.samsung.cmh.service.CMHService.onHandleIntent (CMHService.java:100)
06-24 17:02:58.395  5613 21237 E ImageFeatures: 	at android.app.IntentService$ServiceHandler.handleMessage (IntentService.java:68)
06-24 17:02:58.395  5613 21237 E ImageFeatures: 	at android.os.Handler.dispatchMessage (Handler.java:105)
06-24 17:02:58.395  5613 21237 E ImageFeatures: 	at android.os.Looper.loop (Looper.java:164)
06-24 17:02:58.395  5613 21237 E ImageFeatures: 	at android.os.HandlerThread.run (HandlerThread.java:65)
06-24 17:02:58.395  5613 21237 E ImageFeatures:  
06-24 17:02:58.404  1394 10129 W ActivityManager: Background start not allowed: service Intent { cmp=com.google.android.apps.photos/com.google.android.libraries.social.mediamonitor.BackgroundThreadNotifierIntentService (has extras) } to com.google.android.apps.photos/com.google.android.libraries.social.mediamonitor.BackgroundThreadNotifierIntentService from pid=1328 uid=10156 pkg=com.google.android.apps.photos
06-24 17:02:58.409  5613 21237 I Controller: [#CMH#] Sent Notification for uri content://com.samsung.cmh/notify_images
06-24 17:02:58.411 18658 18658 D LibraryDataManager: onChange = 0, active = true, uri = content://com.samsung.cmh/notify_images, this = com.sec.android.gallery3d.data.LibraryDataManager$NotifyBroker@361d8
06-24 17:02:58.415  5613 21237 I Controller: [#CMH#] startSmartClustering starting clustering 
06-24 17:02:58.416  5613 21237 I Controller: [#CMH#] startDaywiseClustering starting day clustering 
06-24 17:02:58.425   763   763 W Layer   : [SurfaceView - com.appname/com.appname.MainActivity@40fc623@0#0] Timestamp 949061516345240 seems implausible relative to expectedPresent 663606230668672
06-24 17:02:58.427  1173 21160 E mm-3a-external: [cgAF] Invalid Cal. Set Default AF Cal: PAN: 0x78, MAC: 0x1F4, OFFSET: 0x0
06-24 17:02:58.427  1394  2393 D InputReader: Input event(6): value=0 when=663606216660000
06-24 17:02:58.427  1394  2393 D InputReader: Input event(6): value=0 when=663606216660000
06-24 17:02:58.427  1394  2393 I InputReader: Touch event's action is 0x1 (deviceType=0) [pCnt=1, s=] when=663606216660000
06-24 17:02:58.429  1394  2392 I InputDispatcher: Delivering touch to (17748): action: 0x1, toolType: 1
06-24 17:02:58.429 17748 17748 D ViewRootImpl@f74dda0[MainActivity]: ViewPostIme pointer 1
06-24 17:02:58.445  5613 21239 I ClusteringTask: [#CMH#] before mutex 
06-24 17:02:58.445  5613 21239 I ClusteringTask: [#CMH#] after mutex 
06-24 17:02:58.445  5613 21239 I MomentClusteringAlgo: [#CMH#] performClustering images deleted false
06-24 17:02:58.455  5613 21239 I ClusteringDBUtils: [#CMH#] updateClusterTable In nothing to update 
06-24 17:02:58.456  5613 21238 I DayAndMonthTask: [#CMH#] before mutex 
06-24 17:02:58.456  5613 21238 I DayAndMonthTask: [#CMH#] after mutex 
06-24 17:02:58.459   763   763 W Layer   : [SurfaceView - com.appname/com.appname.MainActivity@40fc623@0#0] Timestamp 949061549649240 seems implausible relative to expectedPresent 663606264204748
06-24 17:02:58.462  1173 21160 E mm-3a-external: [cgAF] Invalid Cal. Set Default AF Cal: PAN: 0x78, MAC: 0x1F4, OFFSET: 0x0
06-24 17:02:58.475 17748 17760 I zygote64: Background concurrent copying GC freed 179110(7MB) AllocSpace objects, 56(1640KB) LOS objects, 50% free, 19MB/38MB, paused 2.672ms total 347.258ms
06-24 17:02:58.489  5613 21238 I DayAndMonthTask: [#CMH#] after mutex release 
06-24 17:02:58.493   763   763 W Layer   : [SurfaceView - com.appname/com.appname.MainActivity@40fc623@0#0] Timestamp 949061582968240 seems implausible relative to expectedPresent 663606297740824
06-24 17:02:58.496  1028  1363 V APM_AudioPolicyManager: releaseOutput() 13
06-24 17:02:58.498  1173 21160 E mm-3a-external: [cgAF] Invalid Cal. Set Default AF Cal: PAN: 0x78, MAC: 0x1F4, OFFSET: 0x0
06-24 17:02:58.503  5613 21239 I Utils   : [#CMH#] No of media items  (images/videos) to process ::  1
06-24 17:02:58.504  5613 21239 I MomentClusteringAlgo: [#CMH#] performClustering In 1 
06-24 17:02:58.526   763   763 W Layer   : [SurfaceView - com.appname/com.appname.MainActivity@40fc623@0#0] Timestamp 949061616298240 seems implausible relative to expectedPresent 663606331276900
06-24 17:02:58.530  1173 21160 E mm-3a-external: [cgAF] Invalid Cal. Set Default AF Cal: PAN: 0x78, MAC: 0x1F4, OFFSET: 0x0
06-24 17:02:58.553  1394  2393 D InputReader: Input event(6): value=1 when=663606342437000
06-24 17:02:58.553  1394  2393 D InputReader: Input event(6): value=1 when=663606342437000
06-24 17:02:58.553  1394  2393 I InputReader: Touch event's action is 0x0 (deviceType=0) [pCnt=1, s=0.4438 ] when=663606342437000
06-24 17:02:58.553  1394  2392 I InputDispatcher: Delivering touch to (17748): action: 0x0, toolType: 1
06-24 17:02:58.554 17748 17748 D ViewRootImpl@f74dda0[MainActivity]: ViewPostIme pointer 0
06-24 17:02:58.554  1394  2392 D PowerManagerService: [api] userActivityFromNative : 1910 (event: 2 flags: 0) eventTime = 663606342
06-24 17:02:58.555  1394  6975 D CustomFrequencyManagerService: acquireDVFSLockLocked : type : DVFS_MIN_LIMIT  frequency : 883200  uid : 1000  pid : 1394  pkgName : GESTURE_DETECTED@CPU_MIN@78
06-24 17:02:58.560   763   763 W Layer   : [SurfaceView - com.appname/com.appname.MainActivity@40fc623@0#0] Timestamp 949061649622240 seems implausible relative to expectedPresent 663606364812976
06-24 17:02:58.562  1173 21160 E mm-3a-external: [cgAF] Invalid Cal. Set Default AF Cal: PAN: 0x78, MAC: 0x1F4, OFFSET: 0x0
06-24 17:02:58.591  5613 21239 I ClusteringTask: [#CMH#] Cluster size: 1
06-24 17:02:58.592  5613 21239 I ClusteringDBUtils: [#CMH#] updateClusterTable In 1 
06-24 17:02:58.592  1173 21160 E mm-3a-external: [cgAF] Invalid Cal. Set Default AF Cal: PAN: 0x78, MAC: 0x1F4, OFFSET: 0x0
06-24 17:02:58.593   763   763 W Layer   : [SurfaceView - com.appname/com.appname.MainActivity@40fc623@0#0] Timestamp 949061682948240 seems implausible relative to expectedPresent 663606398349052
06-24 17:02:58.626  1173 21160 E mm-3a-external: [cgAF] Invalid Cal. Set Default AF Cal: PAN: 0x78, MAC: 0x1F4, OFFSET: 0x0
06-24 17:02:58.627   763   763 W Layer   : [SurfaceView - com.appname/com.appname.MainActivity@40fc623@0#0] Timestamp 949061716275240 seems implausible relative to expectedPresent 663606431885128
06-24 17:02:58.653  1394  2393 D InputReader: Input event(6): value=0 when=663606442523000
06-24 17:02:58.653  1394  2393 D InputReader: Input event(6): value=0 when=663606442523000
06-24 17:02:58.653  1394  2393 I InputReader: Touch event's action is 0x1 (deviceType=0) [pCnt=1, s=] when=663606442523000
06-24 17:02:58.654  1394  2392 I InputDispatcher: Delivering touch to (17748): action: 0x1, toolType: 1
06-24 17:02:58.659  1173 21160 E mm-3a-external: [cgAF] Invalid Cal. Set Default AF Cal: PAN: 0x78, MAC: 0x1F4, OFFSET: 0x0
06-24 17:02:58.660   763   763 W Layer   : [SurfaceView - com.appname/com.appname.MainActivity@40fc623@0#0] Timestamp 949061749602240 seems implausible relative to expectedPresent 663606465421204
06-24 17:02:58.684 17748 17748 D ViewRootImpl@f74dda0[MainActivity]: ViewPostIme pointer 1
06-24 17:02:58.693  1173 21160 E mm-3a-external: [cgAF] Invalid Cal. Set Default AF Cal: PAN: 0x78, MAC: 0x1F4, OFFSET: 0x0
06-24 17:02:58.694   763   763 W Layer   : [SurfaceView - com.appname/com.appname.MainActivity@40fc623@0#0] Timestamp 949061782938240 seems implausible relative to expectedPresent 663606498957280
06-24 17:02:58.696 17748 17748 D ReactNative: CameraView: Photo capture succeeded: content://media/external/images/media/1693
06-24 17:02:58.712 18658 18658 D LibraryDataManager: onChange = 0, active = true, uri = content://com.samsung.cmh/daycluster, this = com.sec.android.gallery3d.data.LibraryDataManager$NotifyBroker@e50a931
06-24 17:02:58.723  5613 21239 I MomentClusteringAlgo: [#CMH#] performClustering images deleted false
06-24 17:02:58.723  5613 21239 I ClusteringDBUtils: [#CMH#] updateClusterTable In nothing to update 
06-24 17:02:58.726  1173 21160 E mm-3a-external: [cgAF] Invalid Cal. Set Default AF Cal: PAN: 0x78, MAC: 0x1F4, OFFSET: 0x0
06-24 17:02:58.727   763   763 W Layer   : [SurfaceView - com.appname/com.appname.MainActivity@40fc623@0#0] Timestamp 949061816258240 seems implausible relative to expectedPresent 663606532493356
06-24 17:02:58.733  5613 21239 I MomentClusteringAlgo: [#CMH#] performClustering In 0 
06-24 17:02:58.733  5613 21239 I ClusteringTask: [#CMH#] Cluster size: 0
06-24 17:02:58.733  5613 21239 I ClusteringDBUtils: [#CMH#] updateClusterTable In nothing to update 
06-24 17:02:58.733  5613 21239 I ClusteringTask: [#CMH#] after mutex release 
06-24 17:02:58.759  1173 21160 E mm-3a-external: [cgAF] Invalid Cal. Set Default AF Cal: PAN: 0x78, MAC: 0x1F4, OFFSET: 0x0
06-24 17:02:58.761   763   763 W Layer   : [SurfaceView - com.appname/com.appname.MainActivity@40fc623@0#0] Timestamp 949061849584240 seems implausible relative to expectedPresent 663606566029432
06-24 17:02:58.788  1394  2393 D InputReader: Input event(6): value=1 when=663606577115000
06-24 17:02:58.788  1394  2393 D InputReader: Input event(6): value=1 when=663606577115000
06-24 17:02:58.788  1394  2393 I InputReader: Touch event's action is 0x0 (deviceType=0) [pCnt=1, s=0.4439 ] when=663606577115000
06-24 17:02:58.788  1394  2392 I InputDispatcher: Delivering touch to (17748): action: 0x0, toolType: 1
06-24 17:02:58.788 17748 17748 D ViewRootImpl@f74dda0[MainActivity]: ViewPostIme pointer 0
06-24 17:02:58.792  1173 21160 E mm-3a-external: [cgAF] Invalid Cal. Set Default AF Cal: PAN: 0x78, MAC: 0x1F4, OFFSET: 0x0
06-24 17:02:58.794   763   763 W Layer   : [SurfaceView - com.appname/com.appname.MainActivity@40fc623@0#0] Timestamp 949061882933240 seems implausible relative to expectedPresent 663606599565508
06-24 17:02:58.826  1173 21160 E mm-3a-external: [cgAF] Invalid Cal. Set Default AF Cal: PAN: 0x78, MAC: 0x1F4, OFFSET: 0x0
06-24 17:02:58.828   763   763 W Layer   : [SurfaceView - com.appname/com.appname.MainActivity@40fc623@0#0] Timestamp 949061916236240 seems implausible relative to expectedPresent 663606633101584
06-24 17:02:58.859  1173 21160 E mm-3a-external: [cgAF] Invalid Cal. Set Default AF Cal: PAN: 0x78, MAC: 0x1F4, OFFSET: 0x0
06-24 17:02:58.861   763   763 W Layer   : [SurfaceView - com.appname/com.appname.MainActivity@40fc623@0#0] Timestamp 949061949571240 seems implausible relative to expectedPresent 663606666637660
06-24 17:02:58.880  1394  2393 D InputReader: Input event(6): value=0 when=663606668730000
06-24 17:02:58.882  1394  2393 D InputReader: Input event(6): value=0 when=663606668730000
06-24 17:02:58.882  1394  2393 I InputReader: Touch event's action is 0x1 (deviceType=0) [pCnt=1, s=] when=663606668730000
06-24 17:02:58.883  1394  2392 I InputDispatcher: Delivering touch to (17748): action: 0x1, toolType: 1
06-24 17:02:58.888 17748 17748 D ViewRootImpl@f74dda0[MainActivity]: ViewPostIme pointer 1
06-24 17:02:58.892  1173 21160 E mm-3a-external: [cgAF] Invalid Cal. Set Default AF Cal: PAN: 0x78, MAC: 0x1F4, OFFSET: 0x0
06-24 17:02:58.895   763   763 W Layer   : [SurfaceView - com.appname/com.appname.MainActivity@40fc623@0#0] Timestamp 949061982896240 seems implausible relative to expectedPresent 663606700173736
06-24 17:02:58.926  1173 21160 E mm-3a-external: [cgAF] Invalid Cal. Set Default AF Cal: PAN: 0x78, MAC: 0x1F4, OFFSET: 0x0
06-24 17:02:58.927  1146  1458 D DnsProxyListener: DNSDBG::dns addrinfo af 0
06-24 17:02:58.928   763   763 W Layer   : [SurfaceView - com.appname/com.appname.MainActivity@40fc623@0#0] Timestamp 949062016223240 seems implausible relative to expectedPresent 663606733709812
06-24 17:02:58.959  1173 21160 E mm-3a-external: [cgAF] Invalid Cal. Set Default AF Cal: PAN: 0x78, MAC: 0x1F4, OFFSET: 0x0
06-24 17:02:58.962   763   763 W Layer   : [SurfaceView - com.appname/com.appname.MainActivity@40fc623@0#0] Timestamp 949062049560240 seems implausible relative to expectedPresent 663606767245888
06-24 17:02:58.973  1173 21159 D mm-camera-CORE: TSAec_process works: stats' frame_id=79, 0, 0
06-24 17:02:58.992  1173 21160 E mm-3a-external: [cgAF] Invalid Cal. Set Default AF Cal: PAN: 0x78, MAC: 0x1F4, OFFSET: 0x0
06-24 17:02:58.996   763   763 W Layer   : [SurfaceView - com.appname/com.appname.MainActivity@40fc623@0#0] Timestamp 949062082875240 seems implausible relative to expectedPresent 663606800781964
06-24 17:02:58.997  1394  2393 D InputReader: Input event(6): value=1 when=663606786321000
06-24 17:02:58.997  1394  2393 D InputReader: Input event(6): value=1 when=663606786321000
06-24 17:02:58.997  1394  2393 I InputReader: Touch event's action is 0x0 (deviceType=0) [pCnt=1, s=0.4440 ] when=663606786321000
06-24 17:02:58.998  1394  2392 I InputDispatcher: Delivering touch to (17748): action: 0x0, toolType: 1
06-24 17:02:59.002 17748 17748 D ViewRootImpl@f74dda0[MainActivity]: ViewPostIme pointer 0
06-24 17:02:59.026  1173 21160 E mm-3a-external: [cgAF] Invalid Cal. Set Default AF Cal: PAN: 0x78, MAC: 0x1F4, OFFSET: 0x0
06-24 17:02:59.029   763   763 W Layer   : [SurfaceView - com.appname/com.appname.MainActivity@40fc623@0#0] Timestamp 949062116198240 seems implausible relative to expectedPresent 663606834318040
06-24 17:02:59.059  1173 21160 E mm-3a-external: [cgAF] Invalid Cal. Set Default AF Cal: PAN: 0x78, MAC: 0x1F4, OFFSET: 0x0
06-24 17:02:59.063   763   763 W Layer   : [SurfaceView - com.appname/com.appname.MainActivity@40fc623@0#0] Timestamp 949062149525240 seems implausible relative to expectedPresent 663606867854116
06-24 17:02:59.064  1394  2393 D InputReader: Input event(6): value=0 when=663606853074000
06-24 17:02:59.064  1394  2393 D InputReader: Input event(6): value=0 when=663606853074000
06-24 17:02:59.064  1394  2393 I InputReader: Touch event's action is 0x1 (deviceType=0) [pCnt=1, s=] when=663606853074000
06-24 17:02:59.064  1394  2392 I InputDispatcher: Delivering touch to (17748): action: 0x1, toolType: 1
06-24 17:02:59.068 17748 17748 D ViewRootImpl@f74dda0[MainActivity]: ViewPostIme pointer 1
06-24 17:02:59.092  1173 21160 E mm-3a-external: [cgAF] Invalid Cal. Set Default AF Cal: PAN: 0x78, MAC: 0x1F4, OFFSET: 0x0
06-24 17:02:59.096   763   763 W Layer   : [SurfaceView - com.appname/com.appname.MainActivity@40fc623@0#0] Timestamp 949062182854240 seems implausible relative to expectedPresent 663606901390192
06-24 17:02:59.105  1394  2867 D ConnectivityService: filterNetworkStateForUid() uid: 10081 networkInfo: [type: WIFI[] - WIFI, state: CONNECTED/CONNECTED, reason: (unspecified), extra: "BananaPancake", failover: false, available: true, roaming: false, metered: false]
06-24 17:02:59.118  1394  1394 D TelephonyManager: getCellLocation : Caller (PID / UID / TID): 1394 / 1000 / 1394
06-24 17:02:59.119  2724  2989 D NetworkController.MobileSignalController(0/1): onSignalStrengthsChanged signalStrength=SignalStrength: 99 99 -93 -190 -120 -1 -1 16 -119 -20 -77 2147483647 0 2147483647 0x1010 P gsm|lte level=1
06-24 17:02:59.120  2724  2989 D NetworkController.MobileSignalController(0/1): getMobileIconGroup(): 13
06-24 17:02:59.120  2724  2989 D NetworkController.MobileSignalController(0/1): updateVZWMobileIconGroup(): 13
