06-24 17:02:56.288  1173 21155 E mm-camera-img: faceproc_hw_comp_get_param:1322] Error
06-24 17:02:56.289  1173 21155 E mm-camera-img: faceproc_hw_comp_send_msg 1133] FDHW_MSG_CHROMATIX_UPDATE 
06-24 17:02:56.289  1173 21173 E mm-camera-img: img_buffer_get:224]ION Alloc buff_type 1 size 210496 HeapIdMask 0x2000000
06-24 17:02:56.290  1173 21173 E mm-camera-img: img_buffer_get:262] Success fd 109 addr 0xe8b5c000
06-24 17:02:56.296  1173 21159 E mm-camera-CORE: TsAec_get_modechage_Expinfo modechange exp_time=0.001, real_gain=1.000, line_cnt=90, l_exp_time=0.001, l_real_gain=1.000, l_line_cnt=90
06-24 17:02:56.297  1173 21159 E mm-camera-CORE: TsAec_get_modechage_Expinfo ledoff linecnt 90 gain: 1.000, param->u.exp_params.use_led_estimation=0
06-24 17:02:56.297  1173 21159 E mm-camera-CORE: TsAec_get_modechage_Expinfo flash exif_exp_time:0.001, exif_iso:40
06-24 17:02:56.297  1173 21155 I mm-camera-sensor: sensor_set_aec_init_settings:2329ae-bracket:idx[0] of 1 real_gain=1.000000, linecount=90
06-24 17:02:56.297  1173 21155 I mm-camera-sensor: sensor_set_aec_init_settings:2331short real gain from 3A = 1.000000, short linecount = 90
06-24 17:02:56.297  1173 21155 I mm-camera-sensor: sensor_apply_exposure:1193s_gain=0x1000020, l_gain=0x1000020, s_linecount=90,l_linecount=90, fl_lines=3156
06-24 17:02:56.299  1173 21155 I mm-camera-sensor: module_sensor_set_start_stream_on:5099ide 20004 SENSOR_START_STREAM
06-24 17:02:56.299  1173 21155 I mm-camera-sensor: module_sensor_set_start_stream_on:5129Companion already stream on done
06-24 17:02:56.299  1173 21155 I mm-camera-sensor: sensor_set_start_stream:2741Sensor stream ON for s5k2l1sx 
06-24 17:02:56.299  1173 21155 I mm-camera-sensor: 
06-24 17:02:56.300  1173 21155 I mm-camera-sensor: module_sensor_stream_on:4487SUCCESS
06-24 17:02:56.300  1173 21155 I mm-camera-sensor: sensor_util_set_stream_on:829port private 0xe2a99d60
06-24 17:02:56.318  1173 21142 I mm-camera-sensor: ois_process:396[E]
06-24 17:02:56.318  1173 21142 E mm-camera-sensor: ois_process:449invalid event 168
06-24 17:02:56.318  1173 21142 E FIDELIX_EEPROM_DEBUG: fidelix_goldenmodulecalibration_type:118 Enter
06-24 17:02:56.318  1173 21142 W FIDELIX_EEPROM_DEBUG: fidelix_get_calibration_items:557 GOLDEN_MODULE_CAL_EEPROM
06-24 17:02:56.318  1173 21142 W FIDELIX_EEPROM_DEBUG: fidelix_get_calibration_items:564 GOLDEN_MODULE_CAL_EEPROM af is TRUE
06-24 17:02:56.318  1173 21142 W FIDELIX_EEPROM_DEBUG: fidelix_get_calibration_items:582 GOLDEN_MODULE_CAL_EEPROM WB is 1
06-24 17:02:56.318  1173 21142 W FIDELIX_EEPROM_DEBUG: fidelix_get_calibration_items:589 GOLDEN_MODULE_CAL_EEPROM LSC is 1
06-24 17:02:56.318  1173 21142 I mm-camera-sensor: module_sensor_offload_ois_init_calibrate:738OIS Not available/enabled
06-24 17:02:56.318  1173 21142 I mm-camera-sensor: ois_process:396[E]
06-24 17:02:56.319  1173 21142 E mm-camera-sensor: ois_process:449invalid event 173
06-24 17:02:56.327  1173 21160 E         : Camera[DBG] af_port_ext_send_legacy_status_update: 375: af_port_ext_send_legacy_status_update: Send AF Status update to af port: 1
06-24 17:02:56.334  1162  1231 I LocSvc_ApiV02: <--- globalEventCb line 162 QMI_LOC_EVENT_GNSS_SV_INFO_IND_V02
06-24 17:02:56.334  1162  4816 I LocSvc_libulp: ulp_brain_process_gnss_sv_report, gnss sv report cnt = 3725, gnss pos report cnt = 83,strong sv cnt = 0
06-24 17:02:56.335  1394  2391 D GnssLocationProvider_ex: SV Count : 1      (PRN, Constellation, SNR, Used)
06-24 17:02:56.335  1394  2391 D GnssLocationProvider_ex: (194, QZSS, 31.0, 0) 
06-24 17:02:56.344  1173 21159 I mm-camera-sensor: sensor_apply_exposure:1193s_gain=0x1000020, l_gain=0x1000020, s_linecount=225,l_linecount=225, fl_lines=3156
06-24 17:02:56.364  1173 21160 E mm-3a-external: [cgAF] Invalid Cal. Set Default AF Cal: PAN: 0x78, MAC: 0x1F4, OFFSET: 0x0
06-24 17:02:56.374  1173 21159 I mm-camera-sensor: sensor_apply_exposure:1193s_gain=0x1000020, l_gain=0x1000020, s_linecount=469,l_linecount=469, fl_lines=3156
06-24 17:02:56.378  1173 21155 I mm-camera-CORE: port_sensor_handle_stream_on:376E
06-24 17:02:56.378  1173 21155 I mm-camera-CORE: port_sensor_handle_stream_on:380H/W revision = 15(15), Criterion ver = 10
06-24 17:02:56.378  1173 21155 I mm-camera-CORE: port_sensor_handle_stream_on:382Reference Value : CAMERA_CAL_CRC = 0x1FF, COMPANION_CAL_CRC = 0x1F, CAMERA_CAL_CRC_FRONT = 0x3F
06-24 17:02:56.378  1173 21155 I mm-camera-CORE: port_sensor_handle_stream_on:389hwinfo = 43 31 32 51 4c, session_id = 2
06-24 17:02:56.378  1173 21155 I mm-camera-CORE: port_sensor_handle_stream_on:390sensor position = 0
06-24 17:02:56.378  1173 21155 I mm-camera-CORE: companion_process:3971FW download is done!
06-24 17:02:56.379  1173 21155 E mm-camera-CORE: port_sensor_handle_stream_on:418check CRC32 Data for calibration at F-ROM = 0x1FF
06-24 17:02:56.379  1173 21155 E mm-camera-CORE: port_sensor_handle_stream_on:419check CRC32 Data for calibration at Companion = 0x1F
06-24 17:02:56.379  1173 21155 E mm-camera-CORE: port_sensor_handle_stream_on:420check CRC32 Data for calibration at front_rear = 0x3F01FF
06-24 17:02:56.379  1173 21155 I mm-camera-sensor: module_sensor_stream_on:4241ide 20003 SENSOR_START_STREAM
06-24 17:02:56.379  1173 21155 I mm-camera-CORE: companion_set_sensor_info:1841Updating module = 0xe2aa4380, identity = 131075
06-24 17:02:56.379  1173 21155 E mm-camera-sensor: module_sensor_stream_on:4268s_module = 0xe2aa4380, session_id = 131075
06-24 17:02:56.380  1173 21155 I mm-camera-sensor: module_sensor_is_ready_for_stream_on:2093session_id=2, stream_id=3
06-24 17:02:56.380  1173 21155 E         : Camera[DBG][IFACE ] iface_sink_port_stream_config: 1005: iface_sink_port_stream_config: port state = 3, skip set stream config
06-24 17:02:56.384   727   727 D SEC LightsHAL: button : 0 +
06-24 17:02:56.392  1173 21160 E mm-3a-external: [cgAF] Invalid Cal. Set Default AF Cal: PAN: 0x78, MAC: 0x1F4, OFFSET: 0x0
06-24 17:02:56.406  1173 21145 E         : Camera[DBG][IFACE ] iface_util_update_streamon_id: 9325: iface_util_update_streamon_id:skip, hw stream state = 3, hw stream id = 90002, mct streamon id = f
06-24 17:02:56.406  1173 21159 I mm-camera-sensor: sensor_apply_exposure:1193s_gain=0x1000020, l_gain=0x1000020, s_linecount=815,l_linecount=815, fl_lines=3156
06-24 17:02:56.411   727   727 D SEC LightsHAL: button : 0 -
06-24 17:02:56.426  1173 21160 E mm-3a-external: [cgAF] Invalid Cal. Set Default AF Cal: PAN: 0x78, MAC: 0x1F4, OFFSET: 0x0
06-24 17:02:56.429  1394  1645 D StorageManagerService: getExternalStorageMountMode : 1
06-24 17:02:56.429  1394  1645 D StorageManagerService: getExternalStorageMountMode : 3
06-24 17:02:56.430  1394  1645 D StorageManagerService: getExternalStorageMountMode : final mountMode=1, uid : 10142, packageName : com.telecomsys.directedsms.android.SCG
06-24 17:02:56.431  1394  1645 D ActivityManager: package  com.telecomsys.directedsms.android.SCG, user - 0 is SDcard whitelisted
06-24 17:02:56.474  1173 21145 E         : Camera[DBG][IFACE ] iface_ispif_get_cfg_params_from_hw_streams: 280: iface_ispif_get_cfg_params_from_hw_streams: interface 0 already active
06-24 17:02:56.476  1173 21155 I mm-camera-sensor: sensor_util_set_stream_on:829port private 0xe2a99d60
06-24 17:02:56.476  1173 21159 I mm-camera-sensor: sensor_apply_exposure:1193s_gain=0x1000020, l_gain=0x1000020, s_linecount=1540,l_linecount=1540, fl_lines=3156
06-24 17:02:56.478  1394  1645 I ActivityManager: Start proc 21185:com.telecomsys.directedsms.android.SCG/u0a142 for service com.telecomsys.directedsms.android.SCG/.SCGService
06-24 17:02:56.484  1173 21160 E mm-3a-external: [cgAF] Invalid Cal. Set Default AF Cal: PAN: 0x78, MAC: 0x1F4, OFFSET: 0x0
06-24 17:02:56.487  1173 21155 I mm-camera-CORE: port_sensor_handle_stream_on:376E
06-24 17:02:56.487  1173 21155 I mm-camera-CORE: port_sensor_handle_stream_on:380H/W revision = 15(15), Criterion ver = 10
06-24 17:02:56.487  1173 21155 I mm-camera-CORE: port_sensor_handle_stream_on:382Reference Value : CAMERA_CAL_CRC = 0x1FF, COMPANION_CAL_CRC = 0x1F, CAMERA_CAL_CRC_FRONT = 0x3F
06-24 17:02:56.487  1173 21155 I mm-camera-CORE: port_sensor_handle_stream_on:389hwinfo = 43 31 32 51 4c, session_id = 2
06-24 17:02:56.487  1173 21155 I mm-camera-CORE: port_sensor_handle_stream_on:390sensor position = 0
06-24 17:02:56.487  1173 21155 I mm-camera-CORE: companion_process:3971FW download is done!
06-24 17:02:56.487  1173 21155 E mm-camera-CORE: port_sensor_handle_stream_on:418check CRC32 Data for calibration at F-ROM = 0x1FF
06-24 17:02:56.487  1173 21155 E mm-camera-CORE: port_sensor_handle_stream_on:419check CRC32 Data for calibration at Companion = 0x1F
06-24 17:02:56.488  1173 21155 E mm-camera-CORE: port_sensor_handle_stream_on:420check CRC32 Data for calibration at front_rear = 0x3F01FF
06-24 17:02:56.488  1173 21155 I mm-camera-sensor: module_sensor_stream_on:4241ide 20002 SENSOR_START_STREAM
06-24 17:02:56.488  1173 21155 I mm-camera-CORE: companion_set_sensor_info:1841Updating module = 0xe2aa4380, identity = 131074
06-24 17:02:56.488  1173 21155 E mm-camera-sensor: module_sensor_stream_on:4268s_module = 0xe2aa4380, session_id = 131074
06-24 17:02:56.488  1173 21155 I mm-camera-sensor: module_sensor_is_ready_for_stream_on:2093session_id=2, stream_id=2
06-24 17:02:56.488  1173 21155 E         : Camera[DBG][IFACE ] iface_sink_port_stream_config: 1005: iface_sink_port_stream_config: port state = 3, skip set stream config
06-24 17:02:56.496 21185 21185 E Zygote  : isWhitelistProcess - Process is Whitelisted
06-24 17:02:56.498  1173 21159 I mm-camera-sensor: sensor_apply_exposure:1193s_gain=0x100002B, l_gain=0x100002B, s_linecount=1893,l_linecount=1893, fl_lines=3156
06-24 17:02:56.499  1173 21160 E mm-3a-external: [cgAF] Invalid Cal. Set Default AF Cal: PAN: 0x78, MAC: 0x1F4, OFFSET: 0x0
06-24 17:02:56.500 21185 21185 E libpersona: scanKnoxPersonas
06-24 17:02:56.500 21185 21185 E libpersona: Couldn't open the File - /data/system/users/0/personalist.xml - No such file or directory
06-24 17:02:56.507  1173 21145 E         : Camera[DBG][IFACE ] iface_util_update_streamon_id: 9325: iface_util_update_streamon_id:skip, hw stream state = 3, hw stream id = 90002, mct streamon id = f
06-24 17:02:56.514  1173 21159 I mm-camera-sensor: sensor_apply_exposure:1193s_gain=0x1000040, l_gain=0x1000040, s_linecount=1893,l_linecount=1893, fl_lines=3156
06-24 17:02:56.517  1173 21151 E         : Camera[DBG] cpp_hardware_set_clock: 367: :cpp_hardware_set_clock:367 Set clock 200000000 BW abg 141389552 BW inst 141389552
06-24 17:02:56.520 21185 21185 W SELinux : SELinux selinux_android_compute_policy_index : Policy Index[2],  Con:u:r:zygote:s0 RAM:SEPF_SM-G930V_8.0.0_0016, [-1 -1 -1 -1 0 1]
06-24 17:02:56.522 21185 21185 I SELinux : SELinux: seapp_context_lookup: seinfo=untrusted, level=s0:c512,c768, pkgname=com.telecomsys.directedsms.android.SCG 
06-24 17:02:56.524  1173 21159 E mm-camera-CORE: TsAec_get_modechage_Expinfo modechange exp_time=0.022, real_gain=3.274, line_cnt=2103, l_exp_time=0.022, l_real_gain=3.274, l_line_cnt=2103
06-24 17:02:56.524  1173 21159 E mm-camera-CORE: TsAec_get_modechage_Expinfo ledoff linecnt 2103 gain: 3.274, param->u.exp_params.use_led_estimation=0
06-24 17:02:56.524  1173 21159 E mm-camera-CORE: TsAec_get_modechage_Expinfo flash exif_exp_time:0.022, exif_iso:125
06-24 17:02:56.526  1173 21160 E mm-3a-external: [cgAF] Invalid Cal. Set Default AF Cal: PAN: 0x78, MAC: 0x1F4, OFFSET: 0x0
06-24 17:02:56.534 21185 21185 W zygote  : Using default instruction set features for ARM CPU variant (cortex-a9) using conservative defaults
06-24 17:02:56.567 21185 21185 D TimaKeyStoreProvider: TimaKeyStore is not enabled: cannot add TimaSignature Service and generateKeyPair Service
06-24 17:02:56.567 21185 21185 D ActivityThread: Added TimaKeyStore provider
06-24 17:02:56.570  1394  2867 I ActivityManager: DSS on for com.telecomsys.directedsms.android.SCG and scale is 1.0
06-24 17:02:56.572  1173 21145 E         : Camera[DBG][IFACE ] iface_ispif_get_cfg_params_from_hw_streams: 280: iface_ispif_get_cfg_params_from_hw_streams: interface 0 already active
06-24 17:02:56.574  1173 21155 I mm-camera-sensor: sensor_util_set_stream_on:829port private 0xe2a99d60
06-24 17:02:56.574  1029 21164 I QCOM PowerHAL: Video Encode hint start
06-24 17:02:56.577  1173 21160 E mm-3a-external: [cgAF] Invalid Cal. Set Default AF Cal: PAN: 0x78, MAC: 0x1F4, OFFSET: 0x0
06-24 17:02:56.578  1173 21159 I mm-camera-sensor: sensor_apply_exposure:1193s_gain=0x100006B, l_gain=0x100006B, s_linecount=3953,l_linecount=3953, fl_lines=3957
06-24 17:02:56.587  1173 21159 I mm-camera-sensor: sensor_apply_exposure:1193s_gain=0x1000084, l_gain=0x1000084, s_linecount=3953,l_linecount=3953, fl_lines=3957
06-24 17:02:56.592  1173 21160 E mm-3a-external: [cgAF] Invalid Cal. Set Default AF Cal: PAN: 0x78, MAC: 0x1F4, OFFSET: 0x0
06-24 17:02:56.606  1173 21151 E         : Camera[DBG] cpp_hardware_set_clock: 367: :cpp_hardware_set_clock:367 Set clock 200000000 BW abg 141389552 BW inst 141389552
06-24 17:02:56.606  1173 21156 E         : Camera[DBG][IFACE ] iface_set_super_param: 2689: iface_set_super_param:2689 store q_idx 0
06-24 17:02:56.607  1173 21159 E         : Camera[DBG] TsAec_set_ae_manual_mode: 732: TsAec_set_ae_manual_mode ae_manual_mode = 1
06-24 17:02:56.607  1173 21159 E         : Camera[DBG] TsAwb_set_params: 802: TsAwb->gAwbLock =0
06-24 17:02:56.607  1173 21159 E         : 
06-24 17:02:56.607  1173 21159 D mm-camera-CORE: [Exp_Table:Rear] Shooting mode = 0, ExpDiagram_command = 0, m_video_mode = 0
06-24 17:02:56.607  1173 21156 E mm-camera-img: module_faceproc_client_handle_ctrl_parm:5683] 3 calling module_faceproc_client_schedule_mode 0
06-24 17:02:56.607  1173 21156 E mm-camera-img: module_faceproc_client_handle_ctrl_parm:5633] 2 calling module_faceproc_client_schedule_mode 0
06-24 17:02:56.607  1173 21156 I mm-camera-sensor: module_sensor_set_parm_led_mode:229CAM_INTF_PARM_LED_MODE 0 is_capture 0
06-24 17:02:56.607  1173 21156 I mm-camera-sensor: module_sensor_set_parm_led_mode:305last flash request 0
06-24 17:02:56.607  1173 21156 I mm-camera-sensor: sensor_set_capture_intent:1968capture intent 1
06-24 17:02:56.607  1173 21156 E mm-camera-sensor: flash_process:483invalid event 151
06-24 17:02:56.607  1173 21156 I mm-camera-sensor: module_sensor_event_control_set_parm:5662CAM_INTF_PARM_OIS_MODES: 3
06-24 17:02:56.608  1173 21156 I mm-camera-sensor: ois_process:396[E]
06-24 17:02:56.608  1173 21156 I mm-camera-sensor: ois_process:406[OIS_SET_MODE][data :: 3]
06-24 17:02:56.608  1173 21156 I mm-camera-sensor: ois_set_mode:25[Enter]
06-24 17:02:56.608  1173 21156 I mm-camera-sensor: ois_set_mode:46[ois_set_mode][modes :: 3]
06-24 17:02:56.608  1173 21142 I mm-camera-sensor: ois_process:396[E]
06-24 17:02:56.608  1173 21142 E mm-camera-sensor: ois_process:449invalid event 175
06-24 17:02:56.608  1173 21142 I mm-camera-sensor: ois_process:396[E]
06-24 17:02:56.608  1173 21142 E mm-camera-sensor: ois_process:449invalid event 169
06-24 17:02:56.608  1173 21142 I mm-camera-sensor: module_sensor_offload_lens_opt_stab_mode:1044turning on OIS still mode
06-24 17:02:56.608  1173 21142 I mm-camera-sensor: ois_process:396[E]
06-24 17:02:56.608  1173 21142 E mm-camera-sensor: ois_process:449invalid event 172
06-24 17:02:56.608  1173 21159 D mm-camera-CORE: TsAec_set_manual_ISO manual_iso=0, aec->is_manual=0 
06-24 17:02:56.615 21185 21185 I zygote  : no shared libraies, dex_files: 1
06-24 17:02:56.616  1173 21156 I mm-camera-sensor: module_sensor_event_control_set_parm:5738[stats_use][STATS] Set cc_stats [AEC=0],[PAF=0],[RECONSTRUCTION=0],[DRC=0]
06-24 17:02:56.618  1173 21156 I mm-camera-sensor: module_sensor_event_control_set_parm:5753[WDR_MODE]wdr_mode = 0
06-24 17:02:56.618  1173 21156 I mm-camera-CORE: companion_wdr_on_off:1046WDR enable = 0
06-24 17:02:56.618  1173 21156 I mm-camera-sensor: module_sensor_event_control_set_parm:5765[WDR_MODE]CAM_INTF_PARM_RTHDR_MODES: 0
06-24 17:02:56.619  1173 21156 I mm-camera-sensor: sensor_set_rt_hdr_mode:4046 HDR mode set = 0
06-24 17:02:56.621  1173 21159 I mm-camera-sensor: sensor_apply_exposure:1193s_gain=0x100008A, l_gain=0x100008A, s_linecount=3943,l_linecount=3943, fl_lines=3947
06-24 17:02:56.626  1173 21160 E mm-3a-external: [cgAF] Invalid Cal. Set Default AF Cal: PAN: 0x78, MAC: 0x1F4, OFFSET: 0x0
06-24 17:02:56.650  1173 21159 I mm-camera-sensor: sensor_apply_exposure:1193s_gain=0x1000091, l_gain=0x1000091, s_linecount=3943,l_linecount=3943, fl_lines=3947
06-24 17:02:56.668  1173 21160 E mm-3a-external: [cgAF] Invalid Cal. Set Default AF Cal: PAN: 0x78, MAC: 0x1F4, OFFSET: 0x0
06-24 17:02:56.677 21185 21185 D SCGAndroidPlatformInitializer: VZW Lib Supported
06-24 17:02:56.677 21185 21185 I Verizon Location Agent: Setup SCG service
06-24 17:02:56.684  1394  2867 W StorageManager: getStorageLowBytes lowPercent : 5, lowBytes : 1225677414, maxLowBytes : 524288000
06-24 17:02:56.691  1173 21159 I mm-camera-sensor: sensor_apply_exposure:1193s_gain=0x1000073, l_gain=0x1000073, s_linecount=3943,l_linecount=3943, fl_lines=3947
06-24 17:02:56.711  1173 21160 E mm-3a-external: [cgAF] Invalid Cal. Set Default AF Cal: PAN: 0x78, MAC: 0x1F4, OFFSET: 0x0
06-24 17:02:56.736  1173 21159 I mm-camera-sensor: sensor_apply_exposure:1193s_gain=0x1000081, l_gain=0x1000081, s_linecount=3157,l_linecount=3157, fl_lines=3161
06-24 17:02:56.737  1173 21156 E         : Camera[DBG][MCT   ] mct_stream_fill_metadata_v3: 2609: mct_stream_fill_metadata_v3:2609 Unsupported message type 86
06-24 17:02:56.751  1173 21160 E mm-3a-external: [cgAF] Invalid Cal. Set Default AF Cal: PAN: 0x78, MAC: 0x1F4, OFFSET: 0x0
06-24 17:02:56.754 17748 18063 D StreamStateObserver: Update Preview stream state to STREAMING
06-24 17:02:56.766   763   763 W Layer   : [SurfaceView - com.appname/com.appname.MainActivity@40fc623@0#0] Timestamp 949059816523360 seems implausible relative to expectedPresent 663604570904220
06-24 17:02:56.778   763   763 I SurfaceFlinger: Display 0 HWC layers:
06-24 17:02:56.778   763   763 I SurfaceFlinger:     type    |    handle    | flag |  format   |   source crop (l,t,r,b)    |         frame       | name 
06-24 17:02:56.778   763   763 I SurfaceFlinger: ------------+--------------+------+-----------+----------------------------+---------------------+------
06-24 17:02:56.778   763   763 I SurfaceFlinger:      Client | 0x726ad8e380 | 0002 | RGBA_8888 |   0.0    0.0 1080.0 1920.0 |    0    0 1080 1920 | com.appname/com.appname.MainActivity#0
06-24 17:02:56.778   763   763 I SurfaceFlinger:      Client |              | 0000 |  Unknown  |  -0.2   -0.2   -0.8   -0.8 |    0    0 1080 1920 | DimLayerController/Stack=0#0
06-24 17:02:56.778   763   763 I SurfaceFlinger:      Client | 0x726fc3f080 | 0002 | 0x0000022 |   0.0    0.0 1440.0 1080.0 |    0  163 1080 1603 | SurfaceView - com.appname/com.appname.MainActivity@40fc623@0#0
06-24 17:02:56.778   763   763 I SurfaceFlinger:      Client | 0x726ad8e600 | 0000 | RGBA_8888 |   0.0    0.0 1080.0 1920.0 |    0    0 1080 1920 | com.appname/com.appname.MainActivity#1
06-24 17:02:56.778   763   763 I SurfaceFlinger: 
06-24 17:02:56.782  1173 21159 I mm-camera-sensor: sensor_apply_exposure:1193s_gain=0x1000079, l_gain=0x1000079, s_linecount=3157,l_linecount=3157, fl_lines=3161
06-24 17:02:56.792  1173 21160 E mm-3a-external: [cgAF] Invalid Cal. Set Default AF Cal: PAN: 0x78, MAC: 0x1F4, OFFSET: 0x0
06-24 17:02:56.799   763   763 W Layer   : [SurfaceView - com.appname/com.appname.MainActivity@40fc623@0#0] Timestamp 949059858203360 seems implausible relative to expectedPresent 663604604444462
06-24 17:02:56.813  1173 21159 I mm-camera-sensor: sensor_apply_exposure:1193s_gain=0x1000089, l_gain=0x1000089, s_linecount=2370,l_linecount=2370, fl_lines=3156
06-24 17:02:56.826  1173 21160 E mm-3a-external: [cgAF] Invalid Cal. Set Default AF Cal: PAN: 0x78, MAC: 0x1F4, OFFSET: 0x0
06-24 17:02:56.833   763   763 W Layer   : [SurfaceView - com.appname/com.appname.MainActivity@40fc623@0#0] Timestamp 949059899885360 seems implausible relative to expectedPresent 663604637984704
06-24 17:02:56.844  1173 21159 I mm-camera-sensor: sensor_apply_exposure:1193s_gain=0x1000081, l_gain=0x1000081, s_linecount=2370,l_linecount=2370, fl_lines=3156
06-24 17:02:56.857 21185 21185 E SCGAndroidPreprocess: initLogging Debug is off 
06-24 17:02:56.858 21185 21185 E SCGAndroidPreprocess: Production is on 
06-24 17:02:56.858 21185 21185 E SCGAndroidPreprocess: preload is on 
06-24 17:02:56.859 21185 21185 E SCGAndroidPreprocess: http registration is on 
06-24 17:02:56.859 21185 21185 E SCGAndroidPreprocess: http configuration is on
06-24 17:02:56.859 21185 21185 E SCGAndroidPreprocess: enable server push configuration
06-24 17:02:56.859  1173 21160 E mm-3a-external: [cgAF] Invalid Cal. Set Default AF Cal: PAN: 0x78, MAC: 0x1F4, OFFSET: 0x0
06-24 17:02:56.865 21185 21185 E SCGAndroidPlatformInitializer: starting initLogging.....  
06-24 17:02:56.866   763   763 W Layer   : [SurfaceView - com.appname/com.appname.MainActivity@40fc623@0#0] Timestamp 949059941560520 seems implausible relative to expectedPresent 663604671524946
06-24 17:02:56.871  1394  1394 D TelephonyManager: getCellLocation : Caller (PID / UID / TID): 1394 / 1000 / 1394
06-24 17:02:56.871  2724  2989 D NetworkController.MobileSignalController(0/1): getMobileIconGroup(): 13
06-24 17:02:56.871  2724  2989 D NetworkController.MobileSignalController(0/1): updateVZWMobileIconGroup(): 13
06-24 17:02:56.880  1173 21159 I mm-camera-sensor: sensor_apply_exposure:1193s_gain=0x100007C, l_gain=0x100007C, s_linecount=2370,l_linecount=2370, fl_lines=3156
06-24 17:02:56.890  3047  3340 D EPDG -- SIM0 [SMARTWIFI]: onSignalStrengthsChanged: Received signal strength change, phone type is: 2
06-24 17:02:56.891  3047  5316 D EPDG -- SIM0 [SMARTWIFI]: lastLteRSRP is -119currentLteRSRP is -119
06-24 17:02:56.891  3047  5316 D EPDG -- SIM0 [SMARTWIFI]: lastLteRSRQ is -19currentLteRSRQ is -19
06-24 17:02:56.891  3047  5316 D EPDG -- SIM0 [SMARTWIFI]: lastCdmaDb is -15currentCdmaDb is -15
06-24 17:02:56.891  3047  5316 V EPDG -- SIM0 [SMARTWIFI]: Radio oldest entry removed
06-24 17:02:56.891  3047  5316 V EPDG -- SIM0 [SMARTWIFI]: New entry : (SignalStrength: 99 99 -87 -150 -120 -1 -1 17 -119 -19 -87 2147483647 0 2147483647 0x1020 P gsm|lte : 0 )
06-24 17:02:56.891  3047  5316 V EPDG -- SIM0 [SMARTWIFI]: Radio entry added
06-24 17:02:56.894  1173 21160 E mm-3a-external: [cgAF] Invalid Cal. Set Default AF Cal: PAN: 0x78, MAC: 0x1F4, OFFSET: 0x0
06-24 17:02:56.898 21185 21185 D NetworkSecurityConfig: No Network Security Config specified, using platform default
06-24 17:02:56.899  2724  2989 D NetworkController.MobileSignalController(0/1): callState:0, callStateByPhone:false voLTECall:false voiceNetTpe:7 dataNetType:13, ine911:false, emergencyCallbackMode:false
06-24 17:02:56.900   763   763 W Layer   : [SurfaceView - com.appname/com.appname.MainActivity@40fc623@0#0] Timestamp 949059975009520 seems implausible relative to expectedPresent 663604705065188
06-24 17:02:56.908  1146  1458 D DnsProxyListener: DNSDBG::dns addrinfo af 0
06-24 17:02:56.909  1173 21159 I mm-camera-sensor: sensor_apply_exposure:1193s_gain=0x1000076, l_gain=0x1000076, s_linecount=2370,l_linecount=2370, fl_lines=3156
06-24 17:02:56.914  1394  2867 D ConnectivityService: filterNetworkStateForUid() uid: 10142 networkInfo: [type: WIFI[] - WIFI, state: CONNECTED/CONNECTED, reason: (unspecified), extra: "BananaPancake", failover: false, available: true, roaming: false, metered: false]
06-24 17:02:56.915  1394  2867 D ConnectivityService: filterNetworkStateForUid() uid: 10142 networkInfo: [type: MOBILE[] - MOBILE, state: DISCONNECTED/DISCONNECTED, reason: (unspecified), extra: (none), failover: false, available: true, roaming: false, metered: false]
06-24 17:02:56.921  1394  2867 D ConnectivityService: filterNetworkStateForUid() uid: 10142 networkInfo: [type: WIFI[] - WIFI, state: CONNECTED/CONNECTED, reason: (unspecified), extra: "BananaPancake", failover: false, available: true, roaming: false, metered: false]
06-24 17:02:56.923  1394  2867 D ConnectivityService: filterNetworkStateForUid() uid: 10142 networkInfo: [type: MOBILE[] - MOBILE, state: DISCONNECTED/DISCONNECTED, reason: (unspecified), extra: (none), failover: false, available: true, roaming: false, metered: false]
06-24 17:02:56.924  1394  2867 D ConnectivityService: filterNetworkStateForUid() uid: 10142 networkInfo: [type: WIFI[] - WIFI, state: CONNECTED/CONNECTED, reason: (unspecified), extra: "BananaPancake", failover: false, available: true, roaming: false, metered: false]
06-24 17:02:56.926  1173 21160 E mm-3a-external: [cgAF] Invalid Cal. Set Default AF Cal: PAN: 0x78, MAC: 0x1F4, OFFSET: 0x0
06-24 17:02:56.926  1394  2867 D ConnectivityService: filterNetworkStateForUid() uid: 10142 networkInfo: [type: MOBILE[] - MOBILE, state: DISCONNECTED/DISCONNECTED, reason: (unspecified), extra: (none), failover: false, available: true, roaming: false, metered: false]
06-24 17:02:56.927  1394 10129 D ConnectivityService: filterNetworkStateForUid() uid: 10142 networkInfo: [type: WIFI[] - WIFI, state: CONNECTED/CONNECTED, reason: (unspecified), extra: "BananaPancake", failover: false, available: true, roaming: false, metered: false]
06-24 17:02:56.928  1394 10129 D ConnectivityService: filterNetworkStateForUid() uid: 10142 networkInfo: [type: MOBILE[] - MOBILE, state: DISCONNECTED/DISCONNECTED, reason: (unspecified), extra: (none), failover: false, available: true, roaming: false, metered: false]
06-24 17:02:56.930  1394 10129 D ConnectivityService: filterNetworkStateForUid() uid: 10142 networkInfo: [type: WIFI[] - WIFI, state: CONNECTED/CONNECTED, reason: (unspecified), extra: "BananaPancake", failover: false, available: true, roaming: false, metered: false]
06-24 17:02:56.931  1394 10129 D ConnectivityService: filterNetworkStateForUid() uid: 10142 networkInfo: [type: MOBILE[] - MOBILE, state: DISCONNECTED/DISCONNECTED, reason: (unspecified), extra: (none), failover: false, available: true, roaming: false, metered: false]
06-24 17:02:56.931 21185 21185 E SCGAndroidPlatformInitializer: In initNetwork Network state: netType:  0 isConnected: true netSubtype: 0 airplane mode: false
06-24 17:02:56.931 21185 21185 E SCGAndroidPlatformInitializer: has not performed first locate yet...
06-24 17:02:56.933   763   763 W Layer   : [SurfaceView - com.appname/com.appname.MainActivity@40fc623@0#0] Timestamp 949060016581240 seems implausible relative to expectedPresent 663604738605430
06-24 17:02:56.940  1173 21159 I mm-camera-sensor: sensor_apply_exposure:1193s_gain=0x1000075, l_gain=0x1000075, s_linecount=2370,l_linecount=2370, fl_lines=3156
06-24 17:02:56.959  1173 21160 E mm-3a-external: [cgAF] Invalid Cal. Set Default AF Cal: PAN: 0x78, MAC: 0x1F4, OFFSET: 0x0
06-24 17:02:56.967   763   763 W Layer   : [SurfaceView - com.appname/com.appname.MainActivity@40fc623@0#0] Timestamp 949060049906240 seems implausible relative to expectedPresent 663604772145672
06-24 17:02:56.973  1173 21159 D mm-camera-CORE: TSAec_process works: stats' frame_id=19, 0, 0
06-24 17:02:56.977  1173 21159 I mm-camera-sensor: sensor_apply_exposure:1193s_gain=0x1000074, l_gain=0x1000074, s_linecount=2370,l_linecount=2370, fl_lines=3156
06-24 17:02:56.993  1173 21160 E mm-3a-external: [cgAF] Invalid Cal. Set Default AF Cal: PAN: 0x78, MAC: 0x1F4, OFFSET: 0x0
06-24 17:02:57.000   763   763 W Layer   : [SurfaceView - com.appname/com.appname.MainActivity@40fc623@0#0] Timestamp 949060083234240 seems implausible relative to expectedPresent 663604805685914
06-24 17:02:57.019  1394  2867 D SamsungAlarmManager: Cancel Alarm calling from uid:10142 pid :21185 / op:PendingIntent{e46158b: PendingIntentRecord{3a3f331 com.telecomsys.directedsms.android.SCG broadcastIntent}}
06-24 17:02:57.021 21185 21185 I Verizon Location Agent: Start SCG controller
06-24 17:02:57.023 21185 21185 I Verizon Location Agent: Setup health check
06-24 17:02:57.026  1173 21160 E mm-3a-external: [cgAF] Invalid Cal. Set Default AF Cal: PAN: 0x78, MAC: 0x1F4, OFFSET: 0x0
06-24 17:02:57.031  1394  2867 D SamsungAlarmManager: setInexact Intent (T:3/F:0/AC:false) 20200624T180257 - CU:10142/CP:21185
06-24 17:02:57.034   763   763 W Layer   : [SurfaceView - com.appname/com.appname.MainActivity@40fc623@0#0] Timestamp 949060116561240 seems implausible relative to expectedPresent 663604839226156
06-24 17:02:57.059  1173 21159 I mm-camera-sensor: sensor_apply_exposure:1193s_gain=0x1000073, l_gain=0x1000073, s_linecount=2370,l_linecount=2370, fl_lines=3156
06-24 17:02:57.062  1173 21160 E mm-3a-external: [cgAF] Invalid Cal. Set Default AF Cal: PAN: 0x78, MAC: 0x1F4, OFFSET: 0x0
06-24 17:02:57.065  1394 10129 D ConnectivityService: filterNetworkStateForUid() uid: 10142 networkInfo: [type: WIFI[] - WIFI, state: CONNECTED/CONNECTED, reason: (unspecified), extra: "BananaPancake", failover: false, available: true, roaming: false, metered: false]
06-24 17:02:57.068   763   763 W Layer   : [SurfaceView - com.appname/com.appname.MainActivity@40fc623@0#0] Timestamp 949060149914240 seems implausible relative to expectedPresent 663604872766398
06-24 17:02:57.075  1394  2867 D ConnectivityService: filterNetworkStateForUid() uid: 10081 networkInfo: [type: WIFI[] - WIFI, state: CONNECTED/CONNECTED, reason: (unspecified), extra: "BananaPancake", failover: false, available: true, roaming: false, metered: false]
06-24 17:02:57.093  1173 21160 E mm-3a-external: [cgAF] Invalid Cal. Set Default AF Cal: PAN: 0x78, MAC: 0x1F4, OFFSET: 0x0
06-24 17:02:57.095 21185 21210 E BaseLocationManagerImpl: Error finding location provider default
06-24 17:02:57.096 21185 21210 D SCGController: Is the device registered? true
06-24 17:02:57.101   763   763 W Layer   : [SurfaceView - com.appname/com.appname.MainActivity@40fc623@0#0] Timestamp 949060183220240 seems implausible relative to expectedPresent 663604906306640
06-24 17:02:57.101  1394  2867 D ConnectivityService: filterNetworkStateForUid() uid: 10142 networkInfo: [type: WIFI[] - WIFI, state: CONNECTED/CONNECTED, reason: (unspecified), extra: "BananaPancake", failover: false, available: true, roaming: false, metered: false]
06-24 17:02:57.102  1394  2867 D ConnectivityService: filterNetworkStateForUid() uid: 10142 networkInfo: [type: MOBILE[] - MOBILE, state: DISCONNECTED/DISCONNECTED, reason: (unspecified), extra: (none), failover: false, available: true, roaming: false, metered: false]
06-24 17:02:57.103  1394  2867 D ConnectivityService: filterNetworkStateForUid() uid: 10142 networkInfo: [type: WIFI[] - WIFI, state: CONNECTED/CONNECTED, reason: (unspecified), extra: "BananaPancake", failover: false, available: true, roaming: false, metered: false]
06-24 17:02:57.111  1394  2867 D ConnectivityService: filterNetworkStateForUid() uid: 10142 networkInfo: [type: MOBILE[] - MOBILE, state: DISCONNECTED/DISCONNECTED, reason: (unspecified), extra: (none), failover: false, available: true, roaming: false, metered: false]
06-24 17:02:57.114  1394  2867 D ConnectivityService: filterNetworkStateForUid() uid: 10142 networkInfo: [type: WIFI[] - WIFI, state: CONNECTED/CONNECTED, reason: (unspecified), extra: "BananaPancake", failover: false, available: true, roaming: false, metered: false]
06-24 17:02:57.115  1394  2867 D ConnectivityService: filterNetworkStateForUid() uid: 10142 networkInfo: [type: MOBILE[] - MOBILE, state: DISCONNECTED/DISCONNECTED, reason: (unspecified), extra: (none), failover: false, available: true, roaming: false, metered: false]
06-24 17:02:57.126  1173 21160 E mm-3a-external: [cgAF] Invalid Cal. Set Default AF Cal: PAN: 0x78, MAC: 0x1F4, OFFSET: 0x0
06-24 17:02:57.133  2927  2979 D ListenerMonitor_FLP: addListener, packageName : com.telecomsys.directedsms.android.SCG , listener count : 1
06-24 17:02:57.133  1394  2867 D LocationManagerService: request f868a81 passive Request[POWER_NONE passive fastest=+1m0s0ms] from com.telecomsys.directedsms.android.SCG(10142 background)
06-24 17:02:57.134  1394  2867 D LocationManagerService: provider request: passive ProviderRequest[ON interval=0]
06-24 17:02:57.135   763   763 W Layer   : [SurfaceView - com.appname/com.appname.MainActivity@40fc623@0#0] Timestamp 949060216545240 seems implausible relative to expectedPresent 663604939846882
06-24 17:02:57.136  2927  2979 E RequestManager_FLP: [LocationManagerService] Location request f868a81 passive interval=60000 from com.telecomsys.directedsms.android.SCG
06-24 17:02:57.137 21185 21185 I Verizon Location Agent: Received start id 264: null
06-24 17:02:57.139  1394  2867 D SamsungAlarmManager: Cancel Alarm calling from uid:10142 pid :21185 / op:PendingIntent{b427726: PendingIntentRecord{8fe7f67 com.telecomsys.directedsms.android.SCG broadcastIntent}}
06-24 17:02:57.141  1394 10129 I PermissionMonitor: App is whitelisted. Ignore
06-24 17:02:57.144  1394  2867 D SamsungAlarmManager: Cancel Alarm calling from uid:10142 pid :21185 / op:PendingIntent{fd7d114: PendingIntentRecord{8fe7f67 com.telecomsys.directedsms.android.SCG broadcastIntent}}
06-24 17:02:57.159  1173 21160 E mm-3a-external: [cgAF] Invalid Cal. Set Default AF Cal: PAN: 0x78, MAC: 0x1F4, OFFSET: 0x0
06-24 17:02:57.165  1394 10598 D SamsungAlarmManager: Cancel Alarm calling from uid:10142 pid :21185 / op:PendingIntent{2eaea80: PendingIntentRecord{8fe7f67 com.telecomsys.directedsms.android.SCG broadcastIntent}}
06-24 17:02:57.167  1394  2867 D SamsungAlarmManager: Cancel Alarm calling from uid:10142 pid :21185 / op:PendingIntent{7908b9: PendingIntentRecord{8fe7f67 com.telecomsys.directedsms.android.SCG broadcastIntent}}
06-24 17:02:57.167  1394 10598 D ConnectivityService: filterNetworkStateForUid() uid: 10142 networkInfo: [type: WIFI[] - WIFI, state: CONNECTED/CONNECTED, reason: (unspecified), extra: "BananaPancake", failover: false, available: true, roaming: false, metered: false]
06-24 17:02:57.168   763   763 W Layer   : [SurfaceView - com.appname/com.appname.MainActivity@40fc623@0#0] Timestamp 949060249875240 seems implausible relative to expectedPresent 663604973387124
06-24 17:02:57.169  1394  2867 D ConnectivityService: filterNetworkStateForUid() uid: 10142 networkInfo: [type: MOBILE[] - MOBILE, state: DISCONNECTED/DISCONNECTED, reason: (unspecified), extra: (none), failover: false, available: true, roaming: false, metered: false]
06-24 17:02:57.171  1394 10598 D ConnectivityService: filterNetworkStateForUid() uid: 10142 networkInfo: [type: WIFI[] - WIFI, state: CONNECTED/CONNECTED, reason: (unspecified), extra: "BananaPancake", failover: false, available: true, roaming: false, metered: false]
06-24 17:02:57.180  1394  2867 D ConnectivityService: filterNetworkStateForUid() uid: 10142 networkInfo: [type: MOBILE[] - MOBILE, state: DISCONNECTED/DISCONNECTED, reason: (unspecified), extra: (none), failover: false, available: true, roaming: false, metered: false]
06-24 17:02:57.183  1394  2867 D SamsungAlarmManager: Cancel Alarm calling from uid:10142 pid :21185 / op:PendingIntent{c4744fe: PendingIntentRecord{8fe7f67 com.telecomsys.directedsms.android.SCG broadcastIntent}}
06-24 17:02:57.190  1394  2867 I EDMNativeHelperService: isCameraEnabled
06-24 17:02:57.193  1173 21160 E mm-3a-external: [cgAF] Invalid Cal. Set Default AF Cal: PAN: 0x78, MAC: 0x1F4, OFFSET: 0x0
06-24 17:02:57.198 21185 21185 I DetectionRequester: Connected to GoogleApiClient
06-24 17:02:57.202   763   763 W Layer   : [SurfaceView - com.appname/com.appname.MainActivity@40fc623@0#0] Timestamp 949060283198240 seems implausible relative to expectedPresent 663605006927366
06-24 17:02:57.226  1173 21160 E mm-3a-external: [cgAF] Invalid Cal. Set Default AF Cal: PAN: 0x78, MAC: 0x1F4, OFFSET: 0x0
06-24 17:02:57.235   763   763 W Layer   : [SurfaceView - com.appname/com.appname.MainActivity@40fc623@0#0] Timestamp 949060316530240 seems implausible relative to expectedPresent 663605040467608
06-24 17:02:57.263  1173 21160 E mm-3a-external: [cgAF] Invalid Cal. Set Default AF Cal: PAN: 0x78, MAC: 0x1F4, OFFSET: 0x0
06-24 17:02:57.269   763   763 W Layer   : [SurfaceView - com.appname/com.appname.MainActivity@40fc623@0#0] Timestamp 949060349849240 seems implausible relative to expectedPresent 663605074007850
06-24 17:02:57.293  1173 21160 E mm-3a-external: [cgAF] Invalid Cal. Set Default AF Cal: PAN: 0x78, MAC: 0x1F4, OFFSET: 0x0
06-24 17:02:57.302   763   763 W Layer   : [SurfaceView - com.appname/com.appname.MainActivity@40fc623@0#0] Timestamp 949060383190240 seems implausible relative to expectedPresent 663605107548092
06-24 17:02:57.319   763   763 W Layer   : [SurfaceView - com.appname/com.appname.MainActivity@40fc623@0#0] Timestamp 949060416512240 seems implausible relative to expectedPresent 663605124318213
06-24 17:02:57.326  1173 21160 E mm-3a-external: [cgAF] Invalid Cal. Set Default AF Cal: PAN: 0x78, MAC: 0x1F4, OFFSET: 0x0
06-24 17:02:57.335  1162  1231 I LocSvc_ApiV02: <--- globalEventCb line 162 QMI_LOC_EVENT_GNSS_SV_INFO_IND_V02
06-24 17:02:57.335  1162  4816 I LocSvc_libulp: ulp_brain_process_gnss_sv_report, gnss sv report cnt = 3726, gnss pos report cnt = 83,strong sv cnt = 0
06-24 17:02:57.338  1394  6665 D GnssLocationProvider_ex: SV Count : 1      (PRN, Constellation, SNR, Used)
06-24 17:02:57.339  1394  6665 D GnssLocationProvider_ex: (194, QZSS, 31.0, 0) 
06-24 17:02:57.360  1173 21160 E mm-3a-external: [cgAF] Invalid Cal. Set Default AF Cal: PAN: 0x78, MAC: 0x1F4, OFFSET: 0x0
06-24 17:02:57.370   763   763 W Layer   : [SurfaceView - com.appname/com.appname.MainActivity@40fc623@0#0] Timestamp 949060449837240 seems implausible relative to expectedPresent 663605174628576
06-24 17:02:57.393  1173 21160 E mm-3a-external: [cgAF] Invalid Cal. Set Default AF Cal: PAN: 0x78, MAC: 0x1F4, OFFSET: 0x0
06-24 17:02:57.403   763   763 W Layer   : [SurfaceView - com.appname/com.appname.MainActivity@40fc623@0#0] Timestamp 949060483165240 seems implausible relative to expectedPresent 663605208168818
06-24 17:02:57.426  1173 21160 E mm-3a-external: [cgAF] Invalid Cal. Set Default AF Cal: PAN: 0x78, MAC: 0x1F4, OFFSET: 0x0
06-24 17:02:57.437   763   763 W Layer   : [SurfaceView - com.appname/com.appname.MainActivity@40fc623@0#0] Timestamp 949060516495240 seems implausible relative to expectedPresent 663605241709060
06-24 17:02:57.460  1173 21160 E mm-3a-external: [cgAF] Invalid Cal. Set Default AF Cal: PAN: 0x78, MAC: 0x1F4, OFFSET: 0x0
06-24 17:02:57.463  1394  2393 D InputReader: Input event(6): value=1 when=663605252741000
06-24 17:02:57.463  1394  2393 D InputReader: Input event(6): value=1 when=663605252741000
06-24 17:02:57.463  1394  2393 I InputReader: Touch event's action is 0x0 (deviceType=0) [pCnt=1, s=0.4435 ] when=663605252741000
06-24 17:02:57.464  1394  2392 I InputDispatcher: Delivering touch to (17748): action: 0x0, toolType: 1
06-24 17:02:57.469 17748 17748 D ViewRootImpl@f74dda0[MainActivity]: ViewPostIme pointer 0
06-24 17:02:57.469   727   727 D SEC LightsHAL: button : 1 +
06-24 17:02:57.470   763   763 W Layer   : [SurfaceView - com.appname/com.appname.MainActivity@40fc623@0#0] Timestamp 949060549846240 seems implausible relative to expectedPresent 663605275249302
06-24 17:02:57.492  1173 21160 E mm-3a-external: [cgAF] Invalid Cal. Set Default AF Cal: PAN: 0x78, MAC: 0x1F4, OFFSET: 0x0
06-24 17:02:57.500   727   727 D SEC LightsHAL: button : 1 -
06-24 17:02:57.503   763   763 W Layer   : [SurfaceView - com.appname/com.appname.MainActivity@40fc623@0#0] Timestamp 949060583149240 seems implausible relative to expectedPresent 663605308789544
06-24 17:02:57.527  1173 21160 E mm-3a-external: [cgAF] Invalid Cal. Set Default AF Cal: PAN: 0x78, MAC: 0x1F4, OFFSET: 0x0
06-24 17:02:57.530 17748 17748 D ImageCapture: Send image capture request [current, pending] = [0, 1]
06-24 17:02:57.535 17748 21218 I OggExtractor: OggSource::OggSource() mExtractor ref count = 3
06-24 17:02:57.535 17748 18063 D CaptureSession: Issuing capture request.
06-24 17:02:57.537   763   763 W Layer   : [SurfaceView - com.appname/com.appname.MainActivity@40fc623@0#0] Timestamp 949060616474240 seems implausible relative to expectedPresent 663605342329786
06-24 17:02:57.547  1394  2393 D InputReader: Input event(6): value=0 when=663605336325000
06-24 17:02:57.547  1394  2393 D InputReader: Input event(6): value=0 when=663605336325000
06-24 17:02:57.547  1394  2393 I InputReader: Touch event's action is 0x1 (deviceType=0) [pCnt=1, s=] when=663605336325000
06-24 17:02:57.547  1394  2392 I InputDispatcher: Delivering touch to (17748): action: 0x1, toolType: 1
06-24 17:02:57.552 17748 17748 D ViewRootImpl@f74dda0[MainActivity]: ViewPostIme pointer 1
06-24 17:02:57.555 17748 21218 I OggExtractor: OggSource::stop() mExtractor ref count = 2
06-24 17:02:57.555 17748 21218 I OggExtractor: ~OggSource --
06-24 17:02:57.555 17748 21218 I OggExtractor: ~OggExtractor ++
06-24 17:02:57.555 17748 21218 I OggExtractor: ~MyOggExtractor ++ 
06-24 17:02:57.555 17748 21218 I OggExtractor: ~MyOggExtractor --
06-24 17:02:57.555 17748 21218 I OggExtractor: ~OggExtractor --
06-24 17:02:57.556  1394 10598 I EDMNativeHelperService: isCameraEnabled
06-24 17:02:57.559  1173 21160 E mm-3a-external: [cgAF] Invalid Cal. Set Default AF Cal: PAN: 0x78, MAC: 0x1F4, OFFSET: 0x0
06-24 17:02:57.563  1029 14994 D Camera3-Device: submitRequestsHelper: mInterfaceLock.lock()
06-24 17:02:57.563  1029 14994 D Camera3-Device: submitRequestsHelper: mInterfaceLock.unlock()
06-24 17:02:57.567 17748 21218 I OggExtractor: OggSource::OggSource() mExtractor ref count = 3
06-24 17:02:57.571   763   763 W Layer   : [SurfaceView - com.appname/com.appname.MainActivity@40fc623@0#0] Timestamp 949060649801240 seems implausible relative to expectedPresent 663605375870028
06-24 17:02:57.582 17748 21218 I OggExtractor: OggSource::stop() mExtractor ref count = 2
06-24 17:02:57.583 17748 21218 I OggExtractor: ~OggSource --
06-24 17:02:57.583 17748 21218 I OggExtractor: ~OggExtractor ++
06-24 17:02:57.583 17748 21218 I OggExtractor: ~MyOggExtractor ++ 
06-24 17:02:57.583 17748 21218 I OggExtractor: ~MyOggExtractor --
06-24 17:02:57.583 17748 21218 I OggExtractor: ~OggExtractor --
06-24 17:02:57.585  1028  2139 V APM_AudioPolicyManager: getOutput() device 2, stream 7, samplingRate 0, format 0, channelMask 3, flags 0
06-24 17:02:57.585  1028  2139 V APM_AudioPolicyManager: selectOutput() commonFlags for output 13, 0000
06-24 17:02:57.585  1028  2139 V APM_AudioPolicyManager: selectOutput() commonFlags for output 21, 0000
06-24 17:02:57.585  1028  2139 V APM_AudioPolicyManager: selectOutput() commonFlags for output 29, 0000
06-24 17:02:57.585  1028  2139 V APM_AudioPolicyManager:   getOutputForDevice() returns output 13
06-24 17:02:57.586  1028  2139 V APM_AudioPolicyManager: getOutput() device 2, stream 7, samplingRate 0, format 0, channelMask 3, flags 0
06-24 17:02:57.586  1028  2139 V APM_AudioPolicyManager: selectOutput() commonFlags for output 13, 0000
06-24 17:02:57.586  1028  2139 V APM_AudioPolicyManager: selectOutput() commonFlags for output 21, 0000
06-24 17:02:57.586  1028  2139 V APM_AudioPolicyManager: selectOutput() commonFlags for output 29, 0000
06-24 17:02:57.586  1028  2139 V APM_AudioPolicyManager:   getOutputForDevice() returns output 13
06-24 17:02:57.586  1028 24266 V APM_AudioPolicyManager: getOutputForAttr() usage=13, content=4, tag= flags=00000001 session 7705 selectedDeviceId 0
06-24 17:02:57.586  1028 24266 V APM_AudioPolicyManager: getOutputForAttr() device 0x2, samplingRate 48000, format 1, channelMask 3, flags 100000
06-24 17:02:57.586  1028 24266 V APM_AudioPolicyManager: selectOutput() commonFlags for output 13, 0000
06-24 17:02:57.586  1028 24266 V APM_AudioPolicyManager: selectOutput() commonFlags for output 21, 0000
06-24 17:02:57.586  1028 24266 V APM_AudioPolicyManager: selectOutput() commonFlags for output 29, 0000
06-24 17:02:57.587  1028 24266 V APM_AudioPolicyManager:   getOutputForDevice() returns output 13
06-24 17:02:57.596  1029 21164 D Camera3-Status: markComponent: Component 2 is now active
06-24 17:02:57.596  1173 21160 E mm-3a-external: [cgAF] Invalid Cal. Set Default AF Cal: PAN: 0x78, MAC: 0x1F4, OFFSET: 0x0
06-24 17:02:57.600  1029 21164 I QCOM PowerHAL: Video Encode hint stop
06-24 17:02:57.602   738   770 E ANDR-PERF-MPCTL: Invalid profile no. 0, total profiles 0 only
06-24 17:02:57.604   763   763 W Layer   : [SurfaceView - com.appname/com.appname.MainActivity@40fc623@0#0] Timestamp 949060683127240 seems implausible relative to expectedPresent 663605409410270
06-24 17:02:57.605  1028  2139 W AudioPolicyIntefaceImpl: Skipped to add effects on session 7705
06-24 17:02:57.605  1028  2139 V APM_AudioPolicyManager: startOutput() output 13, stream 7, session 7705
06-24 17:02:57.606  1028  2139 V APM_AudioPolicyManager: setBeaconMute(1) mBeaconMuteRefCount=1 mBeaconPlayingRefCount=0
06-24 17:02:57.606  1028  2139 V APM_AudioPolicyManager: getNewOutputDevice() selected device 2
06-24 17:02:57.606  1028  2139 V APM_AudioPolicyManager: setOutputDevice() device 0002 delayMs 0
06-24 17:02:57.606  1028  2139 V APM_AudioPolicyManager: setOutputDevice() prevDevice 0x0002
06-24 17:02:57.606  1028  2139 V APM_AudioPolicyManager: setOutputDevice() setting same device 0x0002 or null device
06-24 17:02:57.606  1028  2139 V APM_AudioPolicyManager: computeVolume : camera shutter sound volume 1.000000
06-24 17:02:57.606  1028  2139 I AudioFlinger: updateStageIndex prev 0, new -1303
06-24 17:02:57.610   718 14073 D audio_hw_primary: start_output_stream: enter: stream(0xe4b88000)usecase(0: deep-buffer-playback) devices(0x2)
06-24 17:02:57.611   718 14073 D audio_hw_primary: select_devices for use case (deep-buffer-playback)
06-24 17:02:57.611   718 14073 V msm8974_platform: platform_get_output_snd_device: enter: output devices(0x2)
06-24 17:02:57.611   718 14073 V msm8974_platform: platform_get_output_snd_device: exit: snd_device(speaker)
06-24 17:02:57.611   718 14073 D audio_hw_primary: select_devices: out_snd_device(2: speaker) in_snd_device(0: )
06-24 17:02:57.611   718 14073 V msm8974_platform: platform_get_backend_index:napb: backend port - 0 device - 2 
06-24 17:02:57.611   718 14073 I msm8974_platform: platform_check_and_set_codec_backend_cfg:becf: afe: bitwidth 16, samplerate 48000 channels 2, backend_idx 0 usecase = 0 device (speaker)
06-24 17:02:57.611   718 14073 D msm8974_platform: platform_split_snd_device: snd_device(2) num devices(1) new_snd_devices(0)
06-24 17:02:57.611   718 14073 I msm8974_platform: platform_check_and_set_codec_backend_cfg: new_snd_devices[0] is 2
06-24 17:02:57.611   718 14073 V msm8974_platform: platform_get_native_support:napb: ui Prop enabled(0) version(4)
06-24 17:02:57.611   718 14073 V msm8974_platform: platform_get_backend_index:napb: backend port - 0 device - 2 
06-24 17:02:57.611   718 14073 I msm8974_platform: platform_check_codec_backend_cfg:becf: afe: bitwidth 16, samplerate 48000 channels 2, backend_idx 0 usecase = 0 device (speaker)
06-24 17:02:57.611   718 14073 D msm8974_platform: platform_check_codec_backend_cfg:napb: (0) - (low-latency-playback)id (1) sr 48000 bw (16) ch (2) device speaker
06-24 17:02:57.611   718 14073 V msm8974_platform: platform_check_backends_match: snd_device1 = speaker, snd_device2 = speaker
06-24 17:02:57.611   718 14073 V msm8974_platform: platform_check_backends_match: be_itf1 = SLIMBUS_0_RX, be_itf2 = SLIMBUS_0_RX, match 1
06-24 17:02:57.611   718 14073 V msm8974_platform: platform_check_backends_match: snd_device1 = speaker, snd_device2 = speaker
06-24 17:02:57.611   718 14073 V msm8974_platform: platform_check_backends_match: be_itf1 = SLIMBUS_0_RX, be_itf2 = SLIMBUS_0_RX, match 1
06-24 17:02:57.611   718 14073 D msm8974_platform: platform_check_codec_backend_cfg:becf: afe: playback on codec device not supporting native playback set default Sample Rate(48k)
06-24 17:02:57.611   718 14073 I msm8974_platform: platform_check_codec_backend_cfg:becf: afe: Codec selected backend: 0 updated bit width: 16 and sample rate: 48000
06-24 17:02:57.611   718 14073 D audio_hw_primary: check_usecases_codec_backend:becf: force routing 0
06-24 17:02:57.611   718 14073 V msm8974_platform: platform_check_backends_match: snd_device1 = speaker, snd_device2 = speaker
06-24 17:02:57.611   718 14073 V msm8974_platform: platform_check_backends_match: be_itf1 = SLIMBUS_0_RX, be_itf2 = SLIMBUS_0_RX, match 1
06-24 17:02:57.611   718 14073 D audio_hw_primary: check_usecases_codec_backend:becf: (63) check_usecases curr device: speaker, usecase device:speaker backends match 1
06-24 17:02:57.611   718 14073 V msm8974_platform: platform_check_backends_match: snd_device1 = speaker, snd_device2 = speaker
06-24 17:02:57.611   718 14073 V msm8974_platform: platform_check_backends_match: be_itf1 = SLIMBUS_0_RX, be_itf2 = SLIMBUS_0_RX, match 1
06-24 17:02:57.612   718 14073 V msm8974_platform: platform_check_backends_match: snd_device1 = speaker, snd_device2 = 
06-24 17:02:57.612   718 14073 E msm8974_platform: platform_check_backends_match: Invalid snd_device = 
06-24 17:02:57.612   718 14073 D audio_hw_primary: check_usecases_codec_backend:becf: (63) check_usecases curr device: speaker, usecase device: backends match 0
06-24 17:02:57.612   718 14073 V msm8974_platform: platform_check_backends_match: snd_device1 = speaker, snd_device2 = 
06-24 17:02:57.612   718 14073 E msm8974_platform: platform_check_backends_match: Invalid snd_device = 
06-24 17:02:57.612   718 14073 D audio_hw_primary: check_usecases_codec_backend:becf: (63) check_usecases curr device: speaker, usecase device: backends match 0
06-24 17:02:57.612   718 14073 D audio_hw_primary: check_usecases_codec_backend:becf: check_usecases num.of Usecases to switch 0
06-24 17:02:57.612   718 14073 D hardware_info: hw_info_append_hw_type : device_name = speaker
06-24 17:02:57.612   718 14073 D audio_hw_utils: audio_extn_utils_send_app_type_cfg: usecase->out_snd_device speaker
