06-24 17:03:18.602 17748 17748 E unknown:NativeViewHierarchyManager: 	at com.android.internal.os.ZygoteInit.main(ZygoteInit.java:1374)
06-24 17:03:18.604 17748 17748 E unknown:NativeViewHierarchyManager: Unable to update properties for view tag 3225
06-24 17:03:18.604 17748 17748 E unknown:NativeViewHierarchyManager: com.facebook.react.uimanager.IllegalViewOperationException: ViewManager for tag 3225 could not be found.
06-24 17:03:18.604 17748 17748 E unknown:NativeViewHierarchyManager:  View already dropped? false.
06-24 17:03:18.604 17748 17748 E unknown:NativeViewHierarchyManager: Last index 0 in last 100 views[I@a28d073
06-24 17:03:18.604 17748 17748 E unknown:NativeViewHierarchyManager: 	at com.facebook.react.uimanager.NativeViewHierarchyManager.resolveViewManager(NativeViewHierarchyManager.java:118)
06-24 17:03:18.604 17748 17748 E unknown:NativeViewHierarchyManager: 	at com.facebook.react.uimanager.NativeViewHierarchyManager.updateProperties(NativeViewHierarchyManager.java:141)
06-24 17:03:18.604 17748 17748 E unknown:NativeViewHierarchyManager: 	at com.facebook.react.uimanager.UIImplementation.synchronouslyUpdateViewOnUIThread(UIImplementation.java:289)
06-24 17:03:18.604 17748 17748 E unknown:NativeViewHierarchyManager: 	at com.facebook.react.uimanager.UIManagerModule.synchronouslyUpdateViewOnUIThread(UIManagerModule.java:397)
06-24 17:03:18.604 17748 17748 E unknown:NativeViewHierarchyManager: 	at com.facebook.react.animated.PropsAnimatedNode.restoreDefaultValues(PropsAnimatedNode.java:72)
06-24 17:03:18.604 17748 17748 E unknown:NativeViewHierarchyManager: 	at com.facebook.react.animated.NativeAnimatedNodesManager.restoreDefaultValues(NativeAnimatedNodesManager.java:336)
06-24 17:03:18.604 17748 17748 E unknown:NativeViewHierarchyManager: 	at com.facebook.react.animated.NativeAnimatedModule$18.execute(NativeAnimatedModule.java:368)
06-24 17:03:18.604 17748 17748 E unknown:NativeViewHierarchyManager: 	at com.facebook.react.animated.NativeAnimatedModule$2.execute(NativeAnimatedModule.java:144)
06-24 17:03:18.604 17748 17748 E unknown:NativeViewHierarchyManager: 	at com.facebook.react.uimanager.UIViewOperationQueue$UIBlockOperation.execute(UIViewOperationQueue.java:498)
06-24 17:03:18.604 17748 17748 E unknown:NativeViewHierarchyManager: 	at com.facebook.react.uimanager.UIViewOperationQueue$1.run(UIViewOperationQueue.java:779)
06-24 17:03:18.604 17748 17748 E unknown:NativeViewHierarchyManager: 	at com.facebook.react.uimanager.UIViewOperationQueue.flushPendingBatches(UIViewOperationQueue.java:888)
06-24 17:03:18.604 17748 17748 E unknown:NativeViewHierarchyManager: 	at com.facebook.react.uimanager.UIViewOperationQueue.access$2200(UIViewOperationQueue.java:42)
06-24 17:03:18.604 17748 17748 E unknown:NativeViewHierarchyManager: 	at com.facebook.react.uimanager.UIViewOperationQueue$DispatchUIFrameCallback.doFrameGuarded(UIViewOperationQueue.java:948)
06-24 17:03:18.604 17748 17748 E unknown:NativeViewHierarchyManager: 	at com.facebook.react.uimanager.GuardedFrameCallback.doFrame(GuardedFrameCallback.java:28)
06-24 17:03:18.604 17748 17748 E unknown:NativeViewHierarchyManager: 	at com.facebook.react.modules.core.ReactChoreographer$ReactChoreographerDispatcher.doFrame(ReactChoreographer.java:174)
06-24 17:03:18.604 17748 17748 E unknown:NativeViewHierarchyManager: 	at com.facebook.react.modules.core.ChoreographerCompat$FrameCallback$1.doFrame(ChoreographerCompat.java:84)
06-24 17:03:18.604 17748 17748 E unknown:NativeViewHierarchyManager: 	at android.view.Choreographer$CallbackRecord.run(Choreographer.java:909)
06-24 17:03:18.604 17748 17748 E unknown:NativeViewHierarchyManager: 	at android.view.Choreographer.doCallbacks(Choreographer.java:723)
06-24 17:03:18.604 17748 17748 E unknown:NativeViewHierarchyManager: 	at android.view.Choreographer.doFrame(Choreographer.java:655)
06-24 17:03:18.604 17748 17748 E unknown:NativeViewHierarchyManager: 	at android.view.Choreographer$FrameDisplayEventReceiver.run(Choreographer.java:897)
06-24 17:03:18.604 17748 17748 E unknown:NativeViewHierarchyManager: 	at android.os.Handler.handleCallback(Handler.java:789)
06-24 17:03:18.604 17748 17748 E unknown:NativeViewHierarchyManager: 	at android.os.Handler.dispatchMessage(Handler.java:98)
06-24 17:03:18.604 17748 17748 E unknown:NativeViewHierarchyManager: 	at android.os.Looper.loop(Looper.java:164)
06-24 17:03:18.604 17748 17748 E unknown:NativeViewHierarchyManager: 	at android.app.ActivityThread.main(ActivityThread.java:6944)
06-24 17:03:18.604 17748 17748 E unknown:NativeViewHierarchyManager: 	at java.lang.reflect.Method.invoke(Native Method)
06-24 17:03:18.604 17748 17748 E unknown:NativeViewHierarchyManager: 	at com.android.internal.os.Zygote$MethodAndArgsCaller.run(Zygote.java:327)
06-24 17:03:18.604 17748 17748 E unknown:NativeViewHierarchyManager: 	at com.android.internal.os.ZygoteInit.main(ZygoteInit.java:1374)
06-24 17:03:18.606 17748 17748 E unknown:NativeViewHierarchyManager: Unable to update properties for view tag 3233
06-24 17:03:18.606 17748 17748 E unknown:NativeViewHierarchyManager: com.facebook.react.uimanager.IllegalViewOperationException: ViewManager for tag 3233 could not be found.
06-24 17:03:18.606 17748 17748 E unknown:NativeViewHierarchyManager:  View already dropped? false.
06-24 17:03:18.606 17748 17748 E unknown:NativeViewHierarchyManager: Last index 0 in last 100 views[I@a28d073
06-24 17:03:18.606 17748 17748 E unknown:NativeViewHierarchyManager: 	at com.facebook.react.uimanager.NativeViewHierarchyManager.resolveViewManager(NativeViewHierarchyManager.java:118)
06-24 17:03:18.606 17748 17748 E unknown:NativeViewHierarchyManager: 	at com.facebook.react.uimanager.NativeViewHierarchyManager.updateProperties(NativeViewHierarchyManager.java:141)
06-24 17:03:18.606 17748 17748 E unknown:NativeViewHierarchyManager: 	at com.facebook.react.uimanager.UIImplementation.synchronouslyUpdateViewOnUIThread(UIImplementation.java:289)
06-24 17:03:18.606 17748 17748 E unknown:NativeViewHierarchyManager: 	at com.facebook.react.uimanager.UIManagerModule.synchronouslyUpdateViewOnUIThread(UIManagerModule.java:397)
06-24 17:03:18.606 17748 17748 E unknown:NativeViewHierarchyManager: 	at com.facebook.react.animated.PropsAnimatedNode.restoreDefaultValues(PropsAnimatedNode.java:72)
06-24 17:03:18.606 17748 17748 E unknown:NativeViewHierarchyManager: 	at com.facebook.react.animated.NativeAnimatedNodesManager.restoreDefaultValues(NativeAnimatedNodesManager.java:336)
06-24 17:03:18.606 17748 17748 E unknown:NativeViewHierarchyManager: 	at com.facebook.react.animated.NativeAnimatedModule$18.execute(NativeAnimatedModule.java:368)
06-24 17:03:18.606 17748 17748 E unknown:NativeViewHierarchyManager: 	at com.facebook.react.animated.NativeAnimatedModule$2.execute(NativeAnimatedModule.java:144)
06-24 17:03:18.606 17748 17748 E unknown:NativeViewHierarchyManager: 	at com.facebook.react.uimanager.UIViewOperationQueue$UIBlockOperation.execute(UIViewOperationQueue.java:498)
06-24 17:03:18.606 17748 17748 E unknown:NativeViewHierarchyManager: 	at com.facebook.react.uimanager.UIViewOperationQueue$1.run(UIViewOperationQueue.java:779)
06-24 17:03:18.606 17748 17748 E unknown:NativeViewHierarchyManager: 	at com.facebook.react.uimanager.UIViewOperationQueue.flushPendingBatches(UIViewOperationQueue.java:888)
06-24 17:03:18.606 17748 17748 E unknown:NativeViewHierarchyManager: 	at com.facebook.react.uimanager.UIViewOperationQueue.access$2200(UIViewOperationQueue.java:42)
06-24 17:03:18.606 17748 17748 E unknown:NativeViewHierarchyManager: 	at com.facebook.react.uimanager.UIViewOperationQueue$DispatchUIFrameCallback.doFrameGuarded(UIViewOperationQueue.java:948)
06-24 17:03:18.606 17748 17748 E unknown:NativeViewHierarchyManager: 	at com.facebook.react.uimanager.GuardedFrameCallback.doFrame(GuardedFrameCallback.java:28)
06-24 17:03:18.606 17748 17748 E unknown:NativeViewHierarchyManager: 	at com.facebook.react.modules.core.ReactChoreographer$ReactChoreographerDispatcher.doFrame(ReactChoreographer.java:174)
06-24 17:03:18.606 17748 17748 E unknown:NativeViewHierarchyManager: 	at com.facebook.react.modules.core.ChoreographerCompat$FrameCallback$1.doFrame(ChoreographerCompat.java:84)
06-24 17:03:18.606 17748 17748 E unknown:NativeViewHierarchyManager: 	at android.view.Choreographer$CallbackRecord.run(Choreographer.java:909)
06-24 17:03:18.606 17748 17748 E unknown:NativeViewHierarchyManager: 	at android.view.Choreographer.doCallbacks(Choreographer.java:723)
06-24 17:03:18.606 17748 17748 E unknown:NativeViewHierarchyManager: 	at android.view.Choreographer.doFrame(Choreographer.java:655)
06-24 17:03:18.606 17748 17748 E unknown:NativeViewHierarchyManager: 	at android.view.Choreographer$FrameDisplayEventReceiver.run(Choreographer.java:897)
06-24 17:03:18.606 17748 17748 E unknown:NativeViewHierarchyManager: 	at android.os.Handler.handleCallback(Handler.java:789)
06-24 17:03:18.606 17748 17748 E unknown:NativeViewHierarchyManager: 	at android.os.Handler.dispatchMessage(Handler.java:98)
06-24 17:03:18.606 17748 17748 E unknown:NativeViewHierarchyManager: 	at android.os.Looper.loop(Looper.java:164)
06-24 17:03:18.606 17748 17748 E unknown:NativeViewHierarchyManager: 	at android.app.ActivityThread.main(ActivityThread.java:6944)
06-24 17:03:18.606 17748 17748 E unknown:NativeViewHierarchyManager: 	at java.lang.reflect.Method.invoke(Native Method)
06-24 17:03:18.606 17748 17748 E unknown:NativeViewHierarchyManager: 	at com.android.internal.os.Zygote$MethodAndArgsCaller.run(Zygote.java:327)
06-24 17:03:18.606 17748 17748 E unknown:NativeViewHierarchyManager: 	at com.android.internal.os.ZygoteInit.main(ZygoteInit.java:1374)
06-24 17:03:18.607 17748 17748 E unknown:NativeViewHierarchyManager: Unable to update properties for view tag 3235
06-24 17:03:18.607 17748 17748 E unknown:NativeViewHierarchyManager: com.facebook.react.uimanager.IllegalViewOperationException: ViewManager for tag 3235 could not be found.
06-24 17:03:18.607 17748 17748 E unknown:NativeViewHierarchyManager:  View already dropped? false.
06-24 17:03:18.607 17748 17748 E unknown:NativeViewHierarchyManager: Last index 0 in last 100 views[I@a28d073
06-24 17:03:18.607 17748 17748 E unknown:NativeViewHierarchyManager: 	at com.facebook.react.uimanager.NativeViewHierarchyManager.resolveViewManager(NativeViewHierarchyManager.java:118)
06-24 17:03:18.607 17748 17748 E unknown:NativeViewHierarchyManager: 	at com.facebook.react.uimanager.NativeViewHierarchyManager.updateProperties(NativeViewHierarchyManager.java:141)
06-24 17:03:18.607 17748 17748 E unknown:NativeViewHierarchyManager: 	at com.facebook.react.uimanager.UIImplementation.synchronouslyUpdateViewOnUIThread(UIImplementation.java:289)
06-24 17:03:18.607 17748 17748 E unknown:NativeViewHierarchyManager: 	at com.facebook.react.uimanager.UIManagerModule.synchronouslyUpdateViewOnUIThread(UIManagerModule.java:397)
06-24 17:03:18.607 17748 17748 E unknown:NativeViewHierarchyManager: 	at com.facebook.react.animated.PropsAnimatedNode.restoreDefaultValues(PropsAnimatedNode.java:72)
06-24 17:03:18.607 17748 17748 E unknown:NativeViewHierarchyManager: 	at com.facebook.react.animated.NativeAnimatedNodesManager.restoreDefaultValues(NativeAnimatedNodesManager.java:336)
06-24 17:03:18.607 17748 17748 E unknown:NativeViewHierarchyManager: 	at com.facebook.react.animated.NativeAnimatedModule$18.execute(NativeAnimatedModule.java:368)
06-24 17:03:18.607 17748 17748 E unknown:NativeViewHierarchyManager: 	at com.facebook.react.animated.NativeAnimatedModule$2.execute(NativeAnimatedModule.java:144)
06-24 17:03:18.607 17748 17748 E unknown:NativeViewHierarchyManager: 	at com.facebook.react.uimanager.UIViewOperationQueue$UIBlockOperation.execute(UIViewOperationQueue.java:498)
06-24 17:03:18.607 17748 17748 E unknown:NativeViewHierarchyManager: 	at com.facebook.react.uimanager.UIViewOperationQueue$1.run(UIViewOperationQueue.java:779)
06-24 17:03:18.607 17748 17748 E unknown:NativeViewHierarchyManager: 	at com.facebook.react.uimanager.UIViewOperationQueue.flushPendingBatches(UIViewOperationQueue.java:888)
06-24 17:03:18.607 17748 17748 E unknown:NativeViewHierarchyManager: 	at com.facebook.react.uimanager.UIViewOperationQueue.access$2200(UIViewOperationQueue.java:42)
06-24 17:03:18.607 17748 17748 E unknown:NativeViewHierarchyManager: 	at com.facebook.react.uimanager.UIViewOperationQueue$DispatchUIFrameCallback.doFrameGuarded(UIViewOperationQueue.java:948)
06-24 17:03:18.607 17748 17748 E unknown:NativeViewHierarchyManager: 	at com.facebook.react.uimanager.GuardedFrameCallback.doFrame(GuardedFrameCallback.java:28)
06-24 17:03:18.607 17748 17748 E unknown:NativeViewHierarchyManager: 	at com.facebook.react.modules.core.ReactChoreographer$ReactChoreographerDispatcher.doFrame(ReactChoreographer.java:174)
06-24 17:03:18.607 17748 17748 E unknown:NativeViewHierarchyManager: 	at com.facebook.react.modules.core.ChoreographerCompat$FrameCallback$1.doFrame(ChoreographerCompat.java:84)
06-24 17:03:18.607 17748 17748 E unknown:NativeViewHierarchyManager: 	at android.view.Choreographer$CallbackRecord.run(Choreographer.java:909)
06-24 17:03:18.607 17748 17748 E unknown:NativeViewHierarchyManager: 	at android.view.Choreographer.doCallbacks(Choreographer.java:723)
06-24 17:03:18.607 17748 17748 E unknown:NativeViewHierarchyManager: 	at android.view.Choreographer.doFrame(Choreographer.java:655)
06-24 17:03:18.607 17748 17748 E unknown:NativeViewHierarchyManager: 	at android.view.Choreographer$FrameDisplayEventReceiver.run(Choreographer.java:897)
06-24 17:03:18.607 17748 17748 E unknown:NativeViewHierarchyManager: 	at android.os.Handler.handleCallback(Handler.java:789)
06-24 17:03:18.607 17748 17748 E unknown:NativeViewHierarchyManager: 	at android.os.Handler.dispatchMessage(Handler.java:98)
06-24 17:03:18.607 17748 17748 E unknown:NativeViewHierarchyManager: 	at android.os.Looper.loop(Looper.java:164)
06-24 17:03:18.607 17748 17748 E unknown:NativeViewHierarchyManager: 	at android.app.ActivityThread.main(ActivityThread.java:6944)
06-24 17:03:18.607 17748 17748 E unknown:NativeViewHierarchyManager: 	at java.lang.reflect.Method.invoke(Native Method)
06-24 17:03:18.607 17748 17748 E unknown:NativeViewHierarchyManager: 	at com.android.internal.os.Zygote$MethodAndArgsCaller.run(Zygote.java:327)
06-24 17:03:18.607 17748 17748 E unknown:NativeViewHierarchyManager: 	at com.android.internal.os.ZygoteInit.main(ZygoteInit.java:1374)
06-24 17:03:18.617  1028  1363 V APM_AudioPolicyManager: stopOutput() output 13, stream 7, session 7761
06-24 17:03:18.617  1028  1363 V APM_AudioPolicyManager: setBeaconMute(1) mBeaconMuteRefCount=0 mBeaconPlayingRefCount=0
06-24 17:03:18.617  1028  1363 V APM_AudioPolicyManager: getNewOutputDevice() selected device 0
06-24 17:03:18.617  1028  1363 V APM_AudioPolicyManager: setOutputDevice() device 0000 delayMs 160
06-24 17:03:18.617  1028  1363 V APM_AudioPolicyManager: setOutputDevice() prevDevice 0x0002
06-24 17:03:18.617  1028  1363 V APM_AudioPolicyManager: setOutputDevice() setting same device 0x0000 or null device
06-24 17:03:18.629  1173 21160 E mm-3a-external: [cgAF] Invalid Cal. Set Default AF Cal: PAN: 0x78, MAC: 0x1F4, OFFSET: 0x0
06-24 17:03:18.657  1173 21160 E mm-3a-external: [cgAF] Invalid Cal. Set Default AF Cal: PAN: 0x78, MAC: 0x1F4, OFFSET: 0x0
06-24 17:03:18.693  1173 21160 E mm-3a-external: [cgAF] Invalid Cal. Set Default AF Cal: PAN: 0x78, MAC: 0x1F4, OFFSET: 0x0
06-24 17:03:18.722 17748 17748 D ScrollView: initGoToTop
06-24 17:03:18.727  1173 21160 E mm-3a-external: [cgAF] Invalid Cal. Set Default AF Cal: PAN: 0x78, MAC: 0x1F4, OFFSET: 0x0
06-24 17:03:18.733 17748 17748 D ScrollView: initGoToTop
06-24 17:03:18.769  1173 21160 E mm-3a-external: [cgAF] Invalid Cal. Set Default AF Cal: PAN: 0x78, MAC: 0x1F4, OFFSET: 0x0
06-24 17:03:18.789  1394 10598 D InputDispatcher: Focus left window: 17748
06-24 17:03:18.789  1394 10598 D InputDispatcher: Focus entered window: 17748
06-24 17:03:18.793 17748 17748 D ViewRootImpl@a10fab6[MainActivity]: setView = DecorView@46263b7[] TM=true MM=false
06-24 17:03:18.796  1173 21160 E mm-3a-external: [cgAF] Invalid Cal. Set Default AF Cal: PAN: 0x78, MAC: 0x1F4, OFFSET: 0x0
06-24 17:03:18.798 17748 17748 D ViewRootImpl@a10fab6[MainActivity]: dispatchAttachedToWindow
06-24 17:03:18.824  1173 21160 E mm-3a-external: [cgAF] Invalid Cal. Set Default AF Cal: PAN: 0x78, MAC: 0x1F4, OFFSET: 0x0
06-24 17:03:18.834  1394  1394 D TelephonyManager: getCellLocation : Caller (PID / UID / TID): 1394 / 1000 / 1394
06-24 17:03:18.839  2724  2989 D NetworkController.MobileSignalController(0/1): onSignalStrengthsChanged signalStrength=SignalStrength: 99 99 -85 -150 -120 -1 -1 19 -112 -19 -33 2147483647 0 2147483647 0x1020 P gsm|lte level=1
06-24 17:03:18.839  2724  2989 D NetworkController.MobileSignalController(0/1): getMobileIconGroup(): 13
06-24 17:03:18.839  2724  2989 D NetworkController.MobileSignalController(0/1): updateVZWMobileIconGroup(): 13
06-24 17:03:18.844  1394  4627 V WindowManager: Relayout Window{14392c3 u0 com.appname/com.appname.MainActivity}: viewVisibility=0 req=1026x716 WM.LayoutParams{(0,0)(wrapxwrap) gr=#11 sim=#120 ty=2 fl=#1820002 fmt=-3 wanim=0x10302fe surfaceInsets=Rect(96, 96 - 96, 96) needsMenuKey=2 colorMode=0 naviIconColor=0}
06-24 17:03:18.857  1173 21160 E mm-3a-external: [cgAF] Invalid Cal. Set Default AF Cal: PAN: 0x78, MAC: 0x1F4, OFFSET: 0x0
06-24 17:03:18.867   763   763 D SurfaceFlinger: duplicate layer name: changing com.appname/com.appname.MainActivity to com.appname/com.appname.MainActivity#1
06-24 17:03:18.868   763   763 I SurfaceFlinger: id=7392 createSurf (1218x908),1 flag=4, com.appname/com.appname.MainActivity#1
06-24 17:03:18.873 21996 21327 I POITask : [#CMH#] Finished processing images in POITask,exiting 
06-24 17:03:18.873  1394 10598 D SamsungAlarmManager: setExact Listener (T:3/F:1/AC:false) 20200624T170328 - CU:10024/CP:19589
06-24 17:03:18.875 21996 21327 I BaseThreadPoolExecutor: [#CMH#] afterExecute FutureTask
06-24 17:03:18.875  3047  3340 D EPDG -- SIM0 [SMARTWIFI]: onSignalStrengthsChanged: Received signal strength change, phone type is: 2
06-24 17:03:18.875  3047  5316 D EPDG -- SIM0 [SMARTWIFI]: lastLteRSRP is -120currentLteRSRP is -112
06-24 17:03:18.875  3047  5316 D EPDG -- SIM0 [SMARTWIFI]: lastLteRSRQ is -19currentLteRSRQ is -19
06-24 17:03:18.875  3047  5316 D EPDG -- SIM0 [SMARTWIFI]: lastCdmaDb is -17currentCdmaDb is -15
06-24 17:03:18.875  3047  5316 V EPDG -- SIM0 [SMARTWIFI]: Radio oldest entry removed
06-24 17:03:18.875  3047  5316 V EPDG -- SIM0 [SMARTWIFI]: New entry : (SignalStrength: 99 99 -85 -150 -120 -1 -1 19 -112 -19 -33 2147483647 0 2147483647 0x1020 P gsm|lte : 0 )
06-24 17:03:18.875  3047  5316 V EPDG -- SIM0 [SMARTWIFI]: Radio entry added
06-24 17:03:18.875  1394  4627 V Surface : sf_framedrop debug : 0x4f4c, game : false, logging : 0
06-24 17:03:18.878  1394  1646 D WindowManager: set systemUiVisibility : systemUiFlags= 0x8 fullscreenStackSysUiFlags= 0x0
06-24 17:03:18.888  1394  1394 D TelephonyManager: getCellLocation : Caller (PID / UID / TID): 1394 / 1000 / 1394
06-24 17:03:18.890  3047  5313 D EPDG -- SIM0 [MODEM]: message length is  9
06-24 17:03:18.891  3047  5313 D EPDG -- SIM0 [MODEM]: countRead is 7 offset is 7remaining is 0
06-24 17:03:18.891  3047  5313 D EPDG -- EpdgIpcMessageFactory: ipcMainCmd: 8
06-24 17:03:18.891  3047  5313 D EPDG -- SIM0 [RILRECEIVER]: [Rx]: Main: IPC_NET_CMD Sub: IPC_NET_REGIST
06-24 17:03:18.891  3047  5313 D EPDG -- SIM0 [RILRECEIVER]: [Rx]: Param: FF 03 
06-24 17:03:18.891  3047  5313 I EPDG -- SIM0 [RILRECEIVER]: RX [NET_REGIST] -- RESPONSE -- EPDG NOT AVAILABLE
06-24 17:03:18.891  3047  5313 D EPDG -- [NETIPCMESSAGE]: encodeNetRegist
06-24 17:03:18.893  3047  5313 D EPDG -- SIM0 [IPCDISPATCHER]: [Tx]: Main: IPC_NET_CMD Sub: IPC_NET_REGIST Cmd Type: IPC_CMD_RESP
06-24 17:03:18.893  3047  5313 D EPDG -- SIM0 [IPCDISPATCHER]: [Tx]: Param: 30 03 01 00 00 00 00 00 00 00 00 00 00 
06-24 17:03:18.893  3047  5314 D EPDG -- SIM0 [MODEM]: Successfully written to RIL
06-24 17:03:18.897 17748 17748 V Surface : sf_framedrop debug : 0x4f4c, game : false, logging : 0
06-24 17:03:18.897 17748 17748 D ViewRootImpl@a10fab6[MainActivity]: Relayout returned: old=[0,0][0,0] new=[27,638][1053,1354] result=0x7 surface={valid=true 518572965888} changed=true
06-24 17:03:18.901  1173 21160 E mm-3a-external: [cgAF] Invalid Cal. Set Default AF Cal: PAN: 0x78, MAC: 0x1F4, OFFSET: 0x0
06-24 17:03:18.915  2724  2989 D NetworkController.MobileSignalController(0/1): callState:0, callStateByPhone:false voLTECall:false voiceNetTpe:7 dataNetType:13, ine911:false, emergencyCallbackMode:false
06-24 17:03:18.918 17748 17848 D OpenGLRenderer: eglCreateWindowSurface = 0x78c0d24c30
06-24 17:03:18.921 17748 17748 D ScrollView:  onsize change changed 
06-24 17:03:18.922 17748 17748 D ScrollView:  onsize change changed 
06-24 17:03:18.928  1278  1310 I QC-NETMGR-LIB: Received nl msg, recvmsg returned 72
06-24 17:03:18.930  3047  5900 D EPDG -- [NETMGMT]: Interface wlan0 address updated
06-24 17:03:18.930   736   736 I android.hardware.wifi@1.0-service: installApfPacketFilter
06-24 17:03:18.930   736   736 D WifiHAL : Setting APF program, halHandle = 0x7a88e630c0
06-24 17:03:18.930   736   736 I WifiHAL : 
06-24 17:03:18.930   736   736 I WifiHAL : createRequest: APF set program request
06-24 17:03:18.934  1278  1310 I QC-NETMGR-LIB: Received command: ID=NETMGR_KIF_MSG_CMD, link=0
06-24 17:03:18.934  1278  1310 I QC-NETMGR-LIB: Received nl msg, recvmsg returned 72
06-24 17:03:18.934  1278  1312 I QC-NETMGR-LIB: Process command: ID=NETMGR_KIF_MSG_CMD, link=0, state=1
06-24 17:03:18.934  1278  1312 I QC-NETMGR-LIB: Processing RTM_NEWADDR
06-24 17:03:18.934  1278  1312 I QC-NETMGR-LIB: Metainfo:  Family=10 PrefixLen=64 Scope=0x0 Index=6 Flags=[0x0]
06-24 17:03:18.934  1278  1312 I QC-NETMGR-LIB: Attribute: PrefixIPv6 addr [2601:0641:c100:47e0:2618:1dff:feb5:46a1]
06-24 17:03:18.934  1278  1312 I QC-NETMGR-LIB: Attribute: Address Cache Info - prefered=300 valid=600 cstamp=0x3e95dc5 tstamp=0x3f49d2f
06-24 17:03:18.934  1278  1312 E QC-NETMGR-LIB: Unsupported attribute type, ignoring 0x8
06-24 17:03:18.934  1278  1312 I QC-NETMGR-LIB: Rcvd Netlink msg type [20]
06-24 17:03:18.934  1278  1312 E QC-NETMGR-LIB: unrecognized ifindex 6
06-24 17:03:18.934  1278  1310 I QC-NETMGR-LIB: Received command: ID=NETMGR_KIF_MSG_CMD, link=0
06-24 17:03:18.935  1278  1312 I QC-NETMGR-LIB: Process command: ID=NETMGR_KIF_MSG_CMD, link=0, state=1
06-24 17:03:18.935  1278  1312 I QC-NETMGR-LIB: Processing RTM_NEWADDR
06-24 17:03:18.935  1278  1312 I QC-NETMGR-LIB: Metainfo:  Family=10 PrefixLen=64 Scope=0x0 Index=6 Flags=[0x1]TEMPORARY 
06-24 17:03:18.935  1278  1312 I QC-NETMGR-LIB: Attribute: PrefixIPv6 addr [2601:0641:c100:47e0:a893:a68f:bbcc:e160]
06-24 17:03:18.935  1278  1312 I QC-NETMGR-LIB: Attribute: Address Cache Info - prefered=300 valid=600 cstamp=0x3e95dc5 tstamp=0x3f49d2f
06-24 17:03:18.935   736   736 I WifiHAL : Done!
06-24 17:03:18.935  1278  1312 E QC-NETMGR-LIB: Unsupported attribute type, ignoring 0x8
06-24 17:03:18.935  1278  1312 I QC-NETMGR-LIB: Rcvd Netlink msg type [20]
06-24 17:03:18.935  1278  1312 E QC-NETMGR-LIB: unrecognized ifindex 6
06-24 17:03:18.935  3047  5900 D EPDG -- [NETMGMT]: Interface wlan0 address updated
06-24 17:03:18.944  3047  3340 D EPDG -- SIM0 [SMARTWIFI]: onSignalStrengthsChanged: Received signal strength change, phone type is: 2
06-24 17:03:18.944  3047  5316 D EPDG -- SIM0 [SMARTWIFI]: lastLteRSRP is -112currentLteRSRP is -112
06-24 17:03:18.944  3047  5316 D EPDG -- SIM0 [SMARTWIFI]: lastLteRSRQ is -19currentLteRSRQ is -19
06-24 17:03:18.944  3047  5316 D EPDG -- SIM0 [SMARTWIFI]: lastCdmaDb is -15currentCdmaDb is -15
06-24 17:03:18.944  3047  5316 V EPDG -- SIM0 [SMARTWIFI]: Radio oldest entry removed
06-24 17:03:18.944  3047  5316 V EPDG -- SIM0 [SMARTWIFI]: New entry : (SignalStrength: 99 99 -85 -150 -120 -1 -1 19 -112 -19 -33 2147483647 0 2147483647 0x1020 P gsm|lte : 0 )
06-24 17:03:18.944  3047  5316 V EPDG -- SIM0 [SMARTWIFI]: Radio entry added
06-24 17:03:18.944  3047  3340 D EPDG -- SIM0 [EpdgSubScription]: Event received: RIL_EPDG_STATUS_QUERY
06-24 17:03:18.944  3047  3340 D EPDG -- SIM0 [EpdgSubScription]: handleMessage: cid - 1
06-24 17:03:18.946  1173 21160 E mm-3a-external: [cgAF] Invalid Cal. Set Default AF Cal: PAN: 0x78, MAC: 0x1F4, OFFSET: 0x0
06-24 17:03:18.948  1394  1394 D TelephonyManager: getCellLocation : Caller (PID / UID / TID): 1394 / 1000 / 1394
06-24 17:03:18.949  1394 10598 D WindowManager: adjustSystemUiVisibilityLw : vis= 0x8
06-24 17:03:18.955  3047  3340 D EPDG -- SIM0 [SMARTWIFI]: onSignalStrengthsChanged: Received signal strength change, phone type is: 2
06-24 17:03:18.956  3047  3340 D EPDG -- SIM0 [EpdgSubScription]: EpdgAddressUpdated: address: 2601:641:c100:47e0:2618:1dff:feb5:46a1 iface: wlan0mFqdnRetryCount : 0
06-24 17:03:18.956  3047  3340 D EPDG -- SIM0 [EpdgSubScription]: EpdgAddressUpdated: address: 2601:641:c100:47e0:a893:a68f:bbcc:e160 iface: wlan0mFqdnRetryCount : 0
06-24 17:03:18.956  3047  5316 D EPDG -- SIM0 [SMARTWIFI]: lastLteRSRP is -112currentLteRSRP is -112
06-24 17:03:18.956  3047  5316 D EPDG -- SIM0 [SMARTWIFI]: lastLteRSRQ is -19currentLteRSRQ is -19
06-24 17:03:18.956  3047  5316 D EPDG -- SIM0 [SMARTWIFI]: lastCdmaDb is -15currentCdmaDb is -15
06-24 17:03:18.956  3047  5316 V EPDG -- SIM0 [SMARTWIFI]: Radio oldest entry removed
06-24 17:03:18.956  1173 21160 E mm-3a-external: [cgAF] Invalid Cal. Set Default AF Cal: PAN: 0x78, MAC: 0x1F4, OFFSET: 0x0
06-24 17:03:18.956  3047  5316 V EPDG -- SIM0 [SMARTWIFI]: New entry : (SignalStrength: 99 99 -85 -150 -120 -1 -1 19 -112 -19 -33 2147483647 0 2147483647 0x1020 P gsm|lte : 0 )
06-24 17:03:18.956  3047  5316 V EPDG -- SIM0 [SMARTWIFI]: Radio entry added
06-24 17:03:18.965  1028 21376 W libutils.threads: Thread (this=0xe6e34730): don't call waitForExit() from this Thread object's thread. It's a guaranteed deadlock!
06-24 17:03:18.966 17748 17748 D Notification: allPendingIntents
06-24 17:03:18.969  1394  1645 D API test: getContainerInfo: value is 
06-24 17:03:18.973  1394  1394 D AudioService: getStreamVolume 5 index 80
06-24 17:03:18.969  1394  1645 D API test: getContainerInfo: value is 
06-24 17:03:18.975  1394 10598 D Notification: allPendingIntents
06-24 17:03:18.976  1394  4627 D Notification: allPendingIntents
06-24 17:03:18.976  2724  2724 D StatusBar: addNotification key=0|com.appname|9942585|null|10336 fullscreen:false
06-24 17:03:18.979  1394  1394 D TelephonyManager: getCellLocation : Caller (PID / UID / TID): 1394 / 1000 / 1394
06-24 17:03:18.983 17748 17748 D Notification: allPendingIntents
06-24 17:03:18.988  1394  1645 D API test: getContainerInfo: value is 
06-24 17:03:18.989  1394  1645 D API test: getContainerInfo: value is 
06-24 17:03:18.991  1173 21160 E mm-3a-external: [cgAF] Invalid Cal. Set Default AF Cal: PAN: 0x78, MAC: 0x1F4, OFFSET: 0x0
06-24 17:03:19.006  1173 21159 D mm-camera-CORE: TSAec_process works: stats' frame_id=679, 0, 0
06-24 17:03:19.023  1173 21160 E mm-3a-external: [cgAF] Invalid Cal. Set Default AF Cal: PAN: 0x78, MAC: 0x1F4, OFFSET: 0x0
06-24 17:03:19.024  1394  4627 D Notification: allPendingIntents
06-24 17:03:19.027 17748 17748 D ViewRootImpl@a10fab6[MainActivity]: MSG_WINDOW_FOCUS_CHANGED 1
06-24 17:03:19.029  1394 10598 D Notification: allPendingIntents
06-24 17:03:19.030  2724  2724 D StatusBar: addNotification key=0|com.appname|9942585|null|10336 fullscreen:false
06-24 17:03:19.034  2724  2989 D NetworkController.MobileSignalController(0/1): onSignalStrengthsChanged signalStrength=SignalStrength: 99 99 -85 -150 -120 -1 -1 19 -112 -19 -33 2147483647 0 2147483647 0x1020 P gsm|lte level=1
06-24 17:03:19.035  2724  2989 D NetworkController.MobileSignalController(0/1): getMobileIconGroup(): 13
06-24 17:03:19.040  1394  2932 D SLocation: onCellLocationChanged 1 / 0
06-24 17:03:19.055  1394  2932 D TelephonyManager: getAllCellInfo : Caller (PID / UID / TID): 1394 / 1000 / 2932
06-24 17:03:19.057  2724  2989 D NetworkController.MobileSignalController(0/1): updateVZWMobileIconGroup(): 13
06-24 17:03:19.057  1173 21160 E mm-3a-external: [cgAF] Invalid Cal. Set Default AF Cal: PAN: 0x78, MAC: 0x1F4, OFFSET: 0x0
06-24 17:03:19.075  3020  3285 D PdnController<0>: onCellLocationChanged:
06-24 17:03:19.075  3020  3285 D VolteServiceModule: onCellLocationChanged, phoneId: 0
06-24 17:03:19.075  3020  3285 D RegiMgrBase: handleMessage: CELL_LOCATION_CHANGED
06-24 17:03:19.075  3020  3285 D RegiMgrBase<0>: updatePani:
06-24 17:03:19.075  3020  3285 D ImsUtil : getSubId:
06-24 17:03:19.092  1173 21160 E mm-3a-external: [cgAF] Invalid Cal. Set Default AF Cal: PAN: 0x78, MAC: 0x1F4, OFFSET: 0x0
06-24 17:03:19.098  3020  3285 D PaniGenerator<0>: generate: subId - 1
06-24 17:03:19.102  3020  3285 D PdnController<0>: getNetworkState:
06-24 17:03:19.102  3020  3285 D ImsUtil : getSubId:
06-24 17:03:19.022  1394  1394 D AudioService: getStreamVolume 5 index 80
06-24 17:03:19.103  1394 10598 V WindowManager: finishDrawingLocked: mDrawState=COMMIT_DRAW_PENDING Window{14392c3 u0 com.appname/com.appname.MainActivity} in Surface(name=com.appname/com.appname.MainActivity)
06-24 17:03:19.108  3020  3285 D PaniGenerator<0>: generate: network=13, fallbackPlmn=311480, subId=1
06-24 17:03:19.109  3020  3285 D ImsUtil : getSubId:
06-24 17:03:19.110  1394  4786 D TelephonyManager: getCellLocation : Caller (PID / UID / TID): 1394 / 1000 / 4786
06-24 17:03:19.117  3020  3285 D PaniGenerator<0>: getPsPlmn: subId = 1
06-24 17:03:19.118  1394  2932 D SLocation: cellList : 7
06-24 17:03:19.119 17748 17748 D Notification: allPendingIntents
06-24 17:03:19.119  1146  1458 D DnsProxyListener: DNSDBG::dns addrinfo af 0
06-24 17:03:19.123  1173 21160 E mm-3a-external: [cgAF] Invalid Cal. Set Default AF Cal: PAN: 0x78, MAC: 0x1F4, OFFSET: 0x0
06-24 17:03:19.129  1394  2932 W SLocation: handleEvent ENTER : currentDirection 1
06-24 17:03:19.135  3882  3882 D io_stats: !@   8,0 r 2772395 118509012 w 2744990 90765452 d 643831 50080020 f 1040156 1040759 iot 5661680 2807646 th 51200 0 0 pt 0 inp 0 0 663626.923
06-24 17:03:19.142  1394  1645 D API test: getContainerInfo: value is 
06-24 17:03:19.142  1394  1645 D API test: getContainerInfo: value is 
06-24 17:03:19.152   763   763 I SurfaceFlinger: Display 0 HWC layers:
06-24 17:03:19.152   763   763 I SurfaceFlinger:     type    |    handle    | flag |  format   |   source crop (l,t,r,b)    |         frame       | name 
06-24 17:03:19.152   763   763 I SurfaceFlinger: ------------+--------------+------+-----------+----------------------------+---------------------+------
06-24 17:03:19.152   763   763 I SurfaceFlinger:      Device | 0x726ad8d680 | 0002 | RGBA_8888 |   0.0    0.0 1080.0 1920.0 |    0    0 1080 1920 | com.appname/com.appname.MainActivity#0
06-24 17:03:19.152   763   763 I SurfaceFlinger:      Device | 0x726ad8e180 | 0000 | RGBA_8888 |  69.0    0.0 1149.0  908.0 |    0  542 1080 1450 | com.appname/com.appname.MainActivity#1
06-24 17:03:19.152   763   763 I SurfaceFlinger:      Device | 0x726ad8d300 | 0000 | RGBA_8888 |   0.0    0.0 1080.0   72.0 |    0    0 1080   72 | StatusBar#0
06-24 17:03:19.152   763   763 I SurfaceFlinger: 
06-24 17:03:19.154  1394  1394 D AudioService: getStreamVolume 5 index 80
06-24 17:03:19.155  1173 21160 E mm-3a-external: [cgAF] Invalid Cal. Set Default AF Cal: PAN: 0x78, MAC: 0x1F4, OFFSET: 0x0
06-24 17:03:19.156  1394  4627 D Notification: allPendingIntents
06-24 17:03:19.157  1394  2867 D Notification: allPendingIntents
06-24 17:03:19.158  2724  2724 D StatusBar: addNotification key=0|com.appname|9942585|null|10336 fullscreen:false
06-24 17:03:19.165 21996 21402 I DCMTask : [#CMH#] Finished processing images in DCMTask,exiting 
06-24 17:03:19.165 21996 21402 I BaseThreadPoolExecutor: [#CMH#] afterExecute FutureTask
06-24 17:03:19.165 21996 21402 I BaseThreadPoolExecutor: [#CMH#] Task com.samsung.dcmservice.extractors.task.LocationTask@f79b185 is submitted
06-24 17:03:19.165 21996 21402 I BaseThreadPoolExecutor: [#CMH#] Task com.samsung.dcmservice.extractors.task.POITask@45d56e8 is submitted
06-24 17:03:19.166 21996 21327 I POITask : [#CMH#] POITask started 
06-24 17:03:19.166 21996 21402 I LocationTask: [#CMH#] LocationTask started 
06-24 17:03:19.169   763   763 I SurfaceFlinger: Display 0 HWC layers:
06-24 17:03:19.169   763   763 I SurfaceFlinger:     type    |    handle    | flag |  format   |   source crop (l,t,r,b)    |         frame       | name 
06-24 17:03:19.169   763   763 I SurfaceFlinger: ------------+--------------+------+-----------+----------------------------+---------------------+------
06-24 17:03:19.169   763   763 I SurfaceFlinger:      Device | 0x726ad8e480 | 0002 | RGBA_8888 |   0.0    0.0 1080.0 1920.0 |    0    0 1080 1920 | com.appname/com.appname.MainActivity#0
06-24 17:03:19.169   763   763 I SurfaceFlinger:  SolidColor |              | 0000 |  Unknown  |  -0.2   -0.2   -0.8   -0.8 |    0    0 1080 1920 | DimLayerController/Stack=0#0
06-24 17:03:19.169   763   763 I SurfaceFlinger:      Device | 0x726ad8e180 | 0000 | RGBA_8888 |  69.0    0.0 1149.0  908.0 |    0  542 1080 1450 | com.appname/com.appname.MainActivity#1
06-24 17:03:19.169   763   763 I SurfaceFlinger:      Device | 0x726ad8d300 | 0000 | RGBA_8888 |   0.0    0.0 1080.0   72.0 |    0    0 1080   72 | StatusBar#0
06-24 17:03:19.169   763   763 I SurfaceFlinger: 
06-24 17:03:19.175 21996 21327 W Utilities: [#CMH#] DCM Enabled?:false 
06-24 17:03:19.189 17748 17748 D ViewRootImpl@a10fab6[MainActivity]: MSG_RESIZED_REPORT: frame=Rect(27, 638 - 1053, 1354) ci=Rect(0, 0 - 0, 0) vi=Rect(0, 0 - 0, 0) or=1
06-24 17:03:19.191  1173 21160 E mm-3a-external: [cgAF] Invalid Cal. Set Default AF Cal: PAN: 0x78, MAC: 0x1F4, OFFSET: 0x0
06-24 17:03:19.194  3020  3285 D PaniGenerator: getDataPlmn returns 311480
06-24 17:03:19.195  3020  3285 D PaniGenerator: generate: change to NW PLMN(311480)
06-24 17:03:19.195  3020  3285 D ImsUtil : getSubId:
06-24 17:03:19.224  1173 21160 E mm-3a-external: [cgAF] Invalid Cal. Set Default AF Cal: PAN: 0x78, MAC: 0x1F4, OFFSET: 0x0
06-24 17:03:19.228  2927  2979 E RequestManager_FLP: [FusedLocationApi] Location remove 6353d65 from com.appname
06-24 17:03:19.230  1394 10598 D ConnectivityService: filterNetworkStateForUid() uid: 5013 networkInfo: [type: WIFI[] - WIFI, state: CONNECTED/CONNECTED, reason: (unspecified), extra: "BananaPancake", failover: false, available: true, roaming: false, metered: false]
06-24 17:03:19.256  1173 21160 E mm-3a-external: [cgAF] Invalid Cal. Set Default AF Cal: PAN: 0x78, MAC: 0x1F4, OFFSET: 0x0
06-24 17:03:19.265  3020  3285 D ImsUtil : getSubId:
06-24 17:03:19.265 17748 17748 D ViewRootImpl@65929e8[MainActivity]: MSG_WINDOW_FOCUS_CHANGED 0
06-24 17:03:19.268  1394  1394 D TelephonyManager: getCellLocation : Caller (PID / UID / TID): 1394 / 1000 / 1394
06-24 17:03:19.277 21996 21327 I POITask : [#CMH#] Finished processing images in POITask,exiting 
06-24 17:03:19.277 21996 21327 I BaseThreadPoolExecutor: [#CMH#] afterExecute FutureTask
06-24 17:03:19.280  1394  2867 D ConnectivityService: filterNetworkStateForUid() uid: 10081 networkInfo: [type: WIFI[] - WIFI, state: CONNECTED/CONNECTED, reason: (unspecified), extra: "BananaPancake", failover: false, available: true, roaming: false, metered: false]
06-24 17:03:19.282  1394 10598 D SensorService: Calling activate off 1
06-24 17:03:19.282   734   734 I qti_sensors_hal: batch:sensor(android.sensor.accelerometer) handle:1 flags:0x0 period_ns 10000000
06-24 17:03:19.282   734   734 I qti_sensors_hal: batch: current sample rate, report rate & buffering are equal to requested (100.000000,0.000000,0)
06-24 17:03:19.289  1173 21160 E mm-3a-external: [cgAF] Invalid Cal. Set Default AF Cal: PAN: 0x78, MAC: 0x1F4, OFFSET: 0x0
06-24 17:03:19.299 19589 21391 D SensorManager: unregisterListener ::   
06-24 17:03:19.313  3047  3340 D EPDG -- SIM0 [SMARTWIFI]: onSignalStrengthsChanged: Received signal strength change, phone type is: 2
06-24 17:03:19.313  3047  5316 D EPDG -- SIM0 [SMARTWIFI]: lastLteRSRP is -112currentLteRSRP is -117
06-24 17:03:19.313  3047  5316 D EPDG -- SIM0 [SMARTWIFI]: lastLteRSRQ is -19currentLteRSRQ is -19
06-24 17:03:19.313  3047  5316 D EPDG -- SIM0 [SMARTWIFI]: lastCdmaDb is -15currentCdmaDb is -15
06-24 17:03:19.313  3047  5316 V EPDG -- SIM0 [SMARTWIFI]: Radio oldest entry removed
06-24 17:03:19.313  3047  5316 V EPDG -- SIM0 [SMARTWIFI]: New entry : (SignalStrength: 99 99 -85 -150 -120 -1 -1 17 -117 -19 -66 2147483647 0 2147483647 0x1020 P gsm|lte : 0 )
06-24 17:03:19.313  3047  5316 V EPDG -- SIM0 [SMARTWIFI]: Radio entry added
06-24 17:03:19.322  1173 21160 E mm-3a-external: [cgAF] Invalid Cal. Set Default AF Cal: PAN: 0x78, MAC: 0x1F4, OFFSET: 0x0
06-24 17:03:19.333  1162  1231 I LocSvc_ApiV02: <--- globalEventCb line 162 QMI_LOC_EVENT_GNSS_SV_INFO_IND_V02
06-24 17:03:19.333  1162  4816 I LocSvc_libulp: ulp_brain_process_gnss_sv_report, gnss sv report cnt = 3748, gnss pos report cnt = 83,strong sv cnt = 0
06-24 17:03:19.334  1394  2390 D GnssLocationProvider_ex: SV Count : 1      (PRN, Constellation, SNR, Used)
06-24 17:03:19.334  1394  2390 D GnssLocationProvider_ex: (194, QZSS, 31.0, 0) 
06-24 17:03:19.335  3020  3285 D RegiMgrBase<0>: notifyNetworkEvent:
06-24 17:03:19.335  3020  3285 D RegiMgrBase<0>: buildNetworkEvent:
06-24 17:03:19.345  1394 10598 D SamsungAlarmManager: Cancel Alarm calling from uid:10024 pid :19589 / listener:android.app.IAlarmListener$Stub$Proxy@c4d2135
06-24 17:03:19.358  1173 21160 E mm-3a-external: [cgAF] Invalid Cal. Set Default AF Cal: PAN: 0x78, MAC: 0x1F4, OFFSET: 0x0
06-24 17:03:19.335  3020  3285 D PdnController<0>: getNetworkState:
06-24 17:03:19.368  3020  3285 I chatty  : uid=1000(system) ImsServiceStub identical 7 lines
06-24 17:03:19.368  3020  3285 D PdnController<0>: getNetworkState:
06-24 17:03:19.368  3020  3285 D RegiMgrBase: handleMessage: PLANI_IN_TIME_CHANGED
06-24 17:03:19.369  3020  3285 D ImsUtil : getSubId:
06-24 17:03:19.371  1394  1394 D LightsService: [api] [SvcLED] turnOff:: id = 4 (uid: 1000 pid: 1394) 
06-24 17:03:19.371  1394  1394 D PowerManagerUtil: fileWriteString to /sys/power/wake_lock, LightsService
06-24 17:03:19.371  1394  1394 D LightsService: [SvcLED] setSvcLedStateLocked:: SvcLEDState : 0x0 -> 0x0 | SvcLED(id=4) set Off
06-24 17:03:19.372  1394  2012 D LightsService: [SvcLED] handleForcedSvcLEDTask()
06-24 17:03:19.372  1394  2012 D LightsService: [SvcLED]  setSvcLedLightLocked :: Current SvcLED(id=3) maintains its priority right
06-24 17:03:19.372  1394  2012 D PowerManagerUtil: fileWriteString to /sys/power/wake_unlock, LightsService
06-24 17:03:19.374  1394 10598 D Notification: allPendingIntents
06-24 17:03:19.375  1394  2867 D Notification: allPendingIntents
06-24 17:03:19.378  2724  2724 W StatusBar: removeNotification for unknown key: 0|com.appname|9942585|null|10336
06-24 17:03:19.378  2724  2989 D NetworkController.MobileSignalController(0/1): callState:0, callStateByPhone:false voLTECall:false voiceNetTpe:7 dataNetType:13, ine911:false, emergencyCallbackMode:false
06-24 17:03:19.379  2724  2724 D KeyguardServiceBoxContainer: updateCMAS() hasCmasNotification = false, mHasCMAS = false
06-24 17:03:19.380  1394  4557 D SamsungAlarmManager: setExact Listener (T:3/F:1/AC:false) 20200624T210258 - CU:10024/CP:19589
06-24 17:03:19.389  1173 21160 E mm-3a-external: [cgAF] Invalid Cal. Set Default AF Cal: PAN: 0x78, MAC: 0x1F4, OFFSET: 0x0
06-24 17:03:19.402  1173 21152 E         : Camera[DBG][ISP   ] isp_stats_buf_mgr_get_buf: 355: failed: to get buf for stats type 3
06-24 17:03:19.402  1173 21152 E         : Camera[DBG][ISP   ] isp_parser_thread_process: 218: failed: get buf failed
06-24 17:03:19.403  1173 21152 E         : Camera[DBG][ISP   ] isp_parser_thread_func: 495: failed: isp_parser_process
06-24 17:03:19.405  2724  2989 D NetworkController.MobileSignalController(0/1): onSignalStrengthsChanged signalStrength=SignalStrength: 99 99 -85 -150 -120 -1 -1 19 -112 -19 -33 2147483647 0 2147483647 0x1020 P gsm|lte level=1
06-24 17:03:19.405  2724  2989 D NetworkController.MobileSignalController(0/1): getMobileIconGroup(): 13
06-24 17:03:19.405  2724  2989 D NetworkController.MobileSignalController(0/1): updateVZWMobileIconGroup(): 13
06-24 17:03:19.412  1394 10129 D SamsungAlarmManager: Cancel Alarm calling from uid:10024 pid :19589 / listener:android.app.IAlarmListener$Stub$Proxy@83b9bb1
06-24 17:03:19.412 17748 17748 D Notification: allPendingIntents
06-24 17:03:19.421  2724  2989 D NetworkController.MobileSignalController(0/1): callState:0, callStateByPhone:false voLTECall:false voiceNetTpe:7 dataNetType:13, ine911:false, emergencyCallbackMode:false
06-24 17:03:19.423  1173 21160 E mm-3a-external: [cgAF] Invalid Cal. Set Default AF Cal: PAN: 0x78, MAC: 0x1F4, OFFSET: 0x0
06-24 17:03:19.421  3020  3285 D ImsUtil : getSlotId:
06-24 17:03:19.423  3020  3285 D SimManager: getTelephonyProperty: value [311480]
06-24 17:03:19.445  1394  4627 D SamsungAlarmManager: setExact Listener (T:3/F:1/AC:false) 20200624T170330 - CU:10024/CP:19589
06-24 17:03:19.449  2724  2989 D NetworkController.MobileSignalController(0/1): onCellLocationChanged
06-24 17:03:19.455  1173 21160 E mm-3a-external: [cgAF] Invalid Cal. Set Default AF Cal: PAN: 0x78, MAC: 0x1F4, OFFSET: 0x0
06-24 17:03:19.464  2724  2989 D NetworkController.MobileSignalController(0/1): onSignalStrengthsChanged signalStrength=SignalStrength: 99 99 -85 -150 -120 -1 -1 17 -117 -19 -66 2147483647 0 2147483647 0x1020 P gsm|lte level=1
06-24 17:03:19.464  2724  2989 D NetworkController.MobileSignalController(0/1): getMobileIconGroup(): 13
06-24 17:03:19.464  2724  2989 D NetworkController.MobileSignalController(0/1): updateVZWMobileIconGroup(): 13
06-24 17:03:19.489  1173 21160 E mm-3a-external: [cgAF] Invalid Cal. Set Default AF Cal: PAN: 0x78, MAC: 0x1F4, OFFSET: 0x0
06-24 17:03:19.505  2724  2989 D NetworkController.MobileSignalController(0/1): callState:0, callStateByPhone:false voLTECall:false voiceNetTpe:7 dataNetType:13, ine911:false, emergencyCallbackMode:false
06-24 17:03:19.525  1173 21160 E mm-3a-external: [cgAF] Invalid Cal. Set Default AF Cal: PAN: 0x78, MAC: 0x1F4, OFFSET: 0x0
06-24 17:03:19.530  2724  2989 D LocationControllerImpl: onReceive() = android.location.HIGH_POWER_REQUEST_CHANGE
06-24 17:03:19.539  1394 10129 I EDMNativeHelperService: isCameraEnabled
06-24 17:03:19.555  1173 21160 E mm-3a-external: [cgAF] Invalid Cal. Set Default AF Cal: PAN: 0x78, MAC: 0x1F4, OFFSET: 0x0
06-24 17:03:19.589  1173 21160 I chatty  : uid=1006(camera) CAM_AF identical 1 line
06-24 17:03:19.622  1173 21160 E mm-3a-external: [cgAF] Invalid Cal. Set Default AF Cal: PAN: 0x78, MAC: 0x1F4, OFFSET: 0x0
06-24 17:03:19.641  1173 21159 D mm-camera-CORE: TSAec_process works: stats' frame_id=699, 0, 0
06-24 17:03:19.642  1394 10129 D SensorService: Calling activate off 1
06-24 17:03:19.644   734  2320 I qti_sensors_hal: batch:sensor(android.sensor.accelerometer) handle:1 flags:0x0 period_ns 10000000
06-24 17:03:19.644   734  2320 I qti_sensors_hal: batch: current sample rate, report rate & buffering are equal to requested (100.000000,0.000000,0)
06-24 17:03:19.646 19589 20242 D SensorManager: unregisterListener :: 1, K6DS3TR Accelerometer,  
06-24 17:03:19.647  1394 10129 I SensorService: createSensorEventConnection package name bhsj
06-24 17:03:19.650  1394  4627 D SensorService: Calling batch handle==15 flags=0 rate=0 timeout== 0
06-24 17:03:19.651   734   734 I qti_sensors_hal: batch:sensor(android.sensor.significant_motion) handle:58 flags:0x0 period_ns:1000000 timeout:0
06-24 17:03:19.654 17748 17748 D ScrollView: initGoToTop
06-24 17:03:19.655  1173 21160 E mm-3a-external: [cgAF] Invalid Cal. Set Default AF Cal: PAN: 0x78, MAC: 0x1F4, OFFSET: 0x0
06-24 17:03:19.660   734   903 I qti_sensors_hal: processResp: handle:58
06-24 17:03:19.662 21996 21402 I LocationTask: [#CMH#] Finished processing images in LocationTask,exiting 
06-24 17:03:19.662 21996 21402 I BaseThreadPoolExecutor: [#CMH#] afterExecute FutureTask
06-24 17:03:19.665 19589 20242 D SensorManager: requestTrigger :: 15, Significant Motion Detector,  
06-24 17:03:19.681 29907 30823 I CMHServiceInterface: unbinding from CMH
06-24 17:03:19.685  5613  5613 I CMHService: [#CMH#] onDestroy() 
06-24 17:03:19.690  1173 21160 E mm-3a-external: [cgAF] Invalid Cal. Set Default AF Cal: PAN: 0x78, MAC: 0x1F4, OFFSET: 0x0
06-24 17:03:19.734  1394 13864 D ConnectivityService: filterNetworkStateForUid() uid: 10024 networkInfo: [type: WIFI[] - WIFI, state: CONNECTED/CONNECTED, reason: (unspecified), extra: "BananaPancake", failover: false, available: true, roaming: false, metered: false]
06-24 17:03:20.292  1394  2867 D ConnectivityService: filterNetworkStateForUid() uid: 10081 networkInfo: [type: WIFI[] - WIFI, state: CONNECTED/CONNECTED, reason: (unspecified), extra: "BananaPancake", failover: false, available: true, roaming: false, metered: false]
06-24 17:03:20.302  1173 21159 D mm-camera-CORE: TSAec_process works: stats' frame_id=719, 0, 0
06-24 17:03:20.322  1173 21160 E mm-3a-external: [cgAF] Invalid Cal. Set Default AF Cal: PAN: 0x78, MAC: 0x1F4, OFFSET: 0x0
06-24 17:03:20.333  1162  1231 I LocSvc_ApiV02: <--- globalEventCb line 162 QMI_LOC_EVENT_GNSS_SV_INFO_IND_V02
06-24 17:03:20.333  1162  4816 I LocSvc_libulp: ulp_brain_process_gnss_sv_report, gnss sv report cnt = 3749, gnss pos report cnt = 83,strong sv cnt = 0
06-24 17:03:20.333  1394  6665 D GnssLocationProvider_ex: SV Count : 1      (PRN, Constellation, SNR, Used)
06-24 17:03:20.333  1394  6665 D GnssLocationProvider_ex: (194, QZSS, 31.0, 0) 
06-24 17:03:20.361  1173 21160 E mm-3a-external: [cgAF] Invalid Cal. Set Default AF Cal: PAN: 0x78, MAC: 0x1F4, OFFSET: 0x0
06-24 17:03:20.488  1173 21160 I chatty  : uid=1006(camera) CAM_AF identical 4 lines
06-24 17:03:20.522  1173 21160 E mm-3a-external: [cgAF] Invalid Cal. Set Default AF Cal: PAN: 0x78, MAC: 0x1F4, OFFSET: 0x0
06-24 17:03:20.543  1394  2867 I EDMNativeHelperService: isCameraEnabled
06-24 17:03:20.555  1173 21160 E mm-3a-external: [cgAF] Invalid Cal. Set Default AF Cal: PAN: 0x78, MAC: 0x1F4, OFFSET: 0x0
