06-24 17:03:00.555   763   763 W Layer   : [SurfaceView - com.appname/com.appname.MainActivity@40fc623@0#0] Timestamp 949063649265240 seems implausible relative to expectedPresent 663608360209498
06-24 17:03:00.559  1173 21160 E mm-3a-external: [cgAF] Invalid Cal. Set Default AF Cal: PAN: 0x78, MAC: 0x1F4, OFFSET: 0x0
06-24 17:03:00.564  5613 21238 I ClusteringTask: [#CMH#] Cluster size: 1
06-24 17:03:00.564  5613 21238 I ClusteringDBUtils: [#CMH#] updateClusterTable In 1 
06-24 17:03:00.592  1394  2362 D SamsungAlarmManager: Expired : 4
06-24 17:03:00.592  1394  2362 I SamsungAlarmManager: setLocked to kernel - T:2 / 20200624T170301, SetElapsed=949064488, nowELAPSED=949063761
06-24 17:03:00.593 18658 18658 D LibraryDataManager: onChange = 0, active = true, uri = content://com.samsung.cmh/daycluster, this = com.sec.android.gallery3d.data.LibraryDataManager$NotifyBroker@e50a931
06-24 17:03:00.594  1394  2362 V SamsungAlarmManager: Sending to uid : 10024 action=com.google.android.location.ALARM_WAKEUP_LOCATOR alarm=Alarm{eda9962 type 2 when 949063761 com.google.android.gms}
06-24 17:03:00.594  1173 21160 E mm-3a-external: [cgAF] Invalid Cal. Set Default AF Cal: PAN: 0x78, MAC: 0x1F4, OFFSET: 0x0
06-24 17:03:00.597   734   872 I qti_sensors_hal: processReportInd: Accel - X: -0.047 Y: 7.852 Z: 5.968
06-24 17:03:00.601  5613 21238 I MomentClusteringAlgo: [#CMH#] performClustering images deleted false
06-24 17:03:00.601  5613 21238 I ClusteringDBUtils: [#CMH#] updateClusterTable In nothing to update 
06-24 17:03:00.605   763   763 W Layer   : [SurfaceView - com.appname/com.appname.MainActivity@40fc623@0#0] Timestamp 949063682590240 seems implausible relative to expectedPresent 663608410513612
06-24 17:03:00.610  5613 21238 I MomentClusteringAlgo: [#CMH#] performClustering In 0 
06-24 17:03:00.610  5613 21238 I ClusteringTask: [#CMH#] Cluster size: 0
06-24 17:03:00.611  5613 21238 I ClusteringDBUtils: [#CMH#] updateClusterTable In nothing to update 
06-24 17:03:00.612  5613 21238 I ClusteringTask: [#CMH#] after mutex release 
06-24 17:03:00.620  1394  2856 E Watchdog: !@Sync 22105 [2020-06-24 17:03:00.620]
06-24 17:03:00.622   763   763 W Layer   : [SurfaceView - com.appname/com.appname.MainActivity@40fc623@0#0] Timestamp 949063715915240 seems implausible relative to expectedPresent 663608427281650
06-24 17:03:00.634  1173 21160 E mm-3a-external: [cgAF] Invalid Cal. Set Default AF Cal: PAN: 0x78, MAC: 0x1F4, OFFSET: 0x0
06-24 17:03:00.639  1394  2393 D InputReader: Input event(6): value=0 when=663608428135000
06-24 17:03:00.639  1394  2393 D InputReader: Input event(6): value=0 when=663608428135000
06-24 17:03:00.640  1394  2393 I InputReader: Touch event's action is 0x1 (deviceType=0) [pCnt=1, s=] when=663608428135000
06-24 17:03:00.642  1394  2392 I InputDispatcher: Delivering touch to (17748): action: 0x1, toolType: 1
06-24 17:03:00.644  1394  6975 D CustomFrequencyManagerService: acquireDVFSLockLocked : type : DVFS_MIN_LIMIT  frequency : 883200  uid : 1000  pid : 1394  pkgName : GESTURE_DETECTED@CPU_MIN@78
06-24 17:03:00.646 17748 17748 D ViewRootImpl@f74dda0[MainActivity]: ViewPostIme pointer 1
06-24 17:03:00.656   763   763 W Layer   : [SurfaceView - com.appname/com.appname.MainActivity@40fc623@0#0] Timestamp 949063749311240 seems implausible relative to expectedPresent 663608460817726
06-24 17:03:00.659  1394  2867 D SamsungAlarmManager: setExact Intent (T:2/F:1/AC:false) 20200624T170305 - CU:10024/CP:19589
06-24 17:03:00.666  1173 21160 E mm-3a-external: [cgAF] Invalid Cal. Set Default AF Cal: PAN: 0x78, MAC: 0x1F4, OFFSET: 0x0
06-24 17:03:00.684 19589 20242 D TelephonyManager: getAllCellInfo : Caller (PID / UID / TID): 19589 / 10024 / 20242
06-24 17:03:00.689   763   763 W Layer   : [SurfaceView - com.appname/com.appname.MainActivity@40fc623@0#0] Timestamp 949063782633240 seems implausible relative to expectedPresent 663608494353802
06-24 17:03:00.693  1173 21160 E mm-3a-external: [cgAF] Invalid Cal. Set Default AF Cal: PAN: 0x78, MAC: 0x1F4, OFFSET: 0x0
06-24 17:03:00.723   763   763 W Layer   : [SurfaceView - com.appname/com.appname.MainActivity@40fc623@0#0] Timestamp 949063815903240 seems implausible relative to expectedPresent 663608527889878
06-24 17:03:00.729  1173 21160 E mm-3a-external: [cgAF] Invalid Cal. Set Default AF Cal: PAN: 0x78, MAC: 0x1F4, OFFSET: 0x0
06-24 17:03:00.731  1394  2393 D InputReader: Input event(6): value=1 when=663608520678000
06-24 17:03:00.731  1394  2393 D InputReader: Input event(6): value=1 when=663608520678000
06-24 17:03:00.731  1394  2393 I InputReader: Touch event's action is 0x0 (deviceType=0) [pCnt=1, s=0.4449 ] when=663608520678000
06-24 17:03:00.732  1394  2392 I InputDispatcher: Delivering touch to (17748): action: 0x0, toolType: 1
06-24 17:03:00.751 17748 17748 D ViewRootImpl@f74dda0[MainActivity]: ViewPostIme pointer 0
06-24 17:03:00.756   763   763 W Layer   : [SurfaceView - com.appname/com.appname.MainActivity@40fc623@0#0] Timestamp 949063849241240 seems implausible relative to expectedPresent 663608561425954
06-24 17:03:00.760  1173 21160 E mm-3a-external: [cgAF] Invalid Cal. Set Default AF Cal: PAN: 0x78, MAC: 0x1F4, OFFSET: 0x0
06-24 17:03:00.789 17748 17748 D ReactNative: CameraView: Photo capture succeeded: content://media/external/images/media/1694
06-24 17:03:00.790   763   763 W Layer   : [SurfaceView - com.appname/com.appname.MainActivity@40fc623@0#0] Timestamp 949063882566240 seems implausible relative to expectedPresent 663608594962030
06-24 17:03:00.794  1173 21160 E mm-3a-external: [cgAF] Invalid Cal. Set Default AF Cal: PAN: 0x78, MAC: 0x1F4, OFFSET: 0x0
06-24 17:03:00.822  1394  2393 D InputReader: Input event(6): value=0 when=663608611964000
06-24 17:03:00.822  1394  2393 D InputReader: Input event(6): value=0 when=663608611964000
06-24 17:03:00.823  1394  2393 I InputReader: Touch event's action is 0x1 (deviceType=0) [pCnt=1, s=] when=663608611964000
06-24 17:03:00.823  1394  2392 I InputDispatcher: Delivering touch to (17748): action: 0x1, toolType: 1
06-24 17:03:00.823   763   763 W Layer   : [SurfaceView - com.appname/com.appname.MainActivity@40fc623@0#0] Timestamp 949063915895240 seems implausible relative to expectedPresent 663608628498106
06-24 17:03:00.827  1173 21160 E mm-3a-external: [cgAF] Invalid Cal. Set Default AF Cal: PAN: 0x78, MAC: 0x1F4, OFFSET: 0x0
06-24 17:03:00.834 17748 17748 D ViewRootImpl@f74dda0[MainActivity]: ViewPostIme pointer 1
06-24 17:03:00.837  1394 10129 D ConnectivityService: filterNetworkStateForUid() uid: 5013 networkInfo: [type: WIFI[] - WIFI, state: CONNECTED/CONNECTED, reason: (unspecified), extra: "BananaPancake", failover: false, available: true, roaming: false, metered: false]
06-24 17:03:00.856  1394  4786 D NpProxy : handleMessage what - 4
06-24 17:03:00.857   763   763 W Layer   : [SurfaceView - com.appname/com.appname.MainActivity@40fc623@0#0] Timestamp 949063949203240 seems implausible relative to expectedPresent 663608662034182
06-24 17:03:00.859  1173 21160 E mm-3a-external: [cgAF] Invalid Cal. Set Default AF Cal: PAN: 0x78, MAC: 0x1F4, OFFSET: 0x0
06-24 17:03:00.871  1394  4786 V LocSvc_HIDL_OsNpGlue_jni: [onJavaLocationChanged][159] [HC] =>> [HS]
06-24 17:03:00.871  1162  1162 V LocSvc_HIDL_IzatOsNpGlue: [locationChanged][33] [HS] <<<<= [HC]
06-24 17:03:00.872  1162  1198 I LocSvc_api_v02: ---> locClientSendReq line 2102 QMI_LOC_INJECT_POSITION_REQ_V02
06-24 17:03:00.872  1162  4816 I LocSvc_libulp: ulp_brain_process_gnp_position_report, first_fix_pending 1, request active = 0,gnss running 1, gnss state 1 quipc running 0 quipc state 0
06-24 17:03:00.872  1162  4816 I LocSvc_libulp: ulp_brain_process_gnp_position_report, report GNP position to hybrid fix requests = 0
06-24 17:03:00.872  1162  4816 I LocSvc_libulp: ulp_brain_transition_all_providers, before transition, 
06-24 17:03:00.872  1162  4816 I LocSvc_libulp:  GNSS provider state = 1,  GNSS selected to run = 1,  GNSS onoff_cnt = 0, GNSS high speed flag = 0 
06-24 17:03:00.872  1162  4816 I LocSvc_libulp:  QUIPC provider state = 0, QUIPC selected to run = 0, QUIPC onoff_cnt = 5, 
06-24 17:03:00.872  1162  4816 I LocSvc_libulp:  GNP provider state = 0,   GNP selected to run = 0,   GNP onoff_cnt = 1, 
06-24 17:03:00.876  1162  1231 I LocSvc_ApiV02: <--- globalRespCb line 188 QMI_LOC_INJECT_POSITION_REQ_V02
06-24 17:03:00.893  1173 21160 E mm-3a-external: [cgAF] Invalid Cal. Set Default AF Cal: PAN: 0x78, MAC: 0x1F4, OFFSET: 0x0
06-24 17:03:00.907   763   763 W Layer   : [SurfaceView - com.appname/com.appname.MainActivity@40fc623@0#0] Timestamp 949063982530240 seems implausible relative to expectedPresent 663608712338296
06-24 17:03:00.924   763   763 W Layer   : [SurfaceView - com.appname/com.appname.MainActivity@40fc623@0#0] Timestamp 949064015895240 seems implausible relative to expectedPresent 663608729106334
06-24 17:03:00.928  1173 21160 E mm-3a-external: [cgAF] Invalid Cal. Set Default AF Cal: PAN: 0x78, MAC: 0x1F4, OFFSET: 0x0
06-24 17:03:00.935  1162  1162 I LocSvc_GnssInterface: ===> injectLocation line 232 
06-24 17:03:00.936  1146  1458 D DnsProxyListener: DNSDBG::dns addrinfo af 0
06-24 17:03:00.947  1394  2393 D InputReader: Input event(6): value=1 when=663608729083000
06-24 17:03:00.947  1394  2393 D InputReader: Input event(6): value=1 when=663608729083000
06-24 17:03:00.947  1394  2393 I InputReader: Touch event's action is 0x0 (deviceType=0) [pCnt=1, s=0.4450 ] when=663608729083000
06-24 17:03:00.948  1394  2392 I InputDispatcher: Delivering touch to (17748): action: 0x0, toolType: 1
06-24 17:03:00.949  1394  6975 D CustomFrequencyManagerService: acquireDVFSLockLocked : type : DVFS_MIN_LIMIT  frequency : 883200  uid : 1000  pid : 1394  pkgName : GESTURE_DETECTED@CPU_MIN@78
06-24 17:03:00.949  1394 13864 D SamsungAlarmManager: setInexact Intent (T:2/F:0/AC:false) 20200624T170305 - CU:10024/CP:19589
06-24 17:03:00.950  1394 13864 I SamsungAlarmManager: setLocked to kernel - T:2 / 20200624T170305, SetElapsed=949068823, nowELAPSED=949064119
06-24 17:03:00.962 17748 17748 D ViewRootImpl@f74dda0[MainActivity]: ViewPostIme pointer 0
06-24 17:03:00.965  1173 21160 E mm-3a-external: [cgAF] Invalid Cal. Set Default AF Cal: PAN: 0x78, MAC: 0x1F4, OFFSET: 0x0
06-24 17:03:00.972  1173 21159 D mm-camera-CORE: TSAec_process works: stats' frame_id=139, 0, 0
06-24 17:03:00.974   763   763 W Layer   : [SurfaceView - com.appname/com.appname.MainActivity@40fc623@0#0] Timestamp 949064049189240 seems implausible relative to expectedPresent 663608779410448
06-24 17:03:00.991   763   763 W Layer   : [SurfaceView - com.appname/com.appname.MainActivity@40fc623@0#0] Timestamp 949064082560240 seems implausible relative to expectedPresent 663608796178486
06-24 17:03:00.993  1173 21160 E mm-3a-external: [cgAF] Invalid Cal. Set Default AF Cal: PAN: 0x78, MAC: 0x1F4, OFFSET: 0x0
06-24 17:03:01.023  1394  2393 D InputReader: Input event(6): value=0 when=663608812856000
06-24 17:03:01.023  1394  2393 D InputReader: Input event(6): value=0 when=663608812856000
06-24 17:03:01.023  1394  2393 I InputReader: Touch event's action is 0x1 (deviceType=0) [pCnt=1, s=] when=663608812856000
06-24 17:03:01.024  1394  2392 I InputDispatcher: Delivering touch to (17748): action: 0x1, toolType: 1
06-24 17:03:01.024   763   763 W Layer   : [SurfaceView - com.appname/com.appname.MainActivity@40fc623@0#0] Timestamp 949064115845240 seems implausible relative to expectedPresent 663608829714562
06-24 17:03:01.028  1173 21160 E mm-3a-external: [cgAF] Invalid Cal. Set Default AF Cal: PAN: 0x78, MAC: 0x1F4, OFFSET: 0x0
06-24 17:03:01.026  1394  6975 D CustomFrequencyManagerService: acquireDVFSLockLocked : type : DVFS_MIN_LIMIT  frequency : 883200  uid : 1000  pid : 1394  pkgName : GESTURE_DETECTED@CPU_MIN@78
06-24 17:03:01.028  1173 21160 E mm-3a-external: [cgAF] Invalid Cal. Set Default AF Cal: PAN: 0x78, MAC: 0x1F4, OFFSET: 0x0
06-24 17:03:01.038 17748 17748 D ViewRootImpl@f74dda0[MainActivity]: ViewPostIme pointer 1
06-24 17:03:01.058   763   763 W Layer   : [SurfaceView - com.appname/com.appname.MainActivity@40fc623@0#0] Timestamp 949064149176240 seems implausible relative to expectedPresent 663608863250638
06-24 17:03:01.061  1173 21160 E mm-3a-external: [cgAF] Invalid Cal. Set Default AF Cal: PAN: 0x78, MAC: 0x1F4, OFFSET: 0x0
06-24 17:03:01.092   763   763 W Layer   : [SurfaceView - com.appname/com.appname.MainActivity@40fc623@0#0] Timestamp 949064182506240 seems implausible relative to expectedPresent 663608896786714
06-24 17:03:01.093  1173 21160 E mm-3a-external: [cgAF] Invalid Cal. Set Default AF Cal: PAN: 0x78, MAC: 0x1F4, OFFSET: 0x0
06-24 17:03:01.113  1278  1310 I QC-NETMGR-LIB: Received nl msg, recvmsg returned 72
06-24 17:03:01.113  1278  1310 I QC-NETMGR-LIB: Received command: ID=NETMGR_KIF_MSG_CMD, link=0
06-24 17:03:01.113  1278  1310 I QC-NETMGR-LIB: Received nl msg, recvmsg returned 72
06-24 17:03:01.113  1278  1310 I QC-NETMGR-LIB: Received command: ID=NETMGR_KIF_MSG_CMD, link=0
06-24 17:03:01.113  1278  1312 I QC-NETMGR-LIB: Process command: ID=NETMGR_KIF_MSG_CMD, link=0, state=1
06-24 17:03:01.113  1278  1312 I QC-NETMGR-LIB: Processing RTM_NEWADDR
06-24 17:03:01.113  1278  1312 I QC-NETMGR-LIB: Metainfo:  Family=10 PrefixLen=64 Scope=0x0 Index=6 Flags=[0x0]
06-24 17:03:01.113  1278  1312 I QC-NETMGR-LIB: Attribute: PrefixIPv6 addr [2601:0641:c100:47e0:2618:1dff:feb5:46a1]
06-24 17:03:01.113  1278  1312 I QC-NETMGR-LIB: Attribute: Address Cache Info - prefered=300 valid=600 cstamp=0x3e95dc5 tstamp=0x3f49639
06-24 17:03:01.113  1278  1312 E QC-NETMGR-LIB: Unsupported attribute type, ignoring 0x8
06-24 17:03:01.113  1278  1312 I QC-NETMGR-LIB: Rcvd Netlink msg type [20]
06-24 17:03:01.113  1278  1312 E QC-NETMGR-LIB: unrecognized ifindex 6
06-24 17:03:01.113  1278  1312 I QC-NETMGR-LIB: Process command: ID=NETMGR_KIF_MSG_CMD, link=0, state=1
06-24 17:03:01.113  1278  1312 I QC-NETMGR-LIB: Processing RTM_NEWADDR
06-24 17:03:01.113  1278  1312 I QC-NETMGR-LIB: Metainfo:  Family=10 PrefixLen=64 Scope=0x0 Index=6 Flags=[0x1]TEMPORARY 
06-24 17:03:01.113  1278  1312 I QC-NETMGR-LIB: Attribute: PrefixIPv6 addr [2601:0641:c100:47e0:a893:a68f:bbcc:e160]
06-24 17:03:01.113  1278  1312 I QC-NETMGR-LIB: Attribute: Address Cache Info - prefered=300 valid=600 cstamp=0x3e95dc5 tstamp=0x3f49639
06-24 17:03:01.113  1278  1312 E QC-NETMGR-LIB: Unsupported attribute type, ignoring 0x8
06-24 17:03:01.113  1278  1312 I QC-NETMGR-LIB: Rcvd Netlink msg type [20]
06-24 17:03:01.114  1278  1312 E QC-NETMGR-LIB: unrecognized ifindex 6
06-24 17:03:01.115  3047  5900 D EPDG -- [NETMGMT]: Interface wlan0 address updated
06-24 17:03:01.116  3047  3340 D EPDG -- SIM0 [EpdgSubScription]: EpdgAddressUpdated: address: 2601:641:c100:47e0:2618:1dff:feb5:46a1 iface: wlan0mFqdnRetryCount : 0
06-24 17:03:01.119  3047  5900 D EPDG -- [NETMGMT]: Interface wlan0 address updated
06-24 17:03:01.119  3047  3340 D EPDG -- SIM0 [EpdgSubScription]: EpdgAddressUpdated: address: 2601:641:c100:47e0:a893:a68f:bbcc:e160 iface: wlan0mFqdnRetryCount : 0
06-24 17:03:01.124   736   736 I android.hardware.wifi@1.0-service: installApfPacketFilter
06-24 17:03:01.125   736   736 D WifiHAL : Setting APF program, halHandle = 0x7a88e630c0
06-24 17:03:01.125   736   736 I WifiHAL : 
06-24 17:03:01.125   736   736 I WifiHAL : createRequest: APF set program request
06-24 17:03:01.126  1394 10598 D ConnectivityService: filterNetworkStateForUid() uid: 10081 networkInfo: [type: WIFI[] - WIFI, state: CONNECTED/CONNECTED, reason: (unspecified), extra: "BananaPancake", failover: false, available: true, roaming: false, metered: false]
06-24 17:03:01.126  1394 13864 D SensorService: Calling activate off 15
06-24 17:03:01.127  1173 21160 E mm-3a-external: [cgAF] Invalid Cal. Set Default AF Cal: PAN: 0x78, MAC: 0x1F4, OFFSET: 0x0
06-24 17:03:01.130   734   903 I qti_sensors_hal: processResp: handle:58
06-24 17:03:01.132  1394  2393 D InputReader: Input event(6): value=1 when=663608922050000
06-24 17:03:01.132  1394  2393 D InputReader: Input event(6): value=1 when=663608922050000
06-24 17:03:01.133  1394  2393 I InputReader: Touch event's action is 0x0 (deviceType=0) [pCnt=1, s=0.4451 ] when=663608922050000
06-24 17:03:01.133  1394  2392 I InputDispatcher: Delivering touch to (17748): action: 0x0, toolType: 1
06-24 17:03:01.140   736   736 I WifiHAL : Done!
06-24 17:03:01.141 19589 20242 D SensorManager: cancelTrigger :: 15, Significant Motion Detector,  
06-24 17:03:01.142   763   763 W Layer   : [SurfaceView - com.appname/com.appname.MainActivity@40fc623@0#0] Timestamp 949064215833240 seems implausible relative to expectedPresent 663608947090828
06-24 17:03:01.143 17748 17748 D ViewRootImpl@f74dda0[MainActivity]: ViewPostIme pointer 0
06-24 17:03:01.159   763   763 W Layer   : [SurfaceView - com.appname/com.appname.MainActivity@40fc623@0#0] Timestamp 949064249153240 seems implausible relative to expectedPresent 663608963858866
06-24 17:03:01.160  1173 21160 E mm-3a-external: [cgAF] Invalid Cal. Set Default AF Cal: PAN: 0x78, MAC: 0x1F4, OFFSET: 0x0
06-24 17:03:01.171  1394 10598 I SensorService: createSensorEventConnection package name bgip
06-24 17:03:01.172  1394 10598 D SensorService: Calling batch handle==1 flags=0 rate=20000000 timeout== 2147483647000
06-24 17:03:01.173   734  2320 I qti_sensors_hal: batch:sensor(android.sensor.accelerometer) handle:1 flags:0x0 period_ns 20000000
06-24 17:03:01.173   734  2320 I qti_sensors_hal: SMGRReportAdd:sensor(android.sensor.accelerometer) handle=1, sample_rate=50.000000 report_rate=983035 buffer=1
06-24 17:03:01.182   734  2320 I qti_sensors_hal: SMGRReportAdd:sensor(android.sensor.accelerometer) handle=1, sample_rate=50.000000 report_rate=983035 buffer=1
06-24 17:03:01.182 19589 20242 D SensorManager: registerListener :: 1, K6DS3TR Accelerometer, 20000, 2147483647,  
06-24 17:03:01.192   763   763 W Layer   : [SurfaceView - com.appname/com.appname.MainActivity@40fc623@0#0] Timestamp 949064282481240 seems implausible relative to expectedPresent 663608997394942
06-24 17:03:01.195  1173 21160 E mm-3a-external: [cgAF] Invalid Cal. Set Default AF Cal: PAN: 0x78, MAC: 0x1F4, OFFSET: 0x0
06-24 17:03:01.218  1394 10598 I EDMNativeHelperService: isCameraEnabled
06-24 17:03:01.224  1394  2393 D InputReader: Input event(6): value=0 when=663609013712000
06-24 17:03:01.224  1394  2393 D InputReader: Input event(6): value=0 when=663609013712000
06-24 17:03:01.224  1394  2393 I InputReader: Touch event's action is 0x1 (deviceType=0) [pCnt=1, s=] when=663609013712000
06-24 17:03:01.224  1394  2392 I InputDispatcher: Delivering touch to (17748): action: 0x1, toolType: 1
06-24 17:03:01.226   763   763 W Layer   : [SurfaceView - com.appname/com.appname.MainActivity@40fc623@0#0] Timestamp 949064315812240 seems implausible relative to expectedPresent 663609030931018
06-24 17:03:01.227  1173 21160 E mm-3a-external: [cgAF] Invalid Cal. Set Default AF Cal: PAN: 0x78, MAC: 0x1F4, OFFSET: 0x0
06-24 17:03:01.230 17748 17748 D ViewRootImpl@f74dda0[MainActivity]: ViewPostIme pointer 1
06-24 17:03:01.240  1394 13864 I SensorService: createSensorEventConnection package name bglp
06-24 17:03:01.245  1394 13864 D SensorService: Calling batch handle==1 flags=0 rate=20000000 timeout== 0
06-24 17:03:01.246   734  2320 I qti_sensors_hal: batch:sensor(android.sensor.accelerometer) handle:1 flags:0x0 period_ns 20000000
06-24 17:03:01.246   734  2320 I qti_sensors_hal: SMGRReportAdd:sensor(android.sensor.accelerometer) handle=1, sample_rate=50.000000 report_rate=0 buffer=0
06-24 17:03:01.250   734  2320 I qti_sensors_hal: SMGRReportAdd:sensor(android.sensor.accelerometer) handle=1, sample_rate=50.000000 report_rate=0 buffer=0
06-24 17:03:01.251 19589 21262 D SensorManager: registerListener :: 1, K6DS3TR Accelerometer, 20000, 0,  
06-24 17:03:01.259   763   763 W Layer   : [SurfaceView - com.appname/com.appname.MainActivity@40fc623@0#0] Timestamp 949064349139240 seems implausible relative to expectedPresent 663609064467094
06-24 17:03:01.261  1173 21160 E mm-3a-external: [cgAF] Invalid Cal. Set Default AF Cal: PAN: 0x78, MAC: 0x1F4, OFFSET: 0x0
06-24 17:03:01.292  1173 21160 E mm-3a-external: [cgAF] Invalid Cal. Set Default AF Cal: PAN: 0x78, MAC: 0x1F4, OFFSET: 0x0
06-24 17:03:01.293   763   763 W Layer   : [SurfaceView - com.appname/com.appname.MainActivity@40fc623@0#0] Timestamp 949064382466240 seems implausible relative to expectedPresent 663609098003170
06-24 17:03:01.325  1173 21160 E mm-3a-external: [cgAF] Invalid Cal. Set Default AF Cal: PAN: 0x78, MAC: 0x1F4, OFFSET: 0x0
06-24 17:03:01.326   763   763 W Layer   : [SurfaceView - com.appname/com.appname.MainActivity@40fc623@0#0] Timestamp 949064415790240 seems implausible relative to expectedPresent 663609131539246
06-24 17:03:01.330  1162  1231 I LocSvc_ApiV02: <--- globalEventCb line 162 QMI_LOC_EVENT_GNSS_SV_INFO_IND_V02
06-24 17:03:01.331  1162  4816 I LocSvc_libulp: ulp_brain_process_gnss_sv_report, gnss sv report cnt = 3730, gnss pos report cnt = 83,strong sv cnt = 0
06-24 17:03:01.331  1394 28315 D GnssLocationProvider_ex: SV Count : 1      (PRN, Constellation, SNR, Used)
06-24 17:03:01.331  1394 28315 D GnssLocationProvider_ex: (194, QZSS, 31.0, 0) 
06-24 17:03:01.348  1394  2393 D InputReader: Input event(6): value=1 when=663609131879000
06-24 17:03:01.349  1394  2393 D InputReader: Input event(6): value=1 when=663609131879000
06-24 17:03:01.349  1394  2393 I InputReader: Touch event's action is 0x0 (deviceType=0) [pCnt=1, s=0.4452 ] when=663609131879000
06-24 17:03:01.349  1394  2392 I InputDispatcher: Delivering touch to (17748): action: 0x0, toolType: 1
06-24 17:03:01.350  1394  6975 D CustomFrequencyManagerService: acquireDVFSLockLocked : type : DVFS_MIN_LIMIT  frequency : 883200  uid : 1000  pid : 1394  pkgName : GESTURE_DETECTED@CPU_MIN@78
06-24 17:03:01.360   763   763 W Layer   : [SurfaceView - com.appname/com.appname.MainActivity@40fc623@0#0] Timestamp 949064449117240 seems implausible relative to expectedPresent 663609165075322
06-24 17:03:01.361  1173 21160 E mm-3a-external: [cgAF] Invalid Cal. Set Default AF Cal: PAN: 0x78, MAC: 0x1F4, OFFSET: 0x0
06-24 17:03:01.380 17748 17748 D ViewRootImpl@f74dda0[MainActivity]: ViewPostIme pointer 0
06-24 17:03:01.392  1173 21160 E mm-3a-external: [cgAF] Invalid Cal. Set Default AF Cal: PAN: 0x78, MAC: 0x1F4, OFFSET: 0x0
06-24 17:03:01.393   763   763 W Layer   : [SurfaceView - com.appname/com.appname.MainActivity@40fc623@0#0] Timestamp 949064482445240 seems implausible relative to expectedPresent 663609198611398
06-24 17:03:01.426  1173 21160 E mm-3a-external: [cgAF] Invalid Cal. Set Default AF Cal: PAN: 0x78, MAC: 0x1F4, OFFSET: 0x0
06-24 17:03:01.427   763   763 W Layer   : [SurfaceView - com.appname/com.appname.MainActivity@40fc623@0#0] Timestamp 949064515772240 seems implausible relative to expectedPresent 663609232147474
06-24 17:03:01.443  1394  2393 D InputReader: Input event(6): value=0 when=663609231656000
06-24 17:03:01.443  1394  2393 D InputReader: Input event(6): value=0 when=663609231656000
06-24 17:03:01.443  1394  2393 I InputReader: Touch event's action is 0x1 (deviceType=0) [pCnt=1, s=] when=663609231656000
06-24 17:03:01.444  1394  2392 I InputDispatcher: Delivering touch to (17748): action: 0x1, toolType: 1
06-24 17:03:01.460   763   763 W Layer   : [SurfaceView - com.appname/com.appname.MainActivity@40fc623@0#0] Timestamp 949064549099240 seems implausible relative to expectedPresent 663609265683550
06-24 17:03:01.466 17748 17748 D ViewRootImpl@f74dda0[MainActivity]: ViewPostIme pointer 1
06-24 17:03:01.492  1173 21160 E mm-3a-external: [cgAF] Invalid Cal. Set Default AF Cal: PAN: 0x78, MAC: 0x1F4, OFFSET: 0x0
06-24 17:03:01.494   763   763 W Layer   : [SurfaceView - com.appname/com.appname.MainActivity@40fc623@0#0] Timestamp 949064582433240 seems implausible relative to expectedPresent 663609299219626
06-24 17:03:01.527   763   763 W Layer   : [SurfaceView - com.appname/com.appname.MainActivity@40fc623@0#0] Timestamp 949064615754240 seems implausible relative to expectedPresent 663609332755702
06-24 17:03:01.535  1394  2393 D InputReader: Input event(6): value=1 when=663609324164000
06-24 17:03:01.535  1394  2393 D InputReader: Input event(6): value=1 when=663609324164000
06-24 17:03:01.536  1394  2393 I InputReader: Touch event's action is 0x0 (deviceType=0) [pCnt=1, s=0.4453 ] when=663609324164000
06-24 17:03:01.536  1394  2392 I InputDispatcher: Delivering touch to (17748): action: 0x0, toolType: 1
06-24 17:03:01.543  1173 21160 E mm-3a-external: [cgAF] Invalid Cal. Set Default AF Cal: PAN: 0x78, MAC: 0x1F4, OFFSET: 0x0
06-24 17:03:01.558 17748 17748 D ViewRootImpl@f74dda0[MainActivity]: ViewPostIme pointer 0
06-24 17:03:01.559  1173 21160 E mm-3a-external: [cgAF] Invalid Cal. Set Default AF Cal: PAN: 0x78, MAC: 0x1F4, OFFSET: 0x0
06-24 17:03:01.561   763   763 W Layer   : [SurfaceView - com.appname/com.appname.MainActivity@40fc623@0#0] Timestamp 949064649085240 seems implausible relative to expectedPresent 663609366291778
06-24 17:03:01.592  1173 21160 E mm-3a-external: [cgAF] Invalid Cal. Set Default AF Cal: PAN: 0x78, MAC: 0x1F4, OFFSET: 0x0
06-24 17:03:01.595   763   763 W Layer   : [SurfaceView - com.appname/com.appname.MainActivity@40fc623@0#0] Timestamp 949064682410240 seems implausible relative to expectedPresent 663609399827854
06-24 17:03:01.626  1394  2393 D InputReader: Input event(6): value=0 when=663609415754000
06-24 17:03:01.626  1394  2393 D InputReader: Input event(6): value=0 when=663609415754000
06-24 17:03:01.626  1394  2393 I InputReader: Touch event's action is 0x1 (deviceType=0) [pCnt=1, s=] when=663609415754000
06-24 17:03:01.626  1394  2392 I InputDispatcher: Delivering touch to (17748): action: 0x1, toolType: 1
06-24 17:03:01.628   763   763 W Layer   : [SurfaceView - com.appname/com.appname.MainActivity@40fc623@0#0] Timestamp 949064715738240 seems implausible relative to expectedPresent 663609433363930
06-24 17:03:01.633 17748 17748 D ViewRootImpl@f74dda0[MainActivity]: ViewPostIme pointer 1
06-24 17:03:01.634  1173 21160 E mm-3a-external: [cgAF] Invalid Cal. Set Default AF Cal: PAN: 0x78, MAC: 0x1F4, OFFSET: 0x0
06-24 17:03:01.643  1173 21159 D mm-camera-CORE: TSAec_process works: stats' frame_id=159, 0, 0
06-24 17:03:01.658  1173 21160 E mm-3a-external: [cgAF] Invalid Cal. Set Default AF Cal: PAN: 0x78, MAC: 0x1F4, OFFSET: 0x0
06-24 17:03:01.662   763   763 W Layer   : [SurfaceView - com.appname/com.appname.MainActivity@40fc623@0#0] Timestamp 949064749081240 seems implausible relative to expectedPresent 663609466900006
06-24 17:03:01.694  1173 21160 E mm-3a-external: [cgAF] Invalid Cal. Set Default AF Cal: PAN: 0x78, MAC: 0x1F4, OFFSET: 0x0
06-24 17:03:01.695   763   763 W Layer   : [SurfaceView - com.appname/com.appname.MainActivity@40fc623@0#0] Timestamp 949064782424240 seems implausible relative to expectedPresent 663609500436082
06-24 17:03:01.703 21185 21201 I zygote  : WaitForGcToComplete blocked for 70.379ms for cause ProfileSaver
06-24 17:03:01.711  1394  2393 D InputReader: Input event(6): value=1 when=663609500137000
06-24 17:03:01.711  1394  2393 D InputReader: Input event(6): value=1 when=663609500137000
06-24 17:03:01.711  1394  2393 I InputReader: Touch event's action is 0x0 (deviceType=0) [pCnt=1, s=0.4454 ] when=663609500137000
06-24 17:03:01.711  1394  2392 I InputDispatcher: Delivering touch to (17748): action: 0x0, toolType: 1
06-24 17:03:01.738 17748 17748 D ViewRootImpl@f74dda0[MainActivity]: ViewPostIme pointer 0
06-24 17:03:01.738  1173 21160 E mm-3a-external: [cgAF] Invalid Cal. Set Default AF Cal: PAN: 0x78, MAC: 0x1F4, OFFSET: 0x0
06-24 17:03:01.745   763   763 W Layer   : [SurfaceView - com.appname/com.appname.MainActivity@40fc623@0#0] Timestamp 949064815733240 seems implausible relative to expectedPresent 663609550740196
06-24 17:03:01.774  1173 21160 E mm-3a-external: [cgAF] Invalid Cal. Set Default AF Cal: PAN: 0x78, MAC: 0x1F4, OFFSET: 0x0
06-24 17:03:01.779   763   763 W Layer   : [SurfaceView - com.appname/com.appname.MainActivity@40fc623@0#0] Timestamp 949064849046240 seems implausible relative to expectedPresent 663609584276272
06-24 17:03:01.796   763   763 W Layer   : [SurfaceView - com.appname/com.appname.MainActivity@40fc623@0#0] Timestamp 949064882381240 seems implausible relative to expectedPresent 663609601044310
06-24 17:03:01.806  1173 21160 E mm-3a-external: [cgAF] Invalid Cal. Set Default AF Cal: PAN: 0x78, MAC: 0x1F4, OFFSET: 0x0
06-24 17:03:01.810  1394  2393 D InputReader: Input event(6): value=0 when=663609599977000
06-24 17:03:01.810  1394  2393 D InputReader: Input event(6): value=0 when=663609599977000
06-24 17:03:01.810  1394  2393 I InputReader: Touch event's action is 0x1 (deviceType=0) [pCnt=1, s=] when=663609599977000
06-24 17:03:01.811  1394  2392 I InputDispatcher: Delivering touch to (17748): action: 0x1, toolType: 1
06-24 17:03:01.818  1394  6975 D SSRM:j  : SIOP:: AP = 590, PST = 556 (W:6), BAT = 412, CHG = 512
06-24 17:03:01.829   763   763 W Layer   : [SurfaceView - com.appname/com.appname.MainActivity@40fc623@0#0] Timestamp 949064915735240 seems implausible relative to expectedPresent 663609634580386
06-24 17:03:01.834  1173 21160 E mm-3a-external: [cgAF] Invalid Cal. Set Default AF Cal: PAN: 0x78, MAC: 0x1F4, OFFSET: 0x0
06-24 17:03:01.852  1394  2867 D BatteryService: !@BatteryListener : batteryPropertiesChanged!
06-24 17:03:01.853 17748 17748 D ViewRootImpl@f74dda0[MainActivity]: ViewPostIme pointer 1
06-24 17:03:01.853  1394  2867 D BatteryService: level:2, scale:100, status:2, health:2, present:true, voltage: 3489, temperature: 413, technology: Li-ion, AC powered:false, USB powered:true, POGO powered:false, Wireless powered:false, icon:17303851, invalid charger:0, maxChargingCurrent:0, maxChargingVoltage:0, chargeCounter:0
06-24 17:03:01.853  1394  2867 D BatteryService: online:4, current avg:1, charge type:1, power sharing:false, high voltage charger:false, capacity:280000, batterySWSelfDischarging:false, misc_event:0, current_event:0, current_now:-1111
06-24 17:03:01.853  1394  1394 D BatteryService: Sending ACTION_BATTERY_CHANGED.
06-24 17:03:01.856  1394  1394 I MotionRecognitionService: Plugged
06-24 17:03:01.856  1394  1394 D MotionRecognitionService:   mCableConnection= 1
06-24 17:03:01.856  1394  1394 D MotionRecognitionService: setPowerConnected : mGripEnabled = false
06-24 17:03:01.856  1394  1394 D SamsungPhoneWindowManager: ACTION_BATTERY_CHANGED - Level :: 2, battStatus :: 2
06-24 17:03:01.857  1394  1950 D UsbDeviceManager: handleMessage -> MSG_UPDATE_CHARGING_STATE = 1
06-24 17:03:01.857  2724  2724 D KeyguardUpdateMonitor: received broadcast android.intent.action.BATTERY_CHANGED
06-24 17:03:01.858  2724  2724 D BatteryController: onReceive-ACTION_BATTERY_CHANGED : mLevel=2, mBatteryStatus=2
06-24 17:03:01.858  2713  2713 V HeadsetService: Received Intent.ACTION_BATTERY_CHANGED
06-24 17:03:01.859  2713  3306 D HeadsetStateMachine: Disconnected process message: 10, size: 0
06-24 17:03:01.861  3040  3040 D PhoneApp: PhoneAppBroadcastReceiver onReceive android.intent.action.BATTERY_CHANGED
06-24 17:03:01.861  3047  3340 D EPDG -- SIM0 [EpdgSubScription]: android.intent.action.BATTERY_CHANGED intent received.
06-24 17:03:01.861  3040  3040 D TelephonyExtensionManager: lowBatterySound - isLowBatterySoundScheduled: false
06-24 17:03:01.861  3040  3040 D TelephonyExtensionManager: lowBatterySound - isPlayNow: false
06-24 17:03:01.862  1173 21160 E mm-3a-external: [cgAF] Invalid Cal. Set Default AF Cal: PAN: 0x78, MAC: 0x1F4, OFFSET: 0x0
06-24 17:03:01.863   763   763 W Layer   : [SurfaceView - com.appname/com.appname.MainActivity@40fc623@0#0] Timestamp 949064949025240 seems implausible relative to expectedPresent 663609668116462
06-24 17:03:01.872  2724  2724 D PowerUI : priorPlugType = 2 mPlugType =  2
06-24 17:03:01.872  3040  3040 D TelephonyExtensionManager: isSpeakerON - false
06-24 17:03:01.892  1173 21160 E mm-3a-external: [cgAF] Invalid Cal. Set Default AF Cal: PAN: 0x78, MAC: 0x1F4, OFFSET: 0x0
06-24 17:03:01.896   763   763 W Layer   : [SurfaceView - com.appname/com.appname.MainActivity@40fc623@0#0] Timestamp 949064982368240 seems implausible relative to expectedPresent 663609701652538
06-24 17:03:01.897  2724  2724 D PowerUI.Notification: showChargingNotice oldChargingType : 1 currentChargingType : 1 oldChargingTime : -1 mChargingTime : -1
06-24 17:03:01.897  2724  2724 D PowerUI.Notification: There is no change about charging status, so return!
06-24 17:03:01.901  3040  3040 D TelephonyExtensionManager: lowBatterySound - batteryStatus: 2
06-24 17:03:01.901  3040  3040 D TelephonyExtensionManager: lowBatterySound - batteryLevel: 2
06-24 17:03:01.901  3040  3040 D TelephonyExtensionManager: lowBatterySound - cancel
06-24 17:03:01.903  1394  2867 D SamsungAlarmManager: Cancel Alarm calling from uid:1001 pid :3040 / op:PendingIntent{fcdf3b0: PendingIntentRecord{3bb2dcc com.android.phone broadcastIntent}}
06-24 17:03:01.903  1394  2393 D InputReader: Input event(6): value=1 when=663609692929000
06-24 17:03:01.903  1394  2393 D InputReader: Input event(6): value=1 when=663609692929000
06-24 17:03:01.903  1394  2393 I InputReader: Touch event's action is 0x0 (deviceType=0) [pCnt=1, s=0.4455 ] when=663609692929000
06-24 17:03:01.905  1394  2392 I InputDispatcher: Delivering touch to (17748): action: 0x0, toolType: 1
06-24 17:03:01.907  1394  2392 D PowerManagerService: [api] userActivityFromNative : 1930 (event: 2 flags: 0) eventTime = 663609692
06-24 17:03:01.911 17748 17748 D ViewRootImpl@f74dda0[MainActivity]: ViewPostIme pointer 0
06-24 17:03:01.916  3040  3040 D TelephonyExtension: Not stopping low battery tone
06-24 17:03:01.928  1173 21160 E mm-3a-external: [cgAF] Invalid Cal. Set Default AF Cal: PAN: 0x78, MAC: 0x1F4, OFFSET: 0x0
06-24 17:03:01.930   763   763 W Layer   : [SurfaceView - com.appname/com.appname.MainActivity@40fc623@0#0] Timestamp 949065015685240 seems implausible relative to expectedPresent 663609735188614
06-24 17:03:01.932  1394  6975 D CustomFrequencyManagerService: acquireDVFSLockLocked : type : DVFS_MIN_LIMIT  frequency : 883200  uid : 1000  pid : 1394  pkgName : GESTURE_DETECTED@CPU_MIN@78
06-24 17:03:01.961  1173 21160 E mm-3a-external: [cgAF] Invalid Cal. Set Default AF Cal: PAN: 0x78, MAC: 0x1F4, OFFSET: 0x0
06-24 17:03:01.963   763   763 W Layer   : [SurfaceView - com.appname/com.appname.MainActivity@40fc623@0#0] Timestamp 949065049009240 seems implausible relative to expectedPresent 663609768724690
06-24 17:03:01.996  1173 21160 E mm-3a-external: [cgAF] Invalid Cal. Set Default AF Cal: PAN: 0x78, MAC: 0x1F4, OFFSET: 0x0
06-24 17:03:01.997   763   763 W Layer   : [SurfaceView - com.appname/com.appname.MainActivity@40fc623@0#0] Timestamp 949065082343240 seems implausible relative to expectedPresent 663609802260766
06-24 17:03:02.012  1394  2393 D InputReader: Input event(6): value=0 when=663609801603000
06-24 17:03:02.012  1394  2393 D InputReader: Input event(6): value=0 when=663609801603000
06-24 17:03:02.012  1394  2393 I InputReader: Touch event's action is 0x1 (deviceType=0) [pCnt=1, s=] when=663609801603000
06-24 17:03:02.012  1394  2392 I InputDispatcher: Delivering touch to (17748): action: 0x1, toolType: 1
06-24 17:03:02.026  1173 21160 E mm-3a-external: [cgAF] Invalid Cal. Set Default AF Cal: PAN: 0x78, MAC: 0x1F4, OFFSET: 0x0
06-24 17:03:02.031   763   763 W Layer   : [SurfaceView - com.appname/com.appname.MainActivity@40fc623@0#0] Timestamp 949065115666240 seems implausible relative to expectedPresent 663609835796842
06-24 17:03:02.059  1173 21160 E mm-3a-external: [cgAF] Invalid Cal. Set Default AF Cal: PAN: 0x78, MAC: 0x1F4, OFFSET: 0x0
06-24 17:03:02.064   763   763 W Layer   : [SurfaceView - com.appname/com.appname.MainActivity@40fc623@0#0] Timestamp 949065149007240 seems implausible relative to expectedPresent 663609869332918
06-24 17:03:02.070  1394  2393 D InputReader: Input event(6): value=1 when=663609859702000
06-24 17:03:02.070  1394  2393 D InputReader: Input event(6): value=1 when=663609859702000
06-24 17:03:02.071  1394  2393 I InputReader: Touch event's action is 0x0 (deviceType=0) [pCnt=1, s=0.4456 ] when=663609859702000
06-24 17:03:02.071  1394  2393 D InputDispatcher: NTC window 2d9b187 com.appname/com.appname.MainActivity (server) 2
06-24 17:03:02.071  1394  2392 I InputDispatcher: Delivering touch to (17748): action: 0x0, toolType: 1
06-24 17:03:02.082 17748 17748 D ViewRootImpl@f74dda0[MainActivity]: ViewPostIme pointer 1
06-24 17:03:02.087 17748 17748 D ViewRootImpl@f74dda0[MainActivity]: ViewPostIme pointer 0
06-24 17:03:02.092  1173 21160 E mm-3a-external: [cgAF] Invalid Cal. Set Default AF Cal: PAN: 0x78, MAC: 0x1F4, OFFSET: 0x0
06-24 17:03:02.098   763   763 W Layer   : [SurfaceView - com.appname/com.appname.MainActivity@40fc623@0#0] Timestamp 949065182322240 seems implausible relative to expectedPresent 663609902868994
06-24 17:03:02.126  1173 21160 E mm-3a-external: [cgAF] Invalid Cal. Set Default AF Cal: PAN: 0x78, MAC: 0x1F4, OFFSET: 0x0
06-24 17:03:02.131   763   763 W Layer   : [SurfaceView - com.appname/com.appname.MainActivity@40fc623@0#0] Timestamp 949065215646240 seems implausible relative to expectedPresent 663609936405070
06-24 17:03:02.135  1394  2867 D ConnectivityService: filterNetworkStateForUid() uid: 10081 networkInfo: [type: WIFI[] - WIFI, state: CONNECTED/CONNECTED, reason: (unspecified), extra: "BananaPancake", failover: false, available: true, roaming: false, metered: false]
06-24 17:03:02.160  1173 21160 E mm-3a-external: [cgAF] Invalid Cal. Set Default AF Cal: PAN: 0x78, MAC: 0x1F4, OFFSET: 0x0
06-24 17:03:02.165   763   763 W Layer   : [SurfaceView - com.appname/com.appname.MainActivity@40fc623@0#0] Timestamp 949065248969240 seems implausible relative to expectedPresent 663609969941146
06-24 17:03:02.179  1394  2393 D InputReader: Input event(6): value=0 when=663609968812000
06-24 17:03:02.179  1394  2393 D InputReader: Input event(6): value=0 when=663609968812000
06-24 17:03:02.179  1394  2393 I InputReader: Touch event's action is 0x1 (deviceType=0) [pCnt=1, s=] when=663609968812000
06-24 17:03:02.180  1394  2392 I InputDispatcher: Delivering touch to (17748): action: 0x1, toolType: 1
06-24 17:03:02.181  1394  6975 D CustomFrequencyManagerService: acquireDVFSLockLocked : type : DVFS_MIN_LIMIT  frequency : 883200  uid : 1000  pid : 1394  pkgName : GESTURE_DETECTED@CPU_MIN@78
06-24 17:03:02.189 17748 17748 D ViewRootImpl@f74dda0[MainActivity]: ViewPostIme pointer 1
06-24 17:03:02.194  1173 21160 E mm-3a-external: [cgAF] Invalid Cal. Set Default AF Cal: PAN: 0x78, MAC: 0x1F4, OFFSET: 0x0
06-24 17:03:02.198   763   763 W Layer   : [SurfaceView - com.appname/com.appname.MainActivity@40fc623@0#0] Timestamp 949065282304240 seems implausible relative to expectedPresent 663610003477222
06-24 17:03:02.203  1394  1394 D TelephonyManager: getCellLocation : Caller (PID / UID / TID): 1394 / 1000 / 1394
06-24 17:03:02.204  2724  2989 D NetworkController.MobileSignalController(0/1): onSignalStrengthsChanged signalStrength=SignalStrength: 99 99 -93 -190 -120 -1 -1 16 -119 -20 -77 2147483647 0 2147483647 0x1010 P gsm|lte level=1
06-24 17:03:02.204  2724  2989 D NetworkController.MobileSignalController(0/1): getMobileIconGroup(): 13
06-24 17:03:02.229  2724  2989 D NetworkController.MobileSignalController(0/1): updateVZWMobileIconGroup(): 13
06-24 17:03:02.229  1173 21160 E mm-3a-external: [cgAF] Invalid Cal. Set Default AF Cal: PAN: 0x78, MAC: 0x1F4, OFFSET: 0x0
06-24 17:03:02.232   763   763 W Layer   : [SurfaceView - com.appname/com.appname.MainActivity@40fc623@0#0] Timestamp 949065315637240 seems implausible relative to expectedPresent 663610037013298
06-24 17:03:02.235  3047  3340 D EPDG -- SIM0 [SMARTWIFI]: onSignalStrengthsChanged: Received signal strength change, phone type is: 2
06-24 17:03:02.236  3047  5316 D EPDG -- SIM0 [SMARTWIFI]: lastLteRSRP is -119currentLteRSRP is -119
06-24 17:03:02.236  3047  5316 D EPDG -- SIM0 [SMARTWIFI]: lastLteRSRQ is -20currentLteRSRQ is -20
06-24 17:03:02.236  3047  5316 D EPDG -- SIM0 [SMARTWIFI]: lastCdmaDb is -19currentCdmaDb is -19
06-24 17:03:02.236  3047  5316 V EPDG -- SIM0 [SMARTWIFI]: Radio oldest entry removed
06-24 17:03:02.236  3047  5316 V EPDG -- SIM0 [SMARTWIFI]: New entry : (SignalStrength: 99 99 -93 -190 -120 -1 -1 16 -119 -20 -77 2147483647 0 2147483647 0x1010 P gsm|lte : 0 )
06-24 17:03:02.236  3047  5316 V EPDG -- SIM0 [SMARTWIFI]: Radio entry added
06-24 17:03:02.246  3047  5313 D EPDG -- SIM0 [MODEM]: message length is  9
06-24 17:03:02.248  3047  5313 D EPDG -- SIM0 [MODEM]: countRead is 7 offset is 7remaining is 0
06-24 17:03:02.248  3047  5313 D EPDG -- EpdgIpcMessageFactory: ipcMainCmd: 8
06-24 17:03:02.248  3047  5313 D EPDG -- SIM0 [RILRECEIVER]: [Rx]: Main: IPC_NET_CMD Sub: IPC_NET_REGIST
06-24 17:03:02.248  3047  5313 D EPDG -- SIM0 [RILRECEIVER]: [Rx]: Param: FF 03 
06-24 17:03:02.248  3047  5313 I EPDG -- SIM0 [RILRECEIVER]: RX [NET_REGIST] -- RESPONSE -- EPDG NOT AVAILABLE
06-24 17:03:02.248  3047  5313 D EPDG -- [NETIPCMESSAGE]: encodeNetRegist
06-24 17:03:02.248  3047  5313 D EPDG -- SIM0 [IPCDISPATCHER]: [Tx]: Main: IPC_NET_CMD Sub: IPC_NET_REGIST Cmd Type: IPC_CMD_RESP
06-24 17:03:02.248  3047  5313 D EPDG -- SIM0 [IPCDISPATCHER]: [Tx]: Param: 30 03 01 00 00 00 00 00 00 00 00 00 00 
06-24 17:03:02.253  3047  5314 D EPDG -- SIM0 [MODEM]: Successfully written to RIL
06-24 17:03:02.253  3047  3340 D EPDG -- SIM0 [EpdgSubScription]: Event received: RIL_EPDG_STATUS_QUERY
06-24 17:03:02.253  3047  3340 D EPDG -- SIM0 [EpdgSubScription]: handleMessage: cid - 1
06-24 17:03:02.257  1394  2867 I EDMNativeHelperService: isCameraEnabled
06-24 17:03:02.269  1173 21160 E mm-3a-external: [cgAF] Invalid Cal. Set Default AF Cal: PAN: 0x78, MAC: 0x1F4, OFFSET: 0x0
06-24 17:03:02.269  2724  2989 D NetworkController.MobileSignalController(0/1): callState:0, callStateByPhone:false voLTECall:false voiceNetTpe:7 dataNetType:13, ine911:false, emergencyCallbackMode:false
06-24 17:03:02.280  1394  2393 D InputReader: Input event(6): value=1 when=663610069496000
06-24 17:03:02.280  1394  2393 D InputReader: Input event(6): value=1 when=663610069496000
06-24 17:03:02.280  1394  2393 I InputReader: Touch event's action is 0x0 (deviceType=0) [pCnt=1, s=0.4457 ] when=663610069496000
06-24 17:03:02.281  1394  2392 I InputDispatcher: Delivering touch to (17748): action: 0x0, toolType: 1
06-24 17:03:02.282   763   763 W Layer   : [SurfaceView - com.appname/com.appname.MainActivity@40fc623@0#0] Timestamp 949065348959240 seems implausible relative to expectedPresent 663610087317412
06-24 17:03:02.296 17748 17748 D ViewRootImpl@f74dda0[MainActivity]: ViewPostIme pointer 0
06-24 17:03:02.296  1173 21160 E mm-3a-external: [cgAF] Invalid Cal. Set Default AF Cal: PAN: 0x78, MAC: 0x1F4, OFFSET: 0x0
06-24 17:03:02.299   763   763 W Layer   : [SurfaceView - com.appname/com.appname.MainActivity@40fc623@0#0] Timestamp 949065382287240 seems implausible relative to expectedPresent 663610104085450
06-24 17:03:02.311  3047  5313 D EPDG -- SIM0 [MODEM]: message length is  9
06-24 17:03:02.312  3047  5313 D EPDG -- SIM0 [MODEM]: countRead is 7 offset is 7remaining is 0
06-24 17:03:02.312  3047  5313 D EPDG -- EpdgIpcMessageFactory: ipcMainCmd: 8
06-24 17:03:02.312  3047  5313 D EPDG -- SIM0 [RILRECEIVER]: [Rx]: Main: IPC_NET_CMD Sub: IPC_NET_REGIST
06-24 17:03:02.312  3047  5313 D EPDG -- SIM0 [RILRECEIVER]: [Rx]: Param: FF 03 
06-24 17:03:02.312  3047  5313 I EPDG -- SIM0 [RILRECEIVER]: RX [NET_REGIST] -- RESPONSE -- EPDG NOT AVAILABLE
06-24 17:03:02.312  3047  5313 D EPDG -- [NETIPCMESSAGE]: encodeNetRegist
06-24 17:03:02.312  3047  5313 D EPDG -- SIM0 [IPCDISPATCHER]: [Tx]: Main: IPC_NET_CMD Sub: IPC_NET_REGIST Cmd Type: IPC_CMD_RESP
06-24 17:03:02.312  3047  5313 D EPDG -- SIM0 [IPCDISPATCHER]: [Tx]: Param: 30 03 01 00 00 00 00 00 00 00 00 00 00 
06-24 17:03:02.312  3047  5314 D EPDG -- SIM0 [MODEM]: Successfully written to RIL
06-24 17:03:02.313  3047  3340 D EPDG -- SIM0 [EpdgSubScription]: Event received: RIL_EPDG_STATUS_QUERY
06-24 17:03:02.313  3047  3340 D EPDG -- SIM0 [EpdgSubScription]: handleMessage: cid - 1
06-24 17:03:02.325  1173 21160 E mm-3a-external: [cgAF] Invalid Cal. Set Default AF Cal: PAN: 0x78, MAC: 0x1F4, OFFSET: 0x0
06-24 17:03:02.333  1162  1231 I LocSvc_ApiV02: <--- globalEventCb line 162 QMI_LOC_EVENT_GNSS_SV_INFO_IND_V02
06-24 17:03:02.334  1162  4816 I LocSvc_libulp: ulp_brain_process_gnss_sv_report, gnss sv report cnt = 3731, gnss pos report cnt = 83,strong sv cnt = 0
06-24 17:03:02.335  1173 21159 D mm-camera-CORE: TSAec_process works: stats' frame_id=179, 0, 0
06-24 17:03:02.335  1394 28315 D GnssLocationProvider_ex: SV Count : 1      (PRN, Constellation, SNR, Used)
06-24 17:03:02.335  1394 28315 D GnssLocationProvider_ex: (194, QZSS, 31.0, 0) 
06-24 17:03:02.352  1394  6975 D GameManagerService: identifyGamePackage. com.appname
06-24 17:03:02.352  1394  6975 D GamePkgDataHelper: getGamePkgData(). com.appname
06-24 17:03:02.359  1173 21160 E mm-3a-external: [cgAF] Invalid Cal. Set Default AF Cal: PAN: 0x78, MAC: 0x1F4, OFFSET: 0x0
06-24 17:03:02.366   763   763 W Layer   : [SurfaceView - com.appname/com.appname.MainActivity@40fc623@0#0] Timestamp 949065448938240 seems implausible relative to expectedPresent 663610171157602
06-24 17:03:02.371  1394  2393 D InputReader: Input event(6): value=0 when=663610161157000
06-24 17:03:02.372  1394  2393 D InputReader: Input event(6): value=0 when=663610161157000
06-24 17:03:02.372  1394  2393 I InputReader: Touch event's action is 0x1 (deviceType=0) [pCnt=1, s=] when=663610161157000
06-24 17:03:02.372  1394  2392 I InputDispatcher: Delivering touch to (17748): action: 0x1, toolType: 1
06-24 17:03:02.391 17748 17748 D ViewRootImpl@f74dda0[MainActivity]: ViewPostIme pointer 1
06-24 17:03:02.395  1173 21160 E mm-3a-external: [cgAF] Invalid Cal. Set Default AF Cal: PAN: 0x78, MAC: 0x1F4, OFFSET: 0x0
06-24 17:03:02.399   763   763 W Layer   : [SurfaceView - com.appname/com.appname.MainActivity@40fc623@0#0] Timestamp 949065482277240 seems implausible relative to expectedPresent 663610204693678
06-24 17:03:02.404  1394  1394 D TelephonyManager: getCellLocation : Caller (PID / UID / TID): 1394 / 1000 / 1394
06-24 17:03:02.429  2724  2989 D NetworkController.MobileSignalController(0/1): onCellLocationChanged
06-24 17:03:02.431  1173 21160 E mm-3a-external: [cgAF] Invalid Cal. Set Default AF Cal: PAN: 0x78, MAC: 0x1F4, OFFSET: 0x0
06-24 17:03:02.433   763   763 W Layer   : [SurfaceView - com.appname/com.appname.MainActivity@40fc623@0#0] Timestamp 949065515593240 seems implausible relative to expectedPresent 663610238229754
06-24 17:03:02.446  1394  1394 D TelephonyManager: getCellLocation : Caller (PID / UID / TID): 1394 / 1000 / 1394
06-24 17:03:02.455  1394  1644 D NetworkManagement: sendMdcCmd: cell
06-24 17:03:02.455  1146  1465 D CommandListener: Mdc Run command
06-24 17:03:02.455  1146  1465 D ResolverController: getDnsResultInfo: dns request : 763
06-24 17:03:02.459 17748 17748 D ImageCapture: Send image capture request [current, pending] = [0, 1]
06-24 17:03:02.460  1394  1644 D MDC     : cell response : 0
06-24 17:03:02.463  1394  2932 D SLocation: onCellLocationChanged 1 / 0
06-24 17:03:02.466   763   763 W Layer   : [SurfaceView - com.appname/com.appname.MainActivity@40fc623@0#0] Timestamp 949065548921240 seems implausible relative to expectedPresent 663610271765830
06-24 17:03:02.470 17748 18064 D CaptureSession: Issuing capture request.
06-24 17:03:02.475  1173 21160 E mm-3a-external: [cgAF] Invalid Cal. Set Default AF Cal: PAN: 0x78, MAC: 0x1F4, OFFSET: 0x0
06-24 17:03:02.481  1394  2393 D InputReader: Input event(6): value=1 when=663610270621000
06-24 17:03:02.481  1394  2393 D InputReader: Input event(6): value=1 when=663610270621000
06-24 17:03:02.481  1394  2393 I InputReader: Touch event's action is 0x0 (deviceType=0) [pCnt=1, s=0.4458 ] when=663610270621000
06-24 17:03:02.481  1394  2392 I InputDispatcher: Delivering touch to (17748): action: 0x0, toolType: 1
06-24 17:03:02.484  1394  6975 D CustomFrequencyManagerService: acquireDVFSLockLocked : type : DVFS_MIN_LIMIT  frequency : 883200  uid : 1000  pid : 1394  pkgName : GESTURE_DETECTED@CPU_MIN@78
06-24 17:03:02.490 17748 21269 I OggExtractor: OggSource::OggSource() mExtractor ref count = 3
06-24 17:03:02.491 17748 17748 D ViewRootImpl@f74dda0[MainActivity]: ViewPostIme pointer 0
06-24 17:03:02.492  1173 21160 E mm-3a-external: [cgAF] Invalid Cal. Set Default AF Cal: PAN: 0x78, MAC: 0x1F4, OFFSET: 0x0
06-24 17:03:02.496  1394  2932 D TelephonyManager: getAllCellInfo : Caller (PID / UID / TID): 1394 / 1000 / 2932
06-24 17:03:02.497  1394  1644 D MDC     : operator = [311480]
06-24 17:03:02.497  1394  1644 D TelephonyManager: getCellLocation : Caller (PID / UID / TID): 1394 / 1000 / 1644
06-24 17:03:02.517   763   763 W Layer   : [SurfaceView - com.appname/com.appname.MainActivity@40fc623@0#0] Timestamp 949065582246240 seems implausible relative to expectedPresent 663610322069944
06-24 17:03:02.522  1394 10129 I EDMNativeHelperService: isCameraEnabled
06-24 17:03:02.525  1173 21160 E mm-3a-external: [cgAF] Invalid Cal. Set Default AF Cal: PAN: 0x78, MAC: 0x1F4, OFFSET: 0x0
06-24 17:03:02.534   763   763 W Layer   : [SurfaceView - com.appname/com.appname.MainActivity@40fc623@0#0] Timestamp 949065615576240 seems implausible relative to expectedPresent 663610338837982
06-24 17:03:02.534  1394  2932 D SLocation: cellList : 3
06-24 17:03:02.539 17748 21269 I OggExtractor: OggSource::OggSource() mExtractor ref count = 3
06-24 17:03:02.538 17748 21271 I OggExtractor: OggSource::stop() mExtractor ref count = 2
06-24 17:03:02.539 17748 21271 I OggExtractor: ~OggSource --
06-24 17:03:02.539 17748 21271 I OggExtractor: ~OggExtractor ++
06-24 17:03:02.539 17748 21271 I OggExtractor: ~MyOggExtractor ++ 
