06-24 17:03:07.225  1173 21160 E mm-3a-external: [cgAF] Invalid Cal. Set Default AF Cal: PAN: 0x78, MAC: 0x1F4, OFFSET: 0x0
06-24 17:03:07.228   763   763 W Layer   : [SurfaceView - com.appname/com.appname.MainActivity@40fc623@0#0] Timestamp 949070281400240 seems implausible relative to expectedPresent 663615033331508
06-24 17:03:07.261  1173 21160 E mm-3a-external: [cgAF] Invalid Cal. Set Default AF Cal: PAN: 0x78, MAC: 0x1F4, OFFSET: 0x0
06-24 17:03:07.262   763   763 W Layer   : [SurfaceView - com.appname/com.appname.MainActivity@40fc623@0#0] Timestamp 949070314827240 seems implausible relative to expectedPresent 663615066869668
06-24 17:03:07.280  1394  2393 D InputReader: Input event(6): value=1 when=663615069513000
06-24 17:03:07.281  1394  2393 D InputReader: Input event(6): value=1 when=663615069513000
06-24 17:03:07.281  1394  2393 I InputReader: Touch event's action is 0x0 (deviceType=0) [pCnt=1, s=0.4479 ] when=663615069513000
06-24 17:03:07.281  1394  2392 I InputDispatcher: Delivering touch to (17748): action: 0x0, toolType: 1
06-24 17:03:07.295  1173 21160 E mm-3a-external: [cgAF] Invalid Cal. Set Default AF Cal: PAN: 0x78, MAC: 0x1F4, OFFSET: 0x0
06-24 17:03:07.297   763   763 W Layer   : [SurfaceView - com.appname/com.appname.MainActivity@40fc623@0#0] Timestamp 949070348061240 seems implausible relative to expectedPresent 663615100407828
06-24 17:03:07.312   763   763 W Layer   : [SurfaceView - com.appname/com.appname.MainActivity@40fc623@0#0] Timestamp 949070381390240 seems implausible relative to expectedPresent 663615117176908
06-24 17:03:07.313 17748 17748 D ViewRootImpl@f74dda0[MainActivity]: ViewPostIme pointer 0
06-24 17:03:07.325  1173 21160 E mm-3a-external: [cgAF] Invalid Cal. Set Default AF Cal: PAN: 0x78, MAC: 0x1F4, OFFSET: 0x0
06-24 17:03:07.329  1162  1231 I LocSvc_ApiV02: <--- globalEventCb line 162 QMI_LOC_EVENT_GNSS_SV_INFO_IND_V02
06-24 17:03:07.332  1394  6665 D GnssLocationProvider_ex: SV Count : 1      (PRN, Constellation, SNR, Used)
06-24 17:03:07.332  1394  6665 D GnssLocationProvider_ex: (194, QZSS, 31.0, 0) 
06-24 17:03:07.334  1394  2867 I EDMNativeHelperService: isCameraEnabled
06-24 17:03:07.357  1173 21160 E mm-3a-external: [cgAF] Invalid Cal. Set Default AF Cal: PAN: 0x78, MAC: 0x1F4, OFFSET: 0x0
06-24 17:03:07.362   763   763 W Layer   : [SurfaceView - com.appname/com.appname.MainActivity@40fc623@0#0] Timestamp 949070414715240 seems implausible relative to expectedPresent 663615167484148
06-24 17:03:07.389  1394  2393 D InputReader: Input event(6): value=0 when=663615178402000
06-24 17:03:07.389  1394  2393 D InputReader: Input event(6): value=0 when=663615178402000
06-24 17:03:07.389  1394  2393 I InputReader: Touch event's action is 0x1 (deviceType=0) [pCnt=1, s=] when=663615178402000
06-24 17:03:07.389  1394  2392 I InputDispatcher: Delivering touch to (17748): action: 0x1, toolType: 1
06-24 17:03:07.391  1173 21160 E mm-3a-external: [cgAF] Invalid Cal. Set Default AF Cal: PAN: 0x78, MAC: 0x1F4, OFFSET: 0x0
06-24 17:03:07.395 17748 17748 D ViewRootImpl@f74dda0[MainActivity]: ViewPostIme pointer 1
06-24 17:03:07.396   763   763 W Layer   : [SurfaceView - com.appname/com.appname.MainActivity@40fc623@0#0] Timestamp 949070448044240 seems implausible relative to expectedPresent 663615201022308
06-24 17:03:07.416  1394  2500 D SamsungAlarmManager: Cancel Alarm calling from uid:1000 pid :1394 / listener:android.app.AlarmManager$ListenerWrapper@a155799
06-24 17:03:07.418  1394  2500 D WifiScanningService: onFullScanResult received, previous scan count:16
06-24 17:03:07.418  1394  2500 D WifiScanningService: onScanStatus event received, event=0
06-24 17:03:07.426  1173 21160 E mm-3a-external: [cgAF] Invalid Cal. Set Default AF Cal: PAN: 0x78, MAC: 0x1F4, OFFSET: 0x0
06-24 17:03:07.429   763   763 W Layer   : [SurfaceView - com.appname/com.appname.MainActivity@40fc623@0#0] Timestamp 949070481368240 seems implausible relative to expectedPresent 663615234560468
06-24 17:03:07.437  1394  2500 D WifiScanningService: singleScanResults: ClientInfo[uid=10024,android.os.Messenger@1a888fa],Id=494,results=17
06-24 17:03:07.450  1394  2500 D WifiScanningService: singleScanResults: ClientInfo[uid=1000,android.os.Messenger@cfe5107],Id=1,results=17
06-24 17:03:07.453  1394  1645 W BroadcastQueue: Background execution not allowed: receiving Intent { act=android.net.wifi.SCAN_RESULTS flg=0x4000010 (has extras) } to com.verizon.mips.services/com.verizon.vzwavs.AVSImplicitBroadcastReceiver
06-24 17:03:07.455  2927  2980 D EventHandler_FLP: WIFI_SCAN_RESULTS
06-24 17:03:07.456  1394  2867 D WifiPermissionsUtil: canAccessScanResults: pkgName = com.google.android.gms, uid = 10024
06-24 17:03:07.457  1394 13864 D WifiPermissionsUtil: canAccessScanResults: pkgName = com.google.android.gms, uid = 10024
06-24 17:03:07.460  1173 21160 E mm-3a-external: [cgAF] Invalid Cal. Set Default AF Cal: PAN: 0x78, MAC: 0x1F4, OFFSET: 0x0
06-24 17:03:07.462  1394  1394 I WifiService: Securities matching
06-24 17:03:07.463   763   763 W Layer   : [SurfaceView - com.appname/com.appname.MainActivity@40fc623@0#0] Timestamp 949070514699240 seems implausible relative to expectedPresent 663615268098628
06-24 17:03:07.496   763   763 W Layer   : [SurfaceView - com.appname/com.appname.MainActivity@40fc623@0#0] Timestamp 949070548026240 seems implausible relative to expectedPresent 663615301636788
06-24 17:03:07.497  1173 21160 E mm-3a-external: [cgAF] Invalid Cal. Set Default AF Cal: PAN: 0x78, MAC: 0x1F4, OFFSET: 0x0
06-24 17:03:07.498  1394  2393 D InputReader: Input event(6): value=1 when=663615287402000
06-24 17:03:07.498  1394  2393 D InputReader: Input event(6): value=1 when=663615287402000
06-24 17:03:07.498  1394  2393 I InputReader: Touch event's action is 0x0 (deviceType=0) [pCnt=1, s=0.4480 ] when=663615287402000
06-24 17:03:07.499  1394  2392 I InputDispatcher: Delivering touch to (17748): action: 0x0, toolType: 1
06-24 17:03:07.500  1394  2392 D PowerManagerService: [api] userActivityFromNative : 1970 (event: 2 flags: 0) eventTime = 663615287
06-24 17:03:07.501  1394  6975 D CustomFrequencyManagerService: acquireDVFSLockLocked : type : DVFS_MIN_LIMIT  frequency : 883200  uid : 1000  pid : 1394  pkgName : GESTURE_DETECTED@CPU_MIN@78
06-24 17:03:07.510 17748 17748 D ViewRootImpl@f74dda0[MainActivity]: ViewPostIme pointer 0
06-24 17:03:07.524  1173 21160 E mm-3a-external: [cgAF] Invalid Cal. Set Default AF Cal: PAN: 0x78, MAC: 0x1F4, OFFSET: 0x0
06-24 17:03:07.530   763   763 W Layer   : [SurfaceView - com.appname/com.appname.MainActivity@40fc623@0#0] Timestamp 949070581349240 seems implausible relative to expectedPresent 663615335174948
06-24 17:03:07.557  1173 21160 E mm-3a-external: [cgAF] Invalid Cal. Set Default AF Cal: PAN: 0x78, MAC: 0x1F4, OFFSET: 0x0
06-24 17:03:07.563   763   763 W Layer   : [SurfaceView - com.appname/com.appname.MainActivity@40fc623@0#0] Timestamp 949070614679240 seems implausible relative to expectedPresent 663615368713108
06-24 17:03:07.593  1173 21160 E mm-3a-external: [cgAF] Invalid Cal. Set Default AF Cal: PAN: 0x78, MAC: 0x1F4, OFFSET: 0x0
06-24 17:03:07.597   763   763 W Layer   : [SurfaceView - com.appname/com.appname.MainActivity@40fc623@0#0] Timestamp 949070648030240 seems implausible relative to expectedPresent 663615402251268
06-24 17:03:07.607  1394  2393 D InputReader: Input event(6): value=0 when=663615396423000
06-24 17:03:07.607  1394  2393 D InputReader: Input event(6): value=0 when=663615396423000
06-24 17:03:07.607  1394  2393 I InputReader: Touch event's action is 0x1 (deviceType=0) [pCnt=1, s=] when=663615396423000
06-24 17:03:07.608  1394  2392 I InputDispatcher: Delivering touch to (17748): action: 0x1, toolType: 1
06-24 17:03:07.624  1173 21160 E mm-3a-external: [cgAF] Invalid Cal. Set Default AF Cal: PAN: 0x78, MAC: 0x1F4, OFFSET: 0x0
06-24 17:03:07.626 17748 17748 D ViewRootImpl@f74dda0[MainActivity]: ViewPostIme pointer 1
06-24 17:03:07.631   763   763 W Layer   : [SurfaceView - com.appname/com.appname.MainActivity@40fc623@0#0] Timestamp 949070681340240 seems implausible relative to expectedPresent 663615435789428
06-24 17:03:07.638  1173 21159 D mm-camera-CORE: TSAec_process works: stats' frame_id=339, 0, 0
06-24 17:03:07.647   763   763 W Layer   : [SurfaceView - com.appname/com.appname.MainActivity@40fc623@0#0] Timestamp 949070714680240 seems implausible relative to expectedPresent 663615452558508
06-24 17:03:07.657  1173 21160 E mm-3a-external: [cgAF] Invalid Cal. Set Default AF Cal: PAN: 0x78, MAC: 0x1F4, OFFSET: 0x0
06-24 17:03:07.664 17748 17748 D ImageCapture: Send image capture request [current, pending] = [0, 1]
06-24 17:03:07.667 17748 18063 D CaptureSession: Issuing capture request.
06-24 17:03:07.675  1394 13864 I EDMNativeHelperService: isCameraEnabled
06-24 17:03:07.677  1029 14994 D Camera3-Device: submitRequestsHelper: mInterfaceLock.lock()
06-24 17:03:07.677  1029 14994 D Camera3-Device: submitRequestsHelper: mInterfaceLock.unlock()
06-24 17:03:07.691  1173 21160 E mm-3a-external: [cgAF] Invalid Cal. Set Default AF Cal: PAN: 0x78, MAC: 0x1F4, OFFSET: 0x0
06-24 17:03:07.697   763   763 W Layer   : [SurfaceView - com.appname/com.appname.MainActivity@40fc623@0#0] Timestamp 949070747989240 seems implausible relative to expectedPresent 663615502865748
06-24 17:03:07.699 17748 21317 I OggExtractor: OggSource::OggSource() mExtractor ref count = 3
06-24 17:03:07.707  1029 21164 D Camera3-Status: markComponent: Component 2 is now active
06-24 17:03:07.714   763   763 W Layer   : [SurfaceView - com.appname/com.appname.MainActivity@40fc623@0#0] Timestamp 949070781314240 seems implausible relative to expectedPresent 663615519634828
06-24 17:03:07.723  1394 10598 D ConnectivityService: filterNetworkStateForUid() uid: 5013 networkInfo: [type: WIFI[] - WIFI, state: CONNECTED/CONNECTED, reason: (unspecified), extra: "BananaPancake", failover: false, available: true, roaming: false, metered: false]
06-24 17:03:07.724  1394  2393 D InputReader: Input event(6): value=1 when=663615513733000
06-24 17:03:07.724  1394  2393 D InputReader: Input event(6): value=1 when=663615513733000
06-24 17:03:07.724  1394  2393 I InputReader: Touch event's action is 0x0 (deviceType=0) [pCnt=1, s=0.4481 ] when=663615513733000
06-24 17:03:07.725  1173 21160 E mm-3a-external: [cgAF] Invalid Cal. Set Default AF Cal: PAN: 0x78, MAC: 0x1F4, OFFSET: 0x0
06-24 17:03:07.725  1394  2392 I InputDispatcher: Delivering touch to (17748): action: 0x0, toolType: 1
06-24 17:03:07.739  1162  1162 I LocSvc_GnssInterface: ===> injectLocation line 232 
06-24 17:03:07.740  1394  4786 D NpProxy : handleMessage what - 4
06-24 17:03:07.740  1394  4786 V LocSvc_HIDL_OsNpGlue_jni: [onJavaLocationChanged][159] [HC] =>> [HS]
06-24 17:03:07.741  1173 21156 E         : Camera[DBG][IFACE ] iface_set_super_param: 2689: iface_set_super_param:2689 store q_idx 3
06-24 17:03:07.742  1173 21156 E         : Camera[DBG] cpp_module_get_params_for_identity: 533: cpp_module_get_params_for_identity:533, failed, identity=0x20003
06-24 17:03:07.742  1173 21156 E mm-camera-img: module_faceproc_client_handle_ctrl_parm:5683] 3 calling module_faceproc_client_schedule_mode 0
06-24 17:03:07.742  1173 21156 E mm-camera-img: module_faceproc_client_handle_ctrl_parm:5633] 2 calling module_faceproc_client_schedule_mode 0
06-24 17:03:07.742  1173 21156 I mm-camera-sensor: module_sensor_set_parm_led_mode:229CAM_INTF_PARM_LED_MODE 0 is_capture 0
06-24 17:03:07.742  1173 21156 I mm-camera-sensor: module_sensor_set_parm_led_mode:305last flash request 0
06-24 17:03:07.742  1173 21156 I mm-camera-sensor: sensor_set_capture_intent:1968capture intent 2
06-24 17:03:07.742  1173 21156 E mm-camera-sensor: flash_process:483invalid event 151
06-24 17:03:07.742  1173 21156 I mm-camera-sensor: module_sensor_event_control_set_parm:5662CAM_INTF_PARM_OIS_MODES: 3
06-24 17:03:07.742  1173 21156 I mm-camera-sensor: ois_process:396[E]
06-24 17:03:07.742  1173 21156 I mm-camera-sensor: ois_process:406[OIS_SET_MODE][data :: 3]
06-24 17:03:07.742  1173 21156 I mm-camera-sensor: ois_set_mode:25[Enter]
06-24 17:03:07.742  1173 21156 I mm-camera-sensor: ois_set_mode:46[ois_set_mode][modes :: 3]
06-24 17:03:07.744  1162  1162 V LocSvc_HIDL_IzatOsNpGlue: [locationChanged][33] [HS] <<<<= [HC]
06-24 17:03:07.745  1162  1198 I LocSvc_api_v02: ---> locClientSendReq line 2102 QMI_LOC_INJECT_POSITION_REQ_V02
06-24 17:03:07.745  1162  4816 I LocSvc_libulp: ulp_brain_process_gnp_position_report, first_fix_pending 1, request active = 0,gnss running 1, gnss state 1 quipc running 0 quipc state 0
06-24 17:03:07.745  1162  4816 I LocSvc_libulp: ulp_brain_process_gnp_position_report, report GNP position to hybrid fix requests = 0
06-24 17:03:07.745  1162  4816 I LocSvc_libulp: ulp_brain_transition_all_providers, before transition, 
06-24 17:03:07.745  1162  4816 I LocSvc_libulp:  GNSS provider state = 1,  GNSS selected to run = 1,  GNSS onoff_cnt = 0, GNSS high speed flag = 0 
06-24 17:03:07.745  1162  4816 I LocSvc_libulp:  QUIPC provider state = 0, QUIPC selected to run = 0, QUIPC onoff_cnt = 5, 
06-24 17:03:07.745  1162  4816 I LocSvc_libulp:  GNP provider state = 0,   GNP selected to run = 0,   GNP onoff_cnt = 1, 
06-24 17:03:07.748  1173 21156 I mm-camera-sensor: module_sensor_event_control_set_parm:5738[stats_use][STATS] Set cc_stats [AEC=0],[PAF=0],[RECONSTRUCTION=0],[DRC=0]
06-24 17:03:07.748  1173 21156 I mm-camera-sensor: module_sensor_event_control_set_parm:5753[WDR_MODE]wdr_mode = 0
06-24 17:03:07.748  1173 21156 I mm-camera-CORE: companion_wdr_on_off:1046WDR enable = 0
06-24 17:03:07.749  1173 21156 I mm-camera-sensor: module_sensor_event_control_set_parm:5765[WDR_MODE]CAM_INTF_PARM_RTHDR_MODES: 0
06-24 17:03:07.749  1173 21156 I mm-camera-sensor: sensor_set_rt_hdr_mode:4046 HDR mode set = 0
06-24 17:03:07.749  1173 21156 I mm-camera-sensor: sensor_apply_exposure:1193s_gain=0x1000073, l_gain=0x1000073, s_linecount=2370,l_linecount=2370, fl_lines=3156
06-24 17:03:07.751  1162  1231 I LocSvc_ApiV02: <--- globalRespCb line 188 QMI_LOC_INJECT_POSITION_REQ_V02
06-24 17:03:07.753  1394 10129 I SamsungAlarmManager: setLocked to kernel - T:2 / 20200624T170519, SetElapsed=949203034, nowELAPSED=949070922
06-24 17:03:07.755  1394 10129 I SamsungAlarmManager: setLocked to kernel - T:3 / 20200624T170400, SetElapsed=949123169, nowELAPSED=949070923
06-24 17:03:07.757  1394 10129 D SamsungAlarmManager: setInexact Intent (T:2/F:0/AC:false) 20200624T170310 - CU:10024/CP:19589
06-24 17:03:07.757  1394 10129 I SamsungAlarmManager: setLocked to kernel - T:2 / 20200624T170310, SetElapsed=949073932, nowELAPSED=949070926
06-24 17:03:07.757  1173 21160 E mm-3a-external: [cgAF] Invalid Cal. Set Default AF Cal: PAN: 0x78, MAC: 0x1F4, OFFSET: 0x0
06-24 17:03:07.747  1173 21159 E         : Camera[DBG] TsAec_set_ae_manual_mode: 732: TsAec_set_ae_manual_mode ae_manual_mode = 1
06-24 17:03:07.765   763   763 W Layer   : [SurfaceView - com.appname/com.appname.MainActivity@40fc623@0#0] Timestamp 949070814644240 seems implausible relative to expectedPresent 663615569942068
06-24 17:03:07.765  1173 21159 E         : Camera[DBG] TsAwb_set_params: 802: TsAwb->gAwbLock =0
06-24 17:03:07.765  1173 21159 E         : 
06-24 17:03:07.766  1173 21159 D mm-camera-CORE: [Exp_Table:Rear] Shooting mode = 0, ExpDiagram_command = 0, m_video_mode = 0
06-24 17:03:07.766  1173 21159 D mm-camera-CORE: TsAec_set_manual_ISO manual_iso=0, aec->is_manual=0 
06-24 17:03:07.766 17748 17748 D ViewRootImpl@f74dda0[MainActivity]: ViewPostIme pointer 0
06-24 17:03:07.772  1173 21156 E         : Camera[DBG][IFACE ] iface_set_super_param: 2689: iface_set_super_param:2689 store q_idx 4
06-24 17:03:07.775  1173 21156 E mm-camera-img: module_faceproc_client_handle_ctrl_parm:5683] 3 calling module_faceproc_client_schedule_mode 0
06-24 17:03:07.775  1173 21156 E mm-camera-img: module_faceproc_client_handle_ctrl_parm:5633] 2 calling module_faceproc_client_schedule_mode 0
06-24 17:03:07.775  1173 21156 I mm-camera-sensor: module_sensor_set_parm_led_mode:229CAM_INTF_PARM_LED_MODE 0 is_capture 0
06-24 17:03:07.775  1173 21156 I mm-camera-sensor: module_sensor_set_parm_led_mode:305last flash request 0
06-24 17:03:07.775  1173 21156 I mm-camera-sensor: sensor_set_capture_intent:1968capture intent 1
06-24 17:03:07.775  1173 21156 E mm-camera-sensor: flash_process:483invalid event 151
06-24 17:03:07.775  1173 21156 I mm-camera-sensor: module_sensor_event_control_set_parm:5662CAM_INTF_PARM_OIS_MODES: 3
06-24 17:03:07.775  1173 21156 I mm-camera-sensor: ois_process:396[E]
06-24 17:03:07.775  1173 21156 I mm-camera-sensor: ois_process:406[OIS_SET_MODE][data :: 3]
06-24 17:03:07.775  1173 21156 I mm-camera-sensor: ois_set_mode:25[Enter]
06-24 17:03:07.775  1173 21156 I mm-camera-sensor: ois_set_mode:46[ois_set_mode][modes :: 3]
06-24 17:03:07.777  1173 21156 I mm-camera-sensor: module_sensor_event_control_set_parm:5738[stats_use][STATS] Set cc_stats [AEC=0],[PAF=0],[RECONSTRUCTION=0],[DRC=0]
06-24 17:03:07.777  1173 21156 I mm-camera-sensor: module_sensor_event_control_set_parm:5753[WDR_MODE]wdr_mode = 0
06-24 17:03:07.777  1173 21156 I mm-camera-CORE: companion_wdr_on_off:1046WDR enable = 0
06-24 17:03:07.777  1173 21156 I mm-camera-sensor: module_sensor_event_control_set_parm:5765[WDR_MODE]CAM_INTF_PARM_RTHDR_MODES: 0
06-24 17:03:07.777  1173 21156 I mm-camera-sensor: sensor_set_rt_hdr_mode:4046 HDR mode set = 0
06-24 17:03:07.794  1173 21160 E mm-3a-external: [cgAF] Invalid Cal. Set Default AF Cal: PAN: 0x78, MAC: 0x1F4, OFFSET: 0x0
06-24 17:03:07.798   763   763 W Layer   : [SurfaceView - com.appname/com.appname.MainActivity@40fc623@0#0] Timestamp 949070847968240 seems implausible relative to expectedPresent 663615603480228
06-24 17:03:07.806  1173 21159 E         : Camera[DBG] TsAec_set_ae_manual_mode: 732: TsAec_set_ae_manual_mode ae_manual_mode = 1
06-24 17:03:07.806  1173 21159 E         : Camera[DBG] TsAwb_set_params: 802: TsAwb->gAwbLock =0
06-24 17:03:07.806  1173 21159 E         : 
06-24 17:03:07.806  1173 21159 D mm-camera-CORE: [Exp_Table:Rear] Shooting mode = 0, ExpDiagram_command = 0, m_video_mode = 0
06-24 17:03:07.806  1173 21159 D mm-camera-CORE: TsAec_set_manual_ISO manual_iso=0, aec->is_manual=0 
06-24 17:03:07.807  1173 21159 I mm-camera-sensor: sensor_apply_exposure:1193s_gain=0x1000073, l_gain=0x1000073, s_linecount=2370,l_linecount=2370, fl_lines=3156
06-24 17:03:07.824  1173 21160 E mm-3a-external: [cgAF] Invalid Cal. Set Default AF Cal: PAN: 0x78, MAC: 0x1F4, OFFSET: 0x0
06-24 17:03:07.825  1394  2393 D InputReader: Input event(6): value=0 when=663615614384000
06-24 17:03:07.825  1394  2393 D InputReader: Input event(6): value=0 when=663615614384000
06-24 17:03:07.825  1394  2393 I InputReader: Touch event's action is 0x1 (deviceType=0) [pCnt=1, s=] when=663615614384000
06-24 17:03:07.825  1394  2392 I InputDispatcher: Delivering touch to (17748): action: 0x1, toolType: 1
06-24 17:03:07.829 17748 21317 I OggExtractor: OggSource::stop() mExtractor ref count = 2
06-24 17:03:07.829 17748 21317 I OggExtractor: ~OggSource --
06-24 17:03:07.829 17748 21317 I OggExtractor: ~OggExtractor ++
06-24 17:03:07.829 17748 21317 I OggExtractor: ~MyOggExtractor ++ 
06-24 17:03:07.829 17748 21317 I OggExtractor: ~MyOggExtractor --
06-24 17:03:07.829 17748 21317 I OggExtractor: ~OggExtractor --
06-24 17:03:07.832   763   763 W Layer   : [SurfaceView - com.appname/com.appname.MainActivity@40fc623@0#0] Timestamp 949070881297240 seems implausible relative to expectedPresent 663615637018388
06-24 17:03:07.832 17748 21317 I OggExtractor: OggSource::OggSource() mExtractor ref count = 3
06-24 17:03:07.839  1173 21156 E         : Camera[DBG][MCT   ] mct_stream_fill_metadata_v3: 2609: mct_stream_fill_metadata_v3:2609 Unsupported message type 86
06-24 17:03:07.849  1173 21155 E         : Camera[DBG] pproc_module_handle_reprocess_offline: 2167: pproc_module_handle_reprocess_offline2167: No flip value in metadata! Use default!!!
06-24 17:03:07.849  1173 21155 E         : Camera[DBG] pproc_module_handle_reprocess_offline: 2177: pproc_module_handle_reprocess_offline2177: No tnr value in metadata! Use default!!!
06-24 17:03:07.849  1173 21155 E         : Camera[DBG] pproc_module_send_set_param_event: 1196: pproc_module_send_set_param_event:1196] rotation:1, strmId:5
06-24 17:03:07.849  1173 21151 E         : Camera[DBG][CPP   ] cpp_module_util_post_crop_info: 1156: meta_data container is NULL
06-24 17:03:07.850  1173 21151 E         : Camera[DBG] cpp_module_enq_event: 751: cpp_module_enq_event:751, partial_frame_queue size = 1
06-24 17:03:07.850  1173 21151 E         : Camera[DBG] cpp_module_enq_event: 751: cpp_module_enq_event:751, partial_frame_queue size = 2
06-24 17:03:07.850  1173 21151 E         : Camera[DBG] cpp_module_enq_event: 751: cpp_module_enq_event:751, partial_frame_queue size = 3
06-24 17:03:07.850  1173 21151 E         : Camera[DBG] cpp_module_enq_event: 751: cpp_module_enq_event:751, partial_frame_queue size = 4
06-24 17:03:07.856 17748 17748 D ViewRootImpl@f74dda0[MainActivity]: ViewPostIme pointer 1
06-24 17:03:07.859  1173 21160 E mm-3a-external: [cgAF] Invalid Cal. Set Default AF Cal: PAN: 0x78, MAC: 0x1F4, OFFSET: 0x0
06-24 17:03:07.863 17748 21321 I OggExtractor: OggSource::stop() mExtractor ref count = 2
06-24 17:03:07.863 17748 21321 I OggExtractor: ~OggSource --
06-24 17:03:07.863 17748 21321 I OggExtractor: ~OggExtractor ++
06-24 17:03:07.863 17748 21321 I OggExtractor: ~MyOggExtractor ++ 
06-24 17:03:07.863 17748 21321 I OggExtractor: ~MyOggExtractor --
06-24 17:03:07.863 17748 21321 I OggExtractor: ~OggExtractor --
06-24 17:03:07.872  1173 21156 E         : Camera[DBG][MCT   ] mct_stream_fill_metadata_v3: 2609: mct_stream_fill_metadata_v3:2609 Unsupported message type 86
06-24 17:03:07.876  1029 21167 D mm-jpeg-intf: mm_jpeg_destroy_session:2890] abort todo jobs
06-24 17:03:07.876  1029 21167 D mm-jpeg-intf: mm_jpeg_destroy_session:2898] abort ongoing jobs
06-24 17:03:07.877  1028 24266 V APM_AudioPolicyManager: getOutput() device 2, stream 7, samplingRate 0, format 0, channelMask 3, flags 0
06-24 17:03:07.877  1028 24266 V APM_AudioPolicyManager: selectOutput() commonFlags for output 13, 0000
06-24 17:03:07.877  1028 24266 V APM_AudioPolicyManager: selectOutput() commonFlags for output 21, 0000
06-24 17:03:07.877  1028 24266 V APM_AudioPolicyManager: selectOutput() commonFlags for output 29, 0000
06-24 17:03:07.877  1028 24266 V APM_AudioPolicyManager:   getOutputForDevice() returns output 13
06-24 17:03:07.880  1028 24266 V APM_AudioPolicyManager: getOutput() device 2, stream 7, samplingRate 0, format 0, channelMask 3, flags 0
06-24 17:03:07.880  1028 24266 V APM_AudioPolicyManager: selectOutput() commonFlags for output 13, 0000
06-24 17:03:07.880  1028 24266 V APM_AudioPolicyManager: selectOutput() commonFlags for output 21, 0000
06-24 17:03:07.880  1028 24266 V APM_AudioPolicyManager: selectOutput() commonFlags for output 29, 0000
06-24 17:03:07.880  1028 24266 V APM_AudioPolicyManager:   getOutputForDevice() returns output 13
06-24 17:03:07.881  1028 24266 V APM_AudioPolicyManager: getOutputForAttr() usage=13, content=4, tag= flags=00000001 session 7737 selectedDeviceId 0
06-24 17:03:07.881  1028 24266 V APM_AudioPolicyManager: getOutputForAttr() device 0x2, samplingRate 48000, format 1, channelMask 3, flags 100000
06-24 17:03:07.881  1028 24266 V APM_AudioPolicyManager: selectOutput() commonFlags for output 13, 0000
06-24 17:03:07.881  1028 24266 V APM_AudioPolicyManager: selectOutput() commonFlags for output 21, 0000
06-24 17:03:07.881  1028 24266 V APM_AudioPolicyManager: selectOutput() commonFlags for output 29, 0000
06-24 17:03:07.881  1028 24266 V APM_AudioPolicyManager:   getOutputForDevice() returns output 13
06-24 17:03:07.887  1028  5309 W AudioPolicyIntefaceImpl: Skipped to add effects on session 7737
06-24 17:03:07.887  1028  5309 V APM_AudioPolicyManager: startOutput() output 13, stream 7, session 7737
06-24 17:03:07.887  1028  5309 V APM_AudioPolicyManager: setBeaconMute(1) mBeaconMuteRefCount=1 mBeaconPlayingRefCount=0
06-24 17:03:07.887  1028  5309 V APM_AudioPolicyManager: getNewOutputDevice() selected device 2
06-24 17:03:07.887  1028  5309 V APM_AudioPolicyManager: setOutputDevice() device 0002 delayMs 0
06-24 17:03:07.887  1028  5309 V APM_AudioPolicyManager: setOutputDevice() prevDevice 0x0002
06-24 17:03:07.888  1028  5309 V APM_AudioPolicyManager: setOutputDevice() setting same device 0x0002 or null device
06-24 17:03:07.888  1028  5309 V APM_AudioPolicyManager: computeVolume : camera shutter sound volume 1.000000
06-24 17:03:07.888  1028  5309 I AudioFlinger: updateStageIndex prev 0, new -1303
06-24 17:03:07.894  1029 21167 D mm-still: releaseCodecLibs:1692] X
06-24 17:03:07.895  1173 21160 E mm-3a-external: [cgAF] Invalid Cal. Set Default AF Cal: PAN: 0x78, MAC: 0x1F4, OFFSET: 0x0
06-24 17:03:07.895  1029 21167 V qomx_image_core: OMX_FreeHandle:335] 
06-24 17:03:07.895  1029 21167 D qomx_image_core: get_idx_from_handle:294] comp_idx 2 inst_idx 0
06-24 17:03:07.899   763   763 W Layer   : [SurfaceView - com.appname/com.appname.MainActivity@40fc623@0#0] Timestamp 949070914658240 seems implausible relative to expectedPresent 663615704094708
06-24 17:03:07.902  1029 21167 V qomx_image_core: OMX_FreeHandle:370] Success
06-24 17:03:07.914  1029 21167 D mm-jpeg-intf: mm_jpeg_session_destroy:399] Session destroy successful. X
06-24 17:03:07.914  1029 21167 D mm-jpeg-intf: mm_jpeg_destroy_session:2943] destroy session successful. X
06-24 17:03:07.916   763   763 W Layer   : [SurfaceView - com.appname/com.appname.MainActivity@40fc623@0#0] Timestamp 949070981277240 seems implausible relative to expectedPresent 663615720863788
06-24 17:03:07.918  1029 21167 I qomx_image_core: OMX_GetHandle:240] get instance pts is 0xebdaf200
06-24 17:03:07.921  1029 21167 D qomx_image_core: OMX_GetHandle:258] handle = 0xebdaf204 Instanceindex = 0,comp_idx 2 g_ptr 0xe9458f00
06-24 17:03:07.921  1029 21167 I qomx_image_core: OMX_GetHandle:264] Success
06-24 17:03:07.921  1029 21167 D mm-jpeg-intf: mm_jpeg_session_config_main:1270] config port
06-24 17:03:07.923  1029 21167 D mm-jpeg-intf: mm_jpeg_session_config_main_buffer_offset:449] yOffset = 0, cbcrOffset = (0 0), totalSize = 18292736,cbcrStartOffset = (12192768 6096384)
06-24 17:03:07.923  1029 21167 E mm-jpeg-intf: mm_jpeg_meta_enc_key:766] Key is invalid
06-24 17:03:07.923  1029 21167 D mm-jpeg-intf: mm_jpeg_mem_ops:679] HAL get_mem handler undefined
06-24 17:03:07.923  1029 21167 D mm-jpeg-intf: mm_jpeg_speed_mode:552] speed 1
06-24 17:03:07.923  1029 21167 D mm-still: configureEncodedata:183] size 4032x3024 pad 4032x3024 out 4032x3024 subsampling 0 format 0
06-24 17:03:07.924  1173 21160 E mm-3a-external: [cgAF] Invalid Cal. Set Default AF Cal: PAN: 0x78, MAC: 0x1F4, OFFSET: 0x0
06-24 17:03:07.930  1029 21167 D mm-jpeg-intf: mm_jpeg_create_session:2763] session id 1000000
06-24 17:03:07.930  1029 21167 D mm-jpeg-intf: mm_jpeg_start_job:2395] session_idx 0 client idx 0
06-24 17:03:07.930  1029 21167 D mm-jpeg-intf: mm_jpeg_start_job:2426] >>>> Work bufs need 1, 1
06-24 17:03:07.930  1029 21167 D mm-jpeg-intf: mm_jpeg_alloc_workbuffer, 2100] work_bufs_need 1 work_buf_cnt 1
06-24 17:03:07.930  1029 21167 D mm-jpeg-intf: mm_jpeg_alloc_workbuffer, 2117] rc 0 
06-24 17:03:07.930  1029 21167 D mm-jpeg-intf: mm_jpeg_start_job:2485] job_id 17039360 X
06-24 17:03:07.931  1029 21168 D mm-jpeg-intf: process_sensor_data: Flash value 0 flash mode 0 flash state 2
06-24 17:03:07.931  1029 21168 D mm-jpeg-intf: mm_jpeg_session_config_main_crop:1237] OMX_IndexConfigCommonInputCrop w = 0, h = 0, l = 0, t = 0, port_idx = 0
06-24 17:03:07.931  1029 21168 D mm-jpeg-intf: mm_jpeg_session_config_thumbnail:1032] encode_thumbnail 0
06-24 17:03:07.931  1029 21168 E mm-jpeg-intf: mm_jpeg_configure_job_params:1585] Work buffer info 213 0xcab2a000 WorkBufSize: 18579456 invalidate
06-24 17:03:07.932  1029 21168 D mm-jpeg-intf: mm_jpeg_process_encoding_job:1911] Success X 
06-24 17:03:07.933  1029 21324 D mm-still: configureEncodedata:183] size 4032x3024 pad 4032x3024 out 4032x3024 subsampling 0 format 0
06-24 17:03:07.933  1029 21324 D mm-still: writeExifData:417] Image type 0 mobicat_mask 0
06-24 17:03:07.933  1029 21324 E mm-still: EmitApp5:1661] , 0
06-24 17:03:07.933  1029 21324 E mm-still: EmitApp5:1675] App5 write successful
06-24 17:03:07.933  1029 21324 E mm-still: startEncode:641] Start Encode 1
06-24 17:03:07.934  1029 21324 E jpeg_hw : jpege_lib_hw_fe_buffer_cfg:296] w 4032 h 3024 stride 4032 scanline 3024
06-24 17:03:07.934  1029 21324 D mm-still: ConfigureOutputBuffer:553] Received output image fd 213 addr 0xcab2a000 WorkBufSize 18579456 
06-24 17:03:07.935  1029 21324 W libc    : invalid pthread_t (0) passed to libc
06-24 17:03:07.957  1173 21160 E mm-3a-external: [cgAF] Invalid Cal. Set Default AF Cal: PAN: 0x78, MAC: 0x1F4, OFFSET: 0x0
06-24 17:03:07.959  1394  2393 D InputReader: Input event(6): value=1 when=663615748256000
06-24 17:03:07.959  1394  2393 D InputReader: Input event(6): value=1 when=663615748256000
06-24 17:03:07.959  1394  2393 I InputReader: Touch event's action is 0x0 (deviceType=0) [pCnt=1, s=0.4482 ] when=663615748256000
06-24 17:03:07.959  1394  2392 I InputDispatcher: Delivering touch to (17748): action: 0x0, toolType: 1
06-24 17:03:07.960  1394  6975 D CustomFrequencyManagerService: acquireDVFSLockLocked : type : DVFS_MIN_LIMIT  frequency : 883200  uid : 1000  pid : 1394  pkgName : GESTURE_DETECTED@CPU_MIN@78
06-24 17:03:07.966   763   763 W Layer   : [SurfaceView - com.appname/com.appname.MainActivity@40fc623@0#0] Timestamp 949071014608240 seems implausible relative to expectedPresent 663615771171028
06-24 17:03:07.980 17748 17748 D ViewRootImpl@f74dda0[MainActivity]: ViewPostIme pointer 0
06-24 17:03:07.983   763   763 W Layer   : [SurfaceView - com.appname/com.appname.MainActivity@40fc623@0#0] Timestamp 949071047936240 seems implausible relative to expectedPresent 663615787940108
06-24 17:03:07.991  1173 21160 E mm-3a-external: [cgAF] Invalid Cal. Set Default AF Cal: PAN: 0x78, MAC: 0x1F4, OFFSET: 0x0
06-24 17:03:08.016   763   763 W Layer   : [SurfaceView - com.appname/com.appname.MainActivity@40fc623@0#0] Timestamp 949071081259240 seems implausible relative to expectedPresent 663615821478268
06-24 17:03:08.018  1029 21325 D mm-still: EncodeComplete:938] MainImage Encoding complete. Filled Length = 2551866 m_thumbEncodingComplete 0 mSeqNo 1
06-24 17:03:08.024  1173 21160 E mm-3a-external: [cgAF] Invalid Cal. Set Default AF Cal: PAN: 0x78, MAC: 0x1F4, OFFSET: 0x0
06-24 17:03:08.051  1029 21325 D mm-still: ReleaseMainImage:794] Encoded image length 2553243
06-24 17:03:08.052  1029 21324 D mm-jpeg-intf: mm_jpeg_ebd:3083] count 0 
06-24 17:03:08.056  1029 21324 D mm-jpeg-intf: mm_jpeg_fbd:3097] count 0 
06-24 17:03:08.056  1029 21324 D mm-jpeg-intf: [KPI Perf] : PROFILE_JPEG_FBD
06-24 17:03:08.056  1029 21324 D mm-jpeg-intf: mm_jpeg_fbd:3127] send jpeg callback 0 buf 0x0xc99b8000 len 2553243 JobID 17039360
06-24 17:03:08.058  1173 21160 E mm-3a-external: [cgAF] Invalid Cal. Set Default AF Cal: PAN: 0x78, MAC: 0x1F4, OFFSET: 0x0
06-24 17:03:08.058  1029 21324 D Camera3-Status: markComponent: Component 2 is now idle
06-24 17:03:08.059  1394  2393 D InputReader: Input event(6): value=0 when=663615848366000
06-24 17:03:08.059  1394  2393 D InputReader: Input event(6): value=0 when=663615848366000
06-24 17:03:08.059  1394  2393 I InputReader: Touch event's action is 0x1 (deviceType=0) [pCnt=1, s=] when=663615848366000
06-24 17:03:08.059  1394  2392 I InputDispatcher: Delivering touch to (17748): action: 0x1, toolType: 1
06-24 17:03:08.063  1029 21324 D mm-jpeg-intf: mm_jpegenc_destroy_job:2802] Exif entry count 15 15
06-24 17:03:08.063  1029 21324 D mm-jpeg-intf: mm_jpeg_queue_remove_job_by_job_id:3297] found matching job id
06-24 17:03:08.066   763   763 W Layer   : [SurfaceView - com.appname/com.appname.MainActivity@40fc623@0#0] Timestamp 949071114612240 seems implausible relative to expectedPresent 663615871785508
06-24 17:03:08.080 17748 17748 D ViewRootImpl@f74dda0[MainActivity]: ViewPostIme pointer 1
06-24 17:03:08.083   763   763 W Layer   : [SurfaceView - com.appname/com.appname.MainActivity@40fc623@0#0] Timestamp 949071147937240 seems implausible relative to expectedPresent 663615888554588
06-24 17:03:08.093 17748 17748 D Notification: allPendingIntents
06-24 17:03:08.093  1173 21160 E mm-3a-external: [cgAF] Invalid Cal. Set Default AF Cal: PAN: 0x78, MAC: 0x1F4, OFFSET: 0x0
06-24 17:03:08.095  1394  1645 D API test: getContainerInfo: value is 
06-24 17:03:08.097  1394  1394 D AudioService: getStreamVolume 5 index 80
06-24 17:03:08.104  1394 10129 D Notification: allPendingIntents
06-24 17:03:08.105  1394 10129 D Notification: allPendingIntents
06-24 17:03:08.124  1173 21160 E mm-3a-external: [cgAF] Invalid Cal. Set Default AF Cal: PAN: 0x78, MAC: 0x1F4, OFFSET: 0x0
06-24 17:03:08.129  2724  2724 D KeyguardServiceBoxContainer: updateCMAS() hasCmasNotification = false, mHasCMAS = false
06-24 17:03:08.134   763   763 W Layer   : [SurfaceView - com.appname/com.appname.MainActivity@40fc623@0#0] Timestamp 949071181244240 seems implausible relative to expectedPresent 663615938861828
06-24 17:03:08.160  1173 21160 E mm-3a-external: [cgAF] Invalid Cal. Set Default AF Cal: PAN: 0x78, MAC: 0x1F4, OFFSET: 0x0
06-24 17:03:08.167   763   763 W Layer   : [SurfaceView - com.appname/com.appname.MainActivity@40fc623@0#0] Timestamp 949071214597240 seems implausible relative to expectedPresent 663615972399988
06-24 17:03:08.168  1394  2393 D InputReader: Input event(6): value=1 when=663615957961000
06-24 17:03:08.168  1394  2393 D InputReader: Input event(6): value=1 when=663615957961000
06-24 17:03:08.168  1394  2393 I InputReader: Touch event's action is 0x0 (deviceType=0) [pCnt=1, s=0.4483 ] when=663615957961000
06-24 17:03:08.169  1394  2392 I InputDispatcher: Delivering touch to (17748): action: 0x0, toolType: 1
06-24 17:03:08.174  1394 10129 D ConnectivityService: filterNetworkStateForUid() uid: 10081 networkInfo: [type: WIFI[] - WIFI, state: CONNECTED/CONNECTED, reason: (unspecified), extra: "BananaPancake", failover: false, available: true, roaming: false, metered: false]
06-24 17:03:08.184   763   763 W Layer   : [SurfaceView - com.appname/com.appname.MainActivity@40fc623@0#0] Timestamp 949071247899240 seems implausible relative to expectedPresent 663615989169068
06-24 17:03:08.192  1173 21160 E mm-3a-external: [cgAF] Invalid Cal. Set Default AF Cal: PAN: 0x78, MAC: 0x1F4, OFFSET: 0x0
06-24 17:03:08.201 17748 17748 D ViewRootImpl@f74dda0[MainActivity]: ViewPostIme pointer 0
06-24 17:03:08.217   763   763 W Layer   : [SurfaceView - com.appname/com.appname.MainActivity@40fc623@0#0] Timestamp 949071281221240 seems implausible relative to expectedPresent 663616022707228
06-24 17:03:08.224  1173 21160 E mm-3a-external: [cgAF] Invalid Cal. Set Default AF Cal: PAN: 0x78, MAC: 0x1F4, OFFSET: 0x0
06-24 17:03:08.227 17748 17748 D Notification: allPendingIntents
06-24 17:03:08.231  1394  1645 D API test: getContainerInfo: value is 
06-24 17:03:08.233  1394  1394 D AudioService: getStreamVolume 5 index 80
06-24 17:03:08.239  1394  2867 D Notification: allPendingIntents
06-24 17:03:08.240  1394 13864 D Notification: allPendingIntents
06-24 17:03:08.257  1173 21160 E mm-3a-external: [cgAF] Invalid Cal. Set Default AF Cal: PAN: 0x78, MAC: 0x1F4, OFFSET: 0x0
06-24 17:03:08.268   763   763 W Layer   : [SurfaceView - com.appname/com.appname.MainActivity@40fc623@0#0] Timestamp 949071314558240 seems implausible relative to expectedPresent 663616073014468
06-24 17:03:08.271  1394  2393 D InputReader: Input event(6): value=0 when=663616058350000
06-24 17:03:08.271  1394  2393 D InputReader: Input event(6): value=0 when=663616058350000
06-24 17:03:08.271  1394  2393 I InputReader: Touch event's action is 0x1 (deviceType=0) [pCnt=1, s=] when=663616058350000
06-24 17:03:08.271  1394  2392 I InputDispatcher: Delivering touch to (17748): action: 0x1, toolType: 1
06-24 17:03:08.284   763   763 W Layer   : [SurfaceView - com.appname/com.appname.MainActivity@40fc623@0#0] Timestamp 949071347880240 seems implausible relative to expectedPresent 663616089783548
06-24 17:03:08.291  1173 21160 E mm-3a-external: [cgAF] Invalid Cal. Set Default AF Cal: PAN: 0x78, MAC: 0x1F4, OFFSET: 0x0
06-24 17:03:08.292 17748 17748 D ViewRootImpl@f74dda0[MainActivity]: ViewPostIme pointer 1
06-24 17:03:08.299  2724  2724 D KeyguardServiceBoxContainer: updateCMAS() hasCmasNotification = false, mHasCMAS = false
06-24 17:03:08.300  5613  5689 I ReschedulableTimer: [#CMH#] ReschedulableTimer started 
06-24 17:03:08.304  1173 21159 D mm-camera-CORE: TSAec_process works: stats' frame_id=359, 0, 0
06-24 17:03:08.318  5613  5689 I ControllerEventHandler: [#CMH#] nonJustShotRunningPossible pendingCount 0
06-24 17:03:08.318   763   763 W Layer   : [SurfaceView - com.appname/com.appname.MainActivity@40fc623@0#0] Timestamp 949071381202240 seems implausible relative to expectedPresent 663616123321708
06-24 17:03:08.323 17748 17748 D Notification: allPendingIntents
06-24 17:03:08.325  1394  1645 D API test: getContainerInfo: value is 
06-24 17:03:08.325  1394  1645 D API test: getContainerInfo: value is 
06-24 17:03:08.329  1173 21160 E mm-3a-external: [cgAF] Invalid Cal. Set Default AF Cal: PAN: 0x78, MAC: 0x1F4, OFFSET: 0x0
06-24 17:03:08.332  1394 10129 D Notification: allPendingIntents
06-24 17:03:08.333  1162  1231 I LocSvc_ApiV02: <--- globalEventCb line 162 QMI_LOC_EVENT_GNSS_SV_INFO_IND_V02
06-24 17:03:08.333  1162  4816 I LocSvc_libulp: ulp_brain_process_gnss_sv_report, gnss sv report cnt = 3737, gnss pos report cnt = 83,strong sv cnt = 0
06-24 17:03:08.333  1394  2867 D Notification: allPendingIntents
06-24 17:03:08.333  1394  2391 D GnssLocationProvider_ex: SV Count : 1      (PRN, Constellation, SNR, Used)
06-24 17:03:08.333  1394  2391 D GnssLocationProvider_ex: (194, QZSS, 31.0, 0) 
06-24 17:03:08.344  1394  2393 D InputReader: Input event(6): value=1 when=663616133680000
06-24 17:03:08.344  1394  2393 D InputReader: Input event(6): value=1 when=663616133680000
06-24 17:03:08.344  1394  2393 I InputReader: Touch event's action is 0x0 (deviceType=0) [pCnt=1, s=0.4484 ] when=663616133680000
06-24 17:03:08.345  1394  2392 I InputDispatcher: Delivering touch to (17748): action: 0x0, toolType: 1
06-24 17:03:08.346  1394  6975 D CustomFrequencyManagerService: acquireDVFSLockLocked : type : DVFS_MIN_LIMIT  frequency : 883200  uid : 1000  pid : 1394  pkgName : GESTURE_DETECTED@CPU_MIN@78
06-24 17:03:08.349 17748 17748 D ViewRootImpl@f74dda0[MainActivity]: ViewPostIme pointer 0
06-24 17:03:08.352  1394 10129 I EDMNativeHelperService: isCameraEnabled
06-24 17:03:08.358 17748 17748 D Notification: allPendingIntents
06-24 17:03:08.360  1394  1645 D API test: getContainerInfo: value is 
06-24 17:03:08.361  1394  1645 D API test: getContainerInfo: value is 
06-24 17:03:08.361  1173 21160 E mm-3a-external: [cgAF] Invalid Cal. Set Default AF Cal: PAN: 0x78, MAC: 0x1F4, OFFSET: 0x0
06-24 17:03:08.365  2724  2724 D KeyguardServiceBoxContainer: updateCMAS() hasCmasNotification = false, mHasCMAS = false
06-24 17:03:08.365  1394  1394 D AudioService: getStreamVolume 5 index 80
06-24 17:03:08.368   763   763 W Layer   : [SurfaceView - com.appname/com.appname.MainActivity@40fc623@0#0] Timestamp 949071414555240 seems implausible relative to expectedPresent 663616173628948
06-24 17:03:08.368  1394  2867 D Notification: allPendingIntents
06-24 17:03:08.374  1394  2867 D Notification: allPendingIntents
06-24 17:03:08.385   763   763 W Layer   : [SurfaceView - com.appname/com.appname.MainActivity@40fc623@0#0] Timestamp 949071447860240 seems implausible relative to expectedPresent 663616190398028
06-24 17:03:08.391  1173 21160 E mm-3a-external: [cgAF] Invalid Cal. Set Default AF Cal: PAN: 0x78, MAC: 0x1F4, OFFSET: 0x0
06-24 17:03:08.407 17748 17748 W ExifInterface: Skip the tag entry since tag number is not defined: 2
06-24 17:03:08.407 17748 17748 W ExifInterface: Stop reading file since a wrong offset may cause an infinite loop: 0
06-24 17:03:08.407 17748 17748 I chatty  : uid=10336(u0_a336) com.appname identical 1 line
06-24 17:03:08.407 17748 17748 W ExifInterface: Stop reading file since a wrong offset may cause an infinite loop: 0
06-24 17:03:08.412  5613  5689 I ControllerEventHandler: [#CMH#] nonJustShotRunningPossible pendingCount 0
06-24 17:03:08.416 21996 21996 I DCMService: [#CMH#] onStartService () called 
06-24 17:03:08.417 21996 21996 I BaseThreadPoolExecutor: [#CMH#] Task com.samsung.dcmservice.extractors.task.DCMTask@1a6f0ce is submitted
06-24 17:03:08.417 21996 21996 I BaseThreadPoolExecutor: [#CMH#] Task com.samsung.dcmservice.extractors.task.LocationTask@f79b185 is submitted
06-24 17:03:08.417 21996 21996 I BaseThreadPoolExecutor: [#CMH#] Task com.samsung.dcmservice.extractors.task.POITask@45d56e8 is submitted
06-24 17:03:08.424  1173 21160 E mm-3a-external: [cgAF] Invalid Cal. Set Default AF Cal: PAN: 0x78, MAC: 0x1F4, OFFSET: 0x0
06-24 17:03:08.425  2724  2724 D KeyguardServiceBoxContainer: updateCMAS() hasCmasNotification = false, mHasCMAS = false
06-24 17:03:08.428  1028  2058 I SoundBoosterEffectPlus: SB_reset SoundBooster sessionId(-1303)
06-24 17:03:08.428  1028  2058 I SoundBooster7: BuffClear()
06-24 17:03:08.428 21996 21326 I DCMTask : [#CMH#] DCMTask started 
06-24 17:03:08.429 21996 21327 I LocationTask: [#CMH#] LocationTask started 
06-24 17:03:08.435   763   763 W Layer   : [SurfaceView - com.appname/com.appname.MainActivity@40fc623@0#0] Timestamp 949071481190240 seems implausible relative to expectedPresent 663616240705268
06-24 17:03:08.439  1028  1363 V APM_AudioPolicyManager: stopOutput() output 13, stream 7, session 7737
06-24 17:03:08.439  1028  1363 V APM_AudioPolicyManager: setBeaconMute(1) mBeaconMuteRefCount=0 mBeaconPlayingRefCount=0
06-24 17:03:08.439  1028  1363 V APM_AudioPolicyManager: getNewOutputDevice() selected device 0
06-24 17:03:08.439  1028  1363 V APM_AudioPolicyManager: setOutputDevice() device 0000 delayMs 160
06-24 17:03:08.439  1028  1363 V APM_AudioPolicyManager: setOutputDevice() prevDevice 0x0002
06-24 17:03:08.439  1028  1363 V APM_AudioPolicyManager: setOutputDevice() setting same device 0x0000 or null device
06-24 17:03:08.445  1394  2393 D InputReader: Input event(6): value=0 when=663616234262000
06-24 17:03:08.445  1394  2393 D InputReader: Input event(6): value=0 when=663616234262000
06-24 17:03:08.445  1394  2393 I InputReader: Touch event's action is 0x1 (deviceType=0) [pCnt=1, s=] when=663616234262000
06-24 17:03:08.445  1394  2392 I InputDispatcher: Delivering touch to (17748): action: 0x1, toolType: 1
06-24 17:03:08.446  1394  6975 D CustomFrequencyManagerService: acquireDVFSLockLocked : type : DVFS_MIN_LIMIT  frequency : 883200  uid : 1000  pid : 1394  pkgName : GESTURE_DETECTED@CPU_MIN@78
06-24 17:03:08.448 17748 17748 D ViewRootImpl@f74dda0[MainActivity]: ViewPostIme pointer 1
06-24 17:03:08.457  1173 21160 E mm-3a-external: [cgAF] Invalid Cal. Set Default AF Cal: PAN: 0x78, MAC: 0x1F4, OFFSET: 0x0
06-24 17:03:08.466 17748 18159 W ExifInterface: Skip the tag entry since tag number is not defined: 2
06-24 17:03:08.466 17748 18159 W ExifInterface: Stop reading file since a wrong offset may cause an infinite loop: 0
06-24 17:03:08.468  1394  1394 D LightsService: [api] [SvcLED] turnOff:: id = 4 (uid: 1000 pid: 1394) 
06-24 17:03:08.468  1394  1394 D PowerManagerUtil: fileWriteString to /sys/power/wake_lock, LightsService
06-24 17:03:08.468  1394  1394 D LightsService: [SvcLED] setSvcLedStateLocked:: SvcLEDState : 0x0 -> 0x0 | SvcLED(id=4) set Off
06-24 17:03:08.469  1394  2012 D LightsService: [SvcLED] handleForcedSvcLEDTask()
06-24 17:03:08.469  1394  2012 D LightsService: [SvcLED]  setSvcLedLightLocked :: Current SvcLED(id=3) maintains its priority right
06-24 17:03:08.469  1394  2012 D PowerManagerUtil: fileWriteString to /sys/power/wake_unlock, LightsService
06-24 17:03:08.466 17748 18159 I chatty  : uid=10336(u0_a336) CameraX-camerax identical 1 line
06-24 17:03:08.466 17748 18159 W ExifInterface: Stop reading file since a wrong offset may cause an infinite loop: 0
06-24 17:03:08.469   763   763 W Layer   : [SurfaceView - com.appname/com.appname.MainActivity@40fc623@0#0] Timestamp 949071514519240 seems implausible relative to expectedPresent 663616274243428
06-24 17:03:08.476  1394  2867 D Notification: allPendingIntents
06-24 17:03:08.480  1394  2867 D Notification: allPendingIntents
06-24 17:03:08.489  2724  2724 D KeyguardServiceBoxContainer: updateCMAS() hasCmasNotification = false, mHasCMAS = false
06-24 17:03:08.490  1173 21160 E mm-3a-external: [cgAF] Invalid Cal. Set Default AF Cal: PAN: 0x78, MAC: 0x1F4, OFFSET: 0x0
06-24 17:03:08.499 21996 21326 I DCMTask : [#CMH#] No of images to process 4
06-24 17:03:08.502   763   763 W Layer   : [SurfaceView - com.appname/com.appname.MainActivity@40fc623@0#0] Timestamp 949071547848240 seems implausible relative to expectedPresent 663616307781588
06-24 17:03:08.514 17748 18159 W ExifInterface: Skip the tag entry since tag number is not defined: 2
06-24 17:03:08.514 17748 18159 W ExifInterface: Stop reading file since a wrong offset may cause an infinite loop: 0
06-24 17:03:08.514 17748 18159 I chatty  : uid=10336(u0_a336) CameraX-camerax identical 1 line
06-24 17:03:08.514 17748 18159 W ExifInterface: Stop reading file since a wrong offset may cause an infinite loop: 0
06-24 17:03:08.519   763   763 W Layer   : [SurfaceView - com.appname/com.appname.MainActivity@40fc623@0#0] Timestamp 949071581171240 seems implausible relative to expectedPresent 663616324550668
06-24 17:03:08.530  1173 21160 E mm-3a-external: [cgAF] Invalid Cal. Set Default AF Cal: PAN: 0x78, MAC: 0x1F4, OFFSET: 0x0
06-24 17:03:08.558  1173 21160 E mm-3a-external: [cgAF] Invalid Cal. Set Default AF Cal: PAN: 0x78, MAC: 0x1F4, OFFSET: 0x0
06-24 17:03:08.569   763   763 W Layer   : [SurfaceView - com.appname/com.appname.MainActivity@40fc623@0#0] Timestamp 949071614518240 seems implausible relative to expectedPresent 663616374857908
06-24 17:03:08.576 21996 21327 I LocationTask: [#CMH#] Finished processing images in LocationTask,exiting 
06-24 17:03:08.579  1394  2393 D InputReader: Input event(6): value=1 when=663616368238000
06-24 17:03:08.579  1394  2393 D InputReader: Input event(6): value=1 when=663616368238000
06-24 17:03:08.579  1394  2393 I InputReader: Touch event's action is 0x0 (deviceType=0) [pCnt=1, s=0.4485 ] when=663616368238000
06-24 17:03:08.579  1394  2392 I InputDispatcher: Delivering touch to (17748): action: 0x0, toolType: 1
06-24 17:03:08.579 17748 17748 D ViewRootImpl@f74dda0[MainActivity]: ViewPostIme pointer 0
06-24 17:03:08.592  1173 21160 E mm-3a-external: [cgAF] Invalid Cal. Set Default AF Cal: PAN: 0x78, MAC: 0x1F4, OFFSET: 0x0
06-24 17:03:08.599 21996 21327 I BaseThreadPoolExecutor: [#CMH#] afterExecute FutureTask
06-24 17:03:08.600 21996 21327 I POITask : [#CMH#] POITask started 
06-24 17:03:08.603   763   763 W Layer   : [SurfaceView - com.appname/com.appname.MainActivity@40fc623@0#0] Timestamp 949071647825240 seems implausible relative to expectedPresent 663616408396068
06-24 17:03:08.620   763   763 W Layer   : [SurfaceView - com.appname/com.appname.MainActivity@40fc623@0#0] Timestamp 949071681152240 seems implausible relative to expectedPresent 663616425165148
06-24 17:03:08.625  1173 21160 E mm-3a-external: [cgAF] Invalid Cal. Set Default AF Cal: PAN: 0x78, MAC: 0x1F4, OFFSET: 0x0
06-24 17:03:08.625 21996 21327 W Utilities: [#CMH#] DCM Enabled?:false 
06-24 17:03:08.658  1173 21160 E mm-3a-external: [cgAF] Invalid Cal. Set Default AF Cal: PAN: 0x78, MAC: 0x1F4, OFFSET: 0x0
06-24 17:03:08.670   763   763 W Layer   : [SurfaceView - com.appname/com.appname.MainActivity@40fc623@0#0] Timestamp 949071714495240 seems implausible relative to expectedPresent 663616475472388
06-24 17:03:08.679  1394  2393 D InputReader: Input event(6): value=0 when=663616468978000
06-24 17:03:08.679  1394  2393 D InputReader: Input event(6): value=0 when=663616468978000
06-24 17:03:08.679  1394  2393 I InputReader: Touch event's action is 0x1 (deviceType=0) [pCnt=1, s=] when=663616468978000
06-24 17:03:08.680  1394  2392 I InputDispatcher: Delivering touch to (17748): action: 0x1, toolType: 1
06-24 17:03:08.680  1394  2392 D PowerManagerService: [api] userActivityFromNative : 1980 (event: 2 flags: 0) eventTime = 663616468
06-24 17:03:08.689 17748 17748 D ViewRootImpl@f74dda0[MainActivity]: ViewPostIme pointer 1
06-24 17:03:08.693  1173 21160 E mm-3a-external: [cgAF] Invalid Cal. Set Default AF Cal: PAN: 0x78, MAC: 0x1F4, OFFSET: 0x0
06-24 17:03:08.704   763   763 W Layer   : [SurfaceView - com.appname/com.appname.MainActivity@40fc623@0#0] Timestamp 949071747850240 seems implausible relative to expectedPresent 663616509010548
06-24 17:03:08.724  1173 21160 E mm-3a-external: [cgAF] Invalid Cal. Set Default AF Cal: PAN: 0x78, MAC: 0x1F4, OFFSET: 0x0
06-24 17:03:08.728 21996 21327 I POITask : [#CMH#] Finished processing images in POITask,exiting 
06-24 17:03:08.737   763   763 W Layer   : [SurfaceView - com.appname/com.appname.MainActivity@40fc623@0#0] Timestamp 949071781133240 seems implausible relative to expectedPresent 663616542548708
06-24 17:03:08.749 21996 21327 I BaseThreadPoolExecutor: [#CMH#] afterExecute FutureTask
06-24 17:03:08.754   763   763 W Layer   : [SurfaceView - com.appname/com.appname.MainActivity@40fc623@0#0] Timestamp 949071814460240 seems implausible relative to expectedPresent 663616559317788
06-24 17:03:08.758  1173 21160 E mm-3a-external: [cgAF] Invalid Cal. Set Default AF Cal: PAN: 0x78, MAC: 0x1F4, OFFSET: 0x0
06-24 17:03:08.760 21996 21326 I DCMTask : [#CMH#] Finished processing images in DCMTask,exiting 
06-24 17:03:08.760 21996 21326 I BaseThreadPoolExecutor: [#CMH#] afterExecute FutureTask
