06-24 17:03:13.978  1173 21156 I mm-camera-sensor: sensor_set_rt_hdr_mode:4046 HDR mode set = 0
06-24 17:03:13.978  1173 21156 I mm-camera-sensor: sensor_apply_exposure:1193s_gain=0x1000073, l_gain=0x1000073, s_linecount=2370,l_linecount=2370, fl_lines=3156
06-24 17:03:13.987  1394  2393 D InputReader: Input event(6): value=0 when=663621776898000
06-24 17:03:13.987  1394  2393 D InputReader: Input event(6): value=0 when=663621776898000
06-24 17:03:13.987  1394  2393 I InputReader: Touch event's action is 0x1 (deviceType=0) [pCnt=1, s=] when=663621776898000
06-24 17:03:13.989  1394  2392 I InputDispatcher: Delivering touch to (17748): action: 0x1, toolType: 1
06-24 17:03:13.989 17748 17748 D ViewRootImpl@f74dda0[MainActivity]: ViewPostIme pointer 1
06-24 17:03:13.992  1173 21160 E mm-3a-external: [cgAF] Invalid Cal. Set Default AF Cal: PAN: 0x78, MAC: 0x1F4, OFFSET: 0x0
06-24 17:03:14.002   763   763 W Layer   : [SurfaceView - com.appname/com.appname.MainActivity@40fc623@0#0] Timestamp 949077046858240 seems implausible relative to expectedPresent 663621806846371
06-24 17:03:14.005  1173 21156 E         : Camera[DBG][IFACE ] iface_set_super_param: 2689: iface_set_super_param:2689 store q_idx 5
06-24 17:03:14.011  1173 21156 E mm-camera-img: module_faceproc_client_handle_ctrl_parm:5683] 3 calling module_faceproc_client_schedule_mode 0
06-24 17:03:14.011  1173 21156 E mm-camera-img: module_faceproc_client_handle_ctrl_parm:5633] 2 calling module_faceproc_client_schedule_mode 0
06-24 17:03:14.011  1173 21156 I mm-camera-sensor: module_sensor_set_parm_led_mode:229CAM_INTF_PARM_LED_MODE 0 is_capture 0
06-24 17:03:14.011  1173 21156 I mm-camera-sensor: module_sensor_set_parm_led_mode:305last flash request 0
06-24 17:03:14.011  1173 21156 I mm-camera-sensor: sensor_set_capture_intent:1968capture intent 1
06-24 17:03:14.011  1173 21159 E         : Camera[DBG] TsAec_set_ae_manual_mode: 732: TsAec_set_ae_manual_mode ae_manual_mode = 1
06-24 17:03:14.011  1173 21159 E         : Camera[DBG] TsAwb_set_params: 802: TsAwb->gAwbLock =0
06-24 17:03:14.011  1173 21159 E         : 
06-24 17:03:14.011  1173 21156 E mm-camera-sensor: flash_process:483invalid event 151
06-24 17:03:14.012  1173 21156 I mm-camera-sensor: module_sensor_event_control_set_parm:5662CAM_INTF_PARM_OIS_MODES: 3
06-24 17:03:14.012  1173 21156 I mm-camera-sensor: ois_process:396[E]
06-24 17:03:14.012  1173 21156 I mm-camera-sensor: ois_process:406[OIS_SET_MODE][data :: 3]
06-24 17:03:14.012  1173 21156 I mm-camera-sensor: ois_set_mode:25[Enter]
06-24 17:03:14.012  1173 21156 I mm-camera-sensor: ois_set_mode:46[ois_set_mode][modes :: 3]
06-24 17:03:14.012  1173 21159 D mm-camera-CORE: [Exp_Table:Rear] Shooting mode = 0, ExpDiagram_command = 0, m_video_mode = 0
06-24 17:03:14.012  1173 21159 D mm-camera-CORE: TsAec_set_manual_ISO manual_iso=0, aec->is_manual=0 
06-24 17:03:14.013  1173 21156 I mm-camera-sensor: module_sensor_event_control_set_parm:5738[stats_use][STATS] Set cc_stats [AEC=0],[PAF=0],[RECONSTRUCTION=0],[DRC=0]
06-24 17:03:14.013  1173 21156 I mm-camera-sensor: module_sensor_event_control_set_parm:5753[WDR_MODE]wdr_mode = 0
06-24 17:03:14.013  1173 21156 I mm-camera-CORE: companion_wdr_on_off:1046WDR enable = 0
06-24 17:03:14.013  1173 21156 I mm-camera-sensor: module_sensor_event_control_set_parm:5765[WDR_MODE]CAM_INTF_PARM_RTHDR_MODES: 0
06-24 17:03:14.013  1173 21156 I mm-camera-sensor: sensor_set_rt_hdr_mode:4046 HDR mode set = 0
06-24 17:03:14.023  1173 21160 E mm-3a-external: [cgAF] Invalid Cal. Set Default AF Cal: PAN: 0x78, MAC: 0x1F4, OFFSET: 0x0
06-24 17:03:14.023  1173 21159 I mm-camera-sensor: sensor_apply_exposure:1193s_gain=0x1000073, l_gain=0x1000073, s_linecount=2370,l_linecount=2370, fl_lines=3156
06-24 17:03:14.023  1173 21160 E mm-3a-external: [cgAF] Invalid Cal. Set Default AF Cal: PAN: 0x78, MAC: 0x1F4, OFFSET: 0x0
06-24 17:03:14.036   763   763 W Layer   : [SurfaceView - com.appname/com.appname.MainActivity@40fc623@0#0] Timestamp 949077080186240 seems implausible relative to expectedPresent 663621840377273
06-24 17:03:14.056  1173 21160 E mm-3a-external: [cgAF] Invalid Cal. Set Default AF Cal: PAN: 0x78, MAC: 0x1F4, OFFSET: 0x0
06-24 17:03:14.069   763   763 W Layer   : [SurfaceView - com.appname/com.appname.MainActivity@40fc623@0#0] Timestamp 949077113516240 seems implausible relative to expectedPresent 663621873908175
06-24 17:03:14.072  1173 21156 E         : Camera[DBG][MCT   ] mct_stream_fill_metadata_v3: 2609: mct_stream_fill_metadata_v3:2609 Unsupported message type 86
06-24 17:03:14.091  1173 21155 E         : Camera[DBG] pproc_module_handle_reprocess_offline: 2167: pproc_module_handle_reprocess_offline2167: No flip value in metadata! Use default!!!
06-24 17:03:14.091  1173 21155 E         : Camera[DBG] pproc_module_handle_reprocess_offline: 2177: pproc_module_handle_reprocess_offline2177: No tnr value in metadata! Use default!!!
06-24 17:03:14.091  1173 21155 E         : Camera[DBG] pproc_module_send_set_param_event: 1196: pproc_module_send_set_param_event:1196] rotation:1, strmId:5
06-24 17:03:14.092  1173 21151 E         : Camera[DBG][CPP   ] cpp_module_util_post_crop_info: 1156: meta_data container is NULL
06-24 17:03:14.092  1173 21151 E         : Camera[DBG] cpp_module_enq_event: 751: cpp_module_enq_event:751, partial_frame_queue size = 1
06-24 17:03:14.092  1173 21151 E         : Camera[DBG] cpp_module_enq_event: 751: cpp_module_enq_event:751, partial_frame_queue size = 2
06-24 17:03:14.092  1173 21151 E         : Camera[DBG] cpp_module_enq_event: 751: cpp_module_enq_event:751, partial_frame_queue size = 3
06-24 17:03:14.092  1173 21151 E         : Camera[DBG] cpp_module_enq_event: 751: cpp_module_enq_event:751, partial_frame_queue size = 4
06-24 17:03:14.094  1173 21160 E mm-3a-external: [cgAF] Invalid Cal. Set Default AF Cal: PAN: 0x78, MAC: 0x1F4, OFFSET: 0x0
06-24 17:03:14.105  1173 21156 E         : Camera[DBG][MCT   ] mct_stream_fill_metadata_v3: 2609: mct_stream_fill_metadata_v3:2609 Unsupported message type 86
06-24 17:03:14.117  1029 21167 D mm-jpeg-intf: mm_jpeg_destroy_session:2890] abort todo jobs
06-24 17:03:14.117  1029 21167 D mm-jpeg-intf: mm_jpeg_destroy_session:2898] abort ongoing jobs
06-24 17:03:14.123  1173 21160 E mm-3a-external: [cgAF] Invalid Cal. Set Default AF Cal: PAN: 0x78, MAC: 0x1F4, OFFSET: 0x0
06-24 17:03:14.126  1029 21167 D mm-still: releaseCodecLibs:1692] X
06-24 17:03:14.127  1029 21167 V qomx_image_core: OMX_FreeHandle:335] 
06-24 17:03:14.127  1029 21167 D qomx_image_core: get_idx_from_handle:294] comp_idx 2 inst_idx 0
06-24 17:03:14.131  1029 21167 V qomx_image_core: OMX_FreeHandle:370] Success
06-24 17:03:14.131  1029 21167 D mm-jpeg-intf: mm_jpeg_session_destroy:399] Session destroy successful. X
06-24 17:03:14.131  1029 21167 D mm-jpeg-intf: mm_jpeg_destroy_session:2943] destroy session successful. X
06-24 17:03:14.133  3882  3882 D io_stats: !@   8,0 r 2772308 118505848 w 2744893 90760256 d 643816 50079364 f 1040134 1040737 iot 5661480 2807531 th 51200 0 0 pt 0 inp 0 0 663621.922
06-24 17:03:14.136   763   763 W Layer   : [SurfaceView - com.appname/com.appname.MainActivity@40fc623@0#0] Timestamp 949077146849240 seems implausible relative to expectedPresent 663621940969979
06-24 17:03:14.149  1029 21167 I qomx_image_core: OMX_GetHandle:240] get instance pts is 0xebdaf200
06-24 17:03:14.151  1029 21167 D qomx_image_core: OMX_GetHandle:258] handle = 0xebdaf204 Instanceindex = 0,comp_idx 2 g_ptr 0xe9458f00
06-24 17:03:14.151  1029 21167 I qomx_image_core: OMX_GetHandle:264] Success
06-24 17:03:14.151  1029 21167 D mm-jpeg-intf: mm_jpeg_session_config_main:1270] config port
06-24 17:03:14.151  1029 21167 D mm-jpeg-intf: mm_jpeg_session_config_main_buffer_offset:449] yOffset = 0, cbcrOffset = (0 0), totalSize = 18292736,cbcrStartOffset = (12192768 6096384)
06-24 17:03:14.151  1029 21167 E mm-jpeg-intf: mm_jpeg_meta_enc_key:766] Key is invalid
06-24 17:03:14.151  1029 21167 D mm-jpeg-intf: mm_jpeg_mem_ops:679] HAL get_mem handler undefined
06-24 17:03:14.151  1029 21167 D mm-jpeg-intf: mm_jpeg_speed_mode:552] speed 1
06-24 17:03:14.151  1029 21167 D mm-still: configureEncodedata:183] size 4032x3024 pad 4032x3024 out 4032x3024 subsampling 0 format 0
06-24 17:03:14.153   763   763 W Layer   : [SurfaceView - com.appname/com.appname.MainActivity@40fc623@0#0] Timestamp 949077213495240 seems implausible relative to expectedPresent 663621957735430
06-24 17:03:14.156  1173 21160 E mm-3a-external: [cgAF] Invalid Cal. Set Default AF Cal: PAN: 0x78, MAC: 0x1F4, OFFSET: 0x0
06-24 17:03:14.166  1029 21167 D mm-jpeg-intf: mm_jpeg_create_session:2763] session id 1000000
06-24 17:03:14.166  1029 21167 D mm-jpeg-intf: mm_jpeg_start_job:2395] session_idx 0 client idx 0
06-24 17:03:14.166  1029 21167 D mm-jpeg-intf: mm_jpeg_start_job:2426] >>>> Work bufs need 1, 1
06-24 17:03:14.167  1029 21167 D mm-jpeg-intf: mm_jpeg_alloc_workbuffer, 2100] work_bufs_need 1 work_buf_cnt 1
06-24 17:03:14.167  1029 21167 D mm-jpeg-intf: mm_jpeg_alloc_workbuffer, 2117] rc 0 
06-24 17:03:14.167  1029 21168 D mm-jpeg-intf: process_sensor_data: Flash value 0 flash mode 0 flash state 2
06-24 17:03:14.168  1029 21168 D mm-jpeg-intf: mm_jpeg_session_config_main_crop:1237] OMX_IndexConfigCommonInputCrop w = 0, h = 0, l = 0, t = 0, port_idx = 0
06-24 17:03:14.168  1029 21168 D mm-jpeg-intf: mm_jpeg_session_config_thumbnail:1032] encode_thumbnail 0
06-24 17:03:14.168  1029 21168 E mm-jpeg-intf: mm_jpeg_configure_job_params:1585] Work buffer info 213 0xcab2a000 WorkBufSize: 18579456 invalidate
06-24 17:03:14.173  1029 21168 D mm-jpeg-intf: mm_jpeg_process_encoding_job:1911] Success X 
06-24 17:03:14.173  1029 21377 D mm-still: configureEncodedata:183] size 4032x3024 pad 4032x3024 out 4032x3024 subsampling 0 format 0
06-24 17:03:14.174  1029 21377 D mm-still: writeExifData:417] Image type 0 mobicat_mask 0
06-24 17:03:14.174  1029 21377 E mm-still: EmitApp5:1661] , 0
06-24 17:03:14.174  1029 21377 E mm-still: EmitApp5:1675] App5 write successful
06-24 17:03:14.174  1029 21377 E mm-still: startEncode:641] Start Encode 1
06-24 17:03:14.174  1029 21377 E jpeg_hw : jpege_lib_hw_fe_buffer_cfg:296] w 4032 h 3024 stride 4032 scanline 3024
06-24 17:03:14.174  1029 21377 D mm-still: ConfigureOutputBuffer:553] Received output image fd 213 addr 0xcab2a000 WorkBufSize 18579456 
06-24 17:03:14.176  1029 21377 W libc    : invalid pthread_t (0) passed to libc
06-24 17:03:14.177  1029 21167 D mm-jpeg-intf: mm_jpeg_start_job:2485] job_id 17170432 X
06-24 17:03:14.191  1173 21160 E mm-3a-external: [cgAF] Invalid Cal. Set Default AF Cal: PAN: 0x78, MAC: 0x1F4, OFFSET: 0x0
06-24 17:03:14.203   763   763 W Layer   : [SurfaceView - com.appname/com.appname.MainActivity@40fc623@0#0] Timestamp 949077246821240 seems implausible relative to expectedPresent 663622008031783
06-24 17:03:14.216  1029 21378 D mm-still: EncodeComplete:938] MainImage Encoding complete. Filled Length = 2548594 m_thumbEncodingComplete 0 mSeqNo 1
06-24 17:03:14.220   763   763 W Layer   : [SurfaceView - com.appname/com.appname.MainActivity@40fc623@0#0] Timestamp 949077280144240 seems implausible relative to expectedPresent 663622024797234
06-24 17:03:14.221  1029 21378 D mm-still: ReleaseMainImage:794] Encoded image length 2549971
06-24 17:03:14.221  1029 21377 D mm-jpeg-intf: mm_jpeg_ebd:3083] count 0 
06-24 17:03:14.221  1029 21377 D mm-jpeg-intf: mm_jpeg_fbd:3097] count 0 
06-24 17:03:14.221  1029 21377 D mm-jpeg-intf: [KPI Perf] : PROFILE_JPEG_FBD
06-24 17:03:14.221  1029 21377 D mm-jpeg-intf: mm_jpeg_fbd:3127] send jpeg callback 0 buf 0x0xc99b8000 len 2549971 JobID 17170432
06-24 17:03:14.223  1173 21160 E mm-3a-external: [cgAF] Invalid Cal. Set Default AF Cal: PAN: 0x78, MAC: 0x1F4, OFFSET: 0x0
06-24 17:03:14.228  1394 13864 D ConnectivityService: filterNetworkStateForUid() uid: 10081 networkInfo: [type: WIFI[] - WIFI, state: CONNECTED/CONNECTED, reason: (unspecified), extra: "BananaPancake", failover: false, available: true, roaming: false, metered: false]
06-24 17:03:14.232  1029 21377 D Camera3-Status: markComponent: Component 2 is now idle
06-24 17:03:14.252 17748 17748 W ExifInterface: Skip the tag entry since tag number is not defined: 2
06-24 17:03:14.252 17748 17748 W ExifInterface: Stop reading file since a wrong offset may cause an infinite loop: 0
06-24 17:03:14.252 17748 17748 I chatty  : uid=10336(u0_a336) com.appname identical 1 line
06-24 17:03:14.252 17748 17748 W ExifInterface: Stop reading file since a wrong offset may cause an infinite loop: 0
06-24 17:03:14.255  1029 21377 D mm-jpeg-intf: mm_jpegenc_destroy_job:2802] Exif entry count 15 15
06-24 17:03:14.255  1029 21377 D mm-jpeg-intf: mm_jpeg_queue_remove_job_by_job_id:3297] found matching job id
06-24 17:03:14.259  1173 21160 E mm-3a-external: [cgAF] Invalid Cal. Set Default AF Cal: PAN: 0x78, MAC: 0x1F4, OFFSET: 0x0
06-24 17:03:14.270   763   763 W Layer   : [SurfaceView - com.appname/com.appname.MainActivity@40fc623@0#0] Timestamp 949077313476240 seems implausible relative to expectedPresent 663622075093587
06-24 17:03:14.287   763   763 W Layer   : [SurfaceView - com.appname/com.appname.MainActivity@40fc623@0#0] Timestamp 949077346800240 seems implausible relative to expectedPresent 663622091859038
06-24 17:03:14.292  1173 21160 E mm-3a-external: [cgAF] Invalid Cal. Set Default AF Cal: PAN: 0x78, MAC: 0x1F4, OFFSET: 0x0
06-24 17:03:14.315  1173 21159 D mm-camera-CORE: TSAec_process works: stats' frame_id=539, 0, 0
06-24 17:03:14.320   763   763 W Layer   : [SurfaceView - com.appname/com.appname.MainActivity@40fc623@0#0] Timestamp 949077380142240 seems implausible relative to expectedPresent 663622125389940
06-24 17:03:14.324  1162  1231 I LocSvc_ApiV02: <--- globalEventCb line 162 QMI_LOC_EVENT_GNSS_SV_INFO_IND_V02
06-24 17:03:14.325  1173 21160 E mm-3a-external: [cgAF] Invalid Cal. Set Default AF Cal: PAN: 0x78, MAC: 0x1F4, OFFSET: 0x0
06-24 17:03:14.325  1162  4816 I LocSvc_libulp: ulp_brain_process_gnss_sv_report, gnss sv report cnt = 3743, gnss pos report cnt = 83,strong sv cnt = 0
06-24 17:03:14.326  1394  2390 D GnssLocationProvider_ex: SV Count : 1      (PRN, Constellation, SNR, Used)
06-24 17:03:14.326  1394  2390 D GnssLocationProvider_ex: (194, QZSS, 31.0, 0) 
06-24 17:03:14.353   763   763 W Layer   : [SurfaceView - com.appname/com.appname.MainActivity@40fc623@0#0] Timestamp 949077413461240 seems implausible relative to expectedPresent 663622158920842
06-24 17:03:14.358  1173 21160 E mm-3a-external: [cgAF] Invalid Cal. Set Default AF Cal: PAN: 0x78, MAC: 0x1F4, OFFSET: 0x0
06-24 17:03:14.384 17748 18159 W ExifInterface: Skip the tag entry since tag number is not defined: 2
06-24 17:03:14.384 17748 18159 W ExifInterface: Stop reading file since a wrong offset may cause an infinite loop: 0
06-24 17:03:14.384 17748 18159 I chatty  : uid=10336(u0_a336) CameraX-camerax identical 1 line
06-24 17:03:14.384 17748 18159 W ExifInterface: Stop reading file since a wrong offset may cause an infinite loop: 0
06-24 17:03:14.393  1173 21160 E mm-3a-external: [cgAF] Invalid Cal. Set Default AF Cal: PAN: 0x78, MAC: 0x1F4, OFFSET: 0x0
06-24 17:03:14.404   763   763 W Layer   : [SurfaceView - com.appname/com.appname.MainActivity@40fc623@0#0] Timestamp 949077446806240 seems implausible relative to expectedPresent 663622209217195
06-24 17:03:14.421   763   763 W Layer   : [SurfaceView - com.appname/com.appname.MainActivity@40fc623@0#0] Timestamp 949077480119240 seems implausible relative to expectedPresent 663622225982646
06-24 17:03:14.423  1173 21160 E mm-3a-external: [cgAF] Invalid Cal. Set Default AF Cal: PAN: 0x78, MAC: 0x1F4, OFFSET: 0x0
06-24 17:03:14.443 17748 18159 W ExifInterface: Skip the tag entry since tag number is not defined: 2
06-24 17:03:14.443 17748 18159 W ExifInterface: Stop reading file since a wrong offset may cause an infinite loop: 0
06-24 17:03:14.443 17748 18159 I chatty  : uid=10336(u0_a336) CameraX-camerax identical 1 line
06-24 17:03:14.443 17748 18159 W ExifInterface: Stop reading file since a wrong offset may cause an infinite loop: 0
06-24 17:03:14.450  1394  2867 I EDMNativeHelperService: isCameraEnabled
06-24 17:03:14.456  1173 21160 E mm-3a-external: [cgAF] Invalid Cal. Set Default AF Cal: PAN: 0x78, MAC: 0x1F4, OFFSET: 0x0
06-24 17:03:14.471   763   763 W Layer   : [SurfaceView - com.appname/com.appname.MainActivity@40fc623@0#0] Timestamp 949077513485240 seems implausible relative to expectedPresent 663622276278999
06-24 17:03:14.479  1028  2058 I SoundBoosterEffectPlus: SB_reset SoundBooster sessionId(-1303)
06-24 17:03:14.479  1028  2058 I SoundBooster7: BuffClear()
06-24 17:03:14.488   763   763 W Layer   : [SurfaceView - com.appname/com.appname.MainActivity@40fc623@0#0] Timestamp 949077546772240 seems implausible relative to expectedPresent 663622293044450
06-24 17:03:14.490  1173 21160 E mm-3a-external: [cgAF] Invalid Cal. Set Default AF Cal: PAN: 0x78, MAC: 0x1F4, OFFSET: 0x0
06-24 17:03:14.491  1028  1363 V APM_AudioPolicyManager: stopOutput() output 13, stream 7, session 7753
06-24 17:03:14.491  1028  1363 V APM_AudioPolicyManager: setBeaconMute(1) mBeaconMuteRefCount=0 mBeaconPlayingRefCount=0
06-24 17:03:14.491  1028  1363 V APM_AudioPolicyManager: getNewOutputDevice() selected device 0
06-24 17:03:14.491  1028  1363 V APM_AudioPolicyManager: setOutputDevice() device 0000 delayMs 160
06-24 17:03:14.491  1028  1363 V APM_AudioPolicyManager: setOutputDevice() prevDevice 0x0002
06-24 17:03:14.492  1028  1363 V APM_AudioPolicyManager: setOutputDevice() setting same device 0x0000 or null device
06-24 17:03:14.521   763   763 W Layer   : [SurfaceView - com.appname/com.appname.MainActivity@40fc623@0#0] Timestamp 949077580093240 seems implausible relative to expectedPresent 663622326575352
06-24 17:03:14.527  1173 21160 E mm-3a-external: [cgAF] Invalid Cal. Set Default AF Cal: PAN: 0x78, MAC: 0x1F4, OFFSET: 0x0
06-24 17:03:14.555   763   763 W Layer   : [SurfaceView - com.appname/com.appname.MainActivity@40fc623@0#0] Timestamp 949077613422240 seems implausible relative to expectedPresent 663622360106254
06-24 17:03:14.557  1173 21160 E mm-3a-external: [cgAF] Invalid Cal. Set Default AF Cal: PAN: 0x78, MAC: 0x1F4, OFFSET: 0x0
06-24 17:03:14.588   763   763 W Layer   : [SurfaceView - com.appname/com.appname.MainActivity@40fc623@0#0] Timestamp 949077646746240 seems implausible relative to expectedPresent 663622393637156
06-24 17:03:14.592  1173 21160 E mm-3a-external: [cgAF] Invalid Cal. Set Default AF Cal: PAN: 0x78, MAC: 0x1F4, OFFSET: 0x0
06-24 17:03:14.622   763   763 W Layer   : [SurfaceView - com.appname/com.appname.MainActivity@40fc623@0#0] Timestamp 949077680073240 seems implausible relative to expectedPresent 663622427168058
06-24 17:03:14.623  1173 21160 E mm-3a-external: [cgAF] Invalid Cal. Set Default AF Cal: PAN: 0x78, MAC: 0x1F4, OFFSET: 0x0
06-24 17:03:14.652 29907 18976 V MediaProvider: 7klwibgf7fvntblfd7(7Hrclnifk7*.:+(,++:,-.*5qhg is not existed
06-24 17:03:14.654  1394  2867 W StorageManager: getStorageLowBytes lowPercent : 5, lowBytes : 1225677414, maxLowBytes : 524288000
06-24 17:03:14.655   763   763 W Layer   : [SurfaceView - com.appname/com.appname.MainActivity@40fc623@0#0] Timestamp 949077713397240 seems implausible relative to expectedPresent 663622460698960
06-24 17:03:14.657  1173 21160 E mm-3a-external: [cgAF] Invalid Cal. Set Default AF Cal: PAN: 0x78, MAC: 0x1F4, OFFSET: 0x0
06-24 17:03:14.681 29907 18976 D CMHServiceInterface: Sending intent to CMH
06-24 17:03:14.683  1394 13864 D SensorService: Calling activate off 1
06-24 17:03:14.684   734  2320 I qti_sensors_hal: batch:sensor(android.sensor.accelerometer) handle:1 flags:0x0 period_ns 10000000
06-24 17:03:14.684   734  2320 I qti_sensors_hal: batch: current sample rate, report rate & buffering are equal to requested (100.000000,0.000000,0)
06-24 17:03:14.686  5613 21237 I Controller: [#CMH#] com.android.providers.media Insert
06-24 17:03:14.687  5613 21237 I Controller: [#CMH#] processInsertAction,No of files to insert: 1,Origin:com.android.providers.media
06-24 17:03:14.687  5613 21237 E Controller: [#CMH#] Content inserted without datetaken 
06-24 17:03:14.687  5613 21237 E Controller: [#CMH#] lSefFileSubType is null 
06-24 17:03:14.688  1394  2393 D InputReader: Input event(6): value=1 when=663622477283000
06-24 17:03:14.688  5613 21237 E ImageFeatures: [#CMH#] applyJustShotFlag : java.io.FileNotFoundException: /storage/emulated/0/Pictures/1593043394651.jpg (No such file or directory) (/storage/emulated/0/Pictures/1593043394651.jpg (No such file or directory))
06-24 17:03:14.688  5613 21237 E ImageFeatures: 	at java.io.FileInputStream.open0 (FileInputStream.java:-2)
06-24 17:03:14.688  5613 21237 E ImageFeatures: 	at java.io.FileInputStream.open (FileInputStream.java:200)
06-24 17:03:14.688  5613 21237 E ImageFeatures: 	at java.io.FileInputStream.<init> (FileInputStream.java:150)
06-24 17:03:14.688  5613 21237 E ImageFeatures: 	at java.io.FileInputStream.<init> (FileInputStream.java:103)
06-24 17:03:14.688  5613 21237 E ImageFeatures: 	at android.media.ExifInterface.<init> (ExifInterface.java:1329)
06-24 17:03:14.688  5613 21237 E ImageFeatures: 	at com.samsung.cmh.features.ImageFeatures.isJustShot (ImageFeatures.java:54)
06-24 17:03:14.688  5613 21237 E ImageFeatures: 	at com.samsung.cmh.core.Controller.processInsertAction (Controller.java:2550)
06-24 17:03:14.688  5613 21237 E ImageFeatures: 	at com.samsung.cmh.core.Controller.execute (Controller.java:991)
06-24 17:03:14.688  5613 21237 E ImageFeatures: 	at com.samsung.cmh.service.CMHService.onHandleIntent (CMHService.java:100)
06-24 17:03:14.688  5613 21237 E ImageFeatures: 	at android.app.IntentService$ServiceHandler.handleMessage (IntentService.java:68)
06-24 17:03:14.688  5613 21237 E ImageFeatures: 	at android.os.Handler.dispatchMessage (Handler.java:105)
06-24 17:03:14.688  5613 21237 E ImageFeatures: 	at android.os.Looper.loop (Looper.java:164)
06-24 17:03:14.688  5613 21237 E ImageFeatures: 	at android.os.HandlerThread.run (HandlerThread.java:65)
06-24 17:03:14.688  5613 21237 E ImageFeatures:  
06-24 17:03:14.688  1394  2393 D InputReader: Input event(6): value=1 when=663622477283000
06-24 17:03:14.688  1394  2393 I InputReader: Touch event's action is 0x0 (deviceType=0) [pCnt=1, s=0.4500 ] when=663622477283000
06-24 17:03:14.689   763   763 W Layer   : [SurfaceView - com.appname/com.appname.MainActivity@40fc623@0#0] Timestamp 949077746764240 seems implausible relative to expectedPresent 663622494229862
06-24 17:03:14.690  1173 21160 E mm-3a-external: [cgAF] Invalid Cal. Set Default AF Cal: PAN: 0x78, MAC: 0x1F4, OFFSET: 0x0
06-24 17:03:14.690  1394  2392 I InputDispatcher: Delivering touch to (17748): action: 0x0, toolType: 1
06-24 17:03:14.693  1394  4627 W ActivityManager: Background start not allowed: service Intent { cmp=com.google.android.apps.photos/com.google.android.libraries.social.mediamonitor.BackgroundThreadNotifierIntentService (has extras) } to com.google.android.apps.photos/com.google.android.libraries.social.mediamonitor.BackgroundThreadNotifierIntentService from pid=1328 uid=10156 pkg=com.google.android.apps.photos
06-24 17:03:14.702  5613 21237 I Controller: [#CMH#] Sent Notification for uri content://com.samsung.cmh/notify_images
06-24 17:03:14.702 18658 18658 D LibraryDataManager: onChange = 0, active = true, uri = content://com.samsung.cmh/notify_images, this = com.sec.android.gallery3d.data.LibraryDataManager$NotifyBroker@361d8
06-24 17:03:14.702  5613 21237 I Controller: [#CMH#] startSmartClustering starting clustering 
06-24 17:03:14.702  5613 21238 I ClusteringTask: [#CMH#] before mutex 
06-24 17:03:14.703  5613 21238 I ClusteringTask: [#CMH#] after mutex 
06-24 17:03:14.703  5613 21238 I MomentClusteringAlgo: [#CMH#] performClustering images deleted false
06-24 17:03:14.703  5613 21238 I ClusteringDBUtils: [#CMH#] updateClusterTable In nothing to update 
06-24 17:03:14.703  5613 21237 I Controller: [#CMH#] startDaywiseClustering starting day clustering 
06-24 17:03:14.705 19589 21343 D SensorManager: unregisterListener ::   
06-24 17:03:14.705  5613 21329 I DayAndMonthTask: [#CMH#] before mutex 
06-24 17:03:14.705  5613 21329 I DayAndMonthTask: [#CMH#] after mutex 
06-24 17:03:14.722   763   763 W Layer   : [SurfaceView - com.appname/com.appname.MainActivity@40fc623@0#0] Timestamp 949077780055240 seems implausible relative to expectedPresent 663622527760764
06-24 17:03:14.726  1173 21160 E mm-3a-external: [cgAF] Invalid Cal. Set Default AF Cal: PAN: 0x78, MAC: 0x1F4, OFFSET: 0x0
06-24 17:03:14.739 17748 17748 D ViewRootImpl@f74dda0[MainActivity]: ViewPostIme pointer 0
06-24 17:03:14.756   763   763 W Layer   : [SurfaceView - com.appname/com.appname.MainActivity@40fc623@0#0] Timestamp 949077813407240 seems implausible relative to expectedPresent 663622561291666
06-24 17:03:14.758  1173 21160 E mm-3a-external: [cgAF] Invalid Cal. Set Default AF Cal: PAN: 0x78, MAC: 0x1F4, OFFSET: 0x0
06-24 17:03:14.764  5613 21329 I DayAndMonthTask: [#CMH#] after mutex release 
06-24 17:03:14.769  1394  2669 D WifiConnectivityMonitor:  [|239] []
06-24 17:03:14.789  1394  1394 D TelephonyManager: getCellLocation : Caller (PID / UID / TID): 1394 / 1000 / 1394
06-24 17:03:14.789   763   763 W Layer   : [SurfaceView - com.appname/com.appname.MainActivity@40fc623@0#0] Timestamp 949077846715240 seems implausible relative to expectedPresent 663622594822568
06-24 17:03:14.793  2724  2989 D NetworkController.MobileSignalController(0/1): onSignalStrengthsChanged signalStrength=SignalStrength: 99 99 -88 -180 -120 -1 -1 16 -120 -19 -116 2147483647 0 2147483647 0x1010 P gsm|lte level=1
06-24 17:03:14.793  2724  2989 D NetworkController.MobileSignalController(0/1): getMobileIconGroup(): 13
06-24 17:03:14.793  2724  2989 D NetworkController.MobileSignalController(0/1): updateVZWMobileIconGroup(): 13
06-24 17:03:14.796  1394  2393 D InputReader: Input event(6): value=0 when=663622586085000
06-24 17:03:14.796  1394  2393 D InputReader: Input event(6): value=0 when=663622586085000
06-24 17:03:14.796  1394  2393 I InputReader: Touch event's action is 0x1 (deviceType=0) [pCnt=1, s=] when=663622586085000
06-24 17:03:14.797  1394  2392 I InputDispatcher: Delivering touch to (17748): action: 0x1, toolType: 1
06-24 17:03:14.800  5613 21238 I Utils   : [#CMH#] No of media items  (images/videos) to process ::  1
06-24 17:03:14.801  5613 21238 I MomentClusteringAlgo: [#CMH#] performClustering In 1 
06-24 17:03:14.804  3047  3340 D EPDG -- SIM0 [SMARTWIFI]: onSignalStrengthsChanged: Received signal strength change, phone type is: 2
06-24 17:03:14.804  3047  5316 D EPDG -- SIM0 [SMARTWIFI]: lastLteRSRP is -120currentLteRSRP is -120
06-24 17:03:14.804  3047  5316 D EPDG -- SIM0 [SMARTWIFI]: lastLteRSRQ is -19currentLteRSRQ is -19
06-24 17:03:14.804  3047  5316 D EPDG -- SIM0 [SMARTWIFI]: lastCdmaDb is -17currentCdmaDb is -18
06-24 17:03:14.804  3047  5316 V EPDG -- SIM0 [SMARTWIFI]: Radio oldest entry removed
06-24 17:03:14.804  3047  5316 V EPDG -- SIM0 [SMARTWIFI]: New entry : (SignalStrength: 99 99 -88 -180 -120 -1 -1 16 -120 -19 -116 2147483647 0 2147483647 0x1010 P gsm|lte : 0 )
06-24 17:03:14.804  3047  5316 V EPDG -- SIM0 [SMARTWIFI]: Radio entry added
06-24 17:03:14.805  1173 21160 E mm-3a-external: [cgAF] Invalid Cal. Set Default AF Cal: PAN: 0x78, MAC: 0x1F4, OFFSET: 0x0
06-24 17:03:14.823   763   763 W Layer   : [SurfaceView - com.appname/com.appname.MainActivity@40fc623@0#0] Timestamp 949077880042240 seems implausible relative to expectedPresent 663622628353470
06-24 17:03:14.827  1173 21160 E mm-3a-external: [cgAF] Invalid Cal. Set Default AF Cal: PAN: 0x78, MAC: 0x1F4, OFFSET: 0x0
06-24 17:03:14.842  2724  2989 D NetworkController.MobileSignalController(0/1): callState:0, callStateByPhone:false voLTECall:false voiceNetTpe:7 dataNetType:13, ine911:false, emergencyCallbackMode:false
06-24 17:03:14.856  1173 21160 E mm-3a-external: [cgAF] Invalid Cal. Set Default AF Cal: PAN: 0x78, MAC: 0x1F4, OFFSET: 0x0
06-24 17:03:14.857   763   763 W Layer   : [SurfaceView - com.appname/com.appname.MainActivity@40fc623@0#0] Timestamp 949077913367240 seems implausible relative to expectedPresent 663622661884372
06-24 17:03:14.862 17748 17760 I zygote64: Background concurrent copying GC freed 140293(6MB) AllocSpace objects, 26(13MB) LOS objects, 49% free, 18MB/37MB, paused 1.285ms total 624.863ms
06-24 17:03:14.868 17748 17748 D ViewRootImpl@f74dda0[MainActivity]: ViewPostIme pointer 1
06-24 17:03:14.886  1028  1363 V APM_AudioPolicyManager: releaseOutput() 13
06-24 17:03:14.889  1173 21160 E mm-3a-external: [cgAF] Invalid Cal. Set Default AF Cal: PAN: 0x78, MAC: 0x1F4, OFFSET: 0x0
06-24 17:03:14.907   763   763 W Layer   : [SurfaceView - com.appname/com.appname.MainActivity@40fc623@0#0] Timestamp 949077946694240 seems implausible relative to expectedPresent 663622712180725
06-24 17:03:14.918  1394 13864 D SamsungAlarmManager: setExact Intent (T:2/F:1/AC:false) 20200624T170314 - CU:10024/CP:19589
06-24 17:03:14.923  1173 21160 E mm-3a-external: [cgAF] Invalid Cal. Set Default AF Cal: PAN: 0x78, MAC: 0x1F4, OFFSET: 0x0
06-24 17:03:14.940   763   763 W Layer   : [SurfaceView - com.appname/com.appname.MainActivity@40fc623@0#0] Timestamp 949077980022240 seems implausible relative to expectedPresent 663622745711627
06-24 17:03:14.949  1028  1363 V APM_AudioPolicyManager: releaseOutput() 13
06-24 17:03:14.974   763   763 W Layer   : [SurfaceView - com.appname/com.appname.MainActivity@40fc623@0#0] Timestamp 949078013367240 seems implausible relative to expectedPresent 663622779242529
06-24 17:03:14.977  1173 21159 D mm-camera-CORE: TSAec_process works: stats' frame_id=559, 0, 0
06-24 17:03:14.988  1173 21160 E mm-3a-external: [cgAF] Invalid Cal. Set Default AF Cal: PAN: 0x78, MAC: 0x1F4, OFFSET: 0x0
06-24 17:03:15.001  1028  1363 V APM_AudioPolicyManager: releaseOutput() 13
06-24 17:03:14.997  1173 21160 E mm-3a-external: [cgAF] Invalid Cal. Set Default AF Cal: PAN: 0x78, MAC: 0x1F4, OFFSET: 0x0
06-24 17:03:15.007   763   763 W Layer   : [SurfaceView - com.appname/com.appname.MainActivity@40fc623@0#0] Timestamp 949078046681240 seems implausible relative to expectedPresent 663622812773431
06-24 17:03:15.023  1173 21160 E mm-3a-external: [cgAF] Invalid Cal. Set Default AF Cal: PAN: 0x78, MAC: 0x1F4, OFFSET: 0x0
06-24 17:03:15.024   763   763 W Layer   : [SurfaceView - com.appname/com.appname.MainActivity@40fc623@0#0] Timestamp 949078080015240 seems implausible relative to expectedPresent 663622829538882
06-24 17:03:15.056  1173 21160 E mm-3a-external: [cgAF] Invalid Cal. Set Default AF Cal: PAN: 0x78, MAC: 0x1F4, OFFSET: 0x0
06-24 17:03:15.058   763   763 W Layer   : [SurfaceView - com.appname/com.appname.MainActivity@40fc623@0#0] Timestamp 949078113327240 seems implausible relative to expectedPresent 663622863069784
06-24 17:03:15.080  1146  1458 D DnsProxyListener: DNSDBG::dns addrinfo af 0
06-24 17:03:15.093  1173 21160 E mm-3a-external: [cgAF] Invalid Cal. Set Default AF Cal: PAN: 0x78, MAC: 0x1F4, OFFSET: 0x0
06-24 17:03:15.108   763   763 W Layer   : [SurfaceView - com.appname/com.appname.MainActivity@40fc623@0#0] Timestamp 949078146686240 seems implausible relative to expectedPresent 663622913366137
06-24 17:03:15.123  1173 21160 E mm-3a-external: [cgAF] Invalid Cal. Set Default AF Cal: PAN: 0x78, MAC: 0x1F4, OFFSET: 0x0
06-24 17:03:15.125   763   763 W Layer   : [SurfaceView - com.appname/com.appname.MainActivity@40fc623@0#0] Timestamp 949078179990240 seems implausible relative to expectedPresent 663622930131588
06-24 17:03:15.161  1173 21160 E mm-3a-external: [cgAF] Invalid Cal. Set Default AF Cal: PAN: 0x78, MAC: 0x1F4, OFFSET: 0x0
06-24 17:03:15.175   763   763 W Layer   : [SurfaceView - com.appname/com.appname.MainActivity@40fc623@0#0] Timestamp 949078213314240 seems implausible relative to expectedPresent 663622980427941
06-24 17:03:15.192   763   763 W Layer   : [SurfaceView - com.appname/com.appname.MainActivity@40fc623@0#0] Timestamp 949078246640240 seems implausible relative to expectedPresent 663622997193392
06-24 17:03:15.192  1173 21160 E mm-3a-external: [cgAF] Invalid Cal. Set Default AF Cal: PAN: 0x78, MAC: 0x1F4, OFFSET: 0x0
06-24 17:03:15.212  5613 21238 I ClusteringTask: [#CMH#] Cluster size: 1
06-24 17:03:15.212  5613 21238 I ClusteringDBUtils: [#CMH#] updateClusterTable In 1 
06-24 17:03:15.218 17748 17748 D ReactNative: CameraView: Photo capture succeeded: content://media/external/images/media/1699
06-24 17:03:15.251  1394 13864 D ConnectivityService: filterNetworkStateForUid() uid: 10081 networkInfo: [type: WIFI[] - WIFI, state: CONNECTED/CONNECTED, reason: (unspecified), extra: "BananaPancake", failover: false, available: true, roaming: false, metered: false]
06-24 17:03:15.258  1173 21160 E mm-3a-external: [cgAF] Invalid Cal. Set Default AF Cal: PAN: 0x78, MAC: 0x1F4, OFFSET: 0x0
06-24 17:03:15.259   763   763 W Layer   : [SurfaceView - com.appname/com.appname.MainActivity@40fc623@0#0] Timestamp 949078279970240 seems implausible relative to expectedPresent 663623064255196
06-24 17:03:15.268  1173 21160 E mm-3a-external: [cgAF] Invalid Cal. Set Default AF Cal: PAN: 0x78, MAC: 0x1F4, OFFSET: 0x0
06-24 17:03:15.276   763   763 W Layer   : [SurfaceView - com.appname/com.appname.MainActivity@40fc623@0#0] Timestamp 949078313300240 seems implausible relative to expectedPresent 663623081020647
06-24 17:03:15.293   763   763 W Layer   : [SurfaceView - com.appname/com.appname.MainActivity@40fc623@0#0] Timestamp 949078346633240 seems implausible relative to expectedPresent 663623097786098
06-24 17:03:15.295  1173 21160 E mm-3a-external: [cgAF] Invalid Cal. Set Default AF Cal: PAN: 0x78, MAC: 0x1F4, OFFSET: 0x0
06-24 17:03:15.325  1173 21160 E mm-3a-external: [cgAF] Invalid Cal. Set Default AF Cal: PAN: 0x78, MAC: 0x1F4, OFFSET: 0x0
06-24 17:03:15.326   763   763 W Layer   : [SurfaceView - com.appname/com.appname.MainActivity@40fc623@0#0] Timestamp 949078379950240 seems implausible relative to expectedPresent 663623131317000
06-24 17:03:15.331  1162  1231 I LocSvc_ApiV02: <--- globalEventCb line 162 QMI_LOC_EVENT_GNSS_SV_INFO_IND_V02
06-24 17:03:15.331  1162  4816 I LocSvc_libulp: ulp_brain_process_gnss_sv_report, gnss sv report cnt = 3744, gnss pos report cnt = 83,strong sv cnt = 0
06-24 17:03:15.331  1394  2390 D GnssLocationProvider_ex: SV Count : 1      (PRN, Constellation, SNR, Used)
06-24 17:03:15.331  1394  2390 D GnssLocationProvider_ex: (194, QZSS, 31.0, 0) 
06-24 17:03:15.359   763   763 W Layer   : [SurfaceView - com.appname/com.appname.MainActivity@40fc623@0#0] Timestamp 949078413354240 seems implausible relative to expectedPresent 663623164847902
06-24 17:03:15.365  1173 21160 E mm-3a-external: [cgAF] Invalid Cal. Set Default AF Cal: PAN: 0x78, MAC: 0x1F4, OFFSET: 0x0
06-24 17:03:15.389 18658 18658 D LibraryDataManager: onChange = 0, active = true, uri = content://com.samsung.cmh/daycluster, this = com.sec.android.gallery3d.data.LibraryDataManager$NotifyBroker@e50a931
06-24 17:03:15.393   763   763 W Layer   : [SurfaceView - com.appname/com.appname.MainActivity@40fc623@0#0] Timestamp 949078446603240 seems implausible relative to expectedPresent 663623198733802
06-24 17:03:15.397  1173 21160 E mm-3a-external: [cgAF] Invalid Cal. Set Default AF Cal: PAN: 0x78, MAC: 0x1F4, OFFSET: 0x0
06-24 17:03:15.402  5613 21238 I MomentClusteringAlgo: [#CMH#] performClustering images deleted false
06-24 17:03:15.402  5613 21238 I ClusteringDBUtils: [#CMH#] updateClusterTable In nothing to update 
06-24 17:03:15.418  5613 21238 I MomentClusteringAlgo: [#CMH#] performClustering In 0 
06-24 17:03:15.418  5613 21238 I ClusteringTask: [#CMH#] Cluster size: 0
06-24 17:03:15.418  5613 21238 I ClusteringDBUtils: [#CMH#] updateClusterTable In nothing to update 
06-24 17:03:15.427   763   763 W Layer   : [SurfaceView - com.appname/com.appname.MainActivity@40fc623@0#0] Timestamp 949078479934240 seems implausible relative to expectedPresent 663623232264704
06-24 17:03:15.439  5613 21238 I ClusteringTask: [#CMH#] after mutex release 
06-24 17:03:15.454  1173 21160 E mm-3a-external: [cgAF] Invalid Cal. Set Default AF Cal: PAN: 0x78, MAC: 0x1F4, OFFSET: 0x0
06-24 17:03:15.456  1394  4627 I EDMNativeHelperService: isCameraEnabled
06-24 17:03:15.460   763   763 W Layer   : [SurfaceView - com.appname/com.appname.MainActivity@40fc623@0#0] Timestamp 949078513288240 seems implausible relative to expectedPresent 663623265820002
06-24 17:03:15.494  1173 21160 E mm-3a-external: [cgAF] Invalid Cal. Set Default AF Cal: PAN: 0x78, MAC: 0x1F4, OFFSET: 0x0
06-24 17:03:15.495   763   763 W Layer   : [SurfaceView - com.appname/com.appname.MainActivity@40fc623@0#0] Timestamp 949078546599240 seems implausible relative to expectedPresent 663623299358256
06-24 17:03:15.502   734   872 I qti_sensors_hal: processReportInd: Accel - X: -0.077 Y: 7.906 Z: 5.925
06-24 17:03:15.505  1173 21160 E mm-3a-external: [cgAF] Invalid Cal. Set Default AF Cal: PAN: 0x78, MAC: 0x1F4, OFFSET: 0x0
06-24 17:03:15.523  1173 21160 E mm-3a-external: [cgAF] Invalid Cal. Set Default AF Cal: PAN: 0x78, MAC: 0x1F4, OFFSET: 0x0
06-24 17:03:15.528   763   763 W Layer   : [SurfaceView - com.appname/com.appname.MainActivity@40fc623@0#0] Timestamp 949078579914240 seems implausible relative to expectedPresent 663623332896510
06-24 17:03:15.548  1394  2393 D InputReader: Input event(6): value=1 when=663623336865000
06-24 17:03:15.548  1394  2393 D InputReader: Input event(6): value=1 when=663623336865000
06-24 17:03:15.548  1394  2393 I InputReader: Touch event's action is 0x0 (deviceType=0) [pCnt=1, s=0.4501 ] when=663623336865000
06-24 17:03:15.548  1394  2392 I InputDispatcher: Delivering touch to (17748): action: 0x0, toolType: 1
06-24 17:03:15.551 17748 17748 D ViewRootImpl@f74dda0[MainActivity]: ViewPostIme pointer 0
06-24 17:03:15.557  1173 21160 E mm-3a-external: [cgAF] Invalid Cal. Set Default AF Cal: PAN: 0x78, MAC: 0x1F4, OFFSET: 0x0
06-24 17:03:15.561   763   763 W Layer   : [SurfaceView - com.appname/com.appname.MainActivity@40fc623@0#0] Timestamp 949078613242240 seems implausible relative to expectedPresent 663623366434764
06-24 17:03:15.589  1173 21160 E mm-3a-external: [cgAF] Invalid Cal. Set Default AF Cal: PAN: 0x78, MAC: 0x1F4, OFFSET: 0x0
06-24 17:03:15.611   763   763 W Layer   : [SurfaceView - com.appname/com.appname.MainActivity@40fc623@0#0] Timestamp 949078646585240 seems implausible relative to expectedPresent 663623416742145
06-24 17:03:15.623  1173 21160 E mm-3a-external: [cgAF] Invalid Cal. Set Default AF Cal: PAN: 0x78, MAC: 0x1F4, OFFSET: 0x0
06-24 17:03:15.628   763   763 W Layer   : [SurfaceView - com.appname/com.appname.MainActivity@40fc623@0#0] Timestamp 949078679898240 seems implausible relative to expectedPresent 663623433511272
06-24 17:03:15.636  1173 21159 D mm-camera-CORE: TSAec_process works: stats' frame_id=579, 0, 0
06-24 17:03:15.640  1394  2393 D InputReader: Input event(6): value=0 when=663623429161000
06-24 17:03:15.640  1394  2393 D InputReader: Input event(6): value=0 when=663623429161000
06-24 17:03:15.640  1394  2393 I InputReader: Touch event's action is 0x1 (deviceType=0) [pCnt=1, s=] when=663623429161000
06-24 17:03:15.640  1394  2392 I InputDispatcher: Delivering touch to (17748): action: 0x1, toolType: 1
06-24 17:03:15.644 17748 17748 D ViewRootImpl@f74dda0[MainActivity]: ViewPostIme pointer 1
06-24 17:03:15.656  1173 21160 E mm-3a-external: [cgAF] Invalid Cal. Set Default AF Cal: PAN: 0x78, MAC: 0x1F4, OFFSET: 0x0
06-24 17:03:15.662   763   763 W Layer   : [SurfaceView - com.appname/com.appname.MainActivity@40fc623@0#0] Timestamp 949078713227240 seems implausible relative to expectedPresent 663623467049526
06-24 17:03:15.679   763   763 W Layer   : [SurfaceView - com.appname/com.appname.MainActivity@40fc623@0#0] Timestamp 949078746563240 seems implausible relative to expectedPresent 663623483818653
06-24 17:03:15.690  1173 21160 E mm-3a-external: [cgAF] Invalid Cal. Set Default AF Cal: PAN: 0x78, MAC: 0x1F4, OFFSET: 0x0
06-24 17:03:15.700  1394  1971 W StorageManager: getStorageFullBytes DEFAULT_FULL_THRESHOLD_BYTES : 20971520, threadhold : 20971520
06-24 17:03:15.700  1394  1971 W StorageManager: getStorageLowBytes lowPercent : 5, lowBytes : 1225677414, maxLowBytes : 524288000
06-24 17:03:15.701  1394  1971 W DeviceStorageMonitorService: updateBroadcasts(/data) oldLevel:0, newLevel:0, seq:1
06-24 17:03:15.702  1394  1971 W DeviceStorageMonitorService: updateBroadcasts_filenode(/data) fn_oldLevel:0, fn_newLevel:0, seq:1
06-24 17:03:15.717  1394  1394 D TelephonyManager: getCellLocation : Caller (PID / UID / TID): 1394 / 1000 / 1394
06-24 17:03:15.719  2724  2989 D NetworkController.MobileSignalController(0/1): onSignalStrengthsChanged signalStrength=SignalStrength: 99 99 -94 -310 -120 -1 -1 16 -120 -19 -116 2147483647 0 2147483647 0x1010 P gsm|lte level=1
06-24 17:03:15.719  2724  2989 D NetworkController.MobileSignalController(0/1): getMobileIconGroup(): 13
06-24 17:03:15.719  2724  2989 D NetworkController.MobileSignalController(0/1): updateVZWMobileIconGroup(): 13
06-24 17:03:15.727  1173 21160 E mm-3a-external: [cgAF] Invalid Cal. Set Default AF Cal: PAN: 0x78, MAC: 0x1F4, OFFSET: 0x0
06-24 17:03:15.729   763   763 W Layer   : [SurfaceView - com.appname/com.appname.MainActivity@40fc623@0#0] Timestamp 949078779881240 seems implausible relative to expectedPresent 663623534126034
06-24 17:03:15.730  3047  3340 D EPDG -- SIM0 [SMARTWIFI]: onSignalStrengthsChanged: Received signal strength change, phone type is: 2
06-24 17:03:15.735  3047  5316 D EPDG -- SIM0 [SMARTWIFI]: lastLteRSRP is -120currentLteRSRP is -120
06-24 17:03:15.735  3047  5316 D EPDG -- SIM0 [SMARTWIFI]: lastLteRSRQ is -19currentLteRSRQ is -19
06-24 17:03:15.735  3047  5316 D EPDG -- SIM0 [SMARTWIFI]: lastCdmaDb is -18currentCdmaDb is -31
06-24 17:03:15.735  3047  5316 V EPDG -- SIM0 [SMARTWIFI]: Radio oldest entry removed
06-24 17:03:15.735  3047  5316 V EPDG -- SIM0 [SMARTWIFI]: New entry : (SignalStrength: 99 99 -94 -310 -120 -1 -1 16 -120 -19 -116 2147483647 0 2147483647 0x1010 P gsm|lte : 0 )
06-24 17:03:15.735  3047  5316 V EPDG -- SIM0 [SMARTWIFI]: Radio entry added
06-24 17:03:15.757  1173 21160 E mm-3a-external: [cgAF] Invalid Cal. Set Default AF Cal: PAN: 0x78, MAC: 0x1F4, OFFSET: 0x0
06-24 17:03:15.762   763   763 W Layer   : [SurfaceView - com.appname/com.appname.MainActivity@40fc623@0#0] Timestamp 949078813229240 seems implausible relative to expectedPresent 663623567664288
06-24 17:03:15.778  2724  2989 D NetworkController.MobileSignalController(0/1): callState:0, callStateByPhone:false voLTECall:false voiceNetTpe:7 dataNetType:13, ine911:false, emergencyCallbackMode:false
06-24 17:03:15.789  1173 21160 E mm-3a-external: [cgAF] Invalid Cal. Set Default AF Cal: PAN: 0x78, MAC: 0x1F4, OFFSET: 0x0
06-24 17:03:15.796   763   763 W Layer   : [SurfaceView - com.appname/com.appname.MainActivity@40fc623@0#0] Timestamp 949078846543240 seems implausible relative to expectedPresent 663623601202542
06-24 17:03:15.800  1394  2362 D SamsungAlarmManager: Expired : 4
06-24 17:03:15.801  1394  2362 I SamsungAlarmManager: setLocked to kernel - T:2 / 20200624T170315, SetElapsed=949079074, nowELAPSED=949078970
06-24 17:03:15.801  1394  2362 V SamsungAlarmManager: Sending to uid : 10024 action=com.google.android.location.ALARM_WAKEUP_LOCATOR alarm=Alarm{34e5909 type 2 when 949078969 com.google.android.gms}
06-24 17:03:15.814  1394  1394 D TelephonyManager: getCellLocation : Caller (PID / UID / TID): 1394 / 1000 / 1394
06-24 17:03:15.815  2724  2989 D NetworkController.MobileSignalController(0/1): onSignalStrengthsChanged signalStrength=SignalStrength: 99 99 -87 -200 -120 -1 -1 16 -120 -19 -116 2147483647 0 2147483647 0x1010 P gsm|lte level=1
06-24 17:03:15.815  2724  2989 D NetworkController.MobileSignalController(0/1): getMobileIconGroup(): 13
06-24 17:03:15.816  2724  2989 D NetworkController.MobileSignalController(0/1): updateVZWMobileIconGroup(): 13
06-24 17:03:15.828  3047  3340 D EPDG -- SIM0 [SMARTWIFI]: onSignalStrengthsChanged: Received signal strength change, phone type is: 2
06-24 17:03:15.829   763   763 W Layer   : [SurfaceView - com.appname/com.appname.MainActivity@40fc623@0#0] Timestamp 949078879875240 seems implausible relative to expectedPresent 663623634740796
06-24 17:03:15.831  3047  5316 D EPDG -- SIM0 [SMARTWIFI]: lastLteRSRP is -120currentLteRSRP is -120
06-24 17:03:15.831  3047  5316 D EPDG -- SIM0 [SMARTWIFI]: lastLteRSRQ is -19currentLteRSRQ is -19
06-24 17:03:15.831  3047  5316 D EPDG -- SIM0 [SMARTWIFI]: lastCdmaDb is -31currentCdmaDb is -20
06-24 17:03:15.831  3047  5316 V EPDG -- SIM0 [SMARTWIFI]: Radio oldest entry removed
06-24 17:03:15.831  3047  5316 V EPDG -- SIM0 [SMARTWIFI]: New entry : (SignalStrength: 99 99 -87 -200 -120 -1 -1 16 -120 -19 -116 2147483647 0 2147483647 0x1010 P gsm|lte : 0 )
06-24 17:03:15.831  3047  5316 V EPDG -- SIM0 [SMARTWIFI]: Radio entry added
06-24 17:03:15.832  1173 21160 E mm-3a-external: [cgAF] Invalid Cal. Set Default AF Cal: PAN: 0x78, MAC: 0x1F4, OFFSET: 0x0
06-24 17:03:15.833  1394  4627 D SamsungAlarmManager: Cancel Alarm calling from uid:10024 pid :19589 / op:PendingIntent{a40052f: PendingIntentRecord{1d2bbc5 com.google.android.gms broadcastIntent}}
06-24 17:03:15.835  1394  4627 I SamsungAlarmManager: setLocked to kernel - T:2 / 20200624T170519, SetElapsed=949203034, nowELAPSED=949079004
06-24 17:03:15.844  2724  2989 D NetworkController.MobileSignalController(0/1): callState:0, callStateByPhone:false voLTECall:false voiceNetTpe:7 dataNetType:13, ine911:false, emergencyCallbackMode:false
06-24 17:03:15.858  1173 21160 E mm-3a-external: [cgAF] Invalid Cal. Set Default AF Cal: PAN: 0x78, MAC: 0x1F4, OFFSET: 0x0
06-24 17:03:15.863   763   763 W Layer   : [SurfaceView - com.appname/com.appname.MainActivity@40fc623@0#0] Timestamp 949078913187240 seems implausible relative to expectedPresent 663623668279050
06-24 17:03:15.891  1173 21160 E mm-3a-external: [cgAF] Invalid Cal. Set Default AF Cal: PAN: 0x78, MAC: 0x1F4, OFFSET: 0x0
06-24 17:03:15.896   763   763 W Layer   : [SurfaceView - com.appname/com.appname.MainActivity@40fc623@0#0] Timestamp 949078946517240 seems implausible relative to expectedPresent 663623701817304
06-24 17:03:15.923  1173 21160 E mm-3a-external: [cgAF] Invalid Cal. Set Default AF Cal: PAN: 0x78, MAC: 0x1F4, OFFSET: 0x0
06-24 17:03:15.930   763   763 W Layer   : [SurfaceView - com.appname/com.appname.MainActivity@40fc623@0#0] Timestamp 949078979845240 seems implausible relative to expectedPresent 663623735355558
06-24 17:03:15.930  1394  1406 I zygote64: Background concurrent copying GC freed 58732(3MB) AllocSpace objects, 19(380KB) LOS objects, 30% free, 55MB/79MB, paused 1.090ms total 1.295s
06-24 17:03:15.935  1394  4627 I SensorService: createSensorEventConnection package name bglp
06-24 17:03:15.956  1173 21160 E mm-3a-external: [cgAF] Invalid Cal. Set Default AF Cal: PAN: 0x78, MAC: 0x1F4, OFFSET: 0x0
06-24 17:03:15.962  1394  4627 D SensorService: Calling batch handle==1 flags=0 rate=20000000 timeout== 0
06-24 17:03:15.963   734   734 I qti_sensors_hal: SMGRReportAdd:sensor(android.sensor.accelerometer) handle=1, sample_rate=100.000000 report_rate=0 buffer=0
06-24 17:03:15.963 19589 21391 D SensorManager: registerListener :: 1, K6DS3TR Accelerometer, 20000, 0,  
06-24 17:03:15.964   763   763 W Layer   : [SurfaceView - com.appname/com.appname.MainActivity@40fc623@0#0] Timestamp 949079013170240 seems implausible relative to expectedPresent 663623768893812
06-24 17:03:15.989  1173 21160 E mm-3a-external: [cgAF] Invalid Cal. Set Default AF Cal: PAN: 0x78, MAC: 0x1F4, OFFSET: 0x0
06-24 17:03:15.997   763   763 W Layer   : [SurfaceView - com.appname/com.appname.MainActivity@40fc623@0#0] Timestamp 949079046501240 seems implausible relative to expectedPresent 663623802432066
06-24 17:03:16.018  1394  2500 D WifiScanningService: addSingleScanRequest: ClientInfo[uid=10024,android.os.Messenger@1a888fa],Id=495,WorkSource{10336 com.appname}, ScanSettings {  packageName:com.google.android.gms band:3 period:0 reportEvents:2 numBssidsPerScan:25 maxScansToCache:0 channels:[  ]  } 
06-24 17:03:16.019  1394  2500 I WifiScanController: scan requested by com.google.android.gms (it's NLP package. check moving state)
06-24 17:03:16.020  1394  2500 W CAE     : setCAProperty(ContextAwareService.java:589) - [setProperty 01] Mutex is locked for ANY_MOTION_DETECTOR_RUNNER
06-24 17:03:16.020  1394  2500 I CAE     : sendCmdToSensorHub(SensorHubCommManager.java:158) - -72, 58, 1, 0,
06-24 17:03:16.021  1394  2372 D SensorService: setSContextDataLocked ints length 2 , byte length 4
06-24 17:03:16.023  1173 21160 E mm-3a-external: [cgAF] Invalid Cal. Set Default AF Cal: PAN: 0x78, MAC: 0x1F4, OFFSET: 0x0
06-24 17:03:16.023   734   734 I qti_sensors_hal: sensors_inject_sensor_data: sensors_inject_sensor_data
06-24 17:03:16.023   734   734 I qti_sensors_hal: sensor hal 80, 4, (b8, 58)
06-24 17:03:16.023   734   734 I qti_sensors_hal: AMD sendContextData 4
06-24 17:03:16.023   734   734 I qti_sensors_hal: AMD reqReport 184
06-24 17:03:16.023   734   734 I qti_sensors_hal: AMD svc 90 msg_id 4 size 1 txn_id 0
06-24 17:03:16.025   734   932 W qti_sensors_hal: timestampCalc: Adjusting timestamp for rollover: 949079022656629, 220
06-24 17:03:16.025   734   932 I qti_sensors_hal: AMD REPORT_RESP 0.000000 1034735575
06-24 17:03:16.026  1394  2370 D SensorHubManager: onGetSensorHubDataLocked: library(4) = 1, 1, 58, 0
06-24 17:03:16.027  1394  2371 D CAE     : onGetSensorHubData(SensorHubParserProvider.java:91) - onGetSensorHubData Event [event buffer len :4], AP_WAKEUP
06-24 17:03:16.027  1394  2371 I CAE     : parse(SensorHubParserProvider.java:192) - buffer size = 4
06-24 17:03:16.027  1394  2371 I CAE     : parse(SensorHubParserProvider.java:203) - 1, 1, 58, 0,
