06-24 17:03:11.931  5613 21237 E ImageFeatures: 	at com.samsung.cmh.core.Controller.execute (Controller.java:991)
06-24 17:03:11.931  5613 21237 E ImageFeatures: 	at com.samsung.cmh.service.CMHService.onHandleIntent (CMHService.java:100)
06-24 17:03:11.931  5613 21237 E ImageFeatures: 	at android.app.IntentService$ServiceHandler.handleMessage (IntentService.java:68)
06-24 17:03:11.931  5613 21237 E ImageFeatures: 	at android.os.Handler.dispatchMessage (Handler.java:105)
06-24 17:03:11.931  5613 21237 E ImageFeatures: 	at android.os.Looper.loop (Looper.java:164)
06-24 17:03:11.931  5613 21237 E ImageFeatures: 	at android.os.HandlerThread.run (HandlerThread.java:65)
06-24 17:03:11.931  5613 21237 E ImageFeatures:  
06-24 17:03:11.941  1028  2058 I SoundBoosterEffectPlus: SB_reset SoundBooster sessionId(-1303)
06-24 17:03:11.941  1028  2058 I SoundBooster7: BuffClear()
06-24 17:03:11.949  1394  6975 D SSRM:j  : SIOP:: AP = 650, PST = 573 (W:6), BAT = 413, CHG = 532
06-24 17:03:11.952  1028  1363 V APM_AudioPolicyManager: stopOutput() output 13, stream 7, session 7745
06-24 17:03:11.952  1028  1363 V APM_AudioPolicyManager: setBeaconMute(1) mBeaconMuteRefCount=0 mBeaconPlayingRefCount=0
06-24 17:03:11.953  1028  1363 V APM_AudioPolicyManager: getNewOutputDevice() selected device 0
06-24 17:03:11.953  1028  1363 V APM_AudioPolicyManager: setOutputDevice() device 0000 delayMs 160
06-24 17:03:11.953  1028  1363 V APM_AudioPolicyManager: setOutputDevice() prevDevice 0x0002
06-24 17:03:11.953  1028  1363 V APM_AudioPolicyManager: setOutputDevice() setting same device 0x0000 or null device
06-24 17:03:11.956   763   763 W Layer   : [SurfaceView - com.appname/com.appname.MainActivity@40fc623@0#0] Timestamp 949075013896240 seems implausible relative to expectedPresent 663619761461349
06-24 17:03:11.957  1173 21160 E mm-3a-external: [cgAF] Invalid Cal. Set Default AF Cal: PAN: 0x78, MAC: 0x1F4, OFFSET: 0x0
06-24 17:03:11.958 18658 18658 D LibraryDataManager: onChange = 0, active = true, uri = content://com.samsung.cmh/notify_images, this = com.sec.android.gallery3d.data.LibraryDataManager$NotifyBroker@361d8
06-24 17:03:11.962  5613 21237 I Controller: [#CMH#] Sent Notification for uri content://com.samsung.cmh/notify_images
06-24 17:03:11.962  5613 21237 I Controller: [#CMH#] startSmartClustering starting clustering 
06-24 17:03:11.962  5613 21237 I Controller: [#CMH#] startDaywiseClustering starting day clustering 
06-24 17:03:11.963  5613 21329 I ClusteringTask: [#CMH#] before mutex 
06-24 17:03:11.963  5613 21329 I ClusteringTask: [#CMH#] after mutex 
06-24 17:03:11.963  5613 21329 I MomentClusteringAlgo: [#CMH#] performClustering images deleted false
06-24 17:03:11.963  5613 21329 I ClusteringDBUtils: [#CMH#] updateClusterTable In nothing to update 
06-24 17:03:11.964  5613 21238 I DayAndMonthTask: [#CMH#] before mutex 
06-24 17:03:11.964  1028  5309 V APM_AudioPolicyManager: getAudioPolicyConfig: audioParam;outDevice
06-24 17:03:11.964  5613 21238 I DayAndMonthTask: [#CMH#] after mutex 
06-24 17:03:11.964  1028  5309 V APM_AudioPolicyManager: getNewOutputDevice() selected device 0
06-24 17:03:11.964  1028  5309 V APM_AudioPolicyManager: ### curdevice : 2
06-24 17:03:11.977  1028  5309 V APM_AudioPolicyManager: getAudioPolicyConfig: audioParam;outDevice
06-24 17:03:11.978  1028  5309 V APM_AudioPolicyManager: getNewOutputDevice() selected device 0
06-24 17:03:11.978  1028  5309 V APM_AudioPolicyManager: ### curdevice : 2
06-24 17:03:11.979  1028  5309 V APM_AudioPolicyManager: getAudioPolicyConfig: audioParam;outDevice
06-24 17:03:11.979  1028  5309 V APM_AudioPolicyManager: getNewOutputDevice() selected device 0
06-24 17:03:11.979  1028  5309 V APM_AudioPolicyManager: ### curdevice : 2
06-24 17:03:11.990   763   763 W Layer   : [SurfaceView - com.appname/com.appname.MainActivity@40fc623@0#0] Timestamp 949075047215240 seems implausible relative to expectedPresent 663619794992251
06-24 17:03:11.991  1394 10129 W ActivityManager: Background start not allowed: service Intent { cmp=com.google.android.apps.photos/com.google.android.libraries.social.mediamonitor.BackgroundThreadNotifierIntentService (has extras) } to com.google.android.apps.photos/com.google.android.libraries.social.mediamonitor.BackgroundThreadNotifierIntentService from pid=1328 uid=10156 pkg=com.google.android.apps.photos
06-24 17:03:11.991  1173 21160 E mm-3a-external: [cgAF] Invalid Cal. Set Default AF Cal: PAN: 0x78, MAC: 0x1F4, OFFSET: 0x0
06-24 17:03:12.005  1394  1394 D TelephonyManager: getCellLocation : Caller (PID / UID / TID): 1394 / 1000 / 1394
06-24 17:03:12.015  2724  2989 D NetworkController.MobileSignalController(0/1): callState:0, callStateByPhone:false voLTECall:false voiceNetTpe:7 dataNetType:13, ine911:false, emergencyCallbackMode:false
06-24 17:03:12.023   763   763 W Layer   : [SurfaceView - com.appname/com.appname.MainActivity@40fc623@0#0] Timestamp 949075080586240 seems implausible relative to expectedPresent 663619828523153
06-24 17:03:12.027  1173 21160 E mm-3a-external: [cgAF] Invalid Cal. Set Default AF Cal: PAN: 0x78, MAC: 0x1F4, OFFSET: 0x0
06-24 17:03:12.028  1028  5309 V APM_AudioPolicyManager: getAudioPolicyConfig: audioParam;activeStream
06-24 17:03:12.028  1028  5309 V APM_AudioPolicyManager: ### active stream : 0
06-24 17:03:12.029  5613  5689 I ControllerEventHandler: [#CMH#] nonJustShotRunningPossible pendingCount 0
06-24 17:03:12.031  1394  6975 D AudioService: active stream is 0x0
06-24 17:03:12.032  1394  2932 D SLocation: onCellLocationChanged 1 / 0
06-24 17:03:12.035  1394  2932 D TelephonyManager: getAllCellInfo : Caller (PID / UID / TID): 1394 / 1000 / 2932
06-24 17:03:12.038  1394  2932 D SLocation: cellList : 2
06-24 17:03:12.048  1394  2932 W SLocation: handleEvent ENTER : currentDirection 1
06-24 17:03:12.051 21996 21996 I DCMService: [#CMH#] onStartService () called 
06-24 17:03:12.051 21996 21996 I BaseThreadPoolExecutor: [#CMH#] Task com.samsung.dcmservice.extractors.task.DCMTask@1a6f0ce is submitted
06-24 17:03:12.051 21996 21996 I BaseThreadPoolExecutor: [#CMH#] Task com.samsung.dcmservice.extractors.task.LocationTask@f79b185 is submitted
06-24 17:03:12.052 21996 21996 I BaseThreadPoolExecutor: [#CMH#] Task com.samsung.dcmservice.extractors.task.POITask@45d56e8 is submitted
06-24 17:03:12.052 21996 21327 I DCMTask : [#CMH#] DCMTask started 
06-24 17:03:12.052 21996 21326 I LocationTask: [#CMH#] LocationTask started 
06-24 17:03:12.057   763   763 W Layer   : [SurfaceView - com.appname/com.appname.MainActivity@40fc623@0#0] Timestamp 949075113873240 seems implausible relative to expectedPresent 663619862054055
06-24 17:03:12.061  1173 21160 E mm-3a-external: [cgAF] Invalid Cal. Set Default AF Cal: PAN: 0x78, MAC: 0x1F4, OFFSET: 0x0
06-24 17:03:12.063  2724  2989 D NetworkController.MobileSignalController(0/1): onCellLocationChanged
06-24 17:03:12.085  3020  3285 D PdnController<0>: onCellLocationChanged:
06-24 17:03:12.085  3020  3285 D VolteServiceModule: onCellLocationChanged, phoneId: 0
06-24 17:03:12.085  3020  3285 D RegiMgrBase: handleMessage: CELL_LOCATION_CHANGED
06-24 17:03:12.085  3020  3285 D RegiMgrBase<0>: updatePani:
06-24 17:03:12.085  3020  3285 D ImsUtil : getSubId:
06-24 17:03:12.086  3020  3285 D PaniGenerator<0>: generate: subId - 1
06-24 17:03:12.088  1028  5309 V APM_AudioPolicyManager: getAudioPolicyConfig: audioParam;activeStream
06-24 17:03:12.088  1028  5309 V APM_AudioPolicyManager: ### active stream : 0
06-24 17:03:12.089  1394  6975 D AudioService: active stream is 0x0
06-24 17:03:12.090  1394  6975 D AudioService: GetAppDevice, uid=1000
06-24 17:03:12.090  1173 21160 E mm-3a-external: [cgAF] Invalid Cal. Set Default AF Cal: PAN: 0x78, MAC: 0x1F4, OFFSET: 0x0
06-24 17:03:12.090   763   763 W Layer   : [SurfaceView - com.appname/com.appname.MainActivity@40fc623@0#0] Timestamp 949075147205240 seems implausible relative to expectedPresent 663619895584957
06-24 17:03:12.095  3020  3285 D PdnController<0>: getNetworkState:
06-24 17:03:12.095  3020  3285 D ImsUtil : getSubId:
06-24 17:03:12.095  1394  6975 D AudioService: getStreamVolume 3 index 70
06-24 17:03:12.098  3020  3285 D PaniGenerator<0>: generate: network=13, fallbackPlmn=311480, subId=1
06-24 17:03:12.098  3020  3285 D ImsUtil : getSubId:
06-24 17:03:12.111  3020  3285 D PaniGenerator<0>: getPsPlmn: subId = 1
06-24 17:03:12.114  1394  4786 D TelephonyManager: getCellLocation : Caller (PID / UID / TID): 1394 / 1000 / 4786
06-24 17:03:12.124   763   763 W Layer   : [SurfaceView - com.appname/com.appname.MainActivity@40fc623@0#0] Timestamp 949075180525240 seems implausible relative to expectedPresent 663619929115859
06-24 17:03:12.128  1173 21160 E mm-3a-external: [cgAF] Invalid Cal. Set Default AF Cal: PAN: 0x78, MAC: 0x1F4, OFFSET: 0x0
06-24 17:03:12.136  3020  3285 D PaniGenerator: getDataPlmn returns 311480
06-24 17:03:12.136  3020  3285 D PaniGenerator: generate: change to NW PLMN(311480)
06-24 17:03:12.138  3020  3285 D ImsUtil : getSubId:
06-24 17:03:12.158  1173 21160 E mm-3a-external: [cgAF] Invalid Cal. Set Default AF Cal: PAN: 0x78, MAC: 0x1F4, OFFSET: 0x0
06-24 17:03:12.174   763   763 W Layer   : [SurfaceView - com.appname/com.appname.MainActivity@40fc623@0#0] Timestamp 949075213855240 seems implausible relative to expectedPresent 663619979412212
06-24 17:03:12.190  1173 21160 E mm-3a-external: [cgAF] Invalid Cal. Set Default AF Cal: PAN: 0x78, MAC: 0x1F4, OFFSET: 0x0
06-24 17:03:12.198  3020  3285 D ImsUtil : getSubId:
06-24 17:03:12.199  1394 13864 D ConnectivityService: filterNetworkStateForUid() uid: 10081 networkInfo: [type: WIFI[] - WIFI, state: CONNECTED/CONNECTED, reason: (unspecified), extra: "BananaPancake", failover: false, available: true, roaming: false, metered: false]
06-24 17:03:12.205 21996 21327 I DCMTask : [#CMH#] No of images to process 2
06-24 17:03:12.208   763   763 W Layer   : [SurfaceView - com.appname/com.appname.MainActivity@40fc623@0#0] Timestamp 949075247181240 seems implausible relative to expectedPresent 663620012943114
06-24 17:03:12.223  1173 21160 E mm-3a-external: [cgAF] Invalid Cal. Set Default AF Cal: PAN: 0x78, MAC: 0x1F4, OFFSET: 0x0
06-24 17:03:12.227  5613 21238 I DayAndMonthTask: [#CMH#] after mutex release 
06-24 17:03:12.241   763   763 W Layer   : [SurfaceView - com.appname/com.appname.MainActivity@40fc623@0#0] Timestamp 949075280511240 seems implausible relative to expectedPresent 663620046474016
06-24 17:03:12.261  1173 21160 E mm-3a-external: [cgAF] Invalid Cal. Set Default AF Cal: PAN: 0x78, MAC: 0x1F4, OFFSET: 0x0
06-24 17:03:12.265  3020  3285 D RegiMgrBase<0>: notifyNetworkEvent:
06-24 17:03:12.265  3020  3285 D RegiMgrBase<0>: buildNetworkEvent:
06-24 17:03:12.265  3020  3285 D PdnController<0>: getNetworkState:
06-24 17:03:12.265  3020  3285 I chatty  : uid=1000(system) ImsServiceStub identical 5 lines
06-24 17:03:12.266  3020  3285 D PdnController<0>: getNetworkState:
06-24 17:03:12.275   763   763 W Layer   : [SurfaceView - com.appname/com.appname.MainActivity@40fc623@0#0] Timestamp 949075313834240 seems implausible relative to expectedPresent 663620080004918
06-24 17:03:12.281  3020  3285 D PdnController<0>: getNetworkState:
06-24 17:03:12.281  3020  3285 D PdnController<0>: getNetworkState:
06-24 17:03:12.281  3020  3285 D RegiMgrBase: handleMessage: PLANI_IN_TIME_CHANGED
06-24 17:03:12.281  3020  3285 D ImsUtil : getSubId:
06-24 17:03:12.282  5613 21329 I Utils   : [#CMH#] No of media items  (images/videos) to process ::  1
06-24 17:03:12.283  5613 21329 I MomentClusteringAlgo: [#CMH#] performClustering In 1 
06-24 17:03:12.290  1173 21160 E mm-3a-external: [cgAF] Invalid Cal. Set Default AF Cal: PAN: 0x78, MAC: 0x1F4, OFFSET: 0x0
06-24 17:03:12.292   763   763 W Layer   : [SurfaceView - com.appname/com.appname.MainActivity@40fc623@0#0] Timestamp 949075347219240 seems implausible relative to expectedPresent 663620096770369
06-24 17:03:12.292  3020  3285 D ImsUtil : getSlotId:
06-24 17:03:12.292  3020  3285 D SimManager: getTelephonyProperty: value [311480]
06-24 17:03:12.321  1173 21159 D mm-camera-CORE: TSAec_process works: stats' frame_id=479, 0, 0
06-24 17:03:12.324  1173 21160 E mm-3a-external: [cgAF] Invalid Cal. Set Default AF Cal: PAN: 0x78, MAC: 0x1F4, OFFSET: 0x0
06-24 17:03:12.325   763   763 W Layer   : [SurfaceView - com.appname/com.appname.MainActivity@40fc623@0#0] Timestamp 949075380516240 seems implausible relative to expectedPresent 663620130301271
06-24 17:03:12.330  1162  1231 I LocSvc_ApiV02: <--- globalEventCb line 162 QMI_LOC_EVENT_GNSS_SV_INFO_IND_V02
06-24 17:03:12.330  1162  4816 I LocSvc_libulp: ulp_brain_process_gnss_sv_report, gnss sv report cnt = 3741, gnss pos report cnt = 83,strong sv cnt = 0
06-24 17:03:12.331  1394  6665 D GnssLocationProvider_ex: SV Count : 1      (PRN, Constellation, SNR, Used)
06-24 17:03:12.331  1394  6665 D GnssLocationProvider_ex: (194, QZSS, 31.0, 0) 
06-24 17:03:12.346 21996 21326 I LocationTask: [#CMH#] Finished processing images in LocationTask,exiting 
06-24 17:03:12.349 17748 17748 D ReactNative: CameraView: Photo capture succeeded: content://media/external/images/media/1698
06-24 17:03:12.349 21996 21326 I BaseThreadPoolExecutor: [#CMH#] afterExecute FutureTask
06-24 17:03:12.349 21996 21326 I POITask : [#CMH#] POITask started 
06-24 17:03:12.363  1173 21160 E mm-3a-external: [cgAF] Invalid Cal. Set Default AF Cal: PAN: 0x78, MAC: 0x1F4, OFFSET: 0x0
06-24 17:03:12.365 21996 21326 W Utilities: [#CMH#] DCM Enabled?:false 
06-24 17:03:12.375   763   763 W Layer   : [SurfaceView - com.appname/com.appname.MainActivity@40fc623@0#0] Timestamp 949075413822240 seems implausible relative to expectedPresent 663620180597624
06-24 17:03:12.390  1173 21160 E mm-3a-external: [cgAF] Invalid Cal. Set Default AF Cal: PAN: 0x78, MAC: 0x1F4, OFFSET: 0x0
06-24 17:03:12.392   763   763 W Layer   : [SurfaceView - com.appname/com.appname.MainActivity@40fc623@0#0] Timestamp 949075447139240 seems implausible relative to expectedPresent 663620197363075
06-24 17:03:12.424  1173 21160 E mm-3a-external: [cgAF] Invalid Cal. Set Default AF Cal: PAN: 0x78, MAC: 0x1F4, OFFSET: 0x0
06-24 17:03:12.424  1394 13864 I EDMNativeHelperService: isCameraEnabled
06-24 17:03:12.426   763   763 W Layer   : [SurfaceView - com.appname/com.appname.MainActivity@40fc623@0#0] Timestamp 949075480473240 seems implausible relative to expectedPresent 663620230893977
06-24 17:03:12.457  1173 21160 E mm-3a-external: [cgAF] Invalid Cal. Set Default AF Cal: PAN: 0x78, MAC: 0x1F4, OFFSET: 0x0
06-24 17:03:12.459   763   763 W Layer   : [SurfaceView - com.appname/com.appname.MainActivity@40fc623@0#0] Timestamp 949075513800240 seems implausible relative to expectedPresent 663620264424879
06-24 17:03:12.476   763   763 W Layer   : [SurfaceView - com.appname/com.appname.MainActivity@40fc623@0#0] Timestamp 949075547127240 seems implausible relative to expectedPresent 663620281190330
06-24 17:03:12.509  1173 21160 E mm-3a-external: [cgAF] Invalid Cal. Set Default AF Cal: PAN: 0x78, MAC: 0x1F4, OFFSET: 0x0
06-24 17:03:12.518   727   727 D SEC LightsHAL: button : 0 +
06-24 17:03:12.526  1394  2867 D BatteryService: !@BatteryListener : batteryPropertiesChanged!
06-24 17:03:12.527  1394  2867 D BatteryService: level:2, scale:100, status:2, health:2, present:true, voltage: 3478, temperature: 414, technology: Li-ion, AC powered:false, USB powered:true, POGO powered:false, Wireless powered:false, icon:17303851, invalid charger:0, maxChargingCurrent:0, maxChargingVoltage:0, chargeCounter:0
06-24 17:03:12.527  1394  2867 D BatteryService: online:4, current avg:1, charge type:1, power sharing:false, high voltage charger:false, capacity:280000, batterySWSelfDischarging:false, misc_event:0, current_event:0, current_now:-1299
06-24 17:03:12.527  1394  1394 D BatteryService: Sending ACTION_BATTERY_CHANGED.
06-24 17:03:12.529  1394  1394 I MotionRecognitionService: Plugged
06-24 17:03:12.529  1394  1394 D MotionRecognitionService:   mCableConnection= 1
06-24 17:03:12.529  1394  1394 D MotionRecognitionService: setPowerConnected : mGripEnabled = false
06-24 17:03:12.529  1394  1394 D SamsungPhoneWindowManager: ACTION_BATTERY_CHANGED - Level :: 2, battStatus :: 2
06-24 17:03:12.530  1394  1950 D UsbDeviceManager: handleMessage -> MSG_UPDATE_CHARGING_STATE = 1
06-24 17:03:12.531  1173 21160 E mm-3a-external: [cgAF] Invalid Cal. Set Default AF Cal: PAN: 0x78, MAC: 0x1F4, OFFSET: 0x0
06-24 17:03:12.533  2724  2724 D KeyguardUpdateMonitor: received broadcast android.intent.action.BATTERY_CHANGED
06-24 17:03:12.533  2724  2724 D BatteryController: onReceive-ACTION_BATTERY_CHANGED : mLevel=2, mBatteryStatus=2
06-24 17:03:12.543   763   763 W Layer   : [SurfaceView - com.appname/com.appname.MainActivity@40fc623@0#0] Timestamp 949075580451240 seems implausible relative to expectedPresent 663620348252134
06-24 17:03:12.544  2713  2713 V HeadsetService: Received Intent.ACTION_BATTERY_CHANGED
06-24 17:03:12.546  2713  3306 D HeadsetStateMachine: Disconnected process message: 10, size: 0
06-24 17:03:12.547   727   727 D SEC LightsHAL: button : 0 -
06-24 17:03:12.554  1394  1394 D TelephonyManager: getCellLocation : Caller (PID / UID / TID): 1394 / 1000 / 1394
06-24 17:03:12.558  2724  2989 D NetworkController.MobileSignalController(0/1): onSignalStrengthsChanged signalStrength=SignalStrength: 99 99 -86 -170 -120 -1 -1 16 -120 -19 -116 2147483647 0 2147483647 0x1010 P gsm|lte level=1
06-24 17:03:12.561  1173 21160 E mm-3a-external: [cgAF] Invalid Cal. Set Default AF Cal: PAN: 0x78, MAC: 0x1F4, OFFSET: 0x0
06-24 17:03:12.561  2724  2989 D NetworkController.MobileSignalController(0/1): getMobileIconGroup(): 13
06-24 17:03:12.561  2724  2989 D NetworkController.MobileSignalController(0/1): updateVZWMobileIconGroup(): 13
06-24 17:03:12.562  3047  3340 D EPDG -- SIM0 [SMARTWIFI]: onSignalStrengthsChanged: Received signal strength change, phone type is: 2
06-24 17:03:12.562  3047  5316 D EPDG -- SIM0 [SMARTWIFI]: lastLteRSRP is -120currentLteRSRP is -120
06-24 17:03:12.562  3047  5316 D EPDG -- SIM0 [SMARTWIFI]: lastLteRSRQ is -19currentLteRSRQ is -19
06-24 17:03:12.562  3047  5316 D EPDG -- SIM0 [SMARTWIFI]: lastCdmaDb is -18currentCdmaDb is -17
06-24 17:03:12.562  3047  5316 V EPDG -- SIM0 [SMARTWIFI]: Radio oldest entry removed
06-24 17:03:12.562  3047  5316 V EPDG -- SIM0 [SMARTWIFI]: New entry : (SignalStrength: 99 99 -86 -170 -120 -1 -1 16 -120 -19 -116 2147483647 0 2147483647 0x1010 P gsm|lte : 0 )
06-24 17:03:12.562  3047  5316 V EPDG -- SIM0 [SMARTWIFI]: Radio entry added
06-24 17:03:12.567  3047  3340 D EPDG -- SIM0 [EpdgSubScription]: android.intent.action.BATTERY_CHANGED intent received.
06-24 17:03:12.568  2724  2724 D PowerUI : priorPlugType = 2 mPlugType =  2
06-24 17:03:12.571  1173 21152 E         : Camera[DBG][ISP   ] isp_stats_buf_mgr_get_buf: 355: failed: to get buf for stats type 3
06-24 17:03:12.571  1173 21152 E         : Camera[DBG][ISP   ] isp_parser_thread_process: 218: failed: get buf failed
06-24 17:03:12.576   763   763 W Layer   : [SurfaceView - com.appname/com.appname.MainActivity@40fc623@0#0] Timestamp 949075613777240 seems implausible relative to expectedPresent 663620381783036
06-24 17:03:12.578  3040  3040 D PhoneApp: PhoneAppBroadcastReceiver onReceive android.intent.action.BATTERY_CHANGED
06-24 17:03:12.578  3040  3040 D TelephonyExtensionManager: lowBatterySound - isLowBatterySoundScheduled: false
06-24 17:03:12.578  3040  3040 D TelephonyExtensionManager: lowBatterySound - isPlayNow: false
06-24 17:03:12.580  3040  3040 D TelephonyExtensionManager: isSpeakerON - false
06-24 17:03:12.581  1394  1394 D TelephonyManager: getCellLocation : Caller (PID / UID / TID): 1394 / 1000 / 1394
06-24 17:03:12.583  3040  3040 D TelephonyExtensionManager: lowBatterySound - batteryStatus: 2
06-24 17:03:12.583  3040  3040 D TelephonyExtensionManager: lowBatterySound - batteryLevel: 2
06-24 17:03:12.582  2724  2724 D PowerUI.Notification: showChargingNotice oldChargingType : 1 currentChargingType : 1 oldChargingTime : -1 mChargingTime : -1
06-24 17:03:12.583  2724  2724 D PowerUI.Notification: There is no change about charging status, so return!
06-24 17:03:12.583  3040  3040 D TelephonyExtensionManager: lowBatterySound - cancel
06-24 17:03:12.584  1394 13864 D SamsungAlarmManager: Cancel Alarm calling from uid:1001 pid :3040 / op:PendingIntent{9ea70c2: PendingIntentRecord{3bb2dcc com.android.phone broadcastIntent}}
06-24 17:03:12.587  3040  3040 D TelephonyExtension: Not stopping low battery tone
06-24 17:03:12.586  1173 21152 E         : Camera[DBG][ISP   ] isp_parser_thread_func: 495: failed: isp_parser_process
06-24 17:03:12.593  3047  3340 D EPDG -- SIM0 [SMARTWIFI]: onSignalStrengthsChanged: Received signal strength change, phone type is: 2
06-24 17:03:12.593  3047  5316 D EPDG -- SIM0 [SMARTWIFI]: lastLteRSRP is -120currentLteRSRP is -120
06-24 17:03:12.593  3047  5316 D EPDG -- SIM0 [SMARTWIFI]: lastLteRSRQ is -19currentLteRSRQ is -19
06-24 17:03:12.593  3047  5316 D EPDG -- SIM0 [SMARTWIFI]: lastCdmaDb is -17currentCdmaDb is -17
06-24 17:03:12.593  3047  5316 V EPDG -- SIM0 [SMARTWIFI]: Radio oldest entry removed
06-24 17:03:12.593  3047  5316 V EPDG -- SIM0 [SMARTWIFI]: New entry : (SignalStrength: 99 99 -86 -170 -120 -1 -1 16 -120 -19 -116 2147483647 0 2147483647 0x1010 P gsm|lte : 0 )
06-24 17:03:12.593  3047  5316 V EPDG -- SIM0 [SMARTWIFI]: Radio entry added
06-24 17:03:12.595  1173 21160 E mm-3a-external: [cgAF] Invalid Cal. Set Default AF Cal: PAN: 0x78, MAC: 0x1F4, OFFSET: 0x0
06-24 17:03:12.602  1173 21152 E         : Camera[DBG][ISP   ] isp_stats_buf_mgr_get_buf: 355: failed: to get buf for stats type 3
06-24 17:03:12.602  1173 21152 E         : Camera[DBG][ISP   ] isp_parser_thread_process: 218: failed: get buf failed
06-24 17:03:12.603  1173 21152 E         : Camera[DBG][ISP   ] isp_parser_thread_func: 495: failed: isp_parser_process
06-24 17:03:12.623  1173 21160 E mm-3a-external: [cgAF] Invalid Cal. Set Default AF Cal: PAN: 0x78, MAC: 0x1F4, OFFSET: 0x0
06-24 17:03:12.627   763   763 W Layer   : [SurfaceView - com.appname/com.appname.MainActivity@40fc623@0#0] Timestamp 949075647103240 seems implausible relative to expectedPresent 663620432079389
06-24 17:03:12.643   763   763 W Layer   : [SurfaceView - com.appname/com.appname.MainActivity@40fc623@0#0] Timestamp 949075680439240 seems implausible relative to expectedPresent 663620448844840
06-24 17:03:12.658  1173 21160 E mm-3a-external: [cgAF] Invalid Cal. Set Default AF Cal: PAN: 0x78, MAC: 0x1F4, OFFSET: 0x0
06-24 17:03:12.677   763   763 W Layer   : [SurfaceView - com.appname/com.appname.MainActivity@40fc623@0#0] Timestamp 949075713764240 seems implausible relative to expectedPresent 663620482375742
06-24 17:03:12.701 21996 21327 I DCMTask : [#CMH#] Finished processing images in DCMTask,exiting 
06-24 17:03:12.702 21996 21327 I BaseThreadPoolExecutor: [#CMH#] afterExecute FutureTask
06-24 17:03:12.703 21996 21327 I BaseThreadPoolExecutor: [#CMH#] Task com.samsung.dcmservice.extractors.task.LocationTask@f79b185 is submitted
06-24 17:03:12.705  1394  2393 D InputReader: Input event(6): value=1 when=663620494345000
06-24 17:03:12.705  1394  2393 D InputReader: Input event(6): value=1 when=663620494345000
06-24 17:03:12.705  1394  2393 I InputReader: Touch event's action is 0x0 (deviceType=0) [pCnt=1, s=0.4498 ] when=663620494345000
06-24 17:03:12.705  1394  2392 I InputDispatcher: Delivering touch to (17748): action: 0x0, toolType: 1
06-24 17:03:12.709   727   727 D SEC LightsHAL: button : 1 +
06-24 17:03:12.711   763   763 W Layer   : [SurfaceView - com.appname/com.appname.MainActivity@40fc623@0#0] Timestamp 949075747091240 seems implausible relative to expectedPresent 663620515906644
06-24 17:03:12.717  1173 21160 E mm-3a-external: [cgAF] Invalid Cal. Set Default AF Cal: PAN: 0x78, MAC: 0x1F4, OFFSET: 0x0
06-24 17:03:12.723  1173 21160 E mm-3a-external: [cgAF] Invalid Cal. Set Default AF Cal: PAN: 0x78, MAC: 0x1F4, OFFSET: 0x0
06-24 17:03:12.729  2724  2989 D NetworkController.MobileSignalController(0/1): callState:0, callStateByPhone:false voLTECall:false voiceNetTpe:7 dataNetType:13, ine911:false, emergencyCallbackMode:false
06-24 17:03:12.731   727   727 D SEC LightsHAL: button : 1 -
06-24 17:03:12.740 17748 17748 D ViewRootImpl@f74dda0[MainActivity]: ViewPostIme pointer 0
06-24 17:03:12.744   763   763 W Layer   : [SurfaceView - com.appname/com.appname.MainActivity@40fc623@0#0] Timestamp 949075780436240 seems implausible relative to expectedPresent 663620549437546
06-24 17:03:12.765  1173 21160 E mm-3a-external: [cgAF] Invalid Cal. Set Default AF Cal: PAN: 0x78, MAC: 0x1F4, OFFSET: 0x0
06-24 17:03:12.778   763   763 W Layer   : [SurfaceView - com.appname/com.appname.MainActivity@40fc623@0#0] Timestamp 949075813745240 seems implausible relative to expectedPresent 663620582968448
06-24 17:03:12.786  5613 21329 I ClusteringTask: [#CMH#] Cluster size: 1
06-24 17:03:12.786  5613 21329 I ClusteringDBUtils: [#CMH#] updateClusterTable In 1 
06-24 17:03:12.790  1173 21160 E mm-3a-external: [cgAF] Invalid Cal. Set Default AF Cal: PAN: 0x78, MAC: 0x1F4, OFFSET: 0x0
06-24 17:03:12.792 21996 21326 I POITask : [#CMH#] Finished processing images in POITask,exiting 
06-24 17:03:12.803  1394  1394 D TelephonyManager: getCellLocation : Caller (PID / UID / TID): 1394 / 1000 / 1394
06-24 17:03:12.814  3047  3340 D EPDG -- SIM0 [SMARTWIFI]: onSignalStrengthsChanged: Received signal strength change, phone type is: 2
06-24 17:03:12.814 21996 21326 I BaseThreadPoolExecutor: [#CMH#] afterExecute FutureTask
06-24 17:03:12.814  3047  5316 D EPDG -- SIM0 [SMARTWIFI]: lastLteRSRP is -120currentLteRSRP is -120
06-24 17:03:12.814  3047  5316 D EPDG -- SIM0 [SMARTWIFI]: lastLteRSRQ is -19currentLteRSRQ is -19
06-24 17:03:12.814  3047  5316 D EPDG -- SIM0 [SMARTWIFI]: lastCdmaDb is -17currentCdmaDb is -17
06-24 17:03:12.815  3047  5316 V EPDG -- SIM0 [SMARTWIFI]: Radio oldest entry removed
06-24 17:03:12.815  3047  5316 V EPDG -- SIM0 [SMARTWIFI]: New entry : (SignalStrength: 99 99 -88 -170 -120 -1 -1 16 -120 -19 -116 2147483647 0 2147483647 0x1010 P gsm|lte : 0 )
06-24 17:03:12.815  3047  5316 V EPDG -- SIM0 [SMARTWIFI]: Radio entry added
06-24 17:03:12.826  1173 21160 E mm-3a-external: [cgAF] Invalid Cal. Set Default AF Cal: PAN: 0x78, MAC: 0x1F4, OFFSET: 0x0
06-24 17:03:12.839  1394  2392 D PowerManagerService: [api] userActivityFromNative : 2000 (event: 2 flags: 0) eventTime = 663620627
06-24 17:03:12.847  1394  2393 D InputReader: Input event(6): value=0 when=663620636638000
06-24 17:03:12.847  1394  2393 D InputReader: Input event(6): value=0 when=663620636638000
06-24 17:03:12.847  1394  2393 I InputReader: Touch event's action is 0x1 (deviceType=0) [pCnt=1, s=] when=663620636638000
06-24 17:03:12.847  1394  2392 I InputDispatcher: Delivering touch to (17748): action: 0x1, toolType: 1
06-24 17:03:12.848  1394  1394 D TelephonyManager: getCellLocation : Caller (PID / UID / TID): 1394 / 1000 / 1394
06-24 17:03:12.853  3047  3340 D EPDG -- SIM0 [SMARTWIFI]: onSignalStrengthsChanged: Received signal strength change, phone type is: 2
06-24 17:03:12.854  3047  5316 D EPDG -- SIM0 [SMARTWIFI]: lastLteRSRP is -120currentLteRSRP is -120
06-24 17:03:12.854  3047  5316 D EPDG -- SIM0 [SMARTWIFI]: lastLteRSRQ is -19currentLteRSRQ is -19
06-24 17:03:12.854  3047  5316 D EPDG -- SIM0 [SMARTWIFI]: lastCdmaDb is -17currentCdmaDb is -17
06-24 17:03:12.854  3047  5316 V EPDG -- SIM0 [SMARTWIFI]: Radio oldest entry removed
06-24 17:03:12.854  3047  5316 V EPDG -- SIM0 [SMARTWIFI]: New entry : (SignalStrength: 99 99 -88 -170 -120 -1 -1 16 -120 -19 -116 2147483647 0 2147483647 0x1010 P gsm|lte : 0 )
06-24 17:03:12.854  3047  5316 V EPDG -- SIM0 [SMARTWIFI]: Radio entry added
06-24 17:03:12.861 17748 17748 D ViewRootImpl@f74dda0[MainActivity]: ViewPostIme pointer 1
06-24 17:03:12.863  1173 21160 E mm-3a-external: [cgAF] Invalid Cal. Set Default AF Cal: PAN: 0x78, MAC: 0x1F4, OFFSET: 0x0
06-24 17:03:12.891  1173 21160 E mm-3a-external: [cgAF] Invalid Cal. Set Default AF Cal: PAN: 0x78, MAC: 0x1F4, OFFSET: 0x0
06-24 17:03:12.912   763   763 W Layer   : [SurfaceView - com.appname/com.appname.MainActivity@40fc623@0#0] Timestamp 949075847088240 seems implausible relative to expectedPresent 663620717092056
06-24 17:03:12.924  1028 21323 W libutils.threads: Thread (this=0xe6e34730): don't call waitForExit() from this Thread object's thread. It's a guaranteed deadlock!
06-24 17:03:12.926  1173 21160 E mm-3a-external: [cgAF] Invalid Cal. Set Default AF Cal: PAN: 0x78, MAC: 0x1F4, OFFSET: 0x0
06-24 17:03:12.929   763   763 W Layer   : [SurfaceView - com.appname/com.appname.MainActivity@40fc623@0#0] Timestamp 949075880399240 seems implausible relative to expectedPresent 663620733857507
06-24 17:03:12.942 21996 21327 I LocationTask: [#CMH#] LocationTask started 
06-24 17:03:12.945   763   763 W Layer   : [SurfaceView - com.appname/com.appname.MainActivity@40fc623@0#0] Timestamp 949075913726240 seems implausible relative to expectedPresent 663620750622958
06-24 17:03:12.947  2724  2989 D NetworkController.MobileSignalController(0/1): onSignalStrengthsChanged signalStrength=SignalStrength: 99 99 -86 -170 -120 -1 -1 16 -120 -19 -116 2147483647 0 2147483647 0x1010 P gsm|lte level=1
06-24 17:03:12.947  2724  2989 D NetworkController.MobileSignalController(0/1): getMobileIconGroup(): 13
06-24 17:03:12.947  2724  2989 D NetworkController.MobileSignalController(0/1): updateVZWMobileIconGroup(): 13
06-24 17:03:12.958  1173 21160 E mm-3a-external: [cgAF] Invalid Cal. Set Default AF Cal: PAN: 0x78, MAC: 0x1F4, OFFSET: 0x0
06-24 17:03:12.962   763   763 W Layer   : [SurfaceView - com.appname/com.appname.MainActivity@40fc623@0#0] Timestamp 949075947053240 seems implausible relative to expectedPresent 663620767388409
06-24 17:03:12.976  1173 21159 D mm-camera-CORE: TSAec_process works: stats' frame_id=499, 0, 0
06-24 17:03:12.994  1173 21160 E mm-3a-external: [cgAF] Invalid Cal. Set Default AF Cal: PAN: 0x78, MAC: 0x1F4, OFFSET: 0x0
06-24 17:03:13.007 18658 18658 D LibraryDataManager: onChange = 0, active = true, uri = content://com.samsung.cmh/daycluster, this = com.sec.android.gallery3d.data.LibraryDataManager$NotifyBroker@e50a931
06-24 17:03:13.023  2724  2989 D NetworkController.MobileSignalController(0/1): callState:0, callStateByPhone:false voLTECall:false voiceNetTpe:7 dataNetType:13, ine911:false, emergencyCallbackMode:false
06-24 17:03:13.025  1173 21160 E mm-3a-external: [cgAF] Invalid Cal. Set Default AF Cal: PAN: 0x78, MAC: 0x1F4, OFFSET: 0x0
06-24 17:03:13.029   763   763 W Layer   : [SurfaceView - com.appname/com.appname.MainActivity@40fc623@0#0] Timestamp 949075980382240 seems implausible relative to expectedPresent 663620834450213
06-24 17:03:13.036  5613 21329 I MomentClusteringAlgo: [#CMH#] performClustering images deleted false
06-24 17:03:13.036  5613 21329 I ClusteringDBUtils: [#CMH#] updateClusterTable In nothing to update 
06-24 17:03:13.043  5613 21329 I MomentClusteringAlgo: [#CMH#] performClustering In 0 
06-24 17:03:13.043  5613 21329 I ClusteringTask: [#CMH#] Cluster size: 0
06-24 17:03:13.043  5613 21329 I ClusteringDBUtils: [#CMH#] updateClusterTable In nothing to update 
06-24 17:03:13.055  1146  1458 D DnsProxyListener: DNSDBG::dns addrinfo af 0
06-24 17:03:13.058  1173 21160 E mm-3a-external: [cgAF] Invalid Cal. Set Default AF Cal: PAN: 0x78, MAC: 0x1F4, OFFSET: 0x0
06-24 17:03:13.063   763   763 W Layer   : [SurfaceView - com.appname/com.appname.MainActivity@40fc623@0#0] Timestamp 949076113693240 seems implausible relative to expectedPresent 663620867981115
06-24 17:03:13.066  5613 21329 I ClusteringTask: [#CMH#] after mutex release 
06-24 17:03:13.075  2724  2989 D NetworkController.MobileSignalController(0/1): onSignalStrengthsChanged signalStrength=SignalStrength: 99 99 -88 -170 -120 -1 -1 16 -120 -19 -116 2147483647 0 2147483647 0x1010 P gsm|lte level=1
06-24 17:03:13.075  2724  2989 D NetworkController.MobileSignalController(0/1): getMobileIconGroup(): 13
06-24 17:03:13.075  2724  2989 D NetworkController.MobileSignalController(0/1): updateVZWMobileIconGroup(): 13
06-24 17:03:13.096  1173 21160 E mm-3a-external: [cgAF] Invalid Cal. Set Default AF Cal: PAN: 0x78, MAC: 0x1F4, OFFSET: 0x0
06-24 17:03:13.096   763   763 W Layer   : [SurfaceView - com.appname/com.appname.MainActivity@40fc623@0#0] Timestamp 949076147020240 seems implausible relative to expectedPresent 663620901512017
06-24 17:03:13.103  2724  2989 D NetworkController.MobileSignalController(0/1): callState:0, callStateByPhone:false voLTECall:false voiceNetTpe:7 dataNetType:13, ine911:false, emergencyCallbackMode:false
06-24 17:03:13.126  2724  2989 D NetworkController.MobileSignalController(0/1): onSignalStrengthsChanged signalStrength=SignalStrength: 99 99 -88 -170 -120 -1 -1 16 -120 -19 -116 2147483647 0 2147483647 0x1010 P gsm|lte level=1
06-24 17:03:13.126  2724  2989 D NetworkController.MobileSignalController(0/1): getMobileIconGroup(): 13
06-24 17:03:13.126  2724  2989 D NetworkController.MobileSignalController(0/1): updateVZWMobileIconGroup(): 13
06-24 17:03:13.130   763   763 W Layer   : [SurfaceView - com.appname/com.appname.MainActivity@40fc623@0#0] Timestamp 949076180346240 seems implausible relative to expectedPresent 663620935042919
06-24 17:03:13.131  1173 21160 E mm-3a-external: [cgAF] Invalid Cal. Set Default AF Cal: PAN: 0x78, MAC: 0x1F4, OFFSET: 0x0
06-24 17:03:13.150  2724  2989 D NetworkController.MobileSignalController(0/1): callState:0, callStateByPhone:false voLTECall:false voiceNetTpe:7 dataNetType:13, ine911:false, emergencyCallbackMode:false
06-24 17:03:13.157  1173 21160 E mm-3a-external: [cgAF] Invalid Cal. Set Default AF Cal: PAN: 0x78, MAC: 0x1F4, OFFSET: 0x0
06-24 17:03:13.180   763   763 W Layer   : [SurfaceView - com.appname/com.appname.MainActivity@40fc623@0#0] Timestamp 949076213675240 seems implausible relative to expectedPresent 663620985339272
06-24 17:03:13.193  1173 21160 E mm-3a-external: [cgAF] Invalid Cal. Set Default AF Cal: PAN: 0x78, MAC: 0x1F4, OFFSET: 0x0
06-24 17:03:13.197   763   763 W Layer   : [SurfaceView - com.appname/com.appname.MainActivity@40fc623@0#0] Timestamp 949076247036240 seems implausible relative to expectedPresent 663621002104723
06-24 17:03:13.218  1394  2867 D ConnectivityService: filterNetworkStateForUid() uid: 10081 networkInfo: [type: WIFI[] - WIFI, state: CONNECTED/CONNECTED, reason: (unspecified), extra: "BananaPancake", failover: false, available: true, roaming: false, metered: false]
06-24 17:03:13.225  1173 21160 E mm-3a-external: [cgAF] Invalid Cal. Set Default AF Cal: PAN: 0x78, MAC: 0x1F4, OFFSET: 0x0
06-24 17:03:13.230   763   763 W Layer   : [SurfaceView - com.appname/com.appname.MainActivity@40fc623@0#0] Timestamp 949076280329240 seems implausible relative to expectedPresent 663621035635625
06-24 17:03:13.264   763   763 W Layer   : [SurfaceView - com.appname/com.appname.MainActivity@40fc623@0#0] Timestamp 949076313667240 seems implausible relative to expectedPresent 663621069166527
06-24 17:03:13.270  1173 21160 E mm-3a-external: [cgAF] Invalid Cal. Set Default AF Cal: PAN: 0x78, MAC: 0x1F4, OFFSET: 0x0
06-24 17:03:13.282   763   763 W Layer   : [SurfaceView - com.appname/com.appname.MainActivity@40fc623@0#0] Timestamp 949076346984240 seems implausible relative to expectedPresent 663621085931978
06-24 17:03:13.295  1173 21160 E mm-3a-external: [cgAF] Invalid Cal. Set Default AF Cal: PAN: 0x78, MAC: 0x1F4, OFFSET: 0x0
06-24 17:03:13.328  1162  1231 I LocSvc_ApiV02: <--- globalEventCb line 162 QMI_LOC_EVENT_GNSS_SV_INFO_IND_V02
06-24 17:03:13.328  1162  4816 I LocSvc_libulp: ulp_brain_process_gnss_sv_report, gnss sv report cnt = 3742, gnss pos report cnt = 83,strong sv cnt = 0
06-24 17:03:13.328  1394  2390 D GnssLocationProvider_ex: SV Count : 1      (PRN, Constellation, SNR, Used)
06-24 17:03:13.328  1394  2390 D GnssLocationProvider_ex: (194, QZSS, 31.0, 0) 
06-24 17:03:13.329  1173 21160 E mm-3a-external: [cgAF] Invalid Cal. Set Default AF Cal: PAN: 0x78, MAC: 0x1F4, OFFSET: 0x0
06-24 17:03:13.348   763   763 W Layer   : [SurfaceView - com.appname/com.appname.MainActivity@40fc623@0#0] Timestamp 949076380309240 seems implausible relative to expectedPresent 663621152993782
06-24 17:03:13.364   763   763 W Layer   : [SurfaceView - com.appname/com.appname.MainActivity@40fc623@0#0] Timestamp 949076413668240 seems implausible relative to expectedPresent 663621169759233
06-24 17:03:13.383  1173 21160 E mm-3a-external: [cgAF] Invalid Cal. Set Default AF Cal: PAN: 0x78, MAC: 0x1F4, OFFSET: 0x0
06-24 17:03:13.398   763   763 W Layer   : [SurfaceView - com.appname/com.appname.MainActivity@40fc623@0#0] Timestamp 949076446965240 seems implausible relative to expectedPresent 663621203290135
06-24 17:03:13.413  1173 21160 E mm-3a-external: [cgAF] Invalid Cal. Set Default AF Cal: PAN: 0x78, MAC: 0x1F4, OFFSET: 0x0
06-24 17:03:13.431  1173 21160 E mm-3a-external: [cgAF] Invalid Cal. Set Default AF Cal: PAN: 0x78, MAC: 0x1F4, OFFSET: 0x0
06-24 17:03:13.431   763   763 W Layer   : [SurfaceView - com.appname/com.appname.MainActivity@40fc623@0#0] Timestamp 949076480296240 seems implausible relative to expectedPresent 663621236821037
06-24 17:03:13.442  1394 13864 I EDMNativeHelperService: isCameraEnabled
06-24 17:03:13.460  1173 21160 E mm-3a-external: [cgAF] Invalid Cal. Set Default AF Cal: PAN: 0x78, MAC: 0x1F4, OFFSET: 0x0
06-24 17:03:13.465   763   763 W Layer   : [SurfaceView - com.appname/com.appname.MainActivity@40fc623@0#0] Timestamp 949076513622240 seems implausible relative to expectedPresent 663621270351939
06-24 17:03:13.496  1173 21160 E mm-3a-external: [cgAF] Invalid Cal. Set Default AF Cal: PAN: 0x78, MAC: 0x1F4, OFFSET: 0x0
06-24 17:03:13.499   763   763 W Layer   : [SurfaceView - com.appname/com.appname.MainActivity@40fc623@0#0] Timestamp 949076546949240 seems implausible relative to expectedPresent 663621303882841
06-24 17:03:13.524  1173 21160 E mm-3a-external: [cgAF] Invalid Cal. Set Default AF Cal: PAN: 0x78, MAC: 0x1F4, OFFSET: 0x0
06-24 17:03:13.532   763   763 W Layer   : [SurfaceView - com.appname/com.appname.MainActivity@40fc623@0#0] Timestamp 949076580276240 seems implausible relative to expectedPresent 663621337413743
06-24 17:03:13.540 21996 21327 I LocationTask: [#CMH#] Finished processing images in LocationTask,exiting 
06-24 17:03:13.561  1173 21160 E mm-3a-external: [cgAF] Invalid Cal. Set Default AF Cal: PAN: 0x78, MAC: 0x1F4, OFFSET: 0x0
06-24 17:03:13.566   763   763 W Layer   : [SurfaceView - com.appname/com.appname.MainActivity@40fc623@0#0] Timestamp 949076613604240 seems implausible relative to expectedPresent 663621370944645
06-24 17:03:13.570 21996 21327 I BaseThreadPoolExecutor: [#CMH#] afterExecute FutureTask
06-24 17:03:13.592  1173 21160 E mm-3a-external: [cgAF] Invalid Cal. Set Default AF Cal: PAN: 0x78, MAC: 0x1F4, OFFSET: 0x0
06-24 17:03:13.599   763   763 W Layer   : [SurfaceView - com.appname/com.appname.MainActivity@40fc623@0#0] Timestamp 949076646931240 seems implausible relative to expectedPresent 663621404475547
06-24 17:03:13.616   763   763 W Layer   : [SurfaceView - com.appname/com.appname.MainActivity@40fc623@0#0] Timestamp 949076680255240 seems implausible relative to expectedPresent 663621421240998
06-24 17:03:13.625  1173 21160 E mm-3a-external: [cgAF] Invalid Cal. Set Default AF Cal: PAN: 0x78, MAC: 0x1F4, OFFSET: 0x0
06-24 17:03:13.643  1173 21159 D mm-camera-CORE: TSAec_process works: stats' frame_id=519, 0, 0
06-24 17:03:13.663  1173 21160 E mm-3a-external: [cgAF] Invalid Cal. Set Default AF Cal: PAN: 0x78, MAC: 0x1F4, OFFSET: 0x0
06-24 17:03:13.666   763   763 W Layer   : [SurfaceView - com.appname/com.appname.MainActivity@40fc623@0#0] Timestamp 949076713587240 seems implausible relative to expectedPresent 663621471537351
06-24 17:03:13.691  1173 21160 E mm-3a-external: [cgAF] Invalid Cal. Set Default AF Cal: PAN: 0x78, MAC: 0x1F4, OFFSET: 0x0
06-24 17:03:13.716   763   763 W Layer   : [SurfaceView - com.appname/com.appname.MainActivity@40fc623@0#0] Timestamp 949076746912240 seems implausible relative to expectedPresent 663621521833704
06-24 17:03:13.724  1173 21160 E mm-3a-external: [cgAF] Invalid Cal. Set Default AF Cal: PAN: 0x78, MAC: 0x1F4, OFFSET: 0x0
06-24 17:03:13.733   763   763 W Layer   : [SurfaceView - com.appname/com.appname.MainActivity@40fc623@0#0] Timestamp 949076780236240 seems implausible relative to expectedPresent 663621538599155
06-24 17:03:13.767   763   763 W Layer   : [SurfaceView - com.appname/com.appname.MainActivity@40fc623@0#0] Timestamp 949076813562240 seems implausible relative to expectedPresent 663621572130057
06-24 17:03:13.767  1173 21160 E mm-3a-external: [cgAF] Invalid Cal. Set Default AF Cal: PAN: 0x78, MAC: 0x1F4, OFFSET: 0x0
06-24 17:03:13.802  1173 21160 E mm-3a-external: [cgAF] Invalid Cal. Set Default AF Cal: PAN: 0x78, MAC: 0x1F4, OFFSET: 0x0
06-24 17:03:13.804 17748 17748 D ImageCapture: Send image capture request [current, pending] = [0, 1]
06-24 17:03:13.817   763   763 W Layer   : [SurfaceView - com.appname/com.appname.MainActivity@40fc623@0#0] Timestamp 949076846895240 seems implausible relative to expectedPresent 663621622426410
06-24 17:03:13.819 17748 18063 D CaptureSession: Issuing capture request.
06-24 17:03:13.825  1173 21160 E mm-3a-external: [cgAF] Invalid Cal. Set Default AF Cal: PAN: 0x78, MAC: 0x1F4, OFFSET: 0x0
06-24 17:03:13.834   763   763 W Layer   : [SurfaceView - com.appname/com.appname.MainActivity@40fc623@0#0] Timestamp 949076880221240 seems implausible relative to expectedPresent 663621639191861
06-24 17:03:13.835 17748 21370 I OggExtractor: OggSource::OggSource() mExtractor ref count = 3
06-24 17:03:13.854 17748 21370 I OggExtractor: OggSource::stop() mExtractor ref count = 2
06-24 17:03:13.854 17748 21370 I OggExtractor: ~OggSource --
06-24 17:03:13.854 17748 21370 I OggExtractor: ~OggExtractor ++
06-24 17:03:13.854 17748 21370 I OggExtractor: ~MyOggExtractor ++ 
06-24 17:03:13.854 17748 21370 I OggExtractor: ~MyOggExtractor --
06-24 17:03:13.854 17748 21370 I OggExtractor: ~OggExtractor --
06-24 17:03:13.866 17748 21370 I OggExtractor: OggSource::OggSource() mExtractor ref count = 3
06-24 17:03:13.866  1173 21160 E mm-3a-external: [cgAF] Invalid Cal. Set Default AF Cal: PAN: 0x78, MAC: 0x1F4, OFFSET: 0x0
06-24 17:03:13.867   763   763 W Layer   : [SurfaceView - com.appname/com.appname.MainActivity@40fc623@0#0] Timestamp 949076913543240 seems implausible relative to expectedPresent 663621672722763
06-24 17:03:13.879  1394  2393 D InputReader: Input event(6): value=1 when=663621668180000
06-24 17:03:13.879  1394  2393 D InputReader: Input event(6): value=1 when=663621668180000
06-24 17:03:13.879  1394  2393 I InputReader: Touch event's action is 0x0 (deviceType=0) [pCnt=1, s=0.4499 ] when=663621668180000
06-24 17:03:13.879  1394  2392 I InputDispatcher: Delivering touch to (17748): action: 0x0, toolType: 1
06-24 17:03:13.889 17748 17748 D ViewRootImpl@f74dda0[MainActivity]: ViewPostIme pointer 0
06-24 17:03:13.895  1173 21160 E mm-3a-external: [cgAF] Invalid Cal. Set Default AF Cal: PAN: 0x78, MAC: 0x1F4, OFFSET: 0x0
06-24 17:03:13.901   763   763 W Layer   : [SurfaceView - com.appname/com.appname.MainActivity@40fc623@0#0] Timestamp 949076946872240 seems implausible relative to expectedPresent 663621706253665
06-24 17:03:13.910  1394 13864 I EDMNativeHelperService: isCameraEnabled
06-24 17:03:13.915 17748 21370 I OggExtractor: OggSource::stop() mExtractor ref count = 2
06-24 17:03:13.915 17748 21370 I OggExtractor: ~OggSource --
06-24 17:03:13.915 17748 21370 I OggExtractor: ~OggExtractor ++
06-24 17:03:13.915 17748 21370 I OggExtractor: ~MyOggExtractor ++ 
06-24 17:03:13.915 17748 21370 I OggExtractor: ~MyOggExtractor --
06-24 17:03:13.915 17748 21370 I OggExtractor: ~OggExtractor --
06-24 17:03:13.916  1029 14994 D Camera3-Device: submitRequestsHelper: mInterfaceLock.lock()
06-24 17:03:13.916  1029 14994 D Camera3-Device: submitRequestsHelper: mInterfaceLock.unlock()
06-24 17:03:13.926  1173 21160 E mm-3a-external: [cgAF] Invalid Cal. Set Default AF Cal: PAN: 0x78, MAC: 0x1F4, OFFSET: 0x0
06-24 17:03:13.933  1028  5309 V APM_AudioPolicyManager: getOutput() device 2, stream 7, samplingRate 0, format 0, channelMask 3, flags 0
06-24 17:03:13.933  1028  5309 V APM_AudioPolicyManager: selectOutput() commonFlags for output 13, 0000
06-24 17:03:13.933  1028  5309 V APM_AudioPolicyManager: selectOutput() commonFlags for output 21, 0000
06-24 17:03:13.933  1028  5309 V APM_AudioPolicyManager: selectOutput() commonFlags for output 29, 0000
06-24 17:03:13.933  1028  5309 V APM_AudioPolicyManager:   getOutputForDevice() returns output 13
06-24 17:03:13.934   763   763 W Layer   : [SurfaceView - com.appname/com.appname.MainActivity@40fc623@0#0] Timestamp 949076980203240 seems implausible relative to expectedPresent 663621739784567
06-24 17:03:13.935  1028 24266 V APM_AudioPolicyManager: getOutput() device 2, stream 7, samplingRate 0, format 0, channelMask 3, flags 0
06-24 17:03:13.935  1028 24266 V APM_AudioPolicyManager: selectOutput() commonFlags for output 13, 0000
06-24 17:03:13.935  1028 24266 V APM_AudioPolicyManager: selectOutput() commonFlags for output 21, 0000
06-24 17:03:13.935  1028 24266 V APM_AudioPolicyManager: selectOutput() commonFlags for output 29, 0000
06-24 17:03:13.935  1028 24266 V APM_AudioPolicyManager:   getOutputForDevice() returns output 13
06-24 17:03:13.936  1028 24266 V APM_AudioPolicyManager: getOutputForAttr() usage=13, content=4, tag= flags=00000001 session 7753 selectedDeviceId 0
06-24 17:03:13.936  1028 24266 V APM_AudioPolicyManager: getOutputForAttr() device 0x2, samplingRate 48000, format 1, channelMask 3, flags 100000
06-24 17:03:13.936  1028 24266 V APM_AudioPolicyManager: selectOutput() commonFlags for output 13, 0000
06-24 17:03:13.936  1028 24266 V APM_AudioPolicyManager: selectOutput() commonFlags for output 21, 0000
06-24 17:03:13.936  1028 24266 V APM_AudioPolicyManager: selectOutput() commonFlags for output 29, 0000
06-24 17:03:13.936  1028 24266 V APM_AudioPolicyManager:   getOutputForDevice() returns output 13
06-24 17:03:13.938  1028 24266 W AudioPolicyIntefaceImpl: Skipped to add effects on session 7753
06-24 17:03:13.938  1028 24266 V APM_AudioPolicyManager: startOutput() output 13, stream 7, session 7753
06-24 17:03:13.938  1028 24266 V APM_AudioPolicyManager: setBeaconMute(1) mBeaconMuteRefCount=1 mBeaconPlayingRefCount=0
06-24 17:03:13.938  1028 24266 V APM_AudioPolicyManager: getNewOutputDevice() selected device 2
06-24 17:03:13.938  1028 24266 V APM_AudioPolicyManager: setOutputDevice() device 0002 delayMs 0
06-24 17:03:13.938  1028 24266 V APM_AudioPolicyManager: setOutputDevice() prevDevice 0x0002
06-24 17:03:13.938  1028 24266 V APM_AudioPolicyManager: setOutputDevice() setting same device 0x0002 or null device
06-24 17:03:13.939  1028 24266 V APM_AudioPolicyManager: computeVolume : camera shutter sound volume 1.000000
06-24 17:03:13.939  1028 24266 I AudioFlinger: updateStageIndex prev 0, new -1303
06-24 17:03:13.944  1029 21164 D Camera3-Status: markComponent: Component 2 is now active
06-24 17:03:13.967  1173 21160 E mm-3a-external: [cgAF] Invalid Cal. Set Default AF Cal: PAN: 0x78, MAC: 0x1F4, OFFSET: 0x0
06-24 17:03:13.968   763   763 W Layer   : [SurfaceView - com.appname/com.appname.MainActivity@40fc623@0#0] Timestamp 949077013559240 seems implausible relative to expectedPresent 663621773315469
06-24 17:03:13.974  1173 21156 E         : Camera[DBG][IFACE ] iface_set_super_param: 2689: iface_set_super_param:2689 store q_idx 4
06-24 17:03:13.975  1173 21156 E         : Camera[DBG] cpp_module_get_params_for_identity: 533: cpp_module_get_params_for_identity:533, failed, identity=0x20003
06-24 17:03:13.975  1173 21156 E mm-camera-img: module_faceproc_client_handle_ctrl_parm:5683] 3 calling module_faceproc_client_schedule_mode 0
06-24 17:03:13.975  1173 21156 E mm-camera-img: module_faceproc_client_handle_ctrl_parm:5633] 2 calling module_faceproc_client_schedule_mode 0
06-24 17:03:13.975  1173 21156 I mm-camera-sensor: module_sensor_set_parm_led_mode:229CAM_INTF_PARM_LED_MODE 0 is_capture 0
06-24 17:03:13.975  1173 21156 I mm-camera-sensor: module_sensor_set_parm_led_mode:305last flash request 0
06-24 17:03:13.975  1173 21156 I mm-camera-sensor: sensor_set_capture_intent:1968capture intent 2
06-24 17:03:13.975  1173 21156 E mm-camera-sensor: flash_process:483invalid event 151
06-24 17:03:13.975  1173 21156 I mm-camera-sensor: module_sensor_event_control_set_parm:5662CAM_INTF_PARM_OIS_MODES: 3
06-24 17:03:13.975  1173 21156 I mm-camera-sensor: ois_process:396[E]
06-24 17:03:13.975  1173 21156 I mm-camera-sensor: ois_process:406[OIS_SET_MODE][data :: 3]
06-24 17:03:13.975  1173 21156 I mm-camera-sensor: ois_set_mode:25[Enter]
06-24 17:03:13.975  1173 21156 I mm-camera-sensor: ois_set_mode:46[ois_set_mode][modes :: 3]
06-24 17:03:13.977  1173 21159 E         : Camera[DBG] TsAec_set_ae_manual_mode: 732: TsAec_set_ae_manual_mode ae_manual_mode = 1
06-24 17:03:13.977  1173 21159 E         : Camera[DBG] TsAwb_set_params: 802: TsAwb->gAwbLock =0
06-24 17:03:13.977  1173 21159 E         : 
06-24 17:03:13.977  1173 21159 D mm-camera-CORE: [Exp_Table:Rear] Shooting mode = 0, ExpDiagram_command = 0, m_video_mode = 0
06-24 17:03:13.977  1173 21159 D mm-camera-CORE: TsAec_set_manual_ISO manual_iso=0, aec->is_manual=0 
06-24 17:03:13.978  1173 21156 I mm-camera-sensor: module_sensor_event_control_set_parm:5738[stats_use][STATS] Set cc_stats [AEC=0],[PAF=0],[RECONSTRUCTION=0],[DRC=0]
06-24 17:03:13.978  1173 21156 I mm-camera-sensor: module_sensor_event_control_set_parm:5753[WDR_MODE]wdr_mode = 0
06-24 17:03:13.978  1173 21156 I mm-camera-CORE: companion_wdr_on_off:1046WDR enable = 0
06-24 17:03:13.978  1173 21156 I mm-camera-sensor: module_sensor_event_control_set_parm:5765[WDR_MODE]CAM_INTF_PARM_RTHDR_MODES: 0
