06-24 17:03:02.539 17748 21271 I OggExtractor: ~MyOggExtractor --
06-24 17:03:02.540 17748 21271 I OggExtractor: ~OggExtractor --
06-24 17:03:02.559  1173 21160 E mm-3a-external: [cgAF] Invalid Cal. Set Default AF Cal: PAN: 0x78, MAC: 0x1F4, OFFSET: 0x0
06-24 17:03:02.561 17748 21273 I OggExtractor: OggSource::stop() mExtractor ref count = 2
06-24 17:03:02.561 17748 21273 I OggExtractor: ~OggSource --
06-24 17:03:02.561 17748 21273 I OggExtractor: ~OggExtractor ++
06-24 17:03:02.561 17748 21273 I OggExtractor: ~MyOggExtractor ++ 
06-24 17:03:02.561 17748 21273 I OggExtractor: ~MyOggExtractor --
06-24 17:03:02.561 17748 21273 I OggExtractor: ~OggExtractor --
06-24 17:03:02.563  1029 14994 D Camera3-Device: submitRequestsHelper: mInterfaceLock.lock()
06-24 17:03:02.563  1029 14994 D Camera3-Device: submitRequestsHelper: mInterfaceLock.unlock()
06-24 17:03:02.567   763   763 W Layer   : [SurfaceView - com.appname/com.appname.MainActivity@40fc623@0#0] Timestamp 949065648914240 seems implausible relative to expectedPresent 663610372374058
06-24 17:03:02.582  1029 21164 D Camera3-Status: markComponent: Component 2 is now active
06-24 17:03:02.596  1173 21160 E mm-3a-external: [cgAF] Invalid Cal. Set Default AF Cal: PAN: 0x78, MAC: 0x1F4, OFFSET: 0x0
06-24 17:03:02.597  3020  3285 D PdnController<0>: onCellLocationChanged:
06-24 17:03:02.597  3020  3285 D VolteServiceModule: onCellLocationChanged, phoneId: 0
06-24 17:03:02.597  3020  3285 D RegiMgrBase: handleMessage: CELL_LOCATION_CHANGED
06-24 17:03:02.597  3020  3285 D RegiMgrBase<0>: updatePani:
06-24 17:03:02.597  3020  3285 D ImsUtil : getSubId:
06-24 17:03:02.598  1394  2393 D InputReader: Input event(6): value=0 when=663610387693000
06-24 17:03:02.598  1394  2393 D InputReader: Input event(6): value=0 when=663610387693000
06-24 17:03:02.598  1394  2393 I InputReader: Touch event's action is 0x1 (deviceType=0) [pCnt=1, s=] when=663610387693000
06-24 17:03:02.598  1394  2392 I InputDispatcher: Delivering touch to (17748): action: 0x1, toolType: 1
06-24 17:03:02.599  1394  2932 W SLocation: handleEvent ENTER : currentDirection 1
06-24 17:03:02.599  1394  6975 D CustomFrequencyManagerService: acquireDVFSLockLocked : type : DVFS_MIN_LIMIT  frequency : 883200  uid : 1000  pid : 1394  pkgName : GESTURE_DETECTED@CPU_MIN@78
06-24 17:03:02.603  3020  3285 D PaniGenerator<0>: generate: subId - 1
06-24 17:03:02.604  1394  1644 D TelephonyManager: getCellLocation : Caller (PID / UID / TID): 1394 / 1000 / 1644
06-24 17:03:02.607  1394  4786 D TelephonyManager: getCellLocation : Caller (PID / UID / TID): 1394 / 1000 / 4786
06-24 17:03:02.614  1173 21156 E         : Camera[DBG][IFACE ] iface_set_super_param: 2689: iface_set_super_param:2689 store q_idx 5
06-24 17:03:02.615  1173 21159 E         : Camera[DBG] TsAec_set_ae_manual_mode: 732: TsAec_set_ae_manual_mode ae_manual_mode = 1
06-24 17:03:02.615  1173 21159 E         : Camera[DBG] TsAwb_set_params: 802: TsAwb->gAwbLock =0
06-24 17:03:02.615  1173 21159 E         : 
06-24 17:03:02.615  1173 21159 D mm-camera-CORE: [Exp_Table:Rear] Shooting mode = 0, ExpDiagram_command = 0, m_video_mode = 0
06-24 17:03:02.615  1173 21159 D mm-camera-CORE: TsAec_set_manual_ISO manual_iso=0, aec->is_manual=0 
06-24 17:03:02.615  1173 21156 E         : Camera[DBG] cpp_module_get_params_for_identity: 533: cpp_module_get_params_for_identity:533, failed, identity=0x20003
06-24 17:03:02.615  1173 21156 E mm-camera-img: module_faceproc_client_handle_ctrl_parm:5683] 3 calling module_faceproc_client_schedule_mode 0
06-24 17:03:02.615  1173 21156 E mm-camera-img: module_faceproc_client_handle_ctrl_parm:5633] 2 calling module_faceproc_client_schedule_mode 0
06-24 17:03:02.615  1173 21156 I mm-camera-sensor: module_sensor_set_parm_led_mode:229CAM_INTF_PARM_LED_MODE 0 is_capture 0
06-24 17:03:02.615  1173 21156 I mm-camera-sensor: module_sensor_set_parm_led_mode:305last flash request 0
06-24 17:03:02.616  1173 21156 I mm-camera-sensor: sensor_set_capture_intent:1968capture intent 2
06-24 17:03:02.616  1173 21156 E mm-camera-sensor: flash_process:483invalid event 151
06-24 17:03:02.616  1173 21156 I mm-camera-sensor: module_sensor_event_control_set_parm:5662CAM_INTF_PARM_OIS_MODES: 3
06-24 17:03:02.616  1173 21156 I mm-camera-sensor: ois_process:396[E]
06-24 17:03:02.616  1173 21156 I mm-camera-sensor: ois_process:406[OIS_SET_MODE][data :: 3]
06-24 17:03:02.616  1173 21156 I mm-camera-sensor: ois_set_mode:25[Enter]
06-24 17:03:02.616  1173 21156 I mm-camera-sensor: ois_set_mode:46[ois_set_mode][modes :: 3]
06-24 17:03:02.617   763   763 W Layer   : [SurfaceView - com.appname/com.appname.MainActivity@40fc623@0#0] Timestamp 949065682231240 seems implausible relative to expectedPresent 663610422678172
06-24 17:03:02.625  1173 21160 E mm-3a-external: [cgAF] Invalid Cal. Set Default AF Cal: PAN: 0x78, MAC: 0x1F4, OFFSET: 0x0
06-24 17:03:02.632 17748 17748 D ViewRootImpl@f74dda0[MainActivity]: ViewPostIme pointer 1
06-24 17:03:02.635  3020  3285 D PdnController<0>: getNetworkState:
06-24 17:03:02.636  3020  3285 D ImsUtil : getSubId:
06-24 17:03:02.637  1028  5309 V APM_AudioPolicyManager: getOutput() device 2, stream 7, samplingRate 0, format 0, channelMask 3, flags 0
06-24 17:03:02.637  1028  5309 V APM_AudioPolicyManager: selectOutput() commonFlags for output 13, 0000
06-24 17:03:02.637  1028  5309 V APM_AudioPolicyManager: selectOutput() commonFlags for output 21, 0000
06-24 17:03:02.637  1028  5309 V APM_AudioPolicyManager: selectOutput() commonFlags for output 29, 0000
06-24 17:03:02.637  1028  5309 V APM_AudioPolicyManager:   getOutputForDevice() returns output 13
06-24 17:03:02.640  1173 21159 I mm-camera-sensor: sensor_apply_exposure:1193s_gain=0x1000073, l_gain=0x1000073, s_linecount=2370,l_linecount=2370, fl_lines=3156
06-24 17:03:02.645  1028  5309 V APM_AudioPolicyManager: getOutput() device 2, stream 7, samplingRate 0, format 0, channelMask 3, flags 0
06-24 17:03:02.645  1028  5309 V APM_AudioPolicyManager: selectOutput() commonFlags for output 13, 0000
06-24 17:03:02.645  1028  5309 V APM_AudioPolicyManager: selectOutput() commonFlags for output 21, 0000
06-24 17:03:02.645  1028  5309 V APM_AudioPolicyManager: selectOutput() commonFlags for output 29, 0000
06-24 17:03:02.645  1028  5309 V APM_AudioPolicyManager:   getOutputForDevice() returns output 13
06-24 17:03:02.646  1028  5309 V APM_AudioPolicyManager: getOutputForAttr() usage=13, content=4, tag= flags=00000001 session 7721 selectedDeviceId 0
06-24 17:03:02.646  1028  5309 V APM_AudioPolicyManager: getOutputForAttr() device 0x2, samplingRate 48000, format 1, channelMask 3, flags 100000
06-24 17:03:02.646  1028  5309 V APM_AudioPolicyManager: selectOutput() commonFlags for output 13, 0000
06-24 17:03:02.646  1028  5309 V APM_AudioPolicyManager: selectOutput() commonFlags for output 21, 0000
06-24 17:03:02.646  1028  5309 V APM_AudioPolicyManager: selectOutput() commonFlags for output 29, 0000
06-24 17:03:02.646  1028  5309 V APM_AudioPolicyManager:   getOutputForDevice() returns output 13
06-24 17:03:02.650  1028  5309 W AudioPolicyIntefaceImpl: Skipped to add effects on session 7721
06-24 17:03:02.650  1028  5309 V APM_AudioPolicyManager: startOutput() output 13, stream 7, session 7721
06-24 17:03:02.650  1028  5309 V APM_AudioPolicyManager: setBeaconMute(1) mBeaconMuteRefCount=1 mBeaconPlayingRefCount=0
06-24 17:03:02.650  1028  5309 V APM_AudioPolicyManager: getNewOutputDevice() selected device 2
06-24 17:03:02.650  1028  5309 V APM_AudioPolicyManager: setOutputDevice() device 0002 delayMs 0
06-24 17:03:02.650  1028  5309 V APM_AudioPolicyManager: setOutputDevice() prevDevice 0x0002
06-24 17:03:02.651  1028  5309 V APM_AudioPolicyManager: setOutputDevice() setting same device 0x0002 or null device
06-24 17:03:02.651  1028  5309 V APM_AudioPolicyManager: computeVolume : camera shutter sound volume 1.000000
06-24 17:03:02.651  1028  5309 I AudioFlinger: updateStageIndex prev 0, new -1303
06-24 17:03:02.658  3020  3285 D PaniGenerator<0>: generate: network=13, fallbackPlmn=311480, subId=1
06-24 17:03:02.658  3020  3285 D ImsUtil : getSubId:
06-24 17:03:02.658  1173 21156 I mm-camera-sensor: module_sensor_event_control_set_parm:5738[stats_use][STATS] Set cc_stats [AEC=0],[PAF=0],[RECONSTRUCTION=0],[DRC=0]
06-24 17:03:02.658  1173 21156 I mm-camera-sensor: module_sensor_event_control_set_parm:5753[WDR_MODE]wdr_mode = 0
06-24 17:03:02.658  1173 21156 I mm-camera-CORE: companion_wdr_on_off:1046WDR enable = 0
06-24 17:03:02.658  1173 21156 I mm-camera-sensor: module_sensor_event_control_set_parm:5765[WDR_MODE]CAM_INTF_PARM_RTHDR_MODES: 0
06-24 17:03:02.659  1173 21156 I mm-camera-sensor: sensor_set_rt_hdr_mode:4046 HDR mode set = 0
06-24 17:03:02.661  1173 21160 E mm-3a-external: [cgAF] Invalid Cal. Set Default AF Cal: PAN: 0x78, MAC: 0x1F4, OFFSET: 0x0
06-24 17:03:02.663  3020  3285 D PaniGenerator<0>: getPsPlmn: subId = 1
06-24 17:03:02.665  1394  1644 D TelephonyManager: getCellLocation : Caller (PID / UID / TID): 1394 / 1000 / 1644
06-24 17:03:02.682  1394  2393 D InputReader: Input event(6): value=1 when=663610471127000
06-24 17:03:02.682  1394  2393 D InputReader: Input event(6): value=1 when=663610471127000
06-24 17:03:02.682  1394  2393 I InputReader: Touch event's action is 0x0 (deviceType=0) [pCnt=1, s=0.4459 ] when=663610471127000
06-24 17:03:02.682  1394  2392 I InputDispatcher: Delivering touch to (17748): action: 0x0, toolType: 1
06-24 17:03:02.689 17748 17748 D ViewRootImpl@f74dda0[MainActivity]: ViewPostIme pointer 0
06-24 17:03:02.692  1173 21160 E mm-3a-external: [cgAF] Invalid Cal. Set Default AF Cal: PAN: 0x78, MAC: 0x1F4, OFFSET: 0x0
06-24 17:03:02.695  1173 21156 E         : Camera[DBG][IFACE ] iface_set_super_param: 2689: iface_set_super_param:2689 store q_idx 0
06-24 17:03:02.698  1173 21159 E         : Camera[DBG] TsAec_set_ae_manual_mode: 732: TsAec_set_ae_manual_mode ae_manual_mode = 1
06-24 17:03:02.698  1173 21159 E         : Camera[DBG] TsAwb_set_params: 802: TsAwb->gAwbLock =0
06-24 17:03:02.698  1173 21159 E         : 
06-24 17:03:02.698  1173 21159 D mm-camera-CORE: [Exp_Table:Rear] Shooting mode = 0, ExpDiagram_command = 0, m_video_mode = 0
06-24 17:03:02.699  1173 21159 D mm-camera-CORE: TsAec_set_manual_ISO manual_iso=0, aec->is_manual=0 
06-24 17:03:02.699  1173 21156 E mm-camera-img: module_faceproc_client_handle_ctrl_parm:5683] 3 calling module_faceproc_client_schedule_mode 0
06-24 17:03:02.699  1173 21156 E mm-camera-img: module_faceproc_client_handle_ctrl_parm:5633] 2 calling module_faceproc_client_schedule_mode 0
06-24 17:03:02.699  1173 21156 I mm-camera-sensor: module_sensor_set_parm_led_mode:229CAM_INTF_PARM_LED_MODE 0 is_capture 0
06-24 17:03:02.699  1173 21156 I mm-camera-sensor: module_sensor_set_parm_led_mode:305last flash request 0
06-24 17:03:02.699  1173 21156 I mm-camera-sensor: sensor_set_capture_intent:1968capture intent 1
06-24 17:03:02.699  1173 21156 E mm-camera-sensor: flash_process:483invalid event 151
06-24 17:03:02.699  1173 21156 I mm-camera-sensor: module_sensor_event_control_set_parm:5662CAM_INTF_PARM_OIS_MODES: 3
06-24 17:03:02.699  1173 21156 I mm-camera-sensor: ois_process:396[E]
06-24 17:03:02.699  1173 21156 I mm-camera-sensor: ois_process:406[OIS_SET_MODE][data :: 3]
06-24 17:03:02.699  1173 21156 I mm-camera-sensor: ois_set_mode:25[Enter]
06-24 17:03:02.699  1173 21156 I mm-camera-sensor: ois_set_mode:46[ois_set_mode][modes :: 3]
06-24 17:03:02.701   763   763 W Layer   : [SurfaceView - com.appname/com.appname.MainActivity@40fc623@0#0] Timestamp 949065715557240 seems implausible relative to expectedPresent 663610506518362
06-24 17:03:02.706  1173 21159 I mm-camera-sensor: sensor_apply_exposure:1193s_gain=0x1000073, l_gain=0x1000073, s_linecount=2370,l_linecount=2370, fl_lines=3156
06-24 17:03:02.725  1173 21160 E mm-3a-external: [cgAF] Invalid Cal. Set Default AF Cal: PAN: 0x78, MAC: 0x1F4, OFFSET: 0x0
06-24 17:03:02.731  1394  1644 D ConnectivityService: filterNetworkStateForUid() uid: 1000 networkInfo: [type: WIFI[] - WIFI, state: CONNECTED/CONNECTED, reason: (unspecified), extra: "BananaPancake", failover: false, available: true, roaming: false, metered: false]
06-24 17:03:02.731  1394  1644 D ConnectivityService: filterNetworkStateForUid() uid: 1000 networkInfo: [type: WIFI[] - WIFI, state: CONNECTED/CONNECTED, reason: (unspecified), extra: "BananaPancake", failover: false, available: true, roaming: false, metered: false]
06-24 17:03:02.733  1394  1644 I MDC     : def netId 763
06-24 17:03:02.742  3020  3285 D PaniGenerator: getDataPlmn returns 311480
06-24 17:03:02.742  3020  3285 D PaniGenerator: generate: change to NW PLMN(311480)
06-24 17:03:02.742  3020  3285 D ImsUtil : getSubId:
06-24 17:03:02.759  1173 21160 E mm-3a-external: [cgAF] Invalid Cal. Set Default AF Cal: PAN: 0x78, MAC: 0x1F4, OFFSET: 0x0
06-24 17:03:02.765  1394  2393 D InputReader: Input event(6): value=0 when=663610554905000
06-24 17:03:02.765  1394  2393 D InputReader: Input event(6): value=0 when=663610554905000
06-24 17:03:02.765  1394  2393 I InputReader: Touch event's action is 0x1 (deviceType=0) [pCnt=1, s=] when=663610554905000
06-24 17:03:02.766  1394  2392 I InputDispatcher: Delivering touch to (17748): action: 0x1, toolType: 1
06-24 17:03:02.772  3020  3285 D ImsUtil : getSubId:
06-24 17:03:02.774  1173 21156 I mm-camera-sensor: module_sensor_event_control_set_parm:5738[stats_use][STATS] Set cc_stats [AEC=0],[PAF=0],[RECONSTRUCTION=0],[DRC=0]
06-24 17:03:02.774  1173 21156 I mm-camera-sensor: module_sensor_event_control_set_parm:5753[WDR_MODE]wdr_mode = 0
06-24 17:03:02.774  1173 21156 I mm-camera-CORE: companion_wdr_on_off:1046WDR enable = 0
06-24 17:03:02.774  1173 21156 I mm-camera-sensor: module_sensor_event_control_set_parm:5765[WDR_MODE]CAM_INTF_PARM_RTHDR_MODES: 0
06-24 17:03:02.774  1173 21156 I mm-camera-sensor: sensor_set_rt_hdr_mode:4046 HDR mode set = 0
06-24 17:03:02.777  3020  3285 D RegiMgrBase<0>: notifyNetworkEvent:
06-24 17:03:02.777  3020  3285 D RegiMgrBase<0>: buildNetworkEvent:
06-24 17:03:02.777  3020  3285 D PdnController<0>: getNetworkState:
06-24 17:03:02.777  3020  3285 I chatty  : uid=1000(system) ImsServiceStub identical 7 lines
06-24 17:03:02.777  3020  3285 D PdnController<0>: getNetworkState:
06-24 17:03:02.777  3020  3285 D RegiMgrBase: handleMessage: PLANI_IN_TIME_CHANGED
06-24 17:03:02.777  3020  3285 D ImsUtil : getSubId:
06-24 17:03:02.781  3020  3285 D ImsUtil : getSlotId:
06-24 17:03:02.781  3020  3285 D SimManager: getTelephonyProperty: value [311480]
06-24 17:03:02.784  1394  1406 I zygote64: Background concurrent copying GC freed 52273(2MB) AllocSpace objects, 9(180KB) LOS objects, 29% free, 56MB/80MB, paused 6.209ms total 1.921s
06-24 17:03:02.785  1173 21180 E         : ISP_DBG: iface_axi_proc_subdev_event: ISP_ERROR_RETURN_EMPTY_BUFFER. frame_id 191 stream_id 100
06-24 17:03:02.785  1173 21180 E         : Camera[DBG][IFACE ] iface_axi_handle_output_error: 2138: iface_axi_handle_output_error: OUTPUT_ERROR session_id 2 
06-24 17:03:02.785   763   763 W Layer   : [SurfaceView - com.appname/com.appname.MainActivity@40fc623@0#0] Timestamp 949065748886240 seems implausible relative to expectedPresent 663610590358552
06-24 17:03:02.787 17748 17748 D ViewRootImpl@f74dda0[MainActivity]: ViewPostIme pointer 1
06-24 17:03:02.792  1173 21160 E mm-3a-external: [cgAF] Invalid Cal. Set Default AF Cal: PAN: 0x78, MAC: 0x1F4, OFFSET: 0x0
06-24 17:03:02.792  1173 21156 E         : Camera[DBG][MCT   ] mct_stream_fill_metadata_v3: 2609: mct_stream_fill_metadata_v3:2609 Unsupported message type 86
06-24 17:03:02.793  1173 21156 E         : Camera[DBG][MCT   ] mct_stream_fill_metadata_v3: 2609: mct_stream_fill_metadata_v3:2609 Unsupported message type 86
06-24 17:03:02.802   763   763 W Layer   : [SurfaceView - com.appname/com.appname.MainActivity@40fc623@0#0] Timestamp 949065782221240 seems implausible relative to expectedPresent 663610607126590
06-24 17:03:02.812  1173 21155 E         : Camera[DBG] pproc_module_handle_reprocess_offline: 2167: pproc_module_handle_reprocess_offline2167: No flip value in metadata! Use default!!!
06-24 17:03:02.812  1173 21155 E         : Camera[DBG] pproc_module_handle_reprocess_offline: 2177: pproc_module_handle_reprocess_offline2177: No tnr value in metadata! Use default!!!
06-24 17:03:02.812  1173 21155 E         : Camera[DBG] pproc_module_send_set_param_event: 1196: pproc_module_send_set_param_event:1196] rotation:1, strmId:5
06-24 17:03:02.813  1173 21151 E         : Camera[DBG][CPP   ] cpp_module_util_post_crop_info: 1156: meta_data container is NULL
06-24 17:03:02.813  1173 21151 E         : Camera[DBG] cpp_module_enq_event: 751: cpp_module_enq_event:751, partial_frame_queue size = 1
06-24 17:03:02.813  1173 21151 E         : Camera[DBG] cpp_module_enq_event: 751: cpp_module_enq_event:751, partial_frame_queue size = 2
06-24 17:03:02.813  1173 21151 E         : Camera[DBG] cpp_module_enq_event: 751: cpp_module_enq_event:751, partial_frame_queue size = 3
06-24 17:03:02.813  1173 21151 E         : Camera[DBG] cpp_module_enq_event: 751: cpp_module_enq_event:751, partial_frame_queue size = 4
06-24 17:03:02.819   763   763 W Layer   : [SurfaceView - com.appname/com.appname.MainActivity@40fc623@0#0] Timestamp 949065848869240 seems implausible relative to expectedPresent 663610623894628
06-24 17:03:02.831  1173 21160 E mm-3a-external: [cgAF] Invalid Cal. Set Default AF Cal: PAN: 0x78, MAC: 0x1F4, OFFSET: 0x0
06-24 17:03:02.835   763   763 W Layer   : [SurfaceView - com.appname/com.appname.MainActivity@40fc623@0#0] Timestamp 949065882206240 seems implausible relative to expectedPresent 663610640662666
06-24 17:03:02.842  1029 21167 D mm-jpeg-intf: mm_jpeg_destroy_session:2890] abort todo jobs
06-24 17:03:02.842  1029 21167 D mm-jpeg-intf: mm_jpeg_destroy_session:2898] abort ongoing jobs
06-24 17:03:02.850  1029 21167 D mm-still: releaseCodecLibs:1692] X
06-24 17:03:02.850  1029 21167 V qomx_image_core: OMX_FreeHandle:335] 
06-24 17:03:02.850  1029 21167 D qomx_image_core: get_idx_from_handle:294] comp_idx 2 inst_idx 0
06-24 17:03:02.858  1173 21160 E mm-3a-external: [cgAF] Invalid Cal. Set Default AF Cal: PAN: 0x78, MAC: 0x1F4, OFFSET: 0x0
06-24 17:03:02.860  1029 21167 V qomx_image_core: OMX_FreeHandle:370] Success
06-24 17:03:02.861  1029 21167 D mm-jpeg-intf: mm_jpeg_session_destroy:399] Session destroy successful. X
06-24 17:03:02.862  1029 21167 D mm-jpeg-intf: mm_jpeg_destroy_session:2943] destroy session successful. X
06-24 17:03:02.888  1029 21167 I qomx_image_core: OMX_GetHandle:240] get instance pts is 0xebdaf200
06-24 17:03:02.892  1173 21160 E mm-3a-external: [cgAF] Invalid Cal. Set Default AF Cal: PAN: 0x78, MAC: 0x1F4, OFFSET: 0x0
06-24 17:03:02.896  1394  1394 D TelephonyManager: getCellLocation : Caller (PID / UID / TID): 1394 / 1000 / 1394
06-24 17:03:02.897  2724  2989 D NetworkController.MobileSignalController(0/1): onSignalStrengthsChanged signalStrength=SignalStrength: 99 99 -93 -190 -120 -1 -1 16 -119 -20 -77 2147483647 0 2147483647 0x1010 P gsm|lte level=1
06-24 17:03:02.897  2724  2989 D NetworkController.MobileSignalController(0/1): getMobileIconGroup(): 13
06-24 17:03:02.897  2724  2989 D NetworkController.MobileSignalController(0/1): updateVZWMobileIconGroup(): 13
06-24 17:03:02.903  1029 21167 D qomx_image_core: OMX_GetHandle:258] handle = 0xebdaf204 Instanceindex = 0,comp_idx 2 g_ptr 0xe9458f00
06-24 17:03:02.903  1029 21167 I qomx_image_core: OMX_GetHandle:264] Success
06-24 17:03:02.903  1029 21167 D mm-jpeg-intf: mm_jpeg_session_config_main:1270] config port
06-24 17:03:02.903  1029 21167 D mm-jpeg-intf: mm_jpeg_session_config_main_buffer_offset:449] yOffset = 0, cbcrOffset = (0 0), totalSize = 18292736,cbcrStartOffset = (12192768 6096384)
06-24 17:03:02.903  1029 21167 E mm-jpeg-intf: mm_jpeg_meta_enc_key:766] Key is invalid
06-24 17:03:02.903  1029 21167 D mm-jpeg-intf: mm_jpeg_mem_ops:679] HAL get_mem handler undefined
06-24 17:03:02.903  1029 21167 D mm-jpeg-intf: mm_jpeg_speed_mode:552] speed 1
06-24 17:03:02.903  1029 21167 D mm-still: configureEncodedata:183] size 4032x3024 pad 4032x3024 out 4032x3024 subsampling 0 format 0
06-24 17:03:02.909  1394  2393 D InputReader: Input event(6): value=1 when=663610698143000
06-24 17:03:02.909  1394  2393 D InputReader: Input event(6): value=1 when=663610698143000
06-24 17:03:02.909  1394  2393 I InputReader: Touch event's action is 0x0 (deviceType=0) [pCnt=1, s=0.4460 ] when=663610698143000
06-24 17:03:02.909  1394  2392 I InputDispatcher: Delivering touch to (17748): action: 0x0, toolType: 1
06-24 17:03:02.914  1394  6975 D CustomFrequencyManagerService: acquireDVFSLockLocked : type : DVFS_MIN_LIMIT  frequency : 883200  uid : 1000  pid : 1394  pkgName : GESTURE_DETECTED@CPU_MIN@78
06-24 17:03:02.915  3047  3340 D EPDG -- SIM0 [SMARTWIFI]: onSignalStrengthsChanged: Received signal strength change, phone type is: 2
06-24 17:03:02.915  3047  5313 D EPDG -- SIM0 [MODEM]: message length is  9
06-24 17:03:02.916  3047  5313 D EPDG -- SIM0 [MODEM]: countRead is 7 offset is 7remaining is 0
06-24 17:03:02.916  3047  5313 D EPDG -- EpdgIpcMessageFactory: ipcMainCmd: 8
06-24 17:03:02.916  3047  5316 D EPDG -- SIM0 [SMARTWIFI]: lastLteRSRP is -119currentLteRSRP is -119
06-24 17:03:02.916  3047  5316 D EPDG -- SIM0 [SMARTWIFI]: lastLteRSRQ is -20currentLteRSRQ is -20
06-24 17:03:02.916  3047  5316 D EPDG -- SIM0 [SMARTWIFI]: lastCdmaDb is -19currentCdmaDb is -19
06-24 17:03:02.916  3047  5316 V EPDG -- SIM0 [SMARTWIFI]: Radio oldest entry removed
06-24 17:03:02.916  3047  5316 V EPDG -- SIM0 [SMARTWIFI]: New entry : (SignalStrength: 99 99 -93 -190 -120 -1 -1 16 -119 -20 -77 2147483647 0 2147483647 0x1010 P gsm|lte : 0 )
06-24 17:03:02.916  3047  5316 V EPDG -- SIM0 [SMARTWIFI]: Radio entry added
06-24 17:03:02.918  3047  5313 D EPDG -- SIM0 [RILRECEIVER]: [Rx]: Main: IPC_NET_CMD Sub: IPC_NET_REGIST
06-24 17:03:02.918  3047  5313 D EPDG -- SIM0 [RILRECEIVER]: [Rx]: Param: FF 03 
06-24 17:03:02.918  3047  5313 I EPDG -- SIM0 [RILRECEIVER]: RX [NET_REGIST] -- RESPONSE -- EPDG NOT AVAILABLE
06-24 17:03:02.918  3047  5313 D EPDG -- [NETIPCMESSAGE]: encodeNetRegist
06-24 17:03:02.918  3047  5313 D EPDG -- SIM0 [IPCDISPATCHER]: [Tx]: Main: IPC_NET_CMD Sub: IPC_NET_REGIST Cmd Type: IPC_CMD_RESP
06-24 17:03:02.918  3047  5313 D EPDG -- SIM0 [IPCDISPATCHER]: [Tx]: Param: 30 03 01 00 00 00 00 00 00 00 00 00 00 
06-24 17:03:02.919  3047  3340 D EPDG -- SIM0 [EpdgSubScription]: Event received: RIL_EPDG_STATUS_QUERY
06-24 17:03:02.919  3047  3340 D EPDG -- SIM0 [EpdgSubScription]: handleMessage: cid - 1
06-24 17:03:02.919  1029 21167 D mm-jpeg-intf: mm_jpeg_create_session:2763] session id 1000000
06-24 17:03:02.920  3047  5314 D EPDG -- SIM0 [MODEM]: Successfully written to RIL
06-24 17:03:02.925  1173 21160 E mm-3a-external: [cgAF] Invalid Cal. Set Default AF Cal: PAN: 0x78, MAC: 0x1F4, OFFSET: 0x0
06-24 17:03:02.926  1029 21167 D mm-jpeg-intf: mm_jpeg_start_job:2395] session_idx 0 client idx 0
06-24 17:03:02.926  1029 21167 D mm-jpeg-intf: mm_jpeg_start_job:2426] >>>> Work bufs need 1, 1
06-24 17:03:02.926  1029 21167 D mm-jpeg-intf: mm_jpeg_alloc_workbuffer, 2100] work_bufs_need 1 work_buf_cnt 1
06-24 17:03:02.926  1029 21167 D mm-jpeg-intf: mm_jpeg_alloc_workbuffer, 2117] rc 0 
06-24 17:03:02.926  1029 21168 D mm-jpeg-intf: process_sensor_data: Flash value 0 flash mode 0 flash state 2
06-24 17:03:02.926  1029 21168 D mm-jpeg-intf: mm_jpeg_session_config_main_crop:1237] OMX_IndexConfigCommonInputCrop w = 0, h = 0, l = 0, t = 0, port_idx = 0
06-24 17:03:02.926  1029 21168 D mm-jpeg-intf: mm_jpeg_session_config_thumbnail:1032] encode_thumbnail 0
06-24 17:03:02.926  1029 21168 E mm-jpeg-intf: mm_jpeg_configure_job_params:1585] Work buffer info 213 0xcab2a000 WorkBufSize: 18579456 invalidate
06-24 17:03:02.928  1029 21168 D mm-jpeg-intf: mm_jpeg_process_encoding_job:1911] Success X 
06-24 17:03:02.932 17748 17748 D ViewRootImpl@f74dda0[MainActivity]: ViewPostIme pointer 0
06-24 17:03:02.932  1029 21275 D mm-still: configureEncodedata:183] size 4032x3024 pad 4032x3024 out 4032x3024 subsampling 0 format 0
06-24 17:03:02.932  1029 21275 D mm-still: writeExifData:417] Image type 0 mobicat_mask 0
06-24 17:03:02.932  1029 21275 E mm-still: EmitApp5:1661] , 0
06-24 17:03:02.932  1029 21275 E mm-still: EmitApp5:1675] App5 write successful
06-24 17:03:02.932  1029 21275 E mm-still: startEncode:641] Start Encode 1
06-24 17:03:02.933  1029 21167 D mm-jpeg-intf: mm_jpeg_start_job:2485] job_id 16908288 X
06-24 17:03:02.933  1029 21275 E jpeg_hw : jpege_lib_hw_fe_buffer_cfg:296] w 4032 h 3024 stride 4032 scanline 3024
06-24 17:03:02.933  1029 21275 D mm-still: ConfigureOutputBuffer:553] Received output image fd 213 addr 0xcab2a000 WorkBufSize 18579456 
06-24 17:03:02.936   763   763 W Layer   : [SurfaceView - com.appname/com.appname.MainActivity@40fc623@0#0] Timestamp 949065915567240 seems implausible relative to expectedPresent 663610741270894
06-24 17:03:02.952  1029 21275 W libc    : invalid pthread_t (0) passed to libc
06-24 17:03:02.953  2724  2989 D NetworkController.MobileSignalController(0/1): callState:0, callStateByPhone:false voLTECall:false voiceNetTpe:7 dataNetType:13, ine911:false, emergencyCallbackMode:false
06-24 17:03:02.960  1173 21160 E mm-3a-external: [cgAF] Invalid Cal. Set Default AF Cal: PAN: 0x78, MAC: 0x1F4, OFFSET: 0x0
06-24 17:03:02.969   763   763 W Layer   : [SurfaceView - com.appname/com.appname.MainActivity@40fc623@0#0] Timestamp 949066015504240 seems implausible relative to expectedPresent 663610774806970
06-24 17:03:02.971  1146  1458 D DnsProxyListener: DNSDBG::dns addrinfo af 0
06-24 17:03:02.972  1173 21159 D mm-camera-CORE: TSAec_process works: stats' frame_id=199, 0, 0
06-24 17:03:02.976  2724  2989 D NetworkController.MobileSignalController(0/1): onCellLocationChanged
06-24 17:03:02.984  1394  2393 D InputReader: Input event(6): value=0 when=663610773498000
06-24 17:03:02.984  1394  2393 D InputReader: Input event(6): value=0 when=663610773498000
06-24 17:03:02.984  1394  2393 I InputReader: Touch event's action is 0x1 (deviceType=0) [pCnt=1, s=] when=663610773498000
06-24 17:03:02.984  1394  2392 I InputDispatcher: Delivering touch to (17748): action: 0x1, toolType: 1
06-24 17:03:02.990  1394  1394 D TelephonyManager: getCellLocation : Caller (PID / UID / TID): 1394 / 1000 / 1394
06-24 17:03:02.997  1173 21160 E mm-3a-external: [cgAF] Invalid Cal. Set Default AF Cal: PAN: 0x78, MAC: 0x1F4, OFFSET: 0x0
06-24 17:03:02.999 17748 17748 D ViewRootImpl@f74dda0[MainActivity]: ViewPostIme pointer 1
06-24 17:03:03.003   763   763 W Layer   : [SurfaceView - com.appname/com.appname.MainActivity@40fc623@0#0] Timestamp 949066048838240 seems implausible relative to expectedPresent 663610808343046
06-24 17:03:03.008  1029 21279 D mm-still: EncodeComplete:938] MainImage Encoding complete. Filled Length = 190522 m_thumbEncodingComplete 0 mSeqNo 1
06-24 17:03:03.008  1029 21279 D mm-still: ReleaseMainImage:794] Encoded image length 191899
06-24 17:03:03.009  1029 21275 D mm-jpeg-intf: mm_jpeg_ebd:3083] count 0 
06-24 17:03:03.009  1029 21275 D mm-jpeg-intf: mm_jpeg_fbd:3097] count 0 
06-24 17:03:03.009  1029 21275 D mm-jpeg-intf: [KPI Perf] : PROFILE_JPEG_FBD
06-24 17:03:03.009  1029 21275 D mm-jpeg-intf: mm_jpeg_fbd:3127] send jpeg callback 0 buf 0x0xd258e000 len 191899 JobID 16908288
06-24 17:03:03.011  1394  2932 D SLocation: onCellLocationChanged 1 / 0
06-24 17:03:03.016  1394  2932 D TelephonyManager: getAllCellInfo : Caller (PID / UID / TID): 1394 / 1000 / 2932
06-24 17:03:03.025  1173 21160 E mm-3a-external: [cgAF] Invalid Cal. Set Default AF Cal: PAN: 0x78, MAC: 0x1F4, OFFSET: 0x0
06-24 17:03:03.026  1029 21275 D Camera3-Status: markComponent: Component 2 is now idle
06-24 17:03:03.032  3020  3285 D PdnController<0>: onCellLocationChanged:
06-24 17:03:03.032  3020  3285 D VolteServiceModule: onCellLocationChanged, phoneId: 0
06-24 17:03:03.032  3020  3285 D RegiMgrBase: handleMessage: CELL_LOCATION_CHANGED
06-24 17:03:03.032  3020  3285 D RegiMgrBase<0>: updatePani:
06-24 17:03:03.032  3020  3285 D ImsUtil : getSubId:
06-24 17:03:03.034  3020  3285 D PaniGenerator<0>: generate: subId - 1
06-24 17:03:03.036   763   763 W Layer   : [SurfaceView - com.appname/com.appname.MainActivity@40fc623@0#0] Timestamp 949066082181240 seems implausible relative to expectedPresent 663610841879122
06-24 17:03:03.038  1029 21275 D mm-jpeg-intf: mm_jpegenc_destroy_job:2802] Exif entry count 15 15
06-24 17:03:03.038  1029 21275 D mm-jpeg-intf: mm_jpeg_queue_remove_job_by_job_id:3297] found matching job id
06-24 17:03:03.040  1394  4786 D TelephonyManager: getCellLocation : Caller (PID / UID / TID): 1394 / 1000 / 4786
06-24 17:03:03.044  3020  3285 D PdnController<0>: getNetworkState:
06-24 17:03:03.044  3020  3285 D ImsUtil : getSubId:
06-24 17:03:03.050  1394  2932 D SLocation: cellList : 3
06-24 17:03:03.054  3020  3285 D PaniGenerator<0>: generate: network=13, fallbackPlmn=311480, subId=1
06-24 17:03:03.054  3020  3285 D ImsUtil : getSubId:
06-24 17:03:03.058  1394  2932 W SLocation: handleEvent ENTER : currentDirection 1
06-24 17:03:03.059  1173 21160 E mm-3a-external: [cgAF] Invalid Cal. Set Default AF Cal: PAN: 0x78, MAC: 0x1F4, OFFSET: 0x0
06-24 17:03:03.060  3020  3285 D PaniGenerator<0>: getPsPlmn: subId = 1
06-24 17:03:03.070   763   763 W Layer   : [SurfaceView - com.appname/com.appname.MainActivity@40fc623@0#0] Timestamp 949066115480240 seems implausible relative to expectedPresent 663610875415198
06-24 17:03:03.083  3020  3285 D PaniGenerator: getDataPlmn returns 311480
06-24 17:03:03.084  3020  3285 D PaniGenerator: generate: change to NW PLMN(311480)
06-24 17:03:03.084  3020  3285 D ImsUtil : getSubId:
06-24 17:03:03.087   763   763 W Layer   : [SurfaceView - com.appname/com.appname.MainActivity@40fc623@0#0] Timestamp 949066148817240 seems implausible relative to expectedPresent 663610892183236
06-24 17:03:03.092  1173 21160 E mm-3a-external: [cgAF] Invalid Cal. Set Default AF Cal: PAN: 0x78, MAC: 0x1F4, OFFSET: 0x0
06-24 17:03:03.096  3020  3285 D ImsUtil : getSubId:
06-24 17:03:03.101 17748 17748 W ExifInterface: Skip the tag entry since tag number is not defined: 2
06-24 17:03:03.101 17748 17748 W ExifInterface: Stop reading file since a wrong offset may cause an infinite loop: 0
06-24 17:03:03.101 17748 17748 I chatty  : uid=10336(u0_a336) com.appname identical 1 line
06-24 17:03:03.101 17748 17748 W ExifInterface: Stop reading file since a wrong offset may cause an infinite loop: 0
06-24 17:03:03.110  1394  2393 D InputReader: Input event(6): value=1 when=663610899129000
06-24 17:03:03.111  1394  2393 D InputReader: Input event(6): value=1 when=663610899129000
06-24 17:03:03.112  1394  2393 I InputReader: Touch event's action is 0x0 (deviceType=0) [pCnt=1, s=0.4461 ] when=663610899129000
06-24 17:03:03.112  1394  2392 I InputDispatcher: Delivering touch to (17748): action: 0x0, toolType: 1
06-24 17:03:03.113 17748 17748 D ViewRootImpl@f74dda0[MainActivity]: ViewPostIme pointer 0
06-24 17:03:03.113 17748 18159 W ExifInterface: Skip the tag entry since tag number is not defined: 2
06-24 17:03:03.114 17748 18159 W ExifInterface: Stop reading file since a wrong offset may cause an infinite loop: 0
06-24 17:03:03.114 17748 18159 I chatty  : uid=10336(u0_a336) CameraX-camerax identical 1 line
06-24 17:03:03.114 17748 18159 W ExifInterface: Stop reading file since a wrong offset may cause an infinite loop: 0
06-24 17:03:03.119 17748 18159 W ExifInterface: Skip the tag entry since tag number is not defined: 2
06-24 17:03:03.119 17748 18159 W ExifInterface: Stop reading file since a wrong offset may cause an infinite loop: 0
06-24 17:03:03.119  3020  3285 D RegiMgrBase<0>: notifyNetworkEvent:
06-24 17:03:03.119 17748 18159 W ExifInterface: Stop reading file since a wrong offset may cause an infinite loop: 0
06-24 17:03:03.119  3020  3285 D RegiMgrBase<0>: buildNetworkEvent:
06-24 17:03:03.119 17748 18159 W ExifInterface: Stop reading file since a wrong offset may cause an infinite loop: 0
06-24 17:03:03.119  3020  3285 D PdnController<0>: getNetworkState:
06-24 17:03:03.119  3020  3285 I chatty  : uid=1000(system) ImsServiceStub identical 7 lines
06-24 17:03:03.119  3020  3285 D PdnController<0>: getNetworkState:
06-24 17:03:03.119  3020  3285 D RegiMgrBase: handleMessage: PLANI_IN_TIME_CHANGED
06-24 17:03:03.119  3020  3285 D ImsUtil : getSubId:
06-24 17:03:03.121   763   763 W Layer   : [SurfaceView - com.appname/com.appname.MainActivity@40fc623@0#0] Timestamp 949066182141240 seems implausible relative to expectedPresent 663610925719312
06-24 17:03:03.127  1173 21160 E mm-3a-external: [cgAF] Invalid Cal. Set Default AF Cal: PAN: 0x78, MAC: 0x1F4, OFFSET: 0x0
06-24 17:03:03.131  3020  3285 D ImsUtil : getSlotId:
06-24 17:03:03.131  3020  3285 D SimManager: getTelephonyProperty: value [311480]
06-24 17:03:03.146  1394  2867 D ConnectivityService: filterNetworkStateForUid() uid: 10081 networkInfo: [type: WIFI[] - WIFI, state: CONNECTED/CONNECTED, reason: (unspecified), extra: "BananaPancake", failover: false, available: true, roaming: false, metered: false]
06-24 17:03:03.154   763   763 W Layer   : [SurfaceView - com.appname/com.appname.MainActivity@40fc623@0#0] Timestamp 949066215469240 seems implausible relative to expectedPresent 663610959255388
06-24 17:03:03.162  1173 21160 E mm-3a-external: [cgAF] Invalid Cal. Set Default AF Cal: PAN: 0x78, MAC: 0x1F4, OFFSET: 0x0
06-24 17:03:03.175 29907 18976 V MediaProvider: 7klwibgf7fvntblfd7(7Hrclnifk7*.:+(,++8+*/,5qhg is not existed
06-24 17:03:03.182  1394  2867 W StorageManager: getStorageLowBytes lowPercent : 5, lowBytes : 1225677414, maxLowBytes : 524288000
06-24 17:03:03.187   763   763 W Layer   : [SurfaceView - com.appname/com.appname.MainActivity@40fc623@0#0] Timestamp 949066248790240 seems implausible relative to expectedPresent 663610992339884
06-24 17:03:03.189  1028  2058 I SoundBoosterEffectPlus: SB_reset SoundBooster sessionId(-1303)
06-24 17:03:03.189  1028  2058 I SoundBooster7: BuffClear()
06-24 17:03:03.193  1173 21160 E mm-3a-external: [cgAF] Invalid Cal. Set Default AF Cal: PAN: 0x78, MAC: 0x1F4, OFFSET: 0x0
06-24 17:03:03.199 29907 18976 D CMHServiceInterface: Sending intent to CMH
06-24 17:03:03.202  1028  1363 V APM_AudioPolicyManager: stopOutput() output 13, stream 7, session 7721
06-24 17:03:03.202  1028  1363 V APM_AudioPolicyManager: setBeaconMute(1) mBeaconMuteRefCount=0 mBeaconPlayingRefCount=0
06-24 17:03:03.202  1028  1363 V APM_AudioPolicyManager: getNewOutputDevice() selected device 0
06-24 17:03:03.202  1028  1363 V APM_AudioPolicyManager: setOutputDevice() device 0000 delayMs 160
06-24 17:03:03.202  1028  1363 V APM_AudioPolicyManager: setOutputDevice() prevDevice 0x0002
06-24 17:03:03.202  1028  1363 V APM_AudioPolicyManager: setOutputDevice() setting same device 0x0000 or null device
06-24 17:03:03.210  1394  2393 D InputReader: Input event(6): value=0 when=663610999443000
06-24 17:03:03.210  5613 21237 I Controller: [#CMH#] com.android.providers.media Insert
06-24 17:03:03.210  1394  2393 D InputReader: Input event(6): value=0 when=663610999443000
06-24 17:03:03.210  1394  2393 I InputReader: Touch event's action is 0x1 (deviceType=0) [pCnt=1, s=] when=663610999443000
06-24 17:03:03.210  1394  2392 I InputDispatcher: Delivering touch to (17748): action: 0x1, toolType: 1
06-24 17:03:03.211  5613 21237 I Controller: [#CMH#] processInsertAction,No of files to insert: 1,Origin:com.android.providers.media
06-24 17:03:03.211  5613 21237 E Controller: [#CMH#] Content inserted without datetaken 
06-24 17:03:03.211  5613 21237 E Controller: [#CMH#] lSefFileSubType is null 
06-24 17:03:03.212  5613 21237 E ImageFeatures: [#CMH#] applyJustShotFlag : java.io.FileNotFoundException: /storage/emulated/0/Pictures/1593043383174.jpg (No such file or directory) (/storage/emulated/0/Pictures/1593043383174.jpg (No such file or directory))
06-24 17:03:03.212  5613 21237 E ImageFeatures: 	at java.io.FileInputStream.open0 (FileInputStream.java:-2)
06-24 17:03:03.212  5613 21237 E ImageFeatures: 	at java.io.FileInputStream.open (FileInputStream.java:200)
06-24 17:03:03.212  5613 21237 E ImageFeatures: 	at java.io.FileInputStream.<init> (FileInputStream.java:150)
06-24 17:03:03.212  5613 21237 E ImageFeatures: 	at java.io.FileInputStream.<init> (FileInputStream.java:103)
06-24 17:03:03.212  5613 21237 E ImageFeatures: 	at android.media.ExifInterface.<init> (ExifInterface.java:1329)
06-24 17:03:03.212  5613 21237 E ImageFeatures: 	at com.samsung.cmh.features.ImageFeatures.isJustShot (ImageFeatures.java:54)
06-24 17:03:03.212  5613 21237 E ImageFeatures: 	at com.samsung.cmh.core.Controller.processInsertAction (Controller.java:2550)
06-24 17:03:03.212  5613 21237 E ImageFeatures: 	at com.samsung.cmh.core.Controller.execute (Controller.java:991)
06-24 17:03:03.212  5613 21237 E ImageFeatures: 	at com.samsung.cmh.service.CMHService.onHandleIntent (CMHService.java:100)
06-24 17:03:03.212  5613 21237 E ImageFeatures: 	at android.app.IntentService$ServiceHandler.handleMessage (IntentService.java:68)
06-24 17:03:03.212  5613 21237 E ImageFeatures: 	at android.os.Handler.dispatchMessage (Handler.java:105)
06-24 17:03:03.212  5613 21237 E ImageFeatures: 	at android.os.Looper.loop (Looper.java:164)
06-24 17:03:03.212  5613 21237 E ImageFeatures: 	at android.os.HandlerThread.run (HandlerThread.java:65)
06-24 17:03:03.212  5613 21237 E ImageFeatures:  
06-24 17:03:03.215  1394 10129 W ActivityManager: Background start not allowed: service Intent { cmp=com.google.android.apps.photos/com.google.android.libraries.social.mediamonitor.BackgroundThreadNotifierIntentService (has extras) } to com.google.android.apps.photos/com.google.android.libraries.social.mediamonitor.BackgroundThreadNotifierIntentService from pid=1328 uid=10156 pkg=com.google.android.apps.photos
06-24 17:03:03.222 17748 17748 D ViewRootImpl@f74dda0[MainActivity]: ViewPostIme pointer 1
06-24 17:03:03.226  1173 21160 E mm-3a-external: [cgAF] Invalid Cal. Set Default AF Cal: PAN: 0x78, MAC: 0x1F4, OFFSET: 0x0
06-24 17:03:03.229 18658 18658 D LibraryDataManager: onChange = 0, active = true, uri = content://com.samsung.cmh/notify_images, this = com.sec.android.gallery3d.data.LibraryDataManager$NotifyBroker@361d8
06-24 17:03:03.231  5613 21237 I Controller: [#CMH#] Sent Notification for uri content://com.samsung.cmh/notify_images
06-24 17:03:03.231  5613 21237 I Controller: [#CMH#] startSmartClustering starting clustering 
06-24 17:03:03.231  5613 21237 I Controller: [#CMH#] startDaywiseClustering starting day clustering 
06-24 17:03:03.232  5613 21239 I DayAndMonthTask: [#CMH#] before mutex 
06-24 17:03:03.232  5613 21239 I DayAndMonthTask: [#CMH#] after mutex 
06-24 17:03:03.235  5613 21239 I DayAndMonthTask: [#CMH#] after mutex release 
06-24 17:03:03.236  5613 21257 I ClusteringTask: [#CMH#] before mutex 
06-24 17:03:03.236  5613 21257 I ClusteringTask: [#CMH#] after mutex 
06-24 17:03:03.236  5613 21257 I MomentClusteringAlgo: [#CMH#] performClustering images deleted false
06-24 17:03:03.236  5613 21257 I ClusteringDBUtils: [#CMH#] updateClusterTable In nothing to update 
06-24 17:03:03.237   763   763 W Layer   : [SurfaceView - com.appname/com.appname.MainActivity@40fc623@0#0] Timestamp 949066282134240 seems implausible relative to expectedPresent 663611042643998
06-24 17:03:03.254   763   763 W Layer   : [SurfaceView - com.appname/com.appname.MainActivity@40fc623@0#0] Timestamp 949066315460240 seems implausible relative to expectedPresent 663611059435277
06-24 17:03:03.258  1173 21160 E mm-3a-external: [cgAF] Invalid Cal. Set Default AF Cal: PAN: 0x78, MAC: 0x1F4, OFFSET: 0x0
06-24 17:03:03.277  1394 10129 I EDMNativeHelperService: isCameraEnabled
06-24 17:03:03.280 17748 17748 D ReactNative: CameraView: Photo capture succeeded: content://media/external/images/media/1695
06-24 17:03:03.282  5613 21257 I Utils   : [#CMH#] No of media items  (images/videos) to process ::  1
06-24 17:03:03.283  5613 21257 I MomentClusteringAlgo: [#CMH#] performClustering In 1 
06-24 17:03:03.292  1173 21160 E mm-3a-external: [cgAF] Invalid Cal. Set Default AF Cal: PAN: 0x78, MAC: 0x1F4, OFFSET: 0x0
06-24 17:03:03.305   763   763 W Layer   : [SurfaceView - com.appname/com.appname.MainActivity@40fc623@0#0] Timestamp 949066348778240 seems implausible relative to expectedPresent 663611109743975
06-24 17:03:03.322   763   763 W Layer   : [SurfaceView - com.appname/com.appname.MainActivity@40fc623@0#0] Timestamp 949066382128240 seems implausible relative to expectedPresent 663611126513541
06-24 17:03:03.325  1173 21160 E mm-3a-external: [cgAF] Invalid Cal. Set Default AF Cal: PAN: 0x78, MAC: 0x1F4, OFFSET: 0x0
06-24 17:03:03.334  1162  1231 I LocSvc_ApiV02: <--- globalEventCb line 162 QMI_LOC_EVENT_GNSS_SV_INFO_IND_V02
06-24 17:03:03.334  1162  4816 I LocSvc_libulp: ulp_brain_process_gnss_sv_report, gnss sv report cnt = 3732, gnss pos report cnt = 83,strong sv cnt = 0
06-24 17:03:03.334  1394 28315 D GnssLocationProvider_ex: SV Count : 1      (PRN, Constellation, SNR, Used)
06-24 17:03:03.334  1394 28315 D GnssLocationProvider_ex: (194, QZSS, 31.0, 0) 
06-24 17:03:03.336  1394  2393 D InputReader: Input event(6): value=1 when=663611125572000
06-24 17:03:03.336  1394  2393 D InputReader: Input event(6): value=1 when=663611125572000
06-24 17:03:03.336  1394  2393 I InputReader: Touch event's action is 0x0 (deviceType=0) [pCnt=1, s=0.4462 ] when=663611125572000
06-24 17:03:03.336  1394  2392 I InputDispatcher: Delivering touch to (17748): action: 0x0, toolType: 1
06-24 17:03:03.338  1394  2392 D PowerManagerService: [api] userActivityFromNative : 1940 (event: 2 flags: 0) eventTime = 663611125
06-24 17:03:03.343  1394  6975 D CustomFrequencyManagerService: acquireDVFSLockLocked : type : DVFS_MIN_LIMIT  frequency : 883200  uid : 1000  pid : 1394  pkgName : GESTURE_DETECTED@CPU_MIN@78
06-24 17:03:03.351 17748 17748 D ViewRootImpl@f74dda0[MainActivity]: ViewPostIme pointer 0
06-24 17:03:03.355   763   763 W Layer   : [SurfaceView - com.appname/com.appname.MainActivity@40fc623@0#0] Timestamp 949066415435240 seems implausible relative to expectedPresent 663611160052673
06-24 17:03:03.364  1173 21160 E mm-3a-external: [cgAF] Invalid Cal. Set Default AF Cal: PAN: 0x78, MAC: 0x1F4, OFFSET: 0x0
06-24 17:03:03.388   763   763 W Layer   : [SurfaceView - com.appname/com.appname.MainActivity@40fc623@0#0] Timestamp 949066448830240 seems implausible relative to expectedPresent 663611193591805
06-24 17:03:03.393  1173 21160 E mm-3a-external: [cgAF] Invalid Cal. Set Default AF Cal: PAN: 0x78, MAC: 0x1F4, OFFSET: 0x0
06-24 17:03:03.422   763   763 W Layer   : [SurfaceView - com.appname/com.appname.MainActivity@40fc623@0#0] Timestamp 949066482085240 seems implausible relative to expectedPresent 663611227130937
06-24 17:03:03.426  1173 21160 E mm-3a-external: [cgAF] Invalid Cal. Set Default AF Cal: PAN: 0x78, MAC: 0x1F4, OFFSET: 0x0
06-24 17:03:03.455   763   763 W Layer   : [SurfaceView - com.appname/com.appname.MainActivity@40fc623@0#0] Timestamp 949066515416240 seems implausible relative to expectedPresent 663611260670069
06-24 17:03:03.459  1173 21160 E mm-3a-external: [cgAF] Invalid Cal. Set Default AF Cal: PAN: 0x78, MAC: 0x1F4, OFFSET: 0x0
06-24 17:03:03.461  1394  2393 D InputReader: Input event(6): value=0 when=663611250333000
06-24 17:03:03.461  1394  2393 D InputReader: Input event(6): value=0 when=663611250333000
06-24 17:03:03.461  1394  2393 I InputReader: Touch event's action is 0x1 (deviceType=0) [pCnt=1, s=] when=663611250333000
06-24 17:03:03.461  1394  2392 I InputDispatcher: Delivering touch to (17748): action: 0x1, toolType: 1
06-24 17:03:03.478 17748 17748 D ViewRootImpl@f74dda0[MainActivity]: ViewPostIme pointer 1
06-24 17:03:03.489   763   763 W Layer   : [SurfaceView - com.appname/com.appname.MainActivity@40fc623@0#0] Timestamp 949066548801240 seems implausible relative to expectedPresent 663611294209201
06-24 17:03:03.492  1173 21160 E mm-3a-external: [cgAF] Invalid Cal. Set Default AF Cal: PAN: 0x78, MAC: 0x1F4, OFFSET: 0x0
06-24 17:03:03.523   763   763 W Layer   : [SurfaceView - com.appname/com.appname.MainActivity@40fc623@0#0] Timestamp 949066582072240 seems implausible relative to expectedPresent 663611327748333
06-24 17:03:03.525  1173 21160 E mm-3a-external: [cgAF] Invalid Cal. Set Default AF Cal: PAN: 0x78, MAC: 0x1F4, OFFSET: 0x0
06-24 17:03:03.534  5613 21257 I ClusteringTask: [#CMH#] Cluster size: 1
06-24 17:03:03.534  5613 21257 I ClusteringDBUtils: [#CMH#] updateClusterTable In 1 
06-24 17:03:03.556   763   763 W Layer   : [SurfaceView - com.appname/com.appname.MainActivity@40fc623@0#0] Timestamp 949066615496240 seems implausible relative to expectedPresent 663611361287465
06-24 17:03:03.558  1173 21160 E mm-3a-external: [cgAF] Invalid Cal. Set Default AF Cal: PAN: 0x78, MAC: 0x1F4, OFFSET: 0x0
06-24 17:03:03.590   763   763 W Layer   : [SurfaceView - com.appname/com.appname.MainActivity@40fc623@0#0] Timestamp 949066648765240 seems implausible relative to expectedPresent 663611394826597
06-24 17:03:03.592  1173 21160 E mm-3a-external: [cgAF] Invalid Cal. Set Default AF Cal: PAN: 0x78, MAC: 0x1F4, OFFSET: 0x0
06-24 17:03:03.593  1394  1394 D TelephonyManager: getCellLocation : Caller (PID / UID / TID): 1394 / 1000 / 1394
06-24 17:03:03.595  2724  2989 D NetworkController.MobileSignalController(0/1): onSignalStrengthsChanged signalStrength=SignalStrength: 99 99 -93 -180 -120 -1 -1 19 -112 -19 -83 2147483647 0 2147483647 0x1010 P gsm|lte level=1
06-24 17:03:03.595  2724  2989 D NetworkController.MobileSignalController(0/1): getMobileIconGroup(): 13
06-24 17:03:03.595  2724  2989 D NetworkController.MobileSignalController(0/1): updateVZWMobileIconGroup(): 13
06-24 17:03:03.598  3047  3340 D EPDG -- SIM0 [SMARTWIFI]: onSignalStrengthsChanged: Received signal strength change, phone type is: 2
06-24 17:03:03.599  3047  5316 D EPDG -- SIM0 [SMARTWIFI]: lastLteRSRP is -119currentLteRSRP is -112
06-24 17:03:03.599  3047  5316 D EPDG -- SIM0 [SMARTWIFI]: lastLteRSRQ is -20currentLteRSRQ is -19
06-24 17:03:03.599  3047  5316 D EPDG -- SIM0 [SMARTWIFI]: lastCdmaDb is -19currentCdmaDb is -18
06-24 17:03:03.599  3047  5316 V EPDG -- SIM0 [SMARTWIFI]: Radio oldest entry removed
06-24 17:03:03.599  3047  5316 V EPDG -- SIM0 [SMARTWIFI]: New entry : (SignalStrength: 99 99 -93 -180 -120 -1 -1 19 -112 -19 -83 2147483647 0 2147483647 0x1010 P gsm|lte : 0 )
06-24 17:03:03.599  3047  5316 V EPDG -- SIM0 [SMARTWIFI]: Radio entry added
06-24 17:03:03.601  1394  1394 I CAE     : sendCmdToSensorHub(SensorHubCommManager.java:158) - -63, 17, 0, 3, 3, 1, 49, 21, 0, 4, 0, 40, 0, 0, 0, 0,
06-24 17:03:03.602  1394  2372 D SensorService: setSContextDataLocked ints length 5 , byte length 16
06-24 17:03:03.602   734  2320 I qti_sensors_hal: sensors_inject_sensor_data: sensors_inject_sensor_data
06-24 17:03:03.602   734  2320 I qti_sensors_hal: sensor hal 80, 16, (c1, 17)
06-24 17:03:03.602   734  2320 I qti_sensors_hal: Activities 16
06-24 17:03:03.602   734  2320 E qti_sensors_hal: Activities en 0, len 16
06-24 17:03:03.602   734  2320 I qti_sensors_hal: CommonInfo 16
06-24 17:03:03.602   734  2320 I qti_sensors_hal: CommonInfo h 193 m 17 s 0
06-24 17:03:03.607   734   935 I qti_sensors_hal: CommonInfo UPDATE_RESP
06-24 17:03:03.613  2724  2989 D NetworkController.MobileSignalController(0/1): callState:0, callStateByPhone:false voLTECall:false voiceNetTpe:7 dataNetType:13, ine911:false, emergencyCallbackMode:false
06-24 17:03:03.623   763   763 W Layer   : [SurfaceView - com.appname/com.appname.MainActivity@40fc623@0#0] Timestamp 949066682050240 seems implausible relative to expectedPresent 663611428365729
06-24 17:03:03.625  1173 21160 E mm-3a-external: [cgAF] Invalid Cal. Set Default AF Cal: PAN: 0x78, MAC: 0x1F4, OFFSET: 0x0
06-24 17:03:03.639  1173 21159 D mm-camera-CORE: TSAec_process works: stats' frame_id=219, 0, 0
06-24 17:03:03.657   763   763 W Layer   : [SurfaceView - com.appname/com.appname.MainActivity@40fc623@0#0] Timestamp 949066715379240 seems implausible relative to expectedPresent 663611461904861
06-24 17:03:03.661  1173 21160 E mm-3a-external: [cgAF] Invalid Cal. Set Default AF Cal: PAN: 0x78, MAC: 0x1F4, OFFSET: 0x0
06-24 17:03:03.670  1394  2393 D InputReader: Input event(6): value=1 when=663611460131000
06-24 17:03:03.671  1394  2393 D InputReader: Input event(6): value=1 when=663611460131000
06-24 17:03:03.671  1394  2393 I InputReader: Touch event's action is 0x0 (deviceType=0) [pCnt=1, s=0.4463 ] when=663611460131000
06-24 17:03:03.671  1394  2392 I InputDispatcher: Delivering touch to (17748): action: 0x0, toolType: 1
06-24 17:03:03.688 17748 17748 D ViewRootImpl@f74dda0[MainActivity]: ViewPostIme pointer 0
06-24 17:03:03.689 18658 18658 D LibraryDataManager: onChange = 0, active = true, uri = content://com.samsung.cmh/daycluster, this = com.sec.android.gallery3d.data.LibraryDataManager$NotifyBroker@e50a931
06-24 17:03:03.690  5613 21257 I MomentClusteringAlgo: [#CMH#] performClustering images deleted false
06-24 17:03:03.690   763   763 W Layer   : [SurfaceView - com.appname/com.appname.MainActivity@40fc623@0#0] Timestamp 949066748709240 seems implausible relative to expectedPresent 663611495443993
06-24 17:03:03.690  5613 21257 I ClusteringDBUtils: [#CMH#] updateClusterTable In nothing to update 
06-24 17:03:03.691  1173 21160 E mm-3a-external: [cgAF] Invalid Cal. Set Default AF Cal: PAN: 0x78, MAC: 0x1F4, OFFSET: 0x0
06-24 17:03:03.729  1173 21160 E mm-3a-external: [cgAF] Invalid Cal. Set Default AF Cal: PAN: 0x78, MAC: 0x1F4, OFFSET: 0x0
06-24 17:03:03.735  5613 21257 I MomentClusteringAlgo: [#CMH#] performClustering In 0 
06-24 17:03:03.735  5613 21257 I ClusteringTask: [#CMH#] Cluster size: 0
06-24 17:03:03.736  5613 21257 I ClusteringDBUtils: [#CMH#] updateClusterTable In nothing to update 
