06-24 17:03:10.917  1394  2393 D InputReader: Input event(6): value=0 when=663618706164000
06-24 17:03:10.917  1394  2393 D InputReader: Input event(6): value=0 when=663618706164000
06-24 17:03:10.917  1394  2393 I InputReader: Touch event's action is 0x1 (deviceType=0) [pCnt=1, s=] when=663618706164000
06-24 17:03:10.918  1394  2392 I InputDispatcher: Delivering touch to (17748): action: 0x1, toolType: 1
06-24 17:03:10.928 17748 17748 D ViewRootImpl@f74dda0[MainActivity]: ViewPostIme pointer 1
06-24 17:03:10.928  1173 21160 E mm-3a-external: [cgAF] Invalid Cal. Set Default AF Cal: PAN: 0x78, MAC: 0x1F4, OFFSET: 0x0
06-24 17:03:10.933   763   763 W Layer   : [SurfaceView - com.appname/com.appname.MainActivity@40fc623@0#0] Timestamp 949073980737240 seems implausible relative to expectedPresent 663618738768838
06-24 17:03:10.957  1173 21160 E mm-3a-external: [cgAF] Invalid Cal. Set Default AF Cal: PAN: 0x78, MAC: 0x1F4, OFFSET: 0x0
06-24 17:03:10.967   763   763 W Layer   : [SurfaceView - com.appname/com.appname.MainActivity@40fc623@0#0] Timestamp 949074014069240 seems implausible relative to expectedPresent 663618772299740
06-24 17:03:10.971  1173 21159 D mm-camera-CORE: TSAec_process works: stats' frame_id=439, 0, 0
06-24 17:03:10.984   763   763 W Layer   : [SurfaceView - com.appname/com.appname.MainActivity@40fc623@0#0] Timestamp 949074047396240 seems implausible relative to expectedPresent 663618789065191
06-24 17:03:10.990  1173 21160 E mm-3a-external: [cgAF] Invalid Cal. Set Default AF Cal: PAN: 0x78, MAC: 0x1F4, OFFSET: 0x0
06-24 17:03:11.009  1394  2393 D InputReader: Input event(6): value=1 when=663618798845000
06-24 17:03:11.009  1394  2393 D InputReader: Input event(6): value=1 when=663618798845000
06-24 17:03:11.009  1394  2393 I InputReader: Touch event's action is 0x0 (deviceType=0) [pCnt=1, s=0.4497 ] when=663618798845000
06-24 17:03:11.010  1394  2392 I InputDispatcher: Delivering touch to (17748): action: 0x0, toolType: 1
06-24 17:03:11.017   763   763 W Layer   : [SurfaceView - com.appname/com.appname.MainActivity@40fc623@0#0] Timestamp 949074080719240 seems implausible relative to expectedPresent 663618822596093
06-24 17:03:11.029 17748 17748 D ViewRootImpl@f74dda0[MainActivity]: ViewPostIme pointer 0
06-24 17:03:11.030  1173 21160 E mm-3a-external: [cgAF] Invalid Cal. Set Default AF Cal: PAN: 0x78, MAC: 0x1F4, OFFSET: 0x0
06-24 17:03:11.032  1146  1458 D DnsProxyListener: DNSDBG::dns addrinfo af 0
06-24 17:03:11.051   763   763 W Layer   : [SurfaceView - com.appname/com.appname.MainActivity@40fc623@0#0] Timestamp 949074114048240 seems implausible relative to expectedPresent 663618856126995
06-24 17:03:11.057  1173 21160 E mm-3a-external: [cgAF] Invalid Cal. Set Default AF Cal: PAN: 0x78, MAC: 0x1F4, OFFSET: 0x0
06-24 17:03:11.059  1394 10598 D ConnectivityService: filterNetworkStateForUid() uid: 5013 networkInfo: [type: WIFI[] - WIFI, state: CONNECTED/CONNECTED, reason: (unspecified), extra: "BananaPancake", failover: false, available: true, roaming: false, metered: false]
06-24 17:03:11.084   763   763 W Layer   : [SurfaceView - com.appname/com.appname.MainActivity@40fc623@0#0] Timestamp 949074147380240 seems implausible relative to expectedPresent 663618889657897
06-24 17:03:11.092  1173 21160 E mm-3a-external: [cgAF] Invalid Cal. Set Default AF Cal: PAN: 0x78, MAC: 0x1F4, OFFSET: 0x0
06-24 17:03:11.098  1162  1162 I LocSvc_GnssInterface: ===> injectLocation line 232 
06-24 17:03:11.099  1394  4786 D NpProxy : handleMessage what - 4
06-24 17:03:11.099  1394  4786 V LocSvc_HIDL_OsNpGlue_jni: [onJavaLocationChanged][159] [HC] =>> [HS]
06-24 17:03:11.099  1162  1162 V LocSvc_HIDL_IzatOsNpGlue: [locationChanged][33] [HS] <<<<= [HC]
06-24 17:03:11.100  1162  1198 I LocSvc_api_v02: ---> locClientSendReq line 2102 QMI_LOC_INJECT_POSITION_REQ_V02
06-24 17:03:11.100  1162  4816 I LocSvc_libulp: ulp_brain_process_gnp_position_report, first_fix_pending 1, request active = 0,gnss running 1, gnss state 1 quipc running 0 quipc state 0
06-24 17:03:11.100  1162  4816 I LocSvc_libulp: ulp_brain_process_gnp_position_report, report GNP position to hybrid fix requests = 0
06-24 17:03:11.100  1162  4816 I LocSvc_libulp: ulp_brain_transition_all_providers, before transition, 
06-24 17:03:11.100  1162  4816 I LocSvc_libulp:  GNSS provider state = 1,  GNSS selected to run = 1,  GNSS onoff_cnt = 0, GNSS high speed flag = 0 
06-24 17:03:11.100  1162  4816 I LocSvc_libulp:  QUIPC provider state = 0, QUIPC selected to run = 0, QUIPC onoff_cnt = 5, 
06-24 17:03:11.100  1162  4816 I LocSvc_libulp:  GNP provider state = 0,   GNP selected to run = 0,   GNP onoff_cnt = 1, 
06-24 17:03:11.101  1394  2393 D InputReader: Input event(6): value=0 when=663618890922000
06-24 17:03:11.101  1394  2393 D InputReader: Input event(6): value=0 when=663618890922000
06-24 17:03:11.101  1394  2393 I InputReader: Touch event's action is 0x1 (deviceType=0) [pCnt=1, s=] when=663618890922000
06-24 17:03:11.103  1394  2392 I InputDispatcher: Delivering touch to (17748): action: 0x1, toolType: 1
06-24 17:03:11.103  1162  1231 I LocSvc_ApiV02: <--- globalRespCb line 188 QMI_LOC_INJECT_POSITION_REQ_V02
06-24 17:03:11.124 17748 17748 D ViewRootImpl@f74dda0[MainActivity]: ViewPostIme pointer 1
06-24 17:03:11.125  1173 21160 E mm-3a-external: [cgAF] Invalid Cal. Set Default AF Cal: PAN: 0x78, MAC: 0x1F4, OFFSET: 0x0
06-24 17:03:11.126  1394  4627 I SamsungAlarmManager: setLocked to kernel - T:2 / 20200624T170519, SetElapsed=949203034, nowELAPSED=949074294
06-24 17:03:11.134  1394  4627 D SamsungAlarmManager: setInexact Intent (T:2/F:0/AC:false) 20200624T170315 - CU:10024/CP:19589
06-24 17:03:11.134  1394  4627 I SamsungAlarmManager: setLocked to kernel - T:2 / 20200624T170315, SetElapsed=949078969, nowELAPSED=949074303
06-24 17:03:11.135   763   763 W Layer   : [SurfaceView - com.appname/com.appname.MainActivity@40fc623@0#0] Timestamp 949074180707240 seems implausible relative to expectedPresent 663618939954250
06-24 17:03:11.151   763   763 W Layer   : [SurfaceView - com.appname/com.appname.MainActivity@40fc623@0#0] Timestamp 949074214034240 seems implausible relative to expectedPresent 663618956719701
06-24 17:03:11.158  1173 21160 E mm-3a-external: [cgAF] Invalid Cal. Set Default AF Cal: PAN: 0x78, MAC: 0x1F4, OFFSET: 0x0
06-24 17:03:11.173  1394  4627 D SensorService: Calling activate off 15
06-24 17:03:11.176   734   903 I qti_sensors_hal: processResp: handle:58
06-24 17:03:11.184 19589 20242 D SensorManager: cancelTrigger :: 15, Significant Motion Detector,  
06-24 17:03:11.185   763   763 W Layer   : [SurfaceView - com.appname/com.appname.MainActivity@40fc623@0#0] Timestamp 949074247361240 seems implausible relative to expectedPresent 663618990250603
06-24 17:03:11.190  1173 21160 E mm-3a-external: [cgAF] Invalid Cal. Set Default AF Cal: PAN: 0x78, MAC: 0x1F4, OFFSET: 0x0
06-24 17:03:11.196  1394  4627 D ConnectivityService: filterNetworkStateForUid() uid: 10081 networkInfo: [type: WIFI[] - WIFI, state: CONNECTED/CONNECTED, reason: (unspecified), extra: "BananaPancake", failover: false, available: true, roaming: false, metered: false]
06-24 17:03:11.213  1394  4627 I SensorService: createSensorEventConnection package name bgip
06-24 17:03:11.214  1394  4627 D SensorService: Calling batch handle==1 flags=0 rate=20000000 timeout== 2147483647000
06-24 17:03:11.214   734   734 I qti_sensors_hal: SMGRReportAdd:sensor(android.sensor.accelerometer) handle=1, sample_rate=100.000000 report_rate=0 buffer=0
06-24 17:03:11.215 19589 20242 D SensorManager: registerListener :: 1, K6DS3TR Accelerometer, 20000, 2147483647,  
06-24 17:03:11.218   763   763 W Layer   : [SurfaceView - com.appname/com.appname.MainActivity@40fc623@0#0] Timestamp 949074280688240 seems implausible relative to expectedPresent 663619023781505
06-24 17:03:11.224  1173 21160 E mm-3a-external: [cgAF] Invalid Cal. Set Default AF Cal: PAN: 0x78, MAC: 0x1F4, OFFSET: 0x0
06-24 17:03:11.228   718   718 D audio_hw_primary: out_standby: enter: stream (0xe4b88000) usecase(0: deep-buffer-playback)
06-24 17:03:11.233 17748 17748 D ImageCapture: Send image capture request [current, pending] = [0, 1]
06-24 17:03:11.235 17748 21342 I OggExtractor: OggSource::OggSource() mExtractor ref count = 3
06-24 17:03:11.250 17748 18063 D CaptureSession: Issuing capture request.
06-24 17:03:11.252   763   763 W Layer   : [SurfaceView - com.appname/com.appname.MainActivity@40fc623@0#0] Timestamp 949074314015240 seems implausible relative to expectedPresent 663619057312407
06-24 17:03:11.256  1394  4627 I EDMNativeHelperService: isCameraEnabled
06-24 17:03:11.257  1029 14994 D Camera3-Device: submitRequestsHelper: mInterfaceLock.lock()
06-24 17:03:11.257  1173 21160 E mm-3a-external: [cgAF] Invalid Cal. Set Default AF Cal: PAN: 0x78, MAC: 0x1F4, OFFSET: 0x0
06-24 17:03:11.257  1029 14994 D Camera3-Device: submitRequestsHelper: mInterfaceLock.unlock()
06-24 17:03:11.272  1029 21164 D Camera3-Status: markComponent: Component 2 is now active
06-24 17:03:11.286   763   763 W Layer   : [SurfaceView - com.appname/com.appname.MainActivity@40fc623@0#0] Timestamp 949074347343240 seems implausible relative to expectedPresent 663619090843309
06-24 17:03:11.290  1173 21160 E mm-3a-external: [cgAF] Invalid Cal. Set Default AF Cal: PAN: 0x78, MAC: 0x1F4, OFFSET: 0x0
06-24 17:03:11.299 17748 21342 I OggExtractor: OggSource::OggSource() mExtractor ref count = 3
06-24 17:03:11.301 17748 21345 I OggExtractor: OggSource::stop() mExtractor ref count = 2
06-24 17:03:11.301 17748 21345 I OggExtractor: ~OggSource --
06-24 17:03:11.301 17748 21345 I OggExtractor: ~OggExtractor ++
06-24 17:03:11.301 17748 21345 I OggExtractor: ~MyOggExtractor ++ 
06-24 17:03:11.301 17748 21345 I OggExtractor: ~MyOggExtractor --
06-24 17:03:11.301 17748 21345 I OggExtractor: ~OggExtractor --
06-24 17:03:11.305  1173 21156 E         : Camera[DBG][IFACE ] iface_set_super_param: 2689: iface_set_super_param:2689 store q_idx 2
06-24 17:03:11.307  1173 21156 E         : Camera[DBG] cpp_module_get_params_for_identity: 533: cpp_module_get_params_for_identity:533, failed, identity=0x20003
06-24 17:03:11.307  1173 21156 E mm-camera-img: module_faceproc_client_handle_ctrl_parm:5683] 3 calling module_faceproc_client_schedule_mode 0
06-24 17:03:11.307  1173 21156 E mm-camera-img: module_faceproc_client_handle_ctrl_parm:5633] 2 calling module_faceproc_client_schedule_mode 0
06-24 17:03:11.307  1173 21156 I mm-camera-sensor: module_sensor_set_parm_led_mode:229CAM_INTF_PARM_LED_MODE 0 is_capture 0
06-24 17:03:11.307  1173 21156 I mm-camera-sensor: module_sensor_set_parm_led_mode:305last flash request 0
06-24 17:03:11.307  1173 21156 I mm-camera-sensor: sensor_set_capture_intent:1968capture intent 2
06-24 17:03:11.307  1173 21156 E mm-camera-sensor: flash_process:483invalid event 151
06-24 17:03:11.307  1173 21156 I mm-camera-sensor: module_sensor_event_control_set_parm:5662CAM_INTF_PARM_OIS_MODES: 3
06-24 17:03:11.307  1173 21156 I mm-camera-sensor: ois_process:396[E]
06-24 17:03:11.307  1173 21156 I mm-camera-sensor: ois_process:406[OIS_SET_MODE][data :: 3]
06-24 17:03:11.307  1173 21156 I mm-camera-sensor: ois_set_mode:25[Enter]
06-24 17:03:11.307  1173 21156 I mm-camera-sensor: ois_set_mode:46[ois_set_mode][modes :: 3]
06-24 17:03:11.309  1173 21159 E         : Camera[DBG] TsAec_set_ae_manual_mode: 732: TsAec_set_ae_manual_mode ae_manual_mode = 1
06-24 17:03:11.310  1173 21159 E         : Camera[DBG] TsAwb_set_params: 802: TsAwb->gAwbLock =0
06-24 17:03:11.310  1173 21159 E         : 
06-24 17:03:11.310  1173 21159 D mm-camera-CORE: [Exp_Table:Rear] Shooting mode = 0, ExpDiagram_command = 0, m_video_mode = 0
06-24 17:03:11.310  1173 21159 D mm-camera-CORE: TsAec_set_manual_ISO manual_iso=0, aec->is_manual=0 
06-24 17:03:11.311  1173 21156 I mm-camera-sensor: module_sensor_event_control_set_parm:5738[stats_use][STATS] Set cc_stats [AEC=0],[PAF=0],[RECONSTRUCTION=0],[DRC=0]
06-24 17:03:11.311  1173 21156 I mm-camera-sensor: module_sensor_event_control_set_parm:5753[WDR_MODE]wdr_mode = 0
06-24 17:03:11.311  1173 21156 I mm-camera-CORE: companion_wdr_on_off:1046WDR enable = 0
06-24 17:03:11.311  1173 21156 I mm-camera-sensor: module_sensor_event_control_set_parm:5765[WDR_MODE]CAM_INTF_PARM_RTHDR_MODES: 0
06-24 17:03:11.311  1173 21156 I mm-camera-sensor: sensor_set_rt_hdr_mode:4046 HDR mode set = 0
06-24 17:03:11.312  1173 21156 I mm-camera-sensor: sensor_apply_exposure:1193s_gain=0x1000073, l_gain=0x1000073, s_linecount=2370,l_linecount=2370, fl_lines=3156
06-24 17:03:11.319  1394  4627 I SensorService: createSensorEventConnection package name bglp
06-24 17:03:11.319   763   763 W Layer   : [SurfaceView - com.appname/com.appname.MainActivity@40fc623@0#0] Timestamp 949074380672240 seems implausible relative to expectedPresent 663619124374211
06-24 17:03:11.323  1394  4627 D SensorService: Calling batch handle==1 flags=0 rate=20000000 timeout== 0
06-24 17:03:11.324   734   734 I qti_sensors_hal: SMGRReportAdd:sensor(android.sensor.accelerometer) handle=1, sample_rate=100.000000 report_rate=0 buffer=0
06-24 17:03:11.324  1173 21160 E mm-3a-external: [cgAF] Invalid Cal. Set Default AF Cal: PAN: 0x78, MAC: 0x1F4, OFFSET: 0x0
06-24 17:03:11.327  1162  1231 I LocSvc_ApiV02: <--- globalEventCb line 162 QMI_LOC_EVENT_GNSS_SV_INFO_IND_V02
06-24 17:03:11.327  1162  4816 I LocSvc_libulp: ulp_brain_process_gnss_sv_report, gnss sv report cnt = 3740, gnss pos report cnt = 83,strong sv cnt = 0
06-24 17:03:11.327 19589 21343 D SensorManager: registerListener :: 1, K6DS3TR Accelerometer, 20000, 0,  
06-24 17:03:11.327  1394  6665 D GnssLocationProvider_ex: SV Count : 1      (PRN, Constellation, SNR, Used)
06-24 17:03:11.328  1394  6665 D GnssLocationProvider_ex: (194, QZSS, 31.0, 0) 
06-24 17:03:11.344 17748 21347 I OggExtractor: OggSource::stop() mExtractor ref count = 2
06-24 17:03:11.344 17748 21347 I OggExtractor: ~OggSource --
06-24 17:03:11.344 17748 21347 I OggExtractor: ~OggExtractor ++
06-24 17:03:11.344 17748 21347 I OggExtractor: ~MyOggExtractor ++ 
06-24 17:03:11.344 17748 21347 I OggExtractor: ~MyOggExtractor --
06-24 17:03:11.344 17748 21347 I OggExtractor: ~OggExtractor --
06-24 17:03:11.358  1173 21156 E         : Camera[DBG][IFACE ] iface_set_super_param: 2689: iface_set_super_param:2689 store q_idx 3
06-24 17:03:11.358  1173 21160 E mm-3a-external: [cgAF] Invalid Cal. Set Default AF Cal: PAN: 0x78, MAC: 0x1F4, OFFSET: 0x0
06-24 17:03:11.359  1173 21156 E mm-camera-img: module_faceproc_client_handle_ctrl_parm:5683] 3 calling module_faceproc_client_schedule_mode 0
06-24 17:03:11.359  1173 21156 E mm-camera-img: module_faceproc_client_handle_ctrl_parm:5633] 2 calling module_faceproc_client_schedule_mode 0
06-24 17:03:11.359  1173 21156 I mm-camera-sensor: module_sensor_set_parm_led_mode:229CAM_INTF_PARM_LED_MODE 0 is_capture 0
06-24 17:03:11.359  1173 21156 I mm-camera-sensor: module_sensor_set_parm_led_mode:305last flash request 0
06-24 17:03:11.359  1173 21156 I mm-camera-sensor: sensor_set_capture_intent:1968capture intent 1
06-24 17:03:11.359  1173 21156 E mm-camera-sensor: flash_process:483invalid event 151
06-24 17:03:11.360  1173 21156 I mm-camera-sensor: module_sensor_event_control_set_parm:5662CAM_INTF_PARM_OIS_MODES: 3
06-24 17:03:11.360  1173 21156 I mm-camera-sensor: ois_process:396[E]
06-24 17:03:11.360  1173 21156 I mm-camera-sensor: ois_process:406[OIS_SET_MODE][data :: 3]
06-24 17:03:11.360  1173 21156 I mm-camera-sensor: ois_set_mode:25[Enter]
06-24 17:03:11.360  1173 21156 I mm-camera-sensor: ois_set_mode:46[ois_set_mode][modes :: 3]
06-24 17:03:11.361  1173 21159 E         : Camera[DBG] TsAec_set_ae_manual_mode: 732: TsAec_set_ae_manual_mode ae_manual_mode = 1
06-24 17:03:11.361  1173 21159 E         : Camera[DBG] TsAwb_set_params: 802: TsAwb->gAwbLock =0
06-24 17:03:11.361  1173 21159 E         : 
06-24 17:03:11.363  1028 24266 V APM_AudioPolicyManager: getOutput() device 2, stream 7, samplingRate 0, format 0, channelMask 3, flags 0
06-24 17:03:11.364  1028 24266 V APM_AudioPolicyManager: selectOutput() commonFlags for output 13, 0000
06-24 17:03:11.364  1028 24266 V APM_AudioPolicyManager: selectOutput() commonFlags for output 21, 0000
06-24 17:03:11.364  1028 24266 V APM_AudioPolicyManager: selectOutput() commonFlags for output 29, 0000
06-24 17:03:11.364  1028 24266 V APM_AudioPolicyManager:   getOutputForDevice() returns output 13
06-24 17:03:11.364  1028  5309 V APM_AudioPolicyManager: getOutput() device 2, stream 7, samplingRate 0, format 0, channelMask 3, flags 0
06-24 17:03:11.364  1028  5309 V APM_AudioPolicyManager: selectOutput() commonFlags for output 13, 0000
06-24 17:03:11.364  1028  5309 V APM_AudioPolicyManager: selectOutput() commonFlags for output 21, 0000
06-24 17:03:11.364  1028  5309 V APM_AudioPolicyManager: selectOutput() commonFlags for output 29, 0000
06-24 17:03:11.364  1028  5309 V APM_AudioPolicyManager:   getOutputForDevice() returns output 13
06-24 17:03:11.365  1173 21159 D mm-camera-CORE: [Exp_Table:Rear] Shooting mode = 0, ExpDiagram_command = 0, m_video_mode = 0
06-24 17:03:11.365  1173 21159 D mm-camera-CORE: TsAec_set_manual_ISO manual_iso=0, aec->is_manual=0 
06-24 17:03:11.365  1028 24266 V APM_AudioPolicyManager: getOutputForAttr() usage=13, content=4, tag= flags=00000001 session 7745 selectedDeviceId 0
06-24 17:03:11.365  1028 24266 V APM_AudioPolicyManager: getOutputForAttr() device 0x2, samplingRate 48000, format 1, channelMask 3, flags 100000
06-24 17:03:11.365  1028 24266 V APM_AudioPolicyManager: selectOutput() commonFlags for output 13, 0000
06-24 17:03:11.365  1028 24266 V APM_AudioPolicyManager: selectOutput() commonFlags for output 21, 0000
06-24 17:03:11.365  1028 24266 V APM_AudioPolicyManager: selectOutput() commonFlags for output 29, 0000
06-24 17:03:11.365  1028 24266 V APM_AudioPolicyManager:   getOutputForDevice() returns output 13
06-24 17:03:11.369   763   763 W Layer   : [SurfaceView - com.appname/com.appname.MainActivity@40fc623@0#0] Timestamp 949074414007240 seems implausible relative to expectedPresent 663619174670564
06-24 17:03:11.375  1173 21159 I mm-camera-sensor: sensor_apply_exposure:1193s_gain=0x1000073, l_gain=0x1000073, s_linecount=2370,l_linecount=2370, fl_lines=3156
06-24 17:03:11.383  1173 21156 I mm-camera-sensor: module_sensor_event_control_set_parm:5738[stats_use][STATS] Set cc_stats [AEC=0],[PAF=0],[RECONSTRUCTION=0],[DRC=0]
06-24 17:03:11.383  1173 21156 I mm-camera-sensor: module_sensor_event_control_set_parm:5753[WDR_MODE]wdr_mode = 0
06-24 17:03:11.383  1173 21156 I mm-camera-CORE: companion_wdr_on_off:1046WDR enable = 0
06-24 17:03:11.383  1173 21156 I mm-camera-sensor: module_sensor_event_control_set_parm:5765[WDR_MODE]CAM_INTF_PARM_RTHDR_MODES: 0
06-24 17:03:11.383  1173 21156 I mm-camera-sensor: sensor_set_rt_hdr_mode:4046 HDR mode set = 0
06-24 17:03:11.386   718   718 D audio_hw_primary: disable_audio_route: reset and update mixer path: deep-buffer-playback speaker
06-24 17:03:11.386   718   718 D audio_route: Setting mixer control: PRI_MI2S_RX Audio Mixer MultiMedia1, value: 0
06-24 17:03:11.387  1173 21180 E         : ISP_DBG: iface_axi_proc_subdev_event: ISP_ERROR_RETURN_EMPTY_BUFFER. frame_id 452 stream_id 100
06-24 17:03:11.387  1173 21180 E         : Camera[DBG][IFACE ] iface_axi_handle_output_error: 2138: iface_axi_handle_output_error: OUTPUT_ERROR session_id 2 
06-24 17:03:11.391  1173 21160 E mm-3a-external: [cgAF] Invalid Cal. Set Default AF Cal: PAN: 0x78, MAC: 0x1F4, OFFSET: 0x0
06-24 17:03:11.391   718   718 D hardware_info: hw_info_append_hw_type : device_name = speaker
06-24 17:03:11.391   718   718 D audio_hw_primary: disable_snd_device: snd_device(2: speaker)
06-24 17:03:11.391   718   718 V audio_hw_sec: [MAXIM] sec_dsm_spkr_prot_control_tx_topology() enable:0, dsm_is_enabled:1
06-24 17:03:11.393  1394 10129 I EDMNativeHelperService: isCameraEnabled
06-24 17:03:11.403   763   763 W Layer   : [SurfaceView - com.appname/com.appname.MainActivity@40fc623@0#0] Timestamp 949074447329240 seems implausible relative to expectedPresent 663619208201466
06-24 17:03:11.412   718   718 D hardware_info: hw_info_append_hw_type : device_name = vi-feedback
06-24 17:03:11.412   718   718 D audio_hw_primary: disable_snd_device: snd_device(389: vi-feedback)
06-24 17:03:11.412   718   718 D audio_hw_primary: disable_audio_route: reset and update mixer path: spkr-vi-feedback
06-24 17:03:11.412  1173 21156 E         : Camera[DBG][MCT   ] mct_stream_fill_metadata_v3: 2609: mct_stream_fill_metadata_v3:2609 Unsupported message type 86
06-24 17:03:11.412   718   718 D audio_route: Setting mixer control: MultiMedia2 Mixer PRI_MI2S_TX, value: 0
06-24 17:03:11.413   718   718 V audio_hw_sec: [MAXIM] sec_dsm_spkr_prot_control_tx_topology() dsm disabled
06-24 17:03:11.413   718   718 D audio_hw_primary: out_standby: exit
06-24 17:03:11.415  1028  5309 W AudioPolicyIntefaceImpl: Skipped to add effects on session 7745
06-24 17:03:11.416  1028  5309 V APM_AudioPolicyManager: startOutput() output 13, stream 7, session 7745
06-24 17:03:11.416  1028  5309 V APM_AudioPolicyManager: setBeaconMute(1) mBeaconMuteRefCount=1 mBeaconPlayingRefCount=0
06-24 17:03:11.416  1028  5309 V APM_AudioPolicyManager: getNewOutputDevice() selected device 2
06-24 17:03:11.416  1028  5309 V APM_AudioPolicyManager: setOutputDevice() device 0002 delayMs 0
06-24 17:03:11.416  1028  5309 V APM_AudioPolicyManager: setOutputDevice() prevDevice 0x0002
06-24 17:03:11.416  1028  5309 V APM_AudioPolicyManager: setOutputDevice() setting same device 0x0002 or null device
06-24 17:03:11.416  1028  5309 V APM_AudioPolicyManager: computeVolume : camera shutter sound volume 1.000000
06-24 17:03:11.416  1028  5309 I AudioFlinger: updateStageIndex prev 0, new -1303
06-24 17:03:11.418   718 14073 D audio_hw_primary: start_output_stream: enter: stream(0xe4b88000)usecase(0: deep-buffer-playback) devices(0x2)
06-24 17:03:11.418   718 14073 D audio_hw_primary: select_devices for use case (deep-buffer-playback)
06-24 17:03:11.418   718 14073 V msm8974_platform: platform_get_output_snd_device: enter: output devices(0x2)
06-24 17:03:11.418   718 14073 V msm8974_platform: platform_get_output_snd_device: exit: snd_device(speaker)
06-24 17:03:11.418   718 14073 D audio_hw_primary: select_devices: out_snd_device(2: speaker) in_snd_device(0: )
06-24 17:03:11.418   718 14073 V msm8974_platform: platform_get_backend_index:napb: backend port - 0 device - 2 
06-24 17:03:11.418   718 14073 I msm8974_platform: platform_check_and_set_codec_backend_cfg:becf: afe: bitwidth 16, samplerate 48000 channels 2, backend_idx 0 usecase = 0 device (speaker)
06-24 17:03:11.418   718 14073 D msm8974_platform: platform_split_snd_device: snd_device(2) num devices(1) new_snd_devices(0)
06-24 17:03:11.418   718 14073 I msm8974_platform: platform_check_and_set_codec_backend_cfg: new_snd_devices[0] is 2
06-24 17:03:11.418   718 14073 V msm8974_platform: platform_get_native_support:napb: ui Prop enabled(0) version(4)
06-24 17:03:11.418   718 14073 V msm8974_platform: platform_get_backend_index:napb: backend port - 0 device - 2 
06-24 17:03:11.418   718 14073 I msm8974_platform: platform_check_codec_backend_cfg:becf: afe: bitwidth 16, samplerate 48000 channels 2, backend_idx 0 usecase = 0 device (speaker)
06-24 17:03:11.418   718 14073 V msm8974_platform: platform_check_backends_match: snd_device1 = speaker, snd_device2 = speaker
06-24 17:03:11.418   718 14073 V msm8974_platform: platform_check_backends_match: be_itf1 = SLIMBUS_0_RX, be_itf2 = SLIMBUS_0_RX, match 1
06-24 17:03:11.418   718 14073 D msm8974_platform: platform_check_codec_backend_cfg:becf: afe: playback on codec device not supporting native playback set default Sample Rate(48k)
06-24 17:03:11.418   718 14073 I msm8974_platform: platform_check_codec_backend_cfg:becf: afe: Codec selected backend: 0 updated bit width: 16 and sample rate: 48000
06-24 17:03:11.418   718 14073 D audio_hw_primary: check_usecases_codec_backend:becf: force routing 0
06-24 17:03:11.418   718 14073 V msm8974_platform: platform_check_backends_match: snd_device1 = speaker, snd_device2 = 
06-24 17:03:11.418   718 14073 E msm8974_platform: platform_check_backends_match: Invalid snd_device = 
06-24 17:03:11.418   718 14073 D audio_hw_primary: check_usecases_codec_backend:becf: (63) check_usecases curr device: speaker, usecase device: backends match 0
06-24 17:03:11.418   718 14073 D audio_hw_primary: check_usecases_codec_backend:becf: check_usecases num.of Usecases to switch 0
06-24 17:03:11.418   718 14073 D hardware_info: hw_info_append_hw_type : device_name = speaker
06-24 17:03:11.418   718 14073 D audio_hw_primary: enable_snd_device: snd_device(2: speaker)
06-24 17:03:11.418   718 14073 D audio_hw_utils: audio_extn_utils_send_app_type_cfg: usecase->out_snd_device speaker
06-24 17:03:11.419   718 14073 D msm8974_platform: platform_split_snd_device: snd_device(2) num devices(0) new_snd_devices(0)
06-24 17:03:11.419   718 14073 V msm8974_platform: platform_get_snd_device_backend_index: enter with device 2
06-24 17:03:11.419   718 14073 E msm8974_platform: platform_get_snd_device_backend_index: BE DAI Name Table is not present
06-24 17:03:11.419   718 14073 E audio_hw_utils: send_app_type_cfg_for_device: Couldn't get the backend index for snd device speaker ret=-14
06-24 17:03:11.419   718 14073 I audio_hw_utils: send_app_type_cfg_for_device PLAYBACK app_type 69937, acdb_dev_id 15, sample_rate 48000, snd_device_be_idx -14
06-24 17:03:11.419   718 14073 D msm8974_platform: platform_split_snd_device: snd_device(2) num devices(1) new_snd_devices(0)
06-24 17:03:11.419   718 14073 V msm8974_platform: platform_send_audio_calibration: sending audio calibration for snd_device(2) acdb_id(15)
06-24 17:03:11.419   718 14073 D ACDB-LOADER: ACDB -> send_audio_cal, acdb_id = 15, path = 0, app id = 0x11131, sample rate = 48000
06-24 17:03:11.419   718 14073 D ACDB-LOADER: ACDB -> send_asm_topology
06-24 17:03:11.419   718 14073 D ACDB-LOADER: ACDB -> ACDB_CMD_GET_AUDPROC_STREAM_TOPOLOGY_ID
06-24 17:03:11.423   718 14073 D ACDB-LOADER: ACDB -> send_adm_topology
06-24 17:03:11.423   718 14073 D ACDB-LOADER: ACDB -> ACDB_CMD_GET_AUDPROC_COMMON_TOPOLOGY_ID
06-24 17:03:11.423   718 14073 D ACDB-LOADER: ACDB -> send_audtable
06-24 17:03:11.423   718 14073 D ACDB-LOADER: ACDB -> ACDB_CMD_GET_AUDPROC_COMMON_TABLE_SIZE
06-24 17:03:11.423   718 14073 D ACDB-LOADER: ACDB -> ACDB_CMD_GET_AUDPROC_COMMON_TABLE
06-24 17:03:11.423   718 14073 D ACDB-LOADER: ACDB -> AUDIO_SET_AUDPROC_CAL
06-24 17:03:11.423   718 14073 D ACDB-LOADER: ACDB -> send_audvoltable
06-24 17:03:11.423   718 14073 D ACDB-LOADER: ACDB -> ACDB_CMD_GET_AUDPROC_VOL_STEP_TABLE_SIZE
06-24 17:03:11.423   718 14073 D ACDB-LOADER: ACDB -> ACDB_CMD_GET_AUDPROC_GAIN_DEP_STEP_TABLE, vol index 0
06-24 17:03:11.423   718 14073 D ACDB-LOADER: ACDB -> AUDIO_SET_VOL_CAL cal type = 12
06-24 17:03:11.423   718 14073 D ACDB-LOADER: ACDB -> ACDB_CMD_GET_AUDPROC_STREAM_TABLE_SIZE
06-24 17:03:11.423   718 14073 D ACDB-LOADER: ACDB -> send_audstrmtable
06-24 17:03:11.423   718 14073 D ACDB-LOADER: ACDB -> ACDB_CMD_GET_AUDPROC_STREAM_TABLE_V2
06-24 17:03:11.423  1394  1394 D CustomFrequencyManagerService: releaseDVFSLockLocked : Getting Lock type frm List : DVFS_MIN_LIMIT  frequency : 883200  uid : 1000  pid : 1394  tag : GESTURE_DETECTED@CPU_MIN@78
06-24 17:03:11.423   718 14073 D ACDB-LOADER: ACDB -> audstrm_cal->cal_type.cal_data.cal_size = 4160
06-24 17:03:11.423   718 14073 D ACDB-LOADER: ACDB -> send_afe_topology
06-24 17:03:11.423   718 14073 D ACDB-LOADER: ACDB -> ACDB_CMD_GET_AFE_TOPOLOGY_ID
06-24 17:03:11.423   718 14073 D ACDB-LOADER: ACDB -> GET_AFE_TOPOLOGY_ID for adcd_id 15, Topology Id 10001061
06-24 17:03:11.423   718 14073 D ACDB-LOADER: ACDB -> send_afe_cal
06-24 17:03:11.424   718 14073 D ACDB-LOADER: ACDB -> ACDB_CMD_GET_AFE_COMMON_TABLE_SIZE
06-24 17:03:11.424   718 14073 D ACDB-LOADER: ACDB -> ACDB_CMD_GET_AFE_COMMON_TABLE
06-24 17:03:11.424   718 14073 D ACDB-LOADER: ACDB -> AUDIO_SET_AFE_CAL
06-24 17:03:11.424   718 14073 D ACDB-LOADER: ACDB -> send_hw_delay : acdb_id = 15 path = 0
06-24 17:03:11.424   718 14073 D ACDB-LOADER: ACDB -> ACDB_AVSYNC_INFO: ACDB_CMD_GET_DEVICE_PROPERTY
06-24 17:03:11.424   718 14073 D audio_hw_primary: enable_audio_route: apply mixer and update path: deep-buffer-playback speaker
06-24 17:03:11.424   718 14073 D audio_route: Setting mixer control: PRI_MI2S_RX Audio Mixer MultiMedia1, value: 1
06-24 17:03:11.427  1173 21160 E mm-3a-external: [cgAF] Invalid Cal. Set Default AF Cal: PAN: 0x78, MAC: 0x1F4, OFFSET: 0x0
06-24 17:03:11.427   718 14073 V audio_hw_sec: [MAXIM] sec_dsm_spkr_prot_control_tx_topology() enable:1, dsm_is_enabled:0
06-24 17:03:11.428   718 14073 D hardware_info: hw_info_append_hw_type : device_name = vi-feedback
06-24 17:03:11.428   718 14073 D audio_hw_primary: enable_snd_device: snd_device(389: vi-feedback)
06-24 17:03:11.428   718 14073 D audio_hw_utils: audio_extn_utils_send_app_type_cfg: usecase->in_snd_device vi-feedback
06-24 17:03:11.428   718 14073 D msm8974_platform: platform_split_snd_device: snd_device(389) num devices(0) new_snd_devices(0)
06-24 17:03:11.428   718 14073 V msm8974_platform: platform_get_snd_device_backend_index: enter with device 389
06-24 17:03:11.428   718 14073 E msm8974_platform: platform_get_snd_device_backend_index: BE DAI Name Table is not present
06-24 17:03:11.428   718 14073 E audio_hw_utils: send_app_type_cfg_for_device: Couldn't get the backend index for snd device vi-feedback ret=-14
06-24 17:03:11.428   718 14073 I audio_hw_utils: send_app_type_cfg_for_device default app_type 69936, acdb_dev_id 102, sample_rate 48000, snd_device_be_idx -14
06-24 17:03:11.428   718 14073 E voice   : voice_is_in_call_rec_stream: input stream is NULL
06-24 17:03:11.428   718 14073 D msm8974_platform: platform_split_snd_device: snd_device(389) num devices(1) new_snd_devices(0)
06-24 17:03:11.428   718 14073 V msm8974_platform: platform_send_audio_calibration: sending audio calibration for snd_device(389) acdb_id(102)
06-24 17:03:11.429   718 14073 D ACDB-LOADER: ACDB -> send_audio_cal, acdb_id = 102, path = 1, app id = 0x11130, sample rate = 48000
06-24 17:03:11.429   718 14073 D ACDB-LOADER: ACDB -> send_asm_topology
06-24 17:03:11.429   718 14073 D ACDB-LOADER: ACDB -> ACDB_CMD_GET_AUDPROC_STREAM_TOPOLOGY_ID
06-24 17:03:11.429   718 14073 D ACDB-LOADER: ACDB -> send_adm_topology
06-24 17:03:11.429   718 14073 D ACDB-LOADER: ACDB -> ACDB_CMD_GET_AUDPROC_COMMON_TOPOLOGY_ID
06-24 17:03:11.429   718 14073 D ACDB-LOADER: ACDB -> send_audtable
06-24 17:03:11.429   718 14073 D ACDB-LOADER: ACDB -> ACDB_CMD_GET_AUDPROC_COMMON_TABLE_SIZE
06-24 17:03:11.429   718 14073 D ACDB-LOADER: ACDB -> ACDB_CMD_GET_AUDPROC_COMMON_TABLE
06-24 17:03:11.429   718 14073 D ACDB-LOADER: ACDB -> AUDIO_SET_AUDPROC_CAL
06-24 17:03:11.429   718 14073 D ACDB-LOADER: ACDB -> send_audvoltable
06-24 17:03:11.429   718 14073 D ACDB-LOADER: ACDB -> ACDB_CMD_GET_AUDPROC_VOL_STEP_TABLE_SIZE
06-24 17:03:11.429   718 14073 D ACDB-LOADER: ACDB -> ACDB_CMD_GET_AUDPROC_GAIN_DEP_STEP_TABLE, vol index 0
06-24 17:03:11.429   718 14073 D         : Failed to fetch the lookup information of the device 00000066 
06-24 17:03:11.429   718 14073 E ACDB-LOADER: Error: ACDB AudProc vol returned = -19
06-24 17:03:11.429   718 14073 D ACDB-LOADER: ACDB -> AUDIO_SET_VOL_CAL cal type = 12
06-24 17:03:11.429   718 14073 D ACDB-LOADER: ACDB -> ACDB_CMD_GET_AUDPROC_STREAM_TABLE_SIZE
06-24 17:03:11.429   718 14073 D ACDB-LOADER: ACDB -> send_audstrmtable
06-24 17:03:11.429   718 14073 D ACDB-LOADER: ACDB -> ACDB_CMD_GET_AUDPROC_STREAM_TABLE_V2
06-24 17:03:11.429   718 14073 D ACDB-LOADER: ACDB -> audstrm_cal->cal_type.cal_data.cal_size = 4160
06-24 17:03:11.429   718 14073 D ACDB-LOADER: ACDB -> send_afe_topology
06-24 17:03:11.429   718 14073 D ACDB-LOADER: ACDB -> ACDB_CMD_GET_AFE_TOPOLOGY_ID
06-24 17:03:11.429   718 14073 D ACDB-LOADER: ACDB -> GET_AFE_TOPOLOGY_ID for adcd_id 102, Topology Id 10001060
06-24 17:03:11.429   718 14073 D ACDB-LOADER: ACDB -> send_afe_cal
06-24 17:03:11.429   718 14073 D ACDB-LOADER: ACDB -> ACDB_CMD_GET_AFE_COMMON_TABLE_SIZE
06-24 17:03:11.429   718 14073 D ACDB-LOADER: ACDB -> ACDB_CMD_GET_AFE_COMMON_TABLE
06-24 17:03:11.429   718 14073 D ACDB-LOADER: ACDB -> AUDIO_SET_AFE_CAL
06-24 17:03:11.429   718 14073 D ACDB-LOADER: ACDB -> send_hw_delay : acdb_id = 102 path = 1
06-24 17:03:11.429   718 14073 D ACDB-LOADER: ACDB -> ACDB_AVSYNC_INFO: ACDB_CMD_GET_DEVICE_PROPERTY
06-24 17:03:11.429   718 14073 D audio_hw_primary: enable_audio_route: apply mixer and update path: spkr-vi-feedback
06-24 17:03:11.429   718 14073 D audio_route: Setting mixer control: MultiMedia2 Mixer PRI_MI2S_TX, value: 1
06-24 17:03:11.437  1173 21155 E         : Camera[DBG] pproc_module_handle_reprocess_offline: 2167: pproc_module_handle_reprocess_offline2167: No flip value in metadata! Use default!!!
06-24 17:03:11.437  1173 21155 E         : Camera[DBG] pproc_module_handle_reprocess_offline: 2177: pproc_module_handle_reprocess_offline2177: No tnr value in metadata! Use default!!!
06-24 17:03:11.437  1173 21155 E         : Camera[DBG] pproc_module_send_set_param_event: 1196: pproc_module_send_set_param_event:1196] rotation:1, strmId:5
06-24 17:03:11.437  1173 21151 E         : Camera[DBG][CPP   ] cpp_module_util_post_crop_info: 1156: meta_data container is NULL
06-24 17:03:11.437  1173 21151 E         : Camera[DBG] cpp_module_enq_event: 751: cpp_module_enq_event:751, partial_frame_queue size = 1
06-24 17:03:11.437  1173 21151 E         : Camera[DBG] cpp_module_enq_event: 751: cpp_module_enq_event:751, partial_frame_queue size = 2
06-24 17:03:11.437  1173 21151 E         : Camera[DBG] cpp_module_enq_event: 751: cpp_module_enq_event:751, partial_frame_queue size = 3
06-24 17:03:11.437  1173 21151 E         : Camera[DBG] cpp_module_enq_event: 751: cpp_module_enq_event:751, partial_frame_queue size = 4
06-24 17:03:11.442  1173 21156 E         : Camera[DBG][MCT   ] mct_stream_fill_metadata_v3: 2609: mct_stream_fill_metadata_v3:2609 Unsupported message type 86
06-24 17:03:11.461  1173 21160 E mm-3a-external: [cgAF] Invalid Cal. Set Default AF Cal: PAN: 0x78, MAC: 0x1F4, OFFSET: 0x0
06-24 17:03:11.464  1029 21167 D mm-jpeg-intf: mm_jpeg_destroy_session:2890] abort todo jobs
06-24 17:03:11.464  1029 21167 D mm-jpeg-intf: mm_jpeg_destroy_session:2898] abort ongoing jobs
06-24 17:03:11.470   763   763 W Layer   : [SurfaceView - com.appname/com.appname.MainActivity@40fc623@0#0] Timestamp 949074480655240 seems implausible relative to expectedPresent 663619275263270
06-24 17:03:11.471  1029 21167 D mm-still: releaseCodecLibs:1692] X
06-24 17:03:11.471  1029 21167 V qomx_image_core: OMX_FreeHandle:335] 
06-24 17:03:11.471  1029 21167 D qomx_image_core: get_idx_from_handle:294] comp_idx 2 inst_idx 0
06-24 17:03:11.476   718 14073 V audio_hw_sec: [MAXIM] sec_dsm_spkr_prot_control_tx_topology() dsm enabled (c:0 d:1 m:0)
06-24 17:03:11.476   718 14073 D audio_hw_primary: select_devices: done
06-24 17:03:11.480  1029 21167 V qomx_image_core: OMX_FreeHandle:370] Success
06-24 17:03:11.480  1029 21167 D mm-jpeg-intf: mm_jpeg_session_destroy:399] Session destroy successful. X
06-24 17:03:11.480  1029 21167 D mm-jpeg-intf: mm_jpeg_destroy_session:2943] destroy session successful. X
06-24 17:03:11.484  1029 21167 I qomx_image_core: OMX_GetHandle:240] get instance pts is 0xebdaf200
06-24 17:03:11.491  1029 21167 D qomx_image_core: OMX_GetHandle:258] handle = 0xebdaf204 Instanceindex = 0,comp_idx 2 g_ptr 0xe9458f00
06-24 17:03:11.491  1029 21167 I qomx_image_core: OMX_GetHandle:264] Success
06-24 17:03:11.491  1029 21167 D mm-jpeg-intf: mm_jpeg_session_config_main:1270] config port
06-24 17:03:11.491  1029 21167 D mm-jpeg-intf: mm_jpeg_session_config_main_buffer_offset:449] yOffset = 0, cbcrOffset = (0 0), totalSize = 18292736,cbcrStartOffset = (12192768 6096384)
06-24 17:03:11.491  1029 21167 E mm-jpeg-intf: mm_jpeg_meta_enc_key:766] Key is invalid
06-24 17:03:11.491  1029 21167 D mm-jpeg-intf: mm_jpeg_mem_ops:679] HAL get_mem handler undefined
06-24 17:03:11.491  1029 21167 D mm-jpeg-intf: mm_jpeg_speed_mode:552] speed 1
06-24 17:03:11.495  1029 21167 D mm-still: configureEncodedata:183] size 4032x3024 pad 4032x3024 out 4032x3024 subsampling 0 format 0
06-24 17:03:11.500  1173 21160 E mm-3a-external: [cgAF] Invalid Cal. Set Default AF Cal: PAN: 0x78, MAC: 0x1F4, OFFSET: 0x0
06-24 17:03:11.504   763   763 W Layer   : [SurfaceView - com.appname/com.appname.MainActivity@40fc623@0#0] Timestamp 949074547306240 seems implausible relative to expectedPresent 663619308794172
06-24 17:03:11.505   718 14073 V msm8974_platform: platform_set_channel_map channel_count:2
06-24 17:03:11.505   718 14073 D msm8974_platform: platform_set_channel_map mixer_ctl_name:Playback Channel Map0
06-24 17:03:11.505   718 14073 D msm8974_platform: platform_set_channel_map: set mapping(1 2 0 0 0 0 0 0) for channel:2
06-24 17:03:11.506   718 14073 D audio_hw_primary: start_output_stream: exit
06-24 17:03:11.506  1028  2058 D AudioFlinger: mixer(0xe5886280) Spend too much time to write: delta 88(effect 0, stage 0)
06-24 17:03:11.518  1029 21167 D mm-jpeg-intf: mm_jpeg_create_session:2763] session id 1000000
06-24 17:03:11.519  1029 21167 D mm-jpeg-intf: mm_jpeg_start_job:2395] session_idx 0 client idx 0
06-24 17:03:11.519  1029 21167 D mm-jpeg-intf: mm_jpeg_start_job:2426] >>>> Work bufs need 1, 1
06-24 17:03:11.519  1029 21167 D mm-jpeg-intf: mm_jpeg_alloc_workbuffer, 2100] work_bufs_need 1 work_buf_cnt 1
06-24 17:03:11.519  1029 21167 D mm-jpeg-intf: mm_jpeg_alloc_workbuffer, 2117] rc 0 
06-24 17:03:11.519  1029 21167 D mm-jpeg-intf: mm_jpeg_start_job:2485] job_id 17104896 X
06-24 17:03:11.519  1029 21168 D mm-jpeg-intf: process_sensor_data: Flash value 0 flash mode 0 flash state 2
06-24 17:03:11.519  1029 21168 D mm-jpeg-intf: mm_jpeg_session_config_main_crop:1237] OMX_IndexConfigCommonInputCrop w = 0, h = 0, l = 0, t = 0, port_idx = 0
06-24 17:03:11.519  1029 21168 D mm-jpeg-intf: mm_jpeg_session_config_thumbnail:1032] encode_thumbnail 0
06-24 17:03:11.519  1029 21168 E mm-jpeg-intf: mm_jpeg_configure_job_params:1585] Work buffer info 213 0xcab2a000 WorkBufSize: 18579456 invalidate
06-24 17:03:11.528  1029 21168 D mm-jpeg-intf: mm_jpeg_process_encoding_job:1911] Success X 
06-24 17:03:11.528  1029 21349 D mm-still: configureEncodedata:183] size 4032x3024 pad 4032x3024 out 4032x3024 subsampling 0 format 0
06-24 17:03:11.528  1029 21349 D mm-still: writeExifData:417] Image type 0 mobicat_mask 0
06-24 17:03:11.528  1029 21349 E mm-still: EmitApp5:1661] , 0
06-24 17:03:11.528  1029 21349 E mm-still: EmitApp5:1675] App5 write successful
06-24 17:03:11.528  1029 21349 E mm-still: startEncode:641] Start Encode 1
06-24 17:03:11.529  1173 21160 E mm-3a-external: [cgAF] Invalid Cal. Set Default AF Cal: PAN: 0x78, MAC: 0x1F4, OFFSET: 0x0
06-24 17:03:11.530  1029 21349 E jpeg_hw : jpege_lib_hw_fe_buffer_cfg:296] w 4032 h 3024 stride 4032 scanline 3024
06-24 17:03:11.531  1029 21349 D mm-still: ConfigureOutputBuffer:553] Received output image fd 213 addr 0xcab2a000 WorkBufSize 18579456 
06-24 17:03:11.534  1029 21349 W libc    : invalid pthread_t (0) passed to libc
06-24 17:03:11.554   763   763 W Layer   : [SurfaceView - com.appname/com.appname.MainActivity@40fc623@0#0] Timestamp 949074580631240 seems implausible relative to expectedPresent 663619359090525
06-24 17:03:11.559  1173 21160 E mm-3a-external: [cgAF] Invalid Cal. Set Default AF Cal: PAN: 0x78, MAC: 0x1F4, OFFSET: 0x0
06-24 17:03:11.578  1029 21350 D mm-still: EncodeComplete:938] MainImage Encoding complete. Filled Length = 190522 m_thumbEncodingComplete 0 mSeqNo 1
06-24 17:03:11.579  1029 21350 D mm-still: ReleaseMainImage:794] Encoded image length 191899
06-24 17:03:11.579  1029 21349 D mm-jpeg-intf: mm_jpeg_ebd:3083] count 0 
06-24 17:03:11.579  1029 21349 D mm-jpeg-intf: mm_jpeg_fbd:3097] count 0 
06-24 17:03:11.579  1029 21349 D mm-jpeg-intf: [KPI Perf] : PROFILE_JPEG_FBD
06-24 17:03:11.581  1029 21349 D mm-jpeg-intf: mm_jpeg_fbd:3127] send jpeg callback 0 buf 0x0xc99b8000 len 191899 JobID 17104896
06-24 17:03:11.584  1029 21349 D Camera3-Status: markComponent: Component 2 is now idle
06-24 17:03:11.587   763   763 W Layer   : [SurfaceView - com.appname/com.appname.MainActivity@40fc623@0#0] Timestamp 949074647295240 seems implausible relative to expectedPresent 663619392621427
06-24 17:03:11.589  1029 21349 D mm-jpeg-intf: mm_jpegenc_destroy_job:2802] Exif entry count 15 15
06-24 17:03:11.590  1029 21349 D mm-jpeg-intf: mm_jpeg_queue_remove_job_by_job_id:3297] found matching job id
06-24 17:03:11.596  1173 21160 E mm-3a-external: [cgAF] Invalid Cal. Set Default AF Cal: PAN: 0x78, MAC: 0x1F4, OFFSET: 0x0
06-24 17:03:11.599  1028  2058 D AudioFlinger: mixer(0xe5886280) throttle end: throttle time(66)
06-24 17:03:11.621   763   763 W Layer   : [SurfaceView - com.appname/com.appname.MainActivity@40fc623@0#0] Timestamp 949074680612240 seems implausible relative to expectedPresent 663619426152329
06-24 17:03:11.624  1173 21160 E mm-3a-external: [cgAF] Invalid Cal. Set Default AF Cal: PAN: 0x78, MAC: 0x1F4, OFFSET: 0x0
06-24 17:03:11.635 17748 17748 W ExifInterface: Skip the tag entry since tag number is not defined: 2
06-24 17:03:11.635 17748 17748 W ExifInterface: Stop reading file since a wrong offset may cause an infinite loop: 0
06-24 17:03:11.635 17748 17748 I chatty  : uid=10336(u0_a336) com.appname identical 1 line
06-24 17:03:11.635 17748 17748 W ExifInterface: Stop reading file since a wrong offset may cause an infinite loop: 0
06-24 17:03:11.644  1173 21159 D mm-camera-CORE: TSAec_process works: stats' frame_id=459, 0, 0
06-24 17:03:11.652 17748 18136 W ExifInterface: Skip the tag entry since tag number is not defined: 2
06-24 17:03:11.652 17748 18136 W ExifInterface: Stop reading file since a wrong offset may cause an infinite loop: 0
06-24 17:03:11.652 17748 18136 I chatty  : uid=10336(u0_a336) CameraX-camerax identical 1 line
06-24 17:03:11.652 17748 18136 W ExifInterface: Stop reading file since a wrong offset may cause an infinite loop: 0
06-24 17:03:11.654   763   763 W Layer   : [SurfaceView - com.appname/com.appname.MainActivity@40fc623@0#0] Timestamp 949074713944240 seems implausible relative to expectedPresent 663619459683231
06-24 17:03:11.658  1173 21160 E mm-3a-external: [cgAF] Invalid Cal. Set Default AF Cal: PAN: 0x78, MAC: 0x1F4, OFFSET: 0x0
06-24 17:03:11.668 17748 18136 W ExifInterface: Skip the tag entry since tag number is not defined: 2
06-24 17:03:11.668 17748 18136 W ExifInterface: Stop reading file since a wrong offset may cause an infinite loop: 0
06-24 17:03:11.668 17748 18136 I chatty  : uid=10336(u0_a336) CameraX-camerax identical 1 line
06-24 17:03:11.668 17748 18136 W ExifInterface: Stop reading file since a wrong offset may cause an infinite loop: 0
06-24 17:03:11.688   763   763 W Layer   : [SurfaceView - com.appname/com.appname.MainActivity@40fc623@0#0] Timestamp 949074747280240 seems implausible relative to expectedPresent 663619493214133
06-24 17:03:11.691  1173 21160 E mm-3a-external: [cgAF] Invalid Cal. Set Default AF Cal: PAN: 0x78, MAC: 0x1F4, OFFSET: 0x0
06-24 17:03:11.721   763   763 W Layer   : [SurfaceView - com.appname/com.appname.MainActivity@40fc623@0#0] Timestamp 949074780594240 seems implausible relative to expectedPresent 663619526745035
06-24 17:03:11.725  1173 21160 E mm-3a-external: [cgAF] Invalid Cal. Set Default AF Cal: PAN: 0x78, MAC: 0x1F4, OFFSET: 0x0
06-24 17:03:11.755   763   763 W Layer   : [SurfaceView - com.appname/com.appname.MainActivity@40fc623@0#0] Timestamp 949074813930240 seems implausible relative to expectedPresent 663619560275937
06-24 17:03:11.757  1173 21160 E mm-3a-external: [cgAF] Invalid Cal. Set Default AF Cal: PAN: 0x78, MAC: 0x1F4, OFFSET: 0x0
06-24 17:03:11.789   763   763 W Layer   : [SurfaceView - com.appname/com.appname.MainActivity@40fc623@0#0] Timestamp 949074847251240 seems implausible relative to expectedPresent 663619593806839
06-24 17:03:11.794  1173 21160 E mm-3a-external: [cgAF] Invalid Cal. Set Default AF Cal: PAN: 0x78, MAC: 0x1F4, OFFSET: 0x0
06-24 17:03:11.816 29907 18976 V MediaProvider: 7klwibgf7fvntblfd7(7Hrclnifk7*.:+(,++:*8*.5qhg is not existed
06-24 17:03:11.819  1394 13864 W StorageManager: getStorageLowBytes lowPercent : 5, lowBytes : 1225677414, maxLowBytes : 524288000
06-24 17:03:11.822   763   763 W Layer   : [SurfaceView - com.appname/com.appname.MainActivity@40fc623@0#0] Timestamp 949074880580240 seems implausible relative to expectedPresent 663619627337741
06-24 17:03:11.823  1173 21160 E mm-3a-external: [cgAF] Invalid Cal. Set Default AF Cal: PAN: 0x78, MAC: 0x1F4, OFFSET: 0x0
06-24 17:03:11.853  5613  5689 I ReschedulableTimer: [#CMH#] ReschedulableTimer started 
06-24 17:03:11.856   763   763 W Layer   : [SurfaceView - com.appname/com.appname.MainActivity@40fc623@0#0] Timestamp 949074913911240 seems implausible relative to expectedPresent 663619660868643
06-24 17:03:11.858  1173 21160 E mm-3a-external: [cgAF] Invalid Cal. Set Default AF Cal: PAN: 0x78, MAC: 0x1F4, OFFSET: 0x0
06-24 17:03:11.881  1394  1394 D TelephonyManager: getCellLocation : Caller (PID / UID / TID): 1394 / 1000 / 1394
06-24 17:03:11.887  5613  5689 I ControllerEventHandler: [#CMH#] nonJustShotRunningPossible pendingCount 0
06-24 17:03:11.892  1173 21160 E mm-3a-external: [cgAF] Invalid Cal. Set Default AF Cal: PAN: 0x78, MAC: 0x1F4, OFFSET: 0x0
06-24 17:03:11.892  2724  2989 D NetworkController.MobileSignalController(0/1): onSignalStrengthsChanged signalStrength=SignalStrength: 99 99 -87 -180 -120 -1 -1 16 -120 -19 -116 2147483647 0 2147483647 0x1010 P gsm|lte level=1
06-24 17:03:11.893  2724  2989 D NetworkController.MobileSignalController(0/1): getMobileIconGroup(): 13
06-24 17:03:11.893  2724  2989 D NetworkController.MobileSignalController(0/1): updateVZWMobileIconGroup(): 13
06-24 17:03:11.899 29907 18976 D CMHServiceInterface: Sending intent to CMH
06-24 17:03:11.906   763   763 W Layer   : [SurfaceView - com.appname/com.appname.MainActivity@40fc623@0#0] Timestamp 949074947231240 seems implausible relative to expectedPresent 663619711164996
06-24 17:03:11.907  3047  3340 D EPDG -- SIM0 [SMARTWIFI]: onSignalStrengthsChanged: Received signal strength change, phone type is: 2
06-24 17:03:11.907  3047  5316 D EPDG -- SIM0 [SMARTWIFI]: lastLteRSRP is -120currentLteRSRP is -120
06-24 17:03:11.907  3047  5316 D EPDG -- SIM0 [SMARTWIFI]: lastLteRSRQ is -19currentLteRSRQ is -19
06-24 17:03:11.907  3047  5316 D EPDG -- SIM0 [SMARTWIFI]: lastCdmaDb is -18currentCdmaDb is -18
06-24 17:03:11.907  3047  5316 V EPDG -- SIM0 [SMARTWIFI]: Radio oldest entry removed
06-24 17:03:11.907  3047  5316 V EPDG -- SIM0 [SMARTWIFI]: New entry : (SignalStrength: 99 99 -87 -180 -120 -1 -1 16 -120 -19 -116 2147483647 0 2147483647 0x1010 P gsm|lte : 0 )
06-24 17:03:11.907  3047  5316 V EPDG -- SIM0 [SMARTWIFI]: Radio entry added
06-24 17:03:11.909  3047  5313 D EPDG -- SIM0 [MODEM]: message length is  9
06-24 17:03:11.910  3047  5313 D EPDG -- SIM0 [MODEM]: countRead is 7 offset is 7remaining is 0
06-24 17:03:11.910  3047  5313 D EPDG -- EpdgIpcMessageFactory: ipcMainCmd: 8
06-24 17:03:11.910  3047  5313 D EPDG -- SIM0 [RILRECEIVER]: [Rx]: Main: IPC_NET_CMD Sub: IPC_NET_REGIST
06-24 17:03:11.910  3047  5313 D EPDG -- SIM0 [RILRECEIVER]: [Rx]: Param: FF 03 
06-24 17:03:11.910  3047  5313 I EPDG -- SIM0 [RILRECEIVER]: RX [NET_REGIST] -- RESPONSE -- EPDG NOT AVAILABLE
06-24 17:03:11.910  3047  5313 D EPDG -- [NETIPCMESSAGE]: encodeNetRegist
06-24 17:03:11.910  3047  5313 D EPDG -- SIM0 [IPCDISPATCHER]: [Tx]: Main: IPC_NET_CMD Sub: IPC_NET_REGIST Cmd Type: IPC_CMD_RESP
06-24 17:03:11.910  3047  5313 D EPDG -- SIM0 [IPCDISPATCHER]: [Tx]: Param: 30 03 01 00 00 00 00 00 00 00 00 00 00 
06-24 17:03:11.911  3047  5314 D EPDG -- SIM0 [MODEM]: Successfully written to RIL
06-24 17:03:11.913  3047  3340 D EPDG -- SIM0 [EpdgSubScription]: Event received: RIL_EPDG_STATUS_QUERY
06-24 17:03:11.913  3047  3340 D EPDG -- SIM0 [EpdgSubScription]: handleMessage: cid - 1
06-24 17:03:11.923   763   763 W Layer   : [SurfaceView - com.appname/com.appname.MainActivity@40fc623@0#0] Timestamp 949074980559240 seems implausible relative to expectedPresent 663619727930447
06-24 17:03:11.925  1173 21160 E mm-3a-external: [cgAF] Invalid Cal. Set Default AF Cal: PAN: 0x78, MAC: 0x1F4, OFFSET: 0x0
06-24 17:03:11.930  5613 21237 I Controller: [#CMH#] com.android.providers.media Insert
06-24 17:03:11.930  5613 21237 I Controller: [#CMH#] processInsertAction,No of files to insert: 1,Origin:com.android.providers.media
06-24 17:03:11.930  5613 21237 E Controller: [#CMH#] Content inserted without datetaken 
06-24 17:03:11.931  5613 21237 E Controller: [#CMH#] lSefFileSubType is null 
06-24 17:03:11.931  5613 21237 E ImageFeatures: [#CMH#] applyJustShotFlag : java.io.FileNotFoundException: /storage/emulated/0/Pictures/1593043391815.jpg (No such file or directory) (/storage/emulated/0/Pictures/1593043391815.jpg (No such file or directory))
06-24 17:03:11.931  5613 21237 E ImageFeatures: 	at java.io.FileInputStream.open0 (FileInputStream.java:-2)
06-24 17:03:11.931  5613 21237 E ImageFeatures: 	at java.io.FileInputStream.open (FileInputStream.java:200)
06-24 17:03:11.931  5613 21237 E ImageFeatures: 	at java.io.FileInputStream.<init> (FileInputStream.java:150)
06-24 17:03:11.931  5613 21237 E ImageFeatures: 	at java.io.FileInputStream.<init> (FileInputStream.java:103)
06-24 17:03:11.931  5613 21237 E ImageFeatures: 	at android.media.ExifInterface.<init> (ExifInterface.java:1329)
06-24 17:03:11.931  5613 21237 E ImageFeatures: 	at com.samsung.cmh.features.ImageFeatures.isJustShot (ImageFeatures.java:54)
06-24 17:03:11.931  5613 21237 E ImageFeatures: 	at com.samsung.cmh.core.Controller.processInsertAction (Controller.java:2550)
