06-24 17:03:05.240  1028  1363 V APM_AudioPolicyManager: setBeaconMute(1) mBeaconMuteRefCount=0 mBeaconPlayingRefCount=0
06-24 17:03:05.240  1028  1363 V APM_AudioPolicyManager: getNewOutputDevice() selected device 0
06-24 17:03:05.240  1028  1363 V APM_AudioPolicyManager: setOutputDevice() device 0000 delayMs 160
06-24 17:03:05.240  1028  1363 V APM_AudioPolicyManager: setOutputDevice() prevDevice 0x0002
06-24 17:03:05.240  1028  1363 V APM_AudioPolicyManager: setOutputDevice() setting same device 0x0000 or null device
06-24 17:03:05.250 29907 18976 V MediaProvider: 7klwibgf7fvntblfd7(7Hrclnifk7*.:+(,++8.).(5qhg is not existed
06-24 17:03:05.254  1394  2867 W StorageManager: getStorageLowBytes lowPercent : 5, lowBytes : 1225677414, maxLowBytes : 524288000
06-24 17:03:05.258  1173 21160 E mm-3a-external: [cgAF] Invalid Cal. Set Default AF Cal: PAN: 0x78, MAC: 0x1F4, OFFSET: 0x0
06-24 17:03:05.265 29907 18976 D CMHServiceInterface: Sending intent to CMH
06-24 17:03:05.267   763   763 W Layer   : [SurfaceView - com.appname/com.appname.MainActivity@40fc623@0#0] Timestamp 949068315094240 seems implausible relative to expectedPresent 663613071783197
06-24 17:03:05.286  5613 21237 I Controller: [#CMH#] com.android.providers.media Insert
06-24 17:03:05.286  5613 21237 I Controller: [#CMH#] processInsertAction,No of files to insert: 1,Origin:com.android.providers.media
06-24 17:03:05.287  5613 21237 E Controller: [#CMH#] Content inserted without datetaken 
06-24 17:03:05.287  5613 21237 E Controller: [#CMH#] lSefFileSubType is null 
06-24 17:03:05.288  5613 21237 E ImageFeatures: [#CMH#] applyJustShotFlag : java.io.FileNotFoundException: /storage/emulated/0/Pictures/1593043385250.jpg (No such file or directory) (/storage/emulated/0/Pictures/1593043385250.jpg (No such file or directory))
06-24 17:03:05.288  5613 21237 E ImageFeatures: 	at java.io.FileInputStream.open0 (FileInputStream.java:-2)
06-24 17:03:05.288  5613 21237 E ImageFeatures: 	at java.io.FileInputStream.open (FileInputStream.java:200)
06-24 17:03:05.288  5613 21237 E ImageFeatures: 	at java.io.FileInputStream.<init> (FileInputStream.java:150)
06-24 17:03:05.288  5613 21237 E ImageFeatures: 	at java.io.FileInputStream.<init> (FileInputStream.java:103)
06-24 17:03:05.288  5613 21237 E ImageFeatures: 	at android.media.ExifInterface.<init> (ExifInterface.java:1329)
06-24 17:03:05.288  5613 21237 E ImageFeatures: 	at com.samsung.cmh.features.ImageFeatures.isJustShot (ImageFeatures.java:54)
06-24 17:03:05.288  5613 21237 E ImageFeatures: 	at com.samsung.cmh.core.Controller.processInsertAction (Controller.java:2550)
06-24 17:03:05.288  5613 21237 E ImageFeatures: 	at com.samsung.cmh.core.Controller.execute (Controller.java:991)
06-24 17:03:05.288  5613 21237 E ImageFeatures: 	at com.samsung.cmh.service.CMHService.onHandleIntent (CMHService.java:100)
06-24 17:03:05.288  5613 21237 E ImageFeatures: 	at android.app.IntentService$ServiceHandler.handleMessage (IntentService.java:68)
06-24 17:03:05.288  5613 21237 E ImageFeatures: 	at android.os.Handler.dispatchMessage (Handler.java:105)
06-24 17:03:05.288  5613 21237 E ImageFeatures: 	at android.os.Looper.loop (Looper.java:164)
06-24 17:03:05.288  5613 21237 E ImageFeatures: 	at android.os.HandlerThread.run (HandlerThread.java:65)
06-24 17:03:05.288  5613 21237 E ImageFeatures:  
06-24 17:03:05.293  1173 21160 E mm-3a-external: [cgAF] Invalid Cal. Set Default AF Cal: PAN: 0x78, MAC: 0x1F4, OFFSET: 0x0
06-24 17:03:05.293  1394 10129 W ActivityManager: Background start not allowed: service Intent { cmp=com.google.android.apps.photos/com.google.android.libraries.social.mediamonitor.BackgroundThreadNotifierIntentService (has extras) } to com.google.android.apps.photos/com.google.android.libraries.social.mediamonitor.BackgroundThreadNotifierIntentService from pid=1328 uid=10156 pkg=com.google.android.apps.photos
06-24 17:03:05.299 18658 18658 D LibraryDataManager: onChange = 0, active = true, uri = content://com.samsung.cmh/notify_images, this = com.sec.android.gallery3d.data.LibraryDataManager$NotifyBroker@361d8
06-24 17:03:05.299  5613 21237 I Controller: [#CMH#] Sent Notification for uri content://com.samsung.cmh/notify_images
06-24 17:03:05.300  5613 21237 I Controller: [#CMH#] startSmartClustering starting clustering 
06-24 17:03:05.300  5613 21237 I Controller: [#CMH#] startDaywiseClustering starting day clustering 
06-24 17:03:05.300   763   763 W Layer   : [SurfaceView - com.appname/com.appname.MainActivity@40fc623@0#0] Timestamp 949068348419240 seems implausible relative to expectedPresent 663613105322329
06-24 17:03:05.300  5613 21239 I DayAndMonthTask: [#CMH#] before mutex 
06-24 17:03:05.300  5613 21239 I DayAndMonthTask: [#CMH#] after mutex 
06-24 17:03:05.300  5613 21238 I ClusteringTask: [#CMH#] before mutex 
06-24 17:03:05.300  5613 21238 I ClusteringTask: [#CMH#] after mutex 
06-24 17:03:05.300  5613 21238 I MomentClusteringAlgo: [#CMH#] performClustering images deleted false
06-24 17:03:05.301  5613 21238 I ClusteringDBUtils: [#CMH#] updateClusterTable In nothing to update 
06-24 17:03:05.316  1394 10129 I EDMNativeHelperService: isCameraEnabled
06-24 17:03:05.325  1173 21160 E mm-3a-external: [cgAF] Invalid Cal. Set Default AF Cal: PAN: 0x78, MAC: 0x1F4, OFFSET: 0x0
06-24 17:03:05.334   763   763 W Layer   : [SurfaceView - com.appname/com.appname.MainActivity@40fc623@0#0] Timestamp 949068381748240 seems implausible relative to expectedPresent 663613138861461
06-24 17:03:05.335  1162  1231 I LocSvc_ApiV02: <--- globalEventCb line 162 QMI_LOC_EVENT_GNSS_SV_INFO_IND_V02
06-24 17:03:05.335  1394  6665 D GnssLocationProvider_ex: SV Count : 1      (PRN, Constellation, SNR, Used)
06-24 17:03:05.335  1394  6665 D GnssLocationProvider_ex: (194, QZSS, 31.0, 0) 
06-24 17:03:05.337  1162  4816 I LocSvc_libulp: ulp_brain_process_gnss_sv_report, gnss sv report cnt = 3734, gnss pos report cnt = 83,strong sv cnt = 0
06-24 17:03:05.337  1394  2393 D InputReader: Input event(6): value=1 when=663613126841000
06-24 17:03:05.337  1394  2393 D InputReader: Input event(6): value=1 when=663613126841000
06-24 17:03:05.337  1394  2393 I InputReader: Touch event's action is 0x0 (deviceType=0) [pCnt=1, s=0.4470 ] when=663613126841000
06-24 17:03:05.338  1394  2392 I InputDispatcher: Delivering touch to (17748): action: 0x0, toolType: 1
06-24 17:03:05.338  5613 21239 I DayAndMonthTask: [#CMH#] after mutex release 
06-24 17:03:05.339  1394  6975 D CustomFrequencyManagerService: acquireDVFSLockLocked : type : DVFS_MIN_LIMIT  frequency : 883200  uid : 1000  pid : 1394  pkgName : GESTURE_DETECTED@CPU_MIN@78
06-24 17:03:05.353  5613 21238 I Utils   : [#CMH#] No of media items  (images/videos) to process ::  1
06-24 17:03:05.355  5613 21238 I MomentClusteringAlgo: [#CMH#] performClustering In 1 
06-24 17:03:05.358  1173 21160 E mm-3a-external: [cgAF] Invalid Cal. Set Default AF Cal: PAN: 0x78, MAC: 0x1F4, OFFSET: 0x0
06-24 17:03:05.367   763   763 W Layer   : [SurfaceView - com.appname/com.appname.MainActivity@40fc623@0#0] Timestamp 949068415081240 seems implausible relative to expectedPresent 663613172400593
06-24 17:03:05.372 17748 17748 D ViewRootImpl@f74dda0[MainActivity]: ViewPostIme pointer 0
06-24 17:03:05.384   763   763 W Layer   : [SurfaceView - com.appname/com.appname.MainActivity@40fc623@0#0] Timestamp 949068448400240 seems implausible relative to expectedPresent 663613189170159
06-24 17:03:05.391  1173 21160 E mm-3a-external: [cgAF] Invalid Cal. Set Default AF Cal: PAN: 0x78, MAC: 0x1F4, OFFSET: 0x0
06-24 17:03:05.417   763   763 W Layer   : [SurfaceView - com.appname/com.appname.MainActivity@40fc623@0#0] Timestamp 949068481730240 seems implausible relative to expectedPresent 663613222709291
06-24 17:03:05.430  1173 21160 E mm-3a-external: [cgAF] Invalid Cal. Set Default AF Cal: PAN: 0x78, MAC: 0x1F4, OFFSET: 0x0
06-24 17:03:05.438  1394  2393 D InputReader: Input event(6): value=0 when=663613227183000
06-24 17:03:05.438  1394  2393 D InputReader: Input event(6): value=0 when=663613227183000
06-24 17:03:05.438  1394  2393 I InputReader: Touch event's action is 0x1 (deviceType=0) [pCnt=1, s=] when=663613227183000
06-24 17:03:05.439  1394  2392 I InputDispatcher: Delivering touch to (17748): action: 0x1, toolType: 1
06-24 17:03:05.439 17748 17748 D ViewRootImpl@f74dda0[MainActivity]: ViewPostIme pointer 1
06-24 17:03:05.451   763   763 W Layer   : [SurfaceView - com.appname/com.appname.MainActivity@40fc623@0#0] Timestamp 949068515051240 seems implausible relative to expectedPresent 663613256248423
06-24 17:03:05.459  1173 21160 E mm-3a-external: [cgAF] Invalid Cal. Set Default AF Cal: PAN: 0x78, MAC: 0x1F4, OFFSET: 0x0
06-24 17:03:05.484   763   763 W Layer   : [SurfaceView - com.appname/com.appname.MainActivity@40fc623@0#0] Timestamp 949068548392240 seems implausible relative to expectedPresent 663613289787555
06-24 17:03:05.491  1173 21160 E mm-3a-external: [cgAF] Invalid Cal. Set Default AF Cal: PAN: 0x78, MAC: 0x1F4, OFFSET: 0x0
06-24 17:03:05.525  1173 21160 E mm-3a-external: [cgAF] Invalid Cal. Set Default AF Cal: PAN: 0x78, MAC: 0x1F4, OFFSET: 0x0
06-24 17:03:05.532  5613 21238 I ClusteringTask: [#CMH#] Cluster size: 1
06-24 17:03:05.532  5613 21238 I ClusteringDBUtils: [#CMH#] updateClusterTable In 1 
06-24 17:03:05.535   763   763 W Layer   : [SurfaceView - com.appname/com.appname.MainActivity@40fc623@0#0] Timestamp 949068581706240 seems implausible relative to expectedPresent 663613340096253
06-24 17:03:05.552   763   763 W Layer   : [SurfaceView - com.appname/com.appname.MainActivity@40fc623@0#0] Timestamp 949068615048240 seems implausible relative to expectedPresent 663613356865819
06-24 17:03:05.558 17748 17760 I zygote64: Background concurrent copying GC freed 125036(6MB) AllocSpace objects, 28(18MB) LOS objects, 49% free, 16MB/32MB, paused 3.020ms total 502.409ms
06-24 17:03:05.560  1173 21160 E mm-3a-external: [cgAF] Invalid Cal. Set Default AF Cal: PAN: 0x78, MAC: 0x1F4, OFFSET: 0x0
06-24 17:03:05.564  1394  2393 D InputReader: Input event(6): value=1 when=663613352989000
06-24 17:03:05.564  1394  2393 D InputReader: Input event(6): value=1 when=663613352989000
06-24 17:03:05.564  1394  2393 I InputReader: Touch event's action is 0x0 (deviceType=0) [pCnt=1, s=0.4471 ] when=663613352989000
06-24 17:03:05.564  1394  2392 I InputDispatcher: Delivering touch to (17748): action: 0x0, toolType: 1
06-24 17:03:05.567 17748 17748 D ViewRootImpl@f74dda0[MainActivity]: ViewPostIme pointer 0
06-24 17:03:05.597 18658 18658 D LibraryDataManager: onChange = 0, active = true, uri = content://com.samsung.cmh/daycluster, this = com.sec.android.gallery3d.data.LibraryDataManager$NotifyBroker@e50a931
06-24 17:03:05.599  5613 21238 I MomentClusteringAlgo: [#CMH#] performClustering images deleted false
06-24 17:03:05.599  5613 21238 I ClusteringDBUtils: [#CMH#] updateClusterTable In nothing to update 
06-24 17:03:05.607  1173 21160 E mm-3a-external: [cgAF] Invalid Cal. Set Default AF Cal: PAN: 0x78, MAC: 0x1F4, OFFSET: 0x0
06-24 17:03:05.613  5613 21238 I MomentClusteringAlgo: [#CMH#] performClustering In 0 
06-24 17:03:05.613  5613 21238 I ClusteringTask: [#CMH#] Cluster size: 0
06-24 17:03:05.613  5613 21238 I ClusteringDBUtils: [#CMH#] updateClusterTable In nothing to update 
06-24 17:03:05.613  5613 21238 I ClusteringTask: [#CMH#] after mutex release 
06-24 17:03:05.619   763   763 W Layer   : [SurfaceView - com.appname/com.appname.MainActivity@40fc623@0#0] Timestamp 949068648368240 seems implausible relative to expectedPresent 663613423944083
06-24 17:03:05.632  1173 21160 E mm-3a-external: [cgAF] Invalid Cal. Set Default AF Cal: PAN: 0x78, MAC: 0x1F4, OFFSET: 0x0
06-24 17:03:05.632  1028  1363 V APM_AudioPolicyManager: releaseOutput() 13
06-24 17:03:05.635   763   763 W Layer   : [SurfaceView - com.appname/com.appname.MainActivity@40fc623@0#0] Timestamp 949068681693240 seems implausible relative to expectedPresent 663613440713649
06-24 17:03:05.655  1394  2362 D SamsungAlarmManager: Expired : 4
06-24 17:03:05.655  1394  2393 D InputReader: Input event(6): value=0 when=663613444891000
06-24 17:03:05.656  1394  2393 D InputReader: Input event(6): value=0 when=663613444891000
06-24 17:03:05.656  1394  2393 I InputReader: Touch event's action is 0x1 (deviceType=0) [pCnt=1, s=] when=663613444891000
06-24 17:03:05.656  1394  2392 I InputDispatcher: Delivering touch to (17748): action: 0x1, toolType: 1
06-24 17:03:05.656  1394  2362 I SamsungAlarmManager: setLocked to kernel - T:2 / 20200624T170305, SetElapsed=949069067, nowELAPSED=949068824
06-24 17:03:05.656  1394  2362 V SamsungAlarmManager: Sending to uid : 1000 listener=android.app.AlarmManager$ListenerWrapper@78d98e9 alarm=Alarm{ff727e5 type 2 when 949064488 android}
06-24 17:03:05.657  1394  2362 V SamsungAlarmManager: Sending to uid : 10024 action=com.google.android.location.ALARM_WAKEUP_LOCATOR alarm=Alarm{a81f2ba type 2 when 949068823 com.google.android.gms}
06-24 17:03:05.658 17748 17748 D ViewRootImpl@f74dda0[MainActivity]: ViewPostIme pointer 1
06-24 17:03:05.664  1394  1394 D SamsungAlarmManager: setInexact Listener (T:2/F:0/AC:false) 20200624T170504 - CU:1000/CP:1394
06-24 17:03:05.664  1394 13864 D SamsungAlarmManager: Cancel Alarm calling from uid:10024 pid :19589 / op:PendingIntent{7f75d61: PendingIntentRecord{1d2bbc5 com.google.android.gms broadcastIntent}}
06-24 17:03:05.665  1394 13864 I SamsungAlarmManager: setLocked to kernel - T:2 / 20200624T170400, SetElapsed=949123169, nowELAPSED=949068834
06-24 17:03:05.665  1394 13864 I SamsungAlarmManager: setLocked to kernel - T:3 / 20200624T170306, SetElapsed=949069759, nowELAPSED=949068834
06-24 17:03:05.666  1173 21159 D mm-camera-CORE: TSAec_process works: stats' frame_id=279, 0, 0
06-24 17:03:05.668  1028  1363 V APM_AudioPolicyManager: releaseOutput() 13
06-24 17:03:05.669   763   763 W Layer   : [SurfaceView - com.appname/com.appname.MainActivity@40fc623@0#0] Timestamp 949068715017240 seems implausible relative to expectedPresent 663613474252781
06-24 17:03:05.679  1028  1363 V APM_AudioPolicyManager: releaseOutput() 13
06-24 17:03:05.691  1173 21160 E mm-3a-external: [cgAF] Invalid Cal. Set Default AF Cal: PAN: 0x78, MAC: 0x1F4, OFFSET: 0x0
06-24 17:03:05.695  1394 10129 D ConnectivityService: filterNetworkStateForUid() uid: 10081 networkInfo: [type: WIFI[] - WIFI, state: CONNECTED/CONNECTED, reason: (unspecified), extra: "BananaPancake", failover: false, available: true, roaming: false, metered: false]
06-24 17:03:05.698  1173 21160 E mm-3a-external: [cgAF] Invalid Cal. Set Default AF Cal: PAN: 0x78, MAC: 0x1F4, OFFSET: 0x0
06-24 17:03:05.702   763   763 W Layer   : [SurfaceView - com.appname/com.appname.MainActivity@40fc623@0#0] Timestamp 949068748345240 seems implausible relative to expectedPresent 663613507791913
06-24 17:03:05.718  1394 13864 D ConnectivityService: filterNetworkStateForUid() uid: 10081 networkInfo: [type: WIFI[] - WIFI, state: CONNECTED/CONNECTED, reason: (unspecified), extra: "BananaPancake", failover: false, available: true, roaming: false, metered: false]
06-24 17:03:05.719   763   763 W Layer   : [SurfaceView - com.appname/com.appname.MainActivity@40fc623@0#0] Timestamp 949068781690240 seems implausible relative to expectedPresent 663613524561479
06-24 17:03:05.724  1173 21160 E mm-3a-external: [cgAF] Invalid Cal. Set Default AF Cal: PAN: 0x78, MAC: 0x1F4, OFFSET: 0x0
06-24 17:03:05.728  1394 13864 I SensorService: createSensorEventConnection package name bglp
06-24 17:03:05.737  1394 13864 D SamsungAlarmManager: setInexact Listener (T:2/F:0/AC:false) 20200624T170504 - CU:1000/CP:1394
06-24 17:03:05.739  1394 13864 I SamsungAlarmManager: setLocked to kernel - T:2 / 20200624T170504, SetElapsed=949187987, nowELAPSED=949068908
06-24 17:03:05.739  1394 13864 D SamsungAlarmManager: setInexact Listener (T:2/F:0/AC:false) 20200624T170331 - CU:1000/CP:1394
06-24 17:03:05.739  1394 13864 I SamsungAlarmManager: setLocked to kernel - T:2 / 20200624T170331, SetElapsed=949094812, nowELAPSED=949068908
06-24 17:03:05.739  1394 13864 D JobServiceContext: sendStopMessageLocked stop reason: job rescheduled by app
06-24 17:03:05.739  1394 13864 D ConnectivityService: filterNetworkStateForUid() uid: 10081 networkInfo: [type: WIFI[] - WIFI, state: CONNECTED/CONNECTED, reason: (unspecified), extra: "BananaPancake", failover: false, available: true, roaming: false, metered: false]
06-24 17:03:05.752  1394 13864 D SensorService: Calling batch handle==1 flags=0 rate=20000000 timeout== 0
06-24 17:03:05.752   734   734 I qti_sensors_hal: batch:sensor(android.sensor.accelerometer) handle:1 flags:0x0 period_ns 20000000
06-24 17:03:05.754   734   734 I qti_sensors_hal: SMGRReportAdd:sensor(android.sensor.accelerometer) handle=1, sample_rate=50.000000 report_rate=0 buffer=0
06-24 17:03:05.760   734   734 I qti_sensors_hal: SMGRReportAdd:sensor(android.sensor.accelerometer) handle=1, sample_rate=50.000000 report_rate=0 buffer=0
06-24 17:03:05.761 19589 21305 D SensorManager: registerListener :: 1, K6DS3TR Accelerometer, 20000, 0,  
06-24 17:03:05.766  1173 21160 E mm-3a-external: [cgAF] Invalid Cal. Set Default AF Cal: PAN: 0x78, MAC: 0x1F4, OFFSET: 0x0
06-24 17:03:05.768  1394 13864 D SamsungAlarmManager: setExact Intent (T:2/F:1/AC:false) 20200624T170310 - CU:10024/CP:19589
06-24 17:03:05.768  1394 13864 I SamsungAlarmManager: setLocked to kernel - T:2 / 20200624T170310, SetElapsed=949073932, nowELAPSED=949068937
06-24 17:03:05.768  1394  2500 D WifiScanningService: addSingleScanRequest: ClientInfo[uid=10024,android.os.Messenger@1a888fa],Id=494,WorkSource{10336 com.appname}, ScanSettings {  packageName:com.google.android.gms band:3 period:0 reportEvents:2 numBssidsPerScan:25 maxScansToCache:0 channels:[  ]  } 
06-24 17:03:05.769  1394  2500 I WifiScanController: scan requested by com.google.android.gms (it's NLP package. check moving state)
06-24 17:03:05.770   763   763 W Layer   : [SurfaceView - com.appname/com.appname.MainActivity@40fc623@0#0] Timestamp 949068815005240 seems implausible relative to expectedPresent 663613574870177
06-24 17:03:05.772  1394  2500 W CAE     : setCAProperty(ContextAwareService.java:589) - [setProperty 01] Mutex is locked for ANY_MOTION_DETECTOR_RUNNER
06-24 17:03:05.773  1394  2393 D InputReader: Input event(6): value=1 when=663613562873000
06-24 17:03:05.773  1394  2393 D InputReader: Input event(6): value=1 when=663613562873000
06-24 17:03:05.773  1394  2393 I InputReader: Touch event's action is 0x0 (deviceType=0) [pCnt=1, s=0.4472 ] when=663613562873000
06-24 17:03:05.774  1394  2392 I InputDispatcher: Delivering touch to (17748): action: 0x0, toolType: 1
06-24 17:03:05.775  1394  6975 D CustomFrequencyManagerService: acquireDVFSLockLocked : type : DVFS_MIN_LIMIT  frequency : 883200  uid : 1000  pid : 1394  pkgName : GESTURE_DETECTED@CPU_MIN@78
06-24 17:03:05.776 17748 17748 D ViewRootImpl@f74dda0[MainActivity]: ViewPostIme pointer 0
06-24 17:03:05.786   763   763 W Layer   : [SurfaceView - com.appname/com.appname.MainActivity@40fc623@0#0] Timestamp 949068848327240 seems implausible relative to expectedPresent 663613591639743
06-24 17:03:05.791 19589 20242 D TelephonyManager: getAllCellInfo : Caller (PID / UID / TID): 19589 / 10024 / 20242
06-24 17:03:05.793  1394  2500 I CAE     : sendCmdToSensorHub(SensorHubCommManager.java:158) - -72, 58, 1, 0,
06-24 17:03:05.793  1394  2372 D SensorService: setSContextDataLocked ints length 2 , byte length 4
06-24 17:03:05.793   734   734 I qti_sensors_hal: sensors_inject_sensor_data: sensors_inject_sensor_data
06-24 17:03:05.794   734   734 I qti_sensors_hal: sensor hal 80, 4, (b8, 58)
06-24 17:03:05.794   734   734 I qti_sensors_hal: AMD sendContextData 4
06-24 17:03:05.794   734   734 I qti_sensors_hal: AMD reqReport 184
06-24 17:03:05.794   734   734 I qti_sensors_hal: AMD svc 90 msg_id 4 size 1 txn_id 0
06-24 17:03:05.794  1394 13864 D ConnectivityService: filterNetworkStateForUid() uid: 10081 networkInfo: [type: WIFI[] - WIFI, state: CONNECTED/CONNECTED, reason: (unspecified), extra: "BananaPancake", failover: false, available: true, roaming: false, metered: false]
06-24 17:03:05.794  1173 21160 E mm-3a-external: [cgAF] Invalid Cal. Set Default AF Cal: PAN: 0x78, MAC: 0x1F4, OFFSET: 0x0
06-24 17:03:05.797   734   932 W qti_sensors_hal: timestampCalc: Adjusting timestamp for rollover: 949068791000163, 220
06-24 17:03:05.797   734   932 I qti_sensors_hal: AMD REPORT_RESP 0.000000 1034400304
06-24 17:03:05.799  1394  2370 D SensorHubManager: onGetSensorHubDataLocked: library(4) = 1, 1, 58, 0
06-24 17:03:05.800  1394  2371 D CAE     : onGetSensorHubData(SensorHubParserProvider.java:91) - onGetSensorHubData Event [event buffer len :4], AP_WAKEUP
06-24 17:03:05.801  1394  2371 I CAE     : parse(SensorHubParserProvider.java:192) - buffer size = 4
06-24 17:03:05.801  1394  2371 I CAE     : parse(SensorHubParserProvider.java:203) - 1, 1, 58, 0,
06-24 17:03:05.801  1394  2371 D CAE     : display(ContextProvider.java:375) - ================= ANY_MOTION_DETECTOR_RUNNER =================
06-24 17:03:05.801  1394  2371 I CAE     : display(ContextProvider.java:391) - Action=[0]
06-24 17:03:05.802  1394  2375 D SemContextService: Service.updateContext() : service = Any Motion Detector
06-24 17:03:05.802  1394  2677 D SContextManager: onSContextChanged() : event = Any Motion Detector
06-24 17:03:05.810  1394  2500 I CAE     : setCAProperty(ContextAwareService.java:594) - result : true
06-24 17:03:05.810  1394  2500 W CAE     : setCAProperty(ContextAwareService.java:595) - [setProperty 02] Mutex is unlocked for ANY_MOTION_DETECTOR_RUNNER
06-24 17:03:05.811  1394  2500 D SemContextService:     .requestToUpdate() : service = Any Motion Detector
06-24 17:03:05.812  1394  2500 D SemContextManager:   .requestToUpdate : listener = android.hardware.scontext.SContextManager$SContextListenerDelegate@4841e06, service=Any Motion Detector
06-24 17:03:05.820   763   763 W Layer   : [SurfaceView - com.appname/com.appname.MainActivity@40fc623@0#0] Timestamp 949068881717240 seems implausible relative to expectedPresent 663613625178875
06-24 17:03:05.814 29543 29614 D ContactsProvider_EventLog: contents_sample_state: [CONTACT contacts(7) data(14) accounts({vnd.sec.contact.phone (2)=7}) accounts deleted({}) calls([]) countryIso(US) userId(0)  ]
06-24 17:03:05.814 29543 29614 D ContactsProvider_EventLog: contents_sample_state: [ agr({[2]=7})  ]
06-24 17:03:05.814 29543 29614 D ContactsProvider_EventLog: contents_sample_state: [ actCnt({android.process.acore(29543)=1})  ]
06-24 17:03:05.814 29543 29614 D ContactsProvider_EventLog: contents_sample_state: [PROFILE contacts(0) data(0) accounts({})  ]
06-24 17:03:05.814 29543 29614 D ContactsProvider_EventLog: contents_sample_state: [SAPROFILE contacts(1) data(2) accounts({vnd.sec.contact.phone (1)=1})  ]
06-24 17:03:05.820   763   763 W Layer   : [SurfaceView - com.appname/com.appname.MainActivity@40fc623@0#0] Timestamp 949068881717240 seems implausible relative to expectedPresent 663613625178875
06-24 17:03:05.828  1173 21160 E mm-3a-external: [cgAF] Invalid Cal. Set Default AF Cal: PAN: 0x78, MAC: 0x1F4, OFFSET: 0x0
06-24 17:03:05.838 29543 29614 E ContactsProvider_EventLog: Flush buffer to file cnt : 1 size : 0Kb duration : 1ms lastUpdatedAfter : 60186 ms mFlush_time_threasold : 2000 mCurrentSize : 474
06-24 17:03:05.853   763   763 W Layer   : [SurfaceView - com.appname/com.appname.MainActivity@40fc623@0#0] Timestamp 949068914984240 seems implausible relative to expectedPresent 663613658718007
06-24 17:03:05.859  1173 21160 E mm-3a-external: [cgAF] Invalid Cal. Set Default AF Cal: PAN: 0x78, MAC: 0x1F4, OFFSET: 0x0
06-24 17:03:05.881  1394  2393 D InputReader: Input event(6): value=0 when=663613670966000
06-24 17:03:05.881  1394  2393 D InputReader: Input event(6): value=0 when=663613670966000
06-24 17:03:05.882  1394  2393 I InputReader: Touch event's action is 0x1 (deviceType=0) [pCnt=1, s=] when=663613670966000
06-24 17:03:05.882  1394  2392 I InputDispatcher: Delivering touch to (17748): action: 0x1, toolType: 1
06-24 17:03:05.883  1394  6975 D CustomFrequencyManagerService: acquireDVFSLockLocked : type : DVFS_MIN_LIMIT  frequency : 883200  uid : 1000  pid : 1394  pkgName : GESTURE_DETECTED@CPU_MIN@78
06-24 17:03:05.886 17748 17748 D ViewRootImpl@f74dda0[MainActivity]: ViewPostIme pointer 1
06-24 17:03:05.893  1173 21160 E mm-3a-external: [cgAF] Invalid Cal. Set Default AF Cal: PAN: 0x78, MAC: 0x1F4, OFFSET: 0x0
06-24 17:03:05.904   763   763 W Layer   : [SurfaceView - com.appname/com.appname.MainActivity@40fc623@0#0] Timestamp 949068948313240 seems implausible relative to expectedPresent 663613709026705
06-24 17:03:05.914  1394  2500 D WifiScanController: time diff: 13826
06-24 17:03:05.914  1394  2500 I WifiScanController: Ignore scan request, use cached scan result
06-24 17:03:05.914  1394  2500 D WifiScanningService: Use Cached ScanResult
06-24 17:03:05.921  1394  2500 D SamsungAlarmManager: setInexact Listener (T:2/F:8/AC:false) 20200624T170320 - CU:1000/CP:1394
06-24 17:03:05.924  1173 21160 E mm-3a-external: [cgAF] Invalid Cal. Set Default AF Cal: PAN: 0x78, MAC: 0x1F4, OFFSET: 0x0
06-24 17:03:05.925  1394 13864 D ConnectivityService: filterNetworkStateForUid() uid: 10081 networkInfo: [type: WIFI[] - WIFI, state: CONNECTED/CONNECTED, reason: (unspecified), extra: "BananaPancake", failover: false, available: true, roaming: false, metered: false]
06-24 17:03:05.937   763   763 W Layer   : [SurfaceView - com.appname/com.appname.MainActivity@40fc623@0#0] Timestamp 949068981637240 seems implausible relative to expectedPresent 663613742565837
06-24 17:03:05.954   763   763 W Layer   : [SurfaceView - com.appname/com.appname.MainActivity@40fc623@0#0] Timestamp 949069014965240 seems implausible relative to expectedPresent 663613759335403
06-24 17:03:05.958  1173 21160 E mm-3a-external: [cgAF] Invalid Cal. Set Default AF Cal: PAN: 0x78, MAC: 0x1F4, OFFSET: 0x0
06-24 17:03:05.983  1394 13864 D SamsungAlarmManager: setInexact Listener (T:2/F:0/AC:false) 20200624T170504 - CU:1000/CP:1394
06-24 17:03:05.985  1394 13864 D SamsungAlarmManager: setInexact Listener (T:2/F:0/AC:false) 20200624T171717 - CU:1000/CP:1394
06-24 17:03:05.986  1394 13864 D JobServiceContext: sendStopMessageLocked stop reason: job rescheduled by app
06-24 17:03:05.988   763   763 W Layer   : [SurfaceView - com.appname/com.appname.MainActivity@40fc623@0#0] Timestamp 949069048293240 seems implausible relative to expectedPresent 663613792874535
06-24 17:03:06.000  1394  2393 D InputReader: Input event(6): value=1 when=663613788036000
06-24 17:03:06.000  1394  2393 D InputReader: Input event(6): value=1 when=663613788036000
06-24 17:03:06.000  1394  2393 I InputReader: Touch event's action is 0x0 (deviceType=0) [pCnt=1, s=0.4473 ] when=663613788036000
06-24 17:03:06.000  1394  2392 I InputDispatcher: Delivering touch to (17748): action: 0x0, toolType: 1
06-24 17:03:06.000  1173 21160 E mm-3a-external: [cgAF] Invalid Cal. Set Default AF Cal: PAN: 0x78, MAC: 0x1F4, OFFSET: 0x0
06-24 17:03:06.001  1394  2392 D PowerManagerService: [api] userActivityFromNative : 1960 (event: 2 flags: 0) eventTime = 663613788
06-24 17:03:06.003 17748 17748 D ViewRootImpl@f74dda0[MainActivity]: ViewPostIme pointer 0
06-24 17:03:06.016  1394 13864 D SamsungAlarmManager: setInexact Listener (T:2/F:0/AC:false) 20200624T170630 - CU:1000/CP:1394
06-24 17:03:06.021   763   763 W Layer   : [SurfaceView - com.appname/com.appname.MainActivity@40fc623@0#0] Timestamp 949069081628240 seems implausible relative to expectedPresent 663613826413667
06-24 17:03:06.025  1173 21160 E mm-3a-external: [cgAF] Invalid Cal. Set Default AF Cal: PAN: 0x78, MAC: 0x1F4, OFFSET: 0x0
06-24 17:03:06.055   763   763 W Layer   : [SurfaceView - com.appname/com.appname.MainActivity@40fc623@0#0] Timestamp 949069114947240 seems implausible relative to expectedPresent 663613859952799
06-24 17:03:06.059  1173 21160 E mm-3a-external: [cgAF] Invalid Cal. Set Default AF Cal: PAN: 0x78, MAC: 0x1F4, OFFSET: 0x0
06-24 17:03:06.061 17748 17748 D ReactNative: CameraView: Photo capture succeeded: content://media/external/images/media/1696
06-24 17:03:06.088   763   763 W Layer   : [SurfaceView - com.appname/com.appname.MainActivity@40fc623@0#0] Timestamp 949069148275240 seems implausible relative to expectedPresent 663613893491931
06-24 17:03:06.093  1173 21160 E mm-3a-external: [cgAF] Invalid Cal. Set Default AF Cal: PAN: 0x78, MAC: 0x1F4, OFFSET: 0x0
06-24 17:03:06.091  1394  2393 D InputReader: Input event(6): value=0 when=663613880381000
06-24 17:03:06.093  1394  2393 D InputReader: Input event(6): value=0 when=663613880381000
06-24 17:03:06.093  1394  2393 I InputReader: Touch event's action is 0x1 (deviceType=0) [pCnt=1, s=] when=663613880381000
06-24 17:03:06.093  1394  2392 I InputDispatcher: Delivering touch to (17748): action: 0x1, toolType: 1
06-24 17:03:06.095 17748 17748 D ViewRootImpl@f74dda0[MainActivity]: ViewPostIme pointer 1
06-24 17:03:06.122   763   763 W Layer   : [SurfaceView - com.appname/com.appname.MainActivity@40fc623@0#0] Timestamp 949069181598240 seems implausible relative to expectedPresent 663613927031063
06-24 17:03:06.126  1173 21160 E mm-3a-external: [cgAF] Invalid Cal. Set Default AF Cal: PAN: 0x78, MAC: 0x1F4, OFFSET: 0x0
06-24 17:03:06.155   763   763 W Layer   : [SurfaceView - com.appname/com.appname.MainActivity@40fc623@0#0] Timestamp 949069214930240 seems implausible relative to expectedPresent 663613960570195
06-24 17:03:06.160  1173 21160 E mm-3a-external: [cgAF] Invalid Cal. Set Default AF Cal: PAN: 0x78, MAC: 0x1F4, OFFSET: 0x0
06-24 17:03:06.162  1394  2867 D ConnectivityService: filterNetworkStateForUid() uid: 10081 networkInfo: [type: WIFI[] - WIFI, state: CONNECTED/CONNECTED, reason: (unspecified), extra: "BananaPancake", failover: false, available: true, roaming: false, metered: false]
06-24 17:03:06.183  1394  2393 D InputReader: Input event(6): value=1 when=663613972510000
06-24 17:03:06.183  1394  2393 D InputReader: Input event(6): value=1 when=663613972510000
06-24 17:03:06.183  1394  2393 I InputReader: Touch event's action is 0x0 (deviceType=0) [pCnt=1, s=0.4474 ] when=663613972510000
06-24 17:03:06.183  1394  2392 I InputDispatcher: Delivering touch to (17748): action: 0x0, toolType: 1
06-24 17:03:06.184 17748 17748 D ViewRootImpl@f74dda0[MainActivity]: ViewPostIme pointer 0
06-24 17:03:06.184  1394  6975 D CustomFrequencyManagerService: acquireDVFSLockLocked : type : DVFS_MIN_LIMIT  frequency : 883200  uid : 1000  pid : 1394  pkgName : GESTURE_DETECTED@CPU_MIN@78
06-24 17:03:06.189   763   763 W Layer   : [SurfaceView - com.appname/com.appname.MainActivity@40fc623@0#0] Timestamp 949069248257240 seems implausible relative to expectedPresent 663613994109327
06-24 17:03:06.191  1173 21160 E mm-3a-external: [cgAF] Invalid Cal. Set Default AF Cal: PAN: 0x78, MAC: 0x1F4, OFFSET: 0x0
06-24 17:03:06.222   763   763 W Layer   : [SurfaceView - com.appname/com.appname.MainActivity@40fc623@0#0] Timestamp 949069281586240 seems implausible relative to expectedPresent 663614027648459
06-24 17:03:06.225  1173 21160 E mm-3a-external: [cgAF] Invalid Cal. Set Default AF Cal: PAN: 0x78, MAC: 0x1F4, OFFSET: 0x0
06-24 17:03:06.256   763   763 W Layer   : [SurfaceView - com.appname/com.appname.MainActivity@40fc623@0#0] Timestamp 949069314912240 seems implausible relative to expectedPresent 663614061187591
06-24 17:03:06.258  1173 21160 E mm-3a-external: [cgAF] Invalid Cal. Set Default AF Cal: PAN: 0x78, MAC: 0x1F4, OFFSET: 0x0
06-24 17:03:06.289   763   763 W Layer   : [SurfaceView - com.appname/com.appname.MainActivity@40fc623@0#0] Timestamp 949069348349240 seems implausible relative to expectedPresent 663614094726723
06-24 17:03:06.293  1394  2393 D InputReader: Input event(6): value=0 when=663614081212000
06-24 17:03:06.293  1394  2393 D InputReader: Input event(6): value=0 when=663614081212000
06-24 17:03:06.293  1394  2393 I InputReader: Touch event's action is 0x1 (deviceType=0) [pCnt=1, s=] when=663614081212000
06-24 17:03:06.293  1173 21160 E mm-3a-external: [cgAF] Invalid Cal. Set Default AF Cal: PAN: 0x78, MAC: 0x1F4, OFFSET: 0x0
06-24 17:03:06.293  1394  2392 I InputDispatcher: Delivering touch to (17748): action: 0x1, toolType: 1
06-24 17:03:06.306  1173 21159 D mm-camera-CORE: TSAec_process works: stats' frame_id=299, 0, 0
06-24 17:03:06.313 17748 17748 D ViewRootImpl@f74dda0[MainActivity]: ViewPostIme pointer 1
06-24 17:03:06.323   763   763 W Layer   : [SurfaceView - com.appname/com.appname.MainActivity@40fc623@0#0] Timestamp 949069381580240 seems implausible relative to expectedPresent 663614128265855
06-24 17:03:06.325  1173 21160 E mm-3a-external: [cgAF] Invalid Cal. Set Default AF Cal: PAN: 0x78, MAC: 0x1F4, OFFSET: 0x0
06-24 17:03:06.326  1394  2867 I EDMNativeHelperService: isCameraEnabled
06-24 17:03:06.333  1162  1231 I LocSvc_ApiV02: <--- globalEventCb line 162 QMI_LOC_EVENT_GNSS_SV_INFO_IND_V02
06-24 17:03:06.333  1162  4816 I LocSvc_libulp: ulp_brain_process_gnss_sv_report, gnss sv report cnt = 3735, gnss pos report cnt = 83,strong sv cnt = 0
06-24 17:03:06.334  1394  6665 D GnssLocationProvider_ex: SV Count : 1      (PRN, Constellation, SNR, Used)
06-24 17:03:06.334  1394  6665 D GnssLocationProvider_ex: (194, QZSS, 31.0, 0) 
06-24 17:03:06.356   763   763 W Layer   : [SurfaceView - com.appname/com.appname.MainActivity@40fc623@0#0] Timestamp 949069414900240 seems implausible relative to expectedPresent 663614161804987
06-24 17:03:06.359  1173 21160 E mm-3a-external: [cgAF] Invalid Cal. Set Default AF Cal: PAN: 0x78, MAC: 0x1F4, OFFSET: 0x0
06-24 17:03:06.390   763   763 W Layer   : [SurfaceView - com.appname/com.appname.MainActivity@40fc623@0#0] Timestamp 949069448246240 seems implausible relative to expectedPresent 663614195344119
06-24 17:03:06.391  1173 21160 E mm-3a-external: [cgAF] Invalid Cal. Set Default AF Cal: PAN: 0x78, MAC: 0x1F4, OFFSET: 0x0
06-24 17:03:06.410  1394  2393 D InputReader: Input event(6): value=1 when=663614198373000
06-24 17:03:06.410  1394  2393 D InputReader: Input event(6): value=1 when=663614198373000
06-24 17:03:06.410  1394  2393 I InputReader: Touch event's action is 0x0 (deviceType=0) [pCnt=1, s=0.4475 ] when=663614198373000
06-24 17:03:06.410  1394  2392 I InputDispatcher: Delivering touch to (17748): action: 0x0, toolType: 1
06-24 17:03:06.419 17748 17748 D ViewRootImpl@f74dda0[MainActivity]: ViewPostIme pointer 0
06-24 17:03:06.424   763   763 W Layer   : [SurfaceView - com.appname/com.appname.MainActivity@40fc623@0#0] Timestamp 949069481548240 seems implausible relative to expectedPresent 663614228883251
06-24 17:03:06.426  1173 21160 E mm-3a-external: [cgAF] Invalid Cal. Set Default AF Cal: PAN: 0x78, MAC: 0x1F4, OFFSET: 0x0
06-24 17:03:06.458  1173 21160 E mm-3a-external: [cgAF] Invalid Cal. Set Default AF Cal: PAN: 0x78, MAC: 0x1F4, OFFSET: 0x0
06-24 17:03:06.474   763   763 W Layer   : [SurfaceView - com.appname/com.appname.MainActivity@40fc623@0#0] Timestamp 949069514960240 seems implausible relative to expectedPresent 663614279191949
06-24 17:03:06.491   763   763 W Layer   : [SurfaceView - com.appname/com.appname.MainActivity@40fc623@0#0] Timestamp 949069548207240 seems implausible relative to expectedPresent 663614295961515
06-24 17:03:06.491  1173 21160 E mm-3a-external: [cgAF] Invalid Cal. Set Default AF Cal: PAN: 0x78, MAC: 0x1F4, OFFSET: 0x0
06-24 17:03:06.509  1394  2393 D InputReader: Input event(6): value=0 when=663614298686000
06-24 17:03:06.509  1394  2393 D InputReader: Input event(6): value=0 when=663614298686000
06-24 17:03:06.509  1394  2393 I InputReader: Touch event's action is 0x1 (deviceType=0) [pCnt=1, s=] when=663614298686000
06-24 17:03:06.511  1394  2392 I InputDispatcher: Delivering touch to (17748): action: 0x1, toolType: 1
06-24 17:03:06.524   763   763 W Layer   : [SurfaceView - com.appname/com.appname.MainActivity@40fc623@0#0] Timestamp 949069581537240 seems implausible relative to expectedPresent 663614329500647
06-24 17:03:06.525  1173 21160 E mm-3a-external: [cgAF] Invalid Cal. Set Default AF Cal: PAN: 0x78, MAC: 0x1F4, OFFSET: 0x0
06-24 17:03:06.526 17748 17748 D ViewRootImpl@f74dda0[MainActivity]: ViewPostIme pointer 1
06-24 17:03:06.557   763   763 W Layer   : [SurfaceView - com.appname/com.appname.MainActivity@40fc623@0#0] Timestamp 949069614886240 seems implausible relative to expectedPresent 663614362599033
06-24 17:03:06.559  1173 21160 E mm-3a-external: [cgAF] Invalid Cal. Set Default AF Cal: PAN: 0x78, MAC: 0x1F4, OFFSET: 0x0
06-24 17:03:06.590  1394  2362 D SamsungAlarmManager: Expired : 8
06-24 17:03:06.590  1394  2362 V SamsungAlarmManager: Sending to uid : 10024 listener=android.os.BinderProxy@fccd713 alarm=Alarm{e210e3f type 3 when 949069759 com.google.android.gms}
06-24 17:03:06.591   763   763 W Layer   : [SurfaceView - com.appname/com.appname.MainActivity@40fc623@0#0] Timestamp 949069648187240 seems implausible relative to expectedPresent 663614396138165
06-24 17:03:06.592  1173 21160 E mm-3a-external: [cgAF] Invalid Cal. Set Default AF Cal: PAN: 0x78, MAC: 0x1F4, OFFSET: 0x0
06-24 17:03:06.624   763   763 W Layer   : [SurfaceView - com.appname/com.appname.MainActivity@40fc623@0#0] Timestamp 949069681512240 seems implausible relative to expectedPresent 663614429677297
06-24 17:03:06.626  1173 21160 E mm-3a-external: [cgAF] Invalid Cal. Set Default AF Cal: PAN: 0x78, MAC: 0x1F4, OFFSET: 0x0
06-24 17:03:06.629 17748 17748 D Notification: allPendingIntents
06-24 17:03:06.631  1394  1645 D API test: getContainerInfo: value is 
06-24 17:03:06.634  1394  1394 D AudioService: getStreamVolume 5 index 80
06-24 17:03:06.636  1394 10129 D Notification: allPendingIntents
06-24 17:03:06.636  1394  2393 D InputReader: Input event(6): value=1 when=663614424427000
06-24 17:03:06.636  1394  2393 D InputReader: Input event(6): value=1 when=663614424427000
06-24 17:03:06.636  1394  2393 I InputReader: Touch event's action is 0x0 (deviceType=0) [pCnt=1, s=0.4476 ] when=663614424427000
06-24 17:03:06.637  1394  2392 I InputDispatcher: Delivering touch to (17748): action: 0x0, toolType: 1
06-24 17:03:06.638  1394 10129 D Notification: allPendingIntents
06-24 17:03:06.638  1394  6975 D CustomFrequencyManagerService: acquireDVFSLockLocked : type : DVFS_MIN_LIMIT  frequency : 883200  uid : 1000  pid : 1394  pkgName : GESTURE_DETECTED@CPU_MIN@78
06-24 17:03:06.641  2724  2724 D StatusBar: addNotification key=0|com.appname|9942585|null|10336 fullscreen:false
06-24 17:03:06.658   763   763 W Layer   : [SurfaceView - com.appname/com.appname.MainActivity@40fc623@0#0] Timestamp 949069714842240 seems implausible relative to expectedPresent 663614463158568
06-24 17:03:06.658 17748 17748 D Notification: allPendingIntents
06-24 17:03:06.659  1173 21160 E mm-3a-external: [cgAF] Invalid Cal. Set Default AF Cal: PAN: 0x78, MAC: 0x1F4, OFFSET: 0x0
06-24 17:03:06.669  1394  1645 D API test: getContainerInfo: value is 
06-24 17:03:06.672  1394  1394 D AudioService: getStreamVolume 5 index 80
06-24 17:03:06.674  1394 10598 D Notification: allPendingIntents
06-24 17:03:06.676  1394 10598 D Notification: allPendingIntents
06-24 17:03:06.681  2724  2724 D StatusBar: addNotification key=0|com.appname|9942585|null|10336 fullscreen:false
06-24 17:03:06.691  1173 21160 E mm-3a-external: [cgAF] Invalid Cal. Set Default AF Cal: PAN: 0x78, MAC: 0x1F4, OFFSET: 0x0
06-24 17:03:06.691   763   763 W Layer   : [SurfaceView - com.appname/com.appname.MainActivity@40fc623@0#0] Timestamp 949069748186240 seems implausible relative to expectedPresent 663614496684714
06-24 17:03:06.724 17748 17748 D ViewRootImpl@f74dda0[MainActivity]: ViewPostIme pointer 0
06-24 17:03:06.724  1173 21160 E mm-3a-external: [cgAF] Invalid Cal. Set Default AF Cal: PAN: 0x78, MAC: 0x1F4, OFFSET: 0x0
06-24 17:03:06.725   763   763 W Layer   : [SurfaceView - com.appname/com.appname.MainActivity@40fc623@0#0] Timestamp 949069781493240 seems implausible relative to expectedPresent 663614530210860
06-24 17:03:06.727  1394  2393 D InputReader: Input event(6): value=0 when=663614516626000
06-24 17:03:06.727  1394  2393 D InputReader: Input event(6): value=0 when=663614516626000
06-24 17:03:06.727  1394  2393 I InputReader: Touch event's action is 0x1 (deviceType=0) [pCnt=1, s=] when=663614516626000
06-24 17:03:06.728  1394  2392 I InputDispatcher: Delivering touch to (17748): action: 0x1, toolType: 1
06-24 17:03:06.729  1394  6975 D CustomFrequencyManagerService: acquireDVFSLockLocked : type : DVFS_MIN_LIMIT  frequency : 883200  uid : 1000  pid : 1394  pkgName : GESTURE_DETECTED@CPU_MIN@78
06-24 17:03:06.737 17748 17748 D ViewRootImpl@f74dda0[MainActivity]: ViewPostIme pointer 1
06-24 17:03:06.758   763   763 W Layer   : [SurfaceView - com.appname/com.appname.MainActivity@40fc623@0#0] Timestamp 949069814826240 seems implausible relative to expectedPresent 663614563784744
06-24 17:03:06.759  1173 21160 E mm-3a-external: [cgAF] Invalid Cal. Set Default AF Cal: PAN: 0x78, MAC: 0x1F4, OFFSET: 0x0
06-24 17:03:06.763 17748 17748 D Notification: allPendingIntents
06-24 17:03:06.765  1394  1645 D API test: getContainerInfo: value is 
06-24 17:03:06.768  1394  1394 D AudioService: getStreamVolume 5 index 80
06-24 17:03:06.771  1394 10598 D Notification: allPendingIntents
06-24 17:03:06.772  1394 10129 D Notification: allPendingIntents
06-24 17:03:06.776  2724  2724 D StatusBar: addNotification key=0|com.appname|9942585|null|10336 fullscreen:false
06-24 17:03:06.792  1173 21160 E mm-3a-external: [cgAF] Invalid Cal. Set Default AF Cal: PAN: 0x78, MAC: 0x1F4, OFFSET: 0x0
06-24 17:03:06.792   763   763 W Layer   : [SurfaceView - com.appname/com.appname.MainActivity@40fc623@0#0] Timestamp 949069848148240 seems implausible relative to expectedPresent 663614597310890
06-24 17:03:06.797  1394  1394 D TelephonyManager: getCellLocation : Caller (PID / UID / TID): 1394 / 1000 / 1394
06-24 17:03:06.802  2724  2989 D NetworkController.MobileSignalController(0/1): onSignalStrengthsChanged signalStrength=SignalStrength: 99 99 -93 -180 -120 -1 -1 16 -120 -19 -100 2147483647 0 2147483647 0x1010 P gsm|lte level=1
06-24 17:03:06.802  2724  2989 D NetworkController.MobileSignalController(0/1): getMobileIconGroup(): 13
06-24 17:03:06.802  2724  2989 D NetworkController.MobileSignalController(0/1): updateVZWMobileIconGroup(): 13
06-24 17:03:06.815  3047  3340 D EPDG -- SIM0 [SMARTWIFI]: onSignalStrengthsChanged: Received signal strength change, phone type is: 2
06-24 17:03:06.815  3047  5316 D EPDG -- SIM0 [SMARTWIFI]: lastLteRSRP is -112currentLteRSRP is -120
06-24 17:03:06.815  3047  5316 D EPDG -- SIM0 [SMARTWIFI]: lastLteRSRQ is -19currentLteRSRQ is -19
06-24 17:03:06.815  3047  5316 D EPDG -- SIM0 [SMARTWIFI]: lastCdmaDb is -18currentCdmaDb is -18
06-24 17:03:06.815  3047  5316 V EPDG -- SIM0 [SMARTWIFI]: Radio oldest entry removed
06-24 17:03:06.815  3047  5316 V EPDG -- SIM0 [SMARTWIFI]: New entry : (SignalStrength: 99 99 -93 -180 -120 -1 -1 16 -120 -19 -100 2147483647 0 2147483647 0x1010 P gsm|lte : 0 )
06-24 17:03:06.815  3047  5316 V EPDG -- SIM0 [SMARTWIFI]: Radio entry added
06-24 17:03:06.826   763   763 W Layer   : [SurfaceView - com.appname/com.appname.MainActivity@40fc623@0#0] Timestamp 949069881469240 seems implausible relative to expectedPresent 663614630873588
06-24 17:03:06.826  1173 21160 E mm-3a-external: [cgAF] Invalid Cal. Set Default AF Cal: PAN: 0x78, MAC: 0x1F4, OFFSET: 0x0
06-24 17:03:06.853  1394  2393 D InputReader: Input event(6): value=1 when=663614642303000
06-24 17:03:06.853  1394  2393 D InputReader: Input event(6): value=1 when=663614642303000
06-24 17:03:06.853  1394  2393 I InputReader: Touch event's action is 0x0 (deviceType=0) [pCnt=1, s=0.4477 ] when=663614642303000
06-24 17:03:06.853  1394  2392 I InputDispatcher: Delivering touch to (17748): action: 0x0, toolType: 1
06-24 17:03:06.856  2724  2989 D NetworkController.MobileSignalController(0/1): callState:0, callStateByPhone:false voLTECall:false voiceNetTpe:7 dataNetType:13, ine911:false, emergencyCallbackMode:false
06-24 17:03:06.858  1173 21160 E mm-3a-external: [cgAF] Invalid Cal. Set Default AF Cal: PAN: 0x78, MAC: 0x1F4, OFFSET: 0x0
06-24 17:03:06.858 17748 17748 D ViewRootImpl@f74dda0[MainActivity]: ViewPostIme pointer 0
06-24 17:03:06.859   763   763 W Layer   : [SurfaceView - com.appname/com.appname.MainActivity@40fc623@0#0] Timestamp 949069914806240 seems implausible relative to expectedPresent 663614664411748
06-24 17:03:06.891  1173 21160 E mm-3a-external: [cgAF] Invalid Cal. Set Default AF Cal: PAN: 0x78, MAC: 0x1F4, OFFSET: 0x0
06-24 17:03:06.893   763   763 W Layer   : [SurfaceView - com.appname/com.appname.MainActivity@40fc623@0#0] Timestamp 949069948129240 seems implausible relative to expectedPresent 663614697949908
06-24 17:03:06.924  1173 21160 E mm-3a-external: [cgAF] Invalid Cal. Set Default AF Cal: PAN: 0x78, MAC: 0x1F4, OFFSET: 0x0
06-24 17:03:06.926   763   763 W Layer   : [SurfaceView - com.appname/com.appname.MainActivity@40fc623@0#0] Timestamp 949069981454240 seems implausible relative to expectedPresent 663614731488068
06-24 17:03:06.936  1394  2393 D InputReader: Input event(6): value=0 when=663614725904000
06-24 17:03:06.936  1394  2393 D InputReader: Input event(6): value=0 when=663614725904000
06-24 17:03:06.936  1394  2393 I InputReader: Touch event's action is 0x1 (deviceType=0) [pCnt=1, s=] when=663614725904000
06-24 17:03:06.937  1394  2392 I InputDispatcher: Delivering touch to (17748): action: 0x1, toolType: 1
06-24 17:03:06.952 17748 17748 D ViewRootImpl@f74dda0[MainActivity]: ViewPostIme pointer 1
06-24 17:03:06.960   763   763 W Layer   : [SurfaceView - com.appname/com.appname.MainActivity@40fc623@0#0] Timestamp 949070014799240 seems implausible relative to expectedPresent 663614765026228
06-24 17:03:06.961  1173 21160 E mm-3a-external: [cgAF] Invalid Cal. Set Default AF Cal: PAN: 0x78, MAC: 0x1F4, OFFSET: 0x0
06-24 17:03:06.971  1173 21159 D mm-camera-CORE: TSAec_process works: stats' frame_id=319, 0, 0
06-24 17:03:06.992  1173 21160 E mm-3a-external: [cgAF] Invalid Cal. Set Default AF Cal: PAN: 0x78, MAC: 0x1F4, OFFSET: 0x0
06-24 17:03:06.993   763   763 W Layer   : [SurfaceView - com.appname/com.appname.MainActivity@40fc623@0#0] Timestamp 949070048115240 seems implausible relative to expectedPresent 663614798564388
06-24 17:03:07.007  1146  1458 D DnsProxyListener: DNSDBG::dns addrinfo af 0
06-24 17:03:07.026  1173 21160 E mm-3a-external: [cgAF] Invalid Cal. Set Default AF Cal: PAN: 0x78, MAC: 0x1F4, OFFSET: 0x0
06-24 17:03:07.027   763   763 W Layer   : [SurfaceView - com.appname/com.appname.MainActivity@40fc623@0#0] Timestamp 949070081446240 seems implausible relative to expectedPresent 663614832102548
06-24 17:03:07.058  1173 21160 E mm-3a-external: [cgAF] Invalid Cal. Set Default AF Cal: PAN: 0x78, MAC: 0x1F4, OFFSET: 0x0
06-24 17:03:07.060   763   763 W Layer   : [SurfaceView - com.appname/com.appname.MainActivity@40fc623@0#0] Timestamp 949070114775240 seems implausible relative to expectedPresent 663614865640708
06-24 17:03:07.063  1394  2393 D InputReader: Input event(6): value=1 when=663614852201000
06-24 17:03:07.063  1394  2393 D InputReader: Input event(6): value=1 when=663614852201000
06-24 17:03:07.063  1394  2393 I InputReader: Touch event's action is 0x0 (deviceType=0) [pCnt=1, s=0.4478 ] when=663614852201000
06-24 17:03:07.063  1394  2392 I InputDispatcher: Delivering touch to (17748): action: 0x0, toolType: 1
06-24 17:03:07.065  1394  6975 D CustomFrequencyManagerService: acquireDVFSLockLocked : type : DVFS_MIN_LIMIT  frequency : 883200  uid : 1000  pid : 1394  pkgName : GESTURE_DETECTED@CPU_MIN@78
06-24 17:03:07.074 17748 17748 D ViewRootImpl@f74dda0[MainActivity]: ViewPostIme pointer 0
06-24 17:03:07.087  2724  2724 D KeyguardServiceBoxContainer: updateCMAS() hasCmasNotification = false, mHasCMAS = false
06-24 17:03:07.091  1173 21160 E mm-3a-external: [cgAF] Invalid Cal. Set Default AF Cal: PAN: 0x78, MAC: 0x1F4, OFFSET: 0x0
06-24 17:03:07.094   763   763 W Layer   : [SurfaceView - com.appname/com.appname.MainActivity@40fc623@0#0] Timestamp 949070148094240 seems implausible relative to expectedPresent 663614899178868
06-24 17:03:07.127   763   763 W Layer   : [SurfaceView - com.appname/com.appname.MainActivity@40fc623@0#0] Timestamp 949070181422240 seems implausible relative to expectedPresent 663614932717028
06-24 17:03:07.128  1173 21160 E mm-3a-external: [cgAF] Invalid Cal. Set Default AF Cal: PAN: 0x78, MAC: 0x1F4, OFFSET: 0x0
06-24 17:03:07.154  1394  2393 D InputReader: Input event(6): value=0 when=663614943327000
06-24 17:03:07.154  1394  2393 D InputReader: Input event(6): value=0 when=663614943327000
06-24 17:03:07.154  1394  2393 I InputReader: Touch event's action is 0x1 (deviceType=0) [pCnt=1, s=] when=663614943327000
06-24 17:03:07.154  1394  2392 I InputDispatcher: Delivering touch to (17748): action: 0x1, toolType: 1
06-24 17:03:07.155 17748 17748 D ViewRootImpl@f74dda0[MainActivity]: ViewPostIme pointer 1
06-24 17:03:07.161   763   763 W Layer   : [SurfaceView - com.appname/com.appname.MainActivity@40fc623@0#0] Timestamp 949070214753240 seems implausible relative to expectedPresent 663614966255188
06-24 17:03:07.165  1173 21160 E mm-3a-external: [cgAF] Invalid Cal. Set Default AF Cal: PAN: 0x78, MAC: 0x1F4, OFFSET: 0x0
06-24 17:03:07.169  1394 10598 D ConnectivityService: filterNetworkStateForUid() uid: 10081 networkInfo: [type: WIFI[] - WIFI, state: CONNECTED/CONNECTED, reason: (unspecified), extra: "BananaPancake", failover: false, available: true, roaming: false, metered: false]
06-24 17:03:07.194   763   763 W Layer   : [SurfaceView - com.appname/com.appname.MainActivity@40fc623@0#0] Timestamp 949070248080240 seems implausible relative to expectedPresent 663614999793348
06-24 17:03:07.209  1173 21160 E mm-3a-external: [cgAF] Invalid Cal. Set Default AF Cal: PAN: 0x78, MAC: 0x1F4, OFFSET: 0x0
