06-24 17:03:16.028  1394  2371 D CAE     : display(ContextProvider.java:375) - ================= ANY_MOTION_DETECTOR_RUNNER =================
06-24 17:03:16.028  1394  2371 I CAE     : display(ContextProvider.java:391) - Action=[0]
06-24 17:03:16.028  1394  2375 D SemContextService: Service.updateContext() : service = Any Motion Detector
06-24 17:03:16.029  1394  2677 D SContextManager: onSContextChanged() : event = Any Motion Detector
06-24 17:03:16.029  1394  2500 I CAE     : setCAProperty(ContextAwareService.java:594) - result : true
06-24 17:03:16.030  1394  2500 W CAE     : setCAProperty(ContextAwareService.java:595) - [setProperty 02] Mutex is unlocked for ANY_MOTION_DETECTOR_RUNNER
06-24 17:03:16.030  1394  2500 D SemContextService:     .requestToUpdate() : service = Any Motion Detector
06-24 17:03:16.030  1394  2500 D SemContextManager:   .requestToUpdate : listener = android.hardware.scontext.SContextManager$SContextListenerDelegate@4841e06, service=Any Motion Detector
06-24 17:03:16.031   763   763 W Layer   : [SurfaceView - com.appname/com.appname.MainActivity@40fc623@0#0] Timestamp 949079079845240 seems implausible relative to expectedPresent 663623835970320
06-24 17:03:16.040  1394  4627 D SamsungAlarmManager: setExact Intent (T:2/F:1/AC:false) 20200624T170321 - CU:10024/CP:19589
06-24 17:03:16.040  1394  4627 I SamsungAlarmManager: setLocked to kernel - T:2 / 20200624T170321, SetElapsed=949084182, nowELAPSED=949079209
06-24 17:03:16.052 19589 20242 D TelephonyManager: getAllCellInfo : Caller (PID / UID / TID): 19589 / 10024 / 20242
06-24 17:03:16.056  1173 21160 E mm-3a-external: [cgAF] Invalid Cal. Set Default AF Cal: PAN: 0x78, MAC: 0x1F4, OFFSET: 0x0
06-24 17:03:16.064   763   763 W Layer   : [SurfaceView - com.appname/com.appname.MainActivity@40fc623@0#0] Timestamp 949079113150240 seems implausible relative to expectedPresent 663623869508574
06-24 17:03:16.081   763   763 W Layer   : [SurfaceView - com.appname/com.appname.MainActivity@40fc623@0#0] Timestamp 949079146482240 seems implausible relative to expectedPresent 663623886277701
06-24 17:03:16.093  1173 21160 E mm-3a-external: [cgAF] Invalid Cal. Set Default AF Cal: PAN: 0x78, MAC: 0x1F4, OFFSET: 0x0
06-24 17:03:16.123  1173 21160 E mm-3a-external: [cgAF] Invalid Cal. Set Default AF Cal: PAN: 0x78, MAC: 0x1F4, OFFSET: 0x0
06-24 17:03:16.130  1394  2500 D WifiScanController: time diff: 24076
06-24 17:03:16.130  1394  2500 I WifiScanController: Ignore scan request, use cached scan result
06-24 17:03:16.130  1394  2500 D WifiScanningService: Use Cached ScanResult
06-24 17:03:16.131   763   763 W Layer   : [SurfaceView - com.appname/com.appname.MainActivity@40fc623@0#0] Timestamp 949079179811240 seems implausible relative to expectedPresent 663623936585082
06-24 17:03:16.134  1394  2500 D SamsungAlarmManager: setInexact Listener (T:2/F:8/AC:false) 20200624T170331 - CU:1000/CP:1394
06-24 17:03:16.148   763   763 W Layer   : [SurfaceView - com.appname/com.appname.MainActivity@40fc623@0#0] Timestamp 949079213135240 seems implausible relative to expectedPresent 663623953354209
06-24 17:03:16.156  1173 21160 E mm-3a-external: [cgAF] Invalid Cal. Set Default AF Cal: PAN: 0x78, MAC: 0x1F4, OFFSET: 0x0
06-24 17:03:16.182   763   763 W Layer   : [SurfaceView - com.appname/com.appname.MainActivity@40fc623@0#0] Timestamp 949079246463240 seems implausible relative to expectedPresent 663623986892463
06-24 17:03:16.190  1173 21160 E mm-3a-external: [cgAF] Invalid Cal. Set Default AF Cal: PAN: 0x78, MAC: 0x1F4, OFFSET: 0x0
06-24 17:03:16.215   763   763 W Layer   : [SurfaceView - com.appname/com.appname.MainActivity@40fc623@0#0] Timestamp 949079279791240 seems implausible relative to expectedPresent 663624020430717
06-24 17:03:16.223  1173 21160 E mm-3a-external: [cgAF] Invalid Cal. Set Default AF Cal: PAN: 0x78, MAC: 0x1F4, OFFSET: 0x0
06-24 17:03:16.249   763   763 W Layer   : [SurfaceView - com.appname/com.appname.MainActivity@40fc623@0#0] Timestamp 949079313115240 seems implausible relative to expectedPresent 663624053968971
06-24 17:03:16.256  1173 21160 E mm-3a-external: [cgAF] Invalid Cal. Set Default AF Cal: PAN: 0x78, MAC: 0x1F4, OFFSET: 0x0
06-24 17:03:16.259  1394  4627 D ConnectivityService: filterNetworkStateForUid() uid: 10081 networkInfo: [type: WIFI[] - WIFI, state: CONNECTED/CONNECTED, reason: (unspecified), extra: "BananaPancake", failover: false, available: true, roaming: false, metered: false]
06-24 17:03:16.282   763   763 W Layer   : [SurfaceView - com.appname/com.appname.MainActivity@40fc623@0#0] Timestamp 949079346445240 seems implausible relative to expectedPresent 663624087507225
06-24 17:03:16.290  1173 21160 E mm-3a-external: [cgAF] Invalid Cal. Set Default AF Cal: PAN: 0x78, MAC: 0x1F4, OFFSET: 0x0
06-24 17:03:16.303  1173 21159 D mm-camera-CORE: TSAec_process works: stats' frame_id=599, 0, 0
06-24 17:03:16.316   763   763 W Layer   : [SurfaceView - com.appname/com.appname.MainActivity@40fc623@0#0] Timestamp 949079379775240 seems implausible relative to expectedPresent 663624121045479
06-24 17:03:16.323  1173 21160 E mm-3a-external: [cgAF] Invalid Cal. Set Default AF Cal: PAN: 0x78, MAC: 0x1F4, OFFSET: 0x0
06-24 17:03:16.342  1162  1231 I LocSvc_ApiV02: <--- globalEventCb line 162 QMI_LOC_EVENT_GNSS_SV_INFO_IND_V02
06-24 17:03:16.342  1162  4816 I LocSvc_libulp: ulp_brain_process_gnss_sv_report, gnss sv report cnt = 3745, gnss pos report cnt = 83,strong sv cnt = 0
06-24 17:03:16.343  1394  6665 D GnssLocationProvider_ex: SV Count : 1      (PRN, Constellation, SNR, Used)
06-24 17:03:16.343  1394  6665 D GnssLocationProvider_ex: (194, QZSS, 31.0, 0) 
06-24 17:03:16.356  1394  1394 D TelephonyManager: getCellLocation : Caller (PID / UID / TID): 1394 / 1000 / 1394
06-24 17:03:16.357  2724  2989 D NetworkController.MobileSignalController(0/1): onSignalStrengthsChanged signalStrength=SignalStrength: 99 99 -86 -170 -120 -1 -1 16 -120 -19 -116 2147483647 0 2147483647 0x1010 P gsm|lte level=1
06-24 17:03:16.357  2724  2989 D NetworkController.MobileSignalController(0/1): getMobileIconGroup(): 13
06-24 17:03:16.357  2724  2989 D NetworkController.MobileSignalController(0/1): updateVZWMobileIconGroup(): 13
06-24 17:03:16.360  1173 21160 E mm-3a-external: [cgAF] Invalid Cal. Set Default AF Cal: PAN: 0x78, MAC: 0x1F4, OFFSET: 0x0
06-24 17:03:16.365  3047  3340 D EPDG -- SIM0 [SMARTWIFI]: onSignalStrengthsChanged: Received signal strength change, phone type is: 2
06-24 17:03:16.365  3047  5316 D EPDG -- SIM0 [SMARTWIFI]: lastLteRSRP is -120currentLteRSRP is -120
06-24 17:03:16.365  3047  5316 D EPDG -- SIM0 [SMARTWIFI]: lastLteRSRQ is -19currentLteRSRQ is -19
06-24 17:03:16.365  3047  5316 D EPDG -- SIM0 [SMARTWIFI]: lastCdmaDb is -20currentCdmaDb is -17
06-24 17:03:16.366  3047  5316 V EPDG -- SIM0 [SMARTWIFI]: Radio oldest entry removed
06-24 17:03:16.366  3047  5316 V EPDG -- SIM0 [SMARTWIFI]: New entry : (SignalStrength: 99 99 -86 -170 -120 -1 -1 16 -120 -19 -116 2147483647 0 2147483647 0x1010 P gsm|lte : 0 )
06-24 17:03:16.366  3047  5316 V EPDG -- SIM0 [SMARTWIFI]: Radio entry added
06-24 17:03:16.366   763   763 W Layer   : [SurfaceView - com.appname/com.appname.MainActivity@40fc623@0#0] Timestamp 949079413102240 seems implausible relative to expectedPresent 663624171352860
06-24 17:03:16.391  1173 21160 E mm-3a-external: [cgAF] Invalid Cal. Set Default AF Cal: PAN: 0x78, MAC: 0x1F4, OFFSET: 0x0
06-24 17:03:16.397  2724  2989 D NetworkController.MobileSignalController(0/1): callState:0, callStateByPhone:false voLTECall:false voiceNetTpe:7 dataNetType:13, ine911:false, emergencyCallbackMode:false
06-24 17:03:16.400   763   763 W Layer   : [SurfaceView - com.appname/com.appname.MainActivity@40fc623@0#0] Timestamp 949079446427240 seems implausible relative to expectedPresent 663624204891114
06-24 17:03:16.422  1173 21160 E mm-3a-external: [cgAF] Invalid Cal. Set Default AF Cal: PAN: 0x78, MAC: 0x1F4, OFFSET: 0x0
06-24 17:03:16.433   763   763 W Layer   : [SurfaceView - com.appname/com.appname.MainActivity@40fc623@0#0] Timestamp 949079479751240 seems implausible relative to expectedPresent 663624238429368
06-24 17:03:16.450   763   763 W Layer   : [SurfaceView - com.appname/com.appname.MainActivity@40fc623@0#0] Timestamp 949079513080240 seems implausible relative to expectedPresent 663624255198495
06-24 17:03:16.456  1173 21160 E mm-3a-external: [cgAF] Invalid Cal. Set Default AF Cal: PAN: 0x78, MAC: 0x1F4, OFFSET: 0x0
06-24 17:03:16.483   763   763 W Layer   : [SurfaceView - com.appname/com.appname.MainActivity@40fc623@0#0] Timestamp 949079546423240 seems implausible relative to expectedPresent 663624288736749
06-24 17:03:16.490  1173 21160 E mm-3a-external: [cgAF] Invalid Cal. Set Default AF Cal: PAN: 0x78, MAC: 0x1F4, OFFSET: 0x0
06-24 17:03:16.501  1394  4627 I EDMNativeHelperService: isCameraEnabled
06-24 17:03:16.517   763   763 W Layer   : [SurfaceView - com.appname/com.appname.MainActivity@40fc623@0#0] Timestamp 949079579733240 seems implausible relative to expectedPresent 663624322275003
06-24 17:03:16.522  1173 21160 E mm-3a-external: [cgAF] Invalid Cal. Set Default AF Cal: PAN: 0x78, MAC: 0x1F4, OFFSET: 0x0
06-24 17:03:16.556  1173 21160 E mm-3a-external: [cgAF] Invalid Cal. Set Default AF Cal: PAN: 0x78, MAC: 0x1F4, OFFSET: 0x0
06-24 17:03:16.567   763   763 W Layer   : [SurfaceView - com.appname/com.appname.MainActivity@40fc623@0#0] Timestamp 949079613064240 seems implausible relative to expectedPresent 663624372582384
06-24 17:03:16.584   763   763 W Layer   : [SurfaceView - com.appname/com.appname.MainActivity@40fc623@0#0] Timestamp 949079646472240 seems implausible relative to expectedPresent 663624389351511
06-24 17:03:16.589  1173 21160 E mm-3a-external: [cgAF] Invalid Cal. Set Default AF Cal: PAN: 0x78, MAC: 0x1F4, OFFSET: 0x0
06-24 17:03:16.618   763   763 W Layer   : [SurfaceView - com.appname/com.appname.MainActivity@40fc623@0#0] Timestamp 949079679715240 seems implausible relative to expectedPresent 663624422889765
06-24 17:03:16.622  1173 21160 E mm-3a-external: [cgAF] Invalid Cal. Set Default AF Cal: PAN: 0x78, MAC: 0x1F4, OFFSET: 0x0
06-24 17:03:16.659  1173 21160 E mm-3a-external: [cgAF] Invalid Cal. Set Default AF Cal: PAN: 0x78, MAC: 0x1F4, OFFSET: 0x0
06-24 17:03:16.668   763   763 W Layer   : [SurfaceView - com.appname/com.appname.MainActivity@40fc623@0#0] Timestamp 949079713049240 seems implausible relative to expectedPresent 663624473197146
06-24 17:03:16.685   763   763 W Layer   : [SurfaceView - com.appname/com.appname.MainActivity@40fc623@0#0] Timestamp 949079746391240 seems implausible relative to expectedPresent 663624489966273
06-24 17:03:16.694  1173 21160 E mm-3a-external: [cgAF] Invalid Cal. Set Default AF Cal: PAN: 0x78, MAC: 0x1F4, OFFSET: 0x0
06-24 17:03:16.718   763   763 W Layer   : [SurfaceView - com.appname/com.appname.MainActivity@40fc623@0#0] Timestamp 949079779702240 seems implausible relative to expectedPresent 663624523504527
06-24 17:03:16.723  1173 21160 E mm-3a-external: [cgAF] Invalid Cal. Set Default AF Cal: PAN: 0x78, MAC: 0x1F4, OFFSET: 0x0
06-24 17:03:16.752   763   763 W Layer   : [SurfaceView - com.appname/com.appname.MainActivity@40fc623@0#0] Timestamp 949079813054240 seems implausible relative to expectedPresent 663624557042781
06-24 17:03:16.757  1173 21160 E mm-3a-external: [cgAF] Invalid Cal. Set Default AF Cal: PAN: 0x78, MAC: 0x1F4, OFFSET: 0x0
06-24 17:03:16.795  1173 21160 E mm-3a-external: [cgAF] Invalid Cal. Set Default AF Cal: PAN: 0x78, MAC: 0x1F4, OFFSET: 0x0
06-24 17:03:16.802   763   763 W Layer   : [SurfaceView - com.appname/com.appname.MainActivity@40fc623@0#0] Timestamp 949079846357240 seems implausible relative to expectedPresent 663624607350162
06-24 17:03:16.819   763   763 W Layer   : [SurfaceView - com.appname/com.appname.MainActivity@40fc623@0#0] Timestamp 949079879679240 seems implausible relative to expectedPresent 663624624119289
06-24 17:03:16.827  1173 21160 E mm-3a-external: [cgAF] Invalid Cal. Set Default AF Cal: PAN: 0x78, MAC: 0x1F4, OFFSET: 0x0
06-24 17:03:16.856  1173 21160 E mm-3a-external: [cgAF] Invalid Cal. Set Default AF Cal: PAN: 0x78, MAC: 0x1F4, OFFSET: 0x0
06-24 17:03:16.869   763   763 W Layer   : [SurfaceView - com.appname/com.appname.MainActivity@40fc623@0#0] Timestamp 949079913045240 seems implausible relative to expectedPresent 663624674426670
06-24 17:03:16.886   763   763 W Layer   : [SurfaceView - com.appname/com.appname.MainActivity@40fc623@0#0] Timestamp 949079946336240 seems implausible relative to expectedPresent 663624691195797
06-24 17:03:16.893  1173 21160 E mm-3a-external: [cgAF] Invalid Cal. Set Default AF Cal: PAN: 0x78, MAC: 0x1F4, OFFSET: 0x0
06-24 17:03:16.920   763   763 W Layer   : [SurfaceView - com.appname/com.appname.MainActivity@40fc623@0#0] Timestamp 949079979662240 seems implausible relative to expectedPresent 663624724734051
06-24 17:03:16.923  1173 21160 E mm-3a-external: [cgAF] Invalid Cal. Set Default AF Cal: PAN: 0x78, MAC: 0x1F4, OFFSET: 0x0
06-24 17:03:16.938  1394  2393 D InputReader: Input event(6): value=1 when=663624727905000
06-24 17:03:16.938  1394  2393 D InputReader: Input event(6): value=1 when=663624727905000
06-24 17:03:16.938  1394  2393 I InputReader: Touch event's action is 0x0 (deviceType=0) [pCnt=1, s=0.4502 ] when=663624727905000
06-24 17:03:16.940  1394  2392 I InputDispatcher: Delivering touch to (17748): action: 0x0, toolType: 1
06-24 17:03:16.951 17748 17748 D ViewRootImpl@f74dda0[MainActivity]: ViewPostIme pointer 0
06-24 17:03:16.953   763   763 W Layer   : [SurfaceView - com.appname/com.appname.MainActivity@40fc623@0#0] Timestamp 949080012989240 seems implausible relative to expectedPresent 663624758272305
06-24 17:03:16.958  1173 21160 E mm-3a-external: [cgAF] Invalid Cal. Set Default AF Cal: PAN: 0x78, MAC: 0x1F4, OFFSET: 0x0
06-24 17:03:16.969  1173 21159 D mm-camera-CORE: TSAec_process works: stats' frame_id=619, 0, 0
06-24 17:03:16.986   763   763 W Layer   : [SurfaceView - com.appname/com.appname.MainActivity@40fc623@0#0] Timestamp 949080046320240 seems implausible relative to expectedPresent 663624791810559
06-24 17:03:16.991  1173 21160 E mm-3a-external: [cgAF] Invalid Cal. Set Default AF Cal: PAN: 0x78, MAC: 0x1F4, OFFSET: 0x0
06-24 17:03:17.020   763   763 W Layer   : [SurfaceView - com.appname/com.appname.MainActivity@40fc623@0#0] Timestamp 949080079648240 seems implausible relative to expectedPresent 663624825348813
06-24 17:03:17.024  1173 21160 E mm-3a-external: [cgAF] Invalid Cal. Set Default AF Cal: PAN: 0x78, MAC: 0x1F4, OFFSET: 0x0
06-24 17:03:17.054   763   763 W Layer   : [SurfaceView - com.appname/com.appname.MainActivity@40fc623@0#0] Timestamp 949080112977240 seems implausible relative to expectedPresent 663624858887067
06-24 17:03:17.055  1394  2393 D InputReader: Input event(6): value=0 when=663624845029000
06-24 17:03:17.057  1394  2393 D InputReader: Input event(6): value=0 when=663624845029000
06-24 17:03:17.057  1394  2393 I InputReader: Touch event's action is 0x1 (deviceType=0) [pCnt=1, s=] when=663624845029000
06-24 17:03:17.058  1394  2392 I InputDispatcher: Delivering touch to (17748): action: 0x1, toolType: 1
06-24 17:03:17.058  1173 21160 E mm-3a-external: [cgAF] Invalid Cal. Set Default AF Cal: PAN: 0x78, MAC: 0x1F4, OFFSET: 0x0
06-24 17:03:17.068 17748 17748 D ViewRootImpl@f74dda0[MainActivity]: ViewPostIme pointer 1
06-24 17:03:17.087   763   763 W Layer   : [SurfaceView - com.appname/com.appname.MainActivity@40fc623@0#0] Timestamp 949080146311240 seems implausible relative to expectedPresent 663624892425321
06-24 17:03:17.090  1173 21160 E mm-3a-external: [cgAF] Invalid Cal. Set Default AF Cal: PAN: 0x78, MAC: 0x1F4, OFFSET: 0x0
06-24 17:03:17.103  1146  1458 D DnsProxyListener: DNSDBG::dns addrinfo af 0
06-24 17:03:17.121   763   763 W Layer   : [SurfaceView - com.appname/com.appname.MainActivity@40fc623@0#0] Timestamp 949080179626240 seems implausible relative to expectedPresent 663624925963575
06-24 17:03:17.124  1173 21160 E mm-3a-external: [cgAF] Invalid Cal. Set Default AF Cal: PAN: 0x78, MAC: 0x1F4, OFFSET: 0x0
06-24 17:03:17.154   763   763 W Layer   : [SurfaceView - com.appname/com.appname.MainActivity@40fc623@0#0] Timestamp 949080212958240 seems implausible relative to expectedPresent 663624959501829
06-24 17:03:17.156  1173 21160 E mm-3a-external: [cgAF] Invalid Cal. Set Default AF Cal: PAN: 0x78, MAC: 0x1F4, OFFSET: 0x0
06-24 17:03:17.188   763   763 W Layer   : [SurfaceView - com.appname/com.appname.MainActivity@40fc623@0#0] Timestamp 949080246282240 seems implausible relative to expectedPresent 663624993040083
06-24 17:03:17.192  1173 21160 E mm-3a-external: [cgAF] Invalid Cal. Set Default AF Cal: PAN: 0x78, MAC: 0x1F4, OFFSET: 0x0
06-24 17:03:17.221   763   763 W Layer   : [SurfaceView - com.appname/com.appname.MainActivity@40fc623@0#0] Timestamp 949080279614240 seems implausible relative to expectedPresent 663625026578337
06-24 17:03:17.225  1173 21160 E mm-3a-external: [cgAF] Invalid Cal. Set Default AF Cal: PAN: 0x78, MAC: 0x1F4, OFFSET: 0x0
06-24 17:03:17.255   763   763 W Layer   : [SurfaceView - com.appname/com.appname.MainActivity@40fc623@0#0] Timestamp 949080312934240 seems implausible relative to expectedPresent 663625060116591
06-24 17:03:17.256  1173 21160 E mm-3a-external: [cgAF] Invalid Cal. Set Default AF Cal: PAN: 0x78, MAC: 0x1F4, OFFSET: 0x0
06-24 17:03:17.265  1394 13864 D ConnectivityService: filterNetworkStateForUid() uid: 10081 networkInfo: [type: WIFI[] - WIFI, state: CONNECTED/CONNECTED, reason: (unspecified), extra: "BananaPancake", failover: false, available: true, roaming: false, metered: false]
06-24 17:03:17.280   718   718 D audio_hw_primary: out_standby: enter: stream (0xe4b88000) usecase(0: deep-buffer-playback)
06-24 17:03:17.288   763   763 W Layer   : [SurfaceView - com.appname/com.appname.MainActivity@40fc623@0#0] Timestamp 949080346266240 seems implausible relative to expectedPresent 663625093654845
06-24 17:03:17.289  1173 21160 E mm-3a-external: [cgAF] Invalid Cal. Set Default AF Cal: PAN: 0x78, MAC: 0x1F4, OFFSET: 0x0
06-24 17:03:17.322   763   763 W Layer   : [SurfaceView - com.appname/com.appname.MainActivity@40fc623@0#0] Timestamp 949080379592240 seems implausible relative to expectedPresent 663625127193099
06-24 17:03:17.323  1173 21160 E mm-3a-external: [cgAF] Invalid Cal. Set Default AF Cal: PAN: 0x78, MAC: 0x1F4, OFFSET: 0x0
06-24 17:03:17.327  1162  1231 I LocSvc_ApiV02: <--- globalEventCb line 162 QMI_LOC_EVENT_GNSS_SV_INFO_IND_V02
06-24 17:03:17.327  1162  4816 I LocSvc_libulp: ulp_brain_process_gnss_sv_report, gnss sv report cnt = 3746, gnss pos report cnt = 83,strong sv cnt = 0
06-24 17:03:17.328  1394  2390 D GnssLocationProvider_ex: SV Count : 1      (PRN, Constellation, SNR, Used)
06-24 17:03:17.328  1394  2390 D GnssLocationProvider_ex: (194, QZSS, 31.0, 0) 
06-24 17:03:17.356   763   763 W Layer   : [SurfaceView - com.appname/com.appname.MainActivity@40fc623@0#0] Timestamp 949080412919240 seems implausible relative to expectedPresent 663625160731353
06-24 17:03:17.357  1173 21160 E mm-3a-external: [cgAF] Invalid Cal. Set Default AF Cal: PAN: 0x78, MAC: 0x1F4, OFFSET: 0x0
06-24 17:03:17.389   763   763 W Layer   : [SurfaceView - com.appname/com.appname.MainActivity@40fc623@0#0] Timestamp 949080446250240 seems implausible relative to expectedPresent 663625194269607
06-24 17:03:17.389  1173 21160 E mm-3a-external: [cgAF] Invalid Cal. Set Default AF Cal: PAN: 0x78, MAC: 0x1F4, OFFSET: 0x0
06-24 17:03:17.422   763   763 W Layer   : [SurfaceView - com.appname/com.appname.MainActivity@40fc623@0#0] Timestamp 949080479577240 seems implausible relative to expectedPresent 663625227807861
06-24 17:03:17.426  1173 21160 E mm-3a-external: [cgAF] Invalid Cal. Set Default AF Cal: PAN: 0x78, MAC: 0x1F4, OFFSET: 0x0
06-24 17:03:17.443   718   718 D audio_hw_primary: disable_audio_route: reset and update mixer path: deep-buffer-playback speaker
06-24 17:03:17.443   718   718 D audio_route: Setting mixer control: PRI_MI2S_RX Audio Mixer MultiMedia1, value: 0
06-24 17:03:17.445   718   718 D hardware_info: hw_info_append_hw_type : device_name = speaker
06-24 17:03:17.445   718   718 D audio_hw_primary: disable_snd_device: snd_device(2: speaker)
06-24 17:03:17.445   718   718 V audio_hw_sec: [MAXIM] sec_dsm_spkr_prot_control_tx_topology() enable:0, dsm_is_enabled:1
06-24 17:03:17.456  1173 21160 E mm-3a-external: [cgAF] Invalid Cal. Set Default AF Cal: PAN: 0x78, MAC: 0x1F4, OFFSET: 0x0
06-24 17:03:17.456   763   763 W Layer   : [SurfaceView - com.appname/com.appname.MainActivity@40fc623@0#0] Timestamp 949080512923240 seems implausible relative to expectedPresent 663625261346115
06-24 17:03:17.465   718   718 D hardware_info: hw_info_append_hw_type : device_name = vi-feedback
06-24 17:03:17.466   718   718 D audio_hw_primary: disable_snd_device: snd_device(389: vi-feedback)
06-24 17:03:17.466   718   718 D audio_hw_primary: disable_audio_route: reset and update mixer path: spkr-vi-feedback
06-24 17:03:17.466   718   718 D audio_route: Setting mixer control: MultiMedia2 Mixer PRI_MI2S_TX, value: 0
06-24 17:03:17.467   718   718 V audio_hw_sec: [MAXIM] sec_dsm_spkr_prot_control_tx_topology() dsm disabled
06-24 17:03:17.467   718   718 D audio_hw_primary: out_standby: exit
06-24 17:03:17.490   763   763 W Layer   : [SurfaceView - com.appname/com.appname.MainActivity@40fc623@0#0] Timestamp 949080546240240 seems implausible relative to expectedPresent 663625294884369
06-24 17:03:17.491  1173 21160 E mm-3a-external: [cgAF] Invalid Cal. Set Default AF Cal: PAN: 0x78, MAC: 0x1F4, OFFSET: 0x0
06-24 17:03:17.513  1394  4627 I EDMNativeHelperService: isCameraEnabled
06-24 17:03:17.522  1173 21160 E mm-3a-external: [cgAF] Invalid Cal. Set Default AF Cal: PAN: 0x78, MAC: 0x1F4, OFFSET: 0x0
06-24 17:03:17.523   763   763 W Layer   : [SurfaceView - com.appname/com.appname.MainActivity@40fc623@0#0] Timestamp 949080579553240 seems implausible relative to expectedPresent 663625328422623
06-24 17:03:17.556  1173 21160 E mm-3a-external: [cgAF] Invalid Cal. Set Default AF Cal: PAN: 0x78, MAC: 0x1F4, OFFSET: 0x0
06-24 17:03:17.557   763   763 W Layer   : [SurfaceView - com.appname/com.appname.MainActivity@40fc623@0#0] Timestamp 949080612885240 seems implausible relative to expectedPresent 663625361960877
06-24 17:03:17.589  1173 21160 E mm-3a-external: [cgAF] Invalid Cal. Set Default AF Cal: PAN: 0x78, MAC: 0x1F4, OFFSET: 0x0
06-24 17:03:17.590   763   763 W Layer   : [SurfaceView - com.appname/com.appname.MainActivity@40fc623@0#0] Timestamp 949080646210240 seems implausible relative to expectedPresent 663625395499131
06-24 17:03:17.623  1173 21160 E mm-3a-external: [cgAF] Invalid Cal. Set Default AF Cal: PAN: 0x78, MAC: 0x1F4, OFFSET: 0x0
06-24 17:03:17.624   763   763 W Layer   : [SurfaceView - com.appname/com.appname.MainActivity@40fc623@0#0] Timestamp 949080679540240 seems implausible relative to expectedPresent 663625429037385
06-24 17:03:17.632  1394  2500 D SamsungAlarmManager: Cancel Alarm calling from uid:1000 pid :1394 / listener:android.app.AlarmManager$ListenerWrapper@30b73c
06-24 17:03:17.634  1394  2500 D WifiScanningService: onFullScanResult received, previous scan count:16
06-24 17:03:17.635  1394  2500 D WifiScanningService: onScanStatus event received, event=0
06-24 17:03:17.640  1173 21159 D mm-camera-CORE: TSAec_process works: stats' frame_id=639, 0, 0
06-24 17:03:17.657  1394  2500 D WifiScanningService: singleScanResults: ClientInfo[uid=10024,android.os.Messenger@1a888fa],Id=495,results=17
06-24 17:03:17.657   763   763 W Layer   : [SurfaceView - com.appname/com.appname.MainActivity@40fc623@0#0] Timestamp 949080712913240 seems implausible relative to expectedPresent 663625462575639
06-24 17:03:17.659  1173 21160 E mm-3a-external: [cgAF] Invalid Cal. Set Default AF Cal: PAN: 0x78, MAC: 0x1F4, OFFSET: 0x0
06-24 17:03:17.672  1394  2500 D WifiScanningService: singleScanResults: ClientInfo[uid=1000,android.os.Messenger@cfe5107],Id=1,results=17
06-24 17:03:17.683  1394  1645 W BroadcastQueue: Background execution not allowed: receiving Intent { act=android.net.wifi.SCAN_RESULTS flg=0x4000010 (has extras) } to com.verizon.mips.services/com.verizon.vzwavs.AVSImplicitBroadcastReceiver
06-24 17:03:17.686  2927  2980 D EventHandler_FLP: WIFI_SCAN_RESULTS
06-24 17:03:17.688  1394 13864 D WifiPermissionsUtil: canAccessScanResults: pkgName = com.google.android.gms, uid = 10024
06-24 17:03:17.689  1394  1394 I WifiService: Securities matching
06-24 17:03:17.691   763   763 W Layer   : [SurfaceView - com.appname/com.appname.MainActivity@40fc623@0#0] Timestamp 949080746201240 seems implausible relative to expectedPresent 663625496113893
06-24 17:03:17.691  1394  4627 D WifiPermissionsUtil: canAccessScanResults: pkgName = com.google.android.gms, uid = 10024
06-24 17:03:17.694  1173 21160 E mm-3a-external: [cgAF] Invalid Cal. Set Default AF Cal: PAN: 0x78, MAC: 0x1F4, OFFSET: 0x0
06-24 17:03:17.703  5613  5689 I ReschedulableTimer: [#CMH#] ReschedulableTimer started 
06-24 17:03:17.724   763   763 W Layer   : [SurfaceView - com.appname/com.appname.MainActivity@40fc623@0#0] Timestamp 949080779521240 seems implausible relative to expectedPresent 663625529652147
06-24 17:03:17.725  1173 21160 E mm-3a-external: [cgAF] Invalid Cal. Set Default AF Cal: PAN: 0x78, MAC: 0x1F4, OFFSET: 0x0
06-24 17:03:17.737  5613  5689 I ControllerEventHandler: [#CMH#] nonJustShotRunningPossible pendingCount 0
06-24 17:03:17.757  1173 21160 E mm-3a-external: [cgAF] Invalid Cal. Set Default AF Cal: PAN: 0x78, MAC: 0x1F4, OFFSET: 0x0
06-24 17:03:17.758   763   763 W Layer   : [SurfaceView - com.appname/com.appname.MainActivity@40fc623@0#0] Timestamp 949080812854240 seems implausible relative to expectedPresent 663625563190401
06-24 17:03:17.791   763   763 W Layer   : [SurfaceView - com.appname/com.appname.MainActivity@40fc623@0#0] Timestamp 949080846219240 seems implausible relative to expectedPresent 663625596728655
06-24 17:03:17.796  1173 21160 E mm-3a-external: [cgAF] Invalid Cal. Set Default AF Cal: PAN: 0x78, MAC: 0x1F4, OFFSET: 0x0
06-24 17:03:17.801 17748 17748 D ImageCapture: Send image capture request [current, pending] = [0, 1]
06-24 17:03:17.814  5613  5689 I ControllerEventHandler: [#CMH#] nonJustShotRunningPossible pendingCount 0
06-24 17:03:17.818 21996 21996 I DCMService: [#CMH#] onStartService () called 
06-24 17:03:17.819 21996 21996 I BaseThreadPoolExecutor: [#CMH#] Task com.samsung.dcmservice.extractors.task.DCMTask@1a6f0ce is submitted
06-24 17:03:17.819 21996 21996 I BaseThreadPoolExecutor: [#CMH#] Task com.samsung.dcmservice.extractors.task.LocationTask@f79b185 is submitted
06-24 17:03:17.820 21996 21996 I BaseThreadPoolExecutor: [#CMH#] Task com.samsung.dcmservice.extractors.task.POITask@45d56e8 is submitted
06-24 17:03:17.821 21996 21327 I LocationTask: [#CMH#] LocationTask started 
06-24 17:03:17.825   763   763 W Layer   : [SurfaceView - com.appname/com.appname.MainActivity@40fc623@0#0] Timestamp 949080879506240 seems implausible relative to expectedPresent 663625630266909
06-24 17:03:17.840 17748 18063 D CaptureSession: Issuing capture request.
06-24 17:03:17.841 17748 21401 I OggExtractor: OggSource::OggSource() mExtractor ref count = 3
06-24 17:03:17.848  1173 21160 E mm-3a-external: [cgAF] Invalid Cal. Set Default AF Cal: PAN: 0x78, MAC: 0x1F4, OFFSET: 0x0
06-24 17:03:17.856  1173 21160 E mm-3a-external: [cgAF] Invalid Cal. Set Default AF Cal: PAN: 0x78, MAC: 0x1F4, OFFSET: 0x0
06-24 17:03:17.858   763   763 W Layer   : [SurfaceView - com.appname/com.appname.MainActivity@40fc623@0#0] Timestamp 949080912834240 seems implausible relative to expectedPresent 663625663805163
06-24 17:03:17.876 21996 21402 I DCMTask : [#CMH#] DCMTask started 
06-24 17:03:17.892   763   763 W Layer   : [SurfaceView - com.appname/com.appname.MainActivity@40fc623@0#0] Timestamp 949080946158240 seems implausible relative to expectedPresent 663625697343417
06-24 17:03:17.895  1394 10129 I EDMNativeHelperService: isCameraEnabled
06-24 17:03:17.901  1029 14994 D Camera3-Device: submitRequestsHelper: mInterfaceLock.lock()
06-24 17:03:17.901  1029 14994 D Camera3-Device: submitRequestsHelper: mInterfaceLock.unlock()
06-24 17:03:17.914  1029 21164 D Camera3-Status: markComponent: Component 2 is now active
06-24 17:03:17.916  1173 21160 E mm-3a-external: [cgAF] Invalid Cal. Set Default AF Cal: PAN: 0x78, MAC: 0x1F4, OFFSET: 0x0
06-24 17:03:17.924  1394 10129 V AudioService: AudioService playSoundEffect Type : 0, volume : -1.0
06-24 17:03:17.926   763   763 W Layer   : [SurfaceView - com.appname/com.appname.MainActivity@40fc623@0#0] Timestamp 949080979486240 seems implausible relative to expectedPresent 663625730881671
06-24 17:03:17.926  1394  2552 V AudioService: received MSG_PLAY_SOUND_EFFECT onPlaySoundEffect start
06-24 17:03:17.926  1028  5309 V APM_AudioPolicyManager: getAudioPolicyConfig: situation=1;device=0
06-24 17:03:17.927  1028  5309 I APM_AudioPolicyManager: getSituationVolume: isBTConnected:0 isHeadConnected:0
06-24 17:03:17.927  1028  5309 V APM_AudioPolicyManager: deviceInt = 0, situationInt = 1, situationVolume = 1.000000
06-24 17:03:17.929  1173 21160 E mm-3a-external: [cgAF] Invalid Cal. Set Default AF Cal: PAN: 0x78, MAC: 0x1F4, OFFSET: 0x0
06-24 17:03:17.933  1028  5309 V APM_AudioPolicyManager: getOutput() device 2, stream 1, samplingRate 0, format 0, channelMask 3, flags 0
06-24 17:03:17.933  1028  5309 V APM_AudioPolicyManager: selectOutput() commonFlags for output 13, 0000
06-24 17:03:17.933  1028  5309 V APM_AudioPolicyManager: selectOutput() commonFlags for output 21, 0000
06-24 17:03:17.933  1028  5309 V APM_AudioPolicyManager: selectOutput() commonFlags for output 29, 0000
06-24 17:03:17.934  1028  5309 V APM_AudioPolicyManager:   getOutputForDevice() returns output 13
06-24 17:03:17.941  1173 21156 E         : Camera[DBG][IFACE ] iface_set_super_param: 2689: iface_set_super_param:2689 store q_idx 3
06-24 17:03:17.942  1173 21156 E         : Camera[DBG] cpp_module_get_params_for_identity: 533: cpp_module_get_params_for_identity:533, failed, identity=0x20003
06-24 17:03:17.942  1173 21156 E mm-camera-img: module_faceproc_client_handle_ctrl_parm:5683] 3 calling module_faceproc_client_schedule_mode 0
06-24 17:03:17.942  1173 21156 E mm-camera-img: module_faceproc_client_handle_ctrl_parm:5633] 2 calling module_faceproc_client_schedule_mode 0
06-24 17:03:17.942  1173 21156 I mm-camera-sensor: module_sensor_set_parm_led_mode:229CAM_INTF_PARM_LED_MODE 0 is_capture 0
06-24 17:03:17.942  1173 21156 I mm-camera-sensor: module_sensor_set_parm_led_mode:305last flash request 0
06-24 17:03:17.942  1173 21156 I mm-camera-sensor: sensor_set_capture_intent:1968capture intent 2
06-24 17:03:17.942  1173 21156 E mm-camera-sensor: flash_process:483invalid event 151
06-24 17:03:17.942  1173 21156 I mm-camera-sensor: module_sensor_event_control_set_parm:5662CAM_INTF_PARM_OIS_MODES: 3
06-24 17:03:17.942  1173 21156 I mm-camera-sensor: ois_process:396[E]
06-24 17:03:17.942  1173 21156 I mm-camera-sensor: ois_process:406[OIS_SET_MODE][data :: 3]
06-24 17:03:17.942  1173 21156 I mm-camera-sensor: ois_set_mode:25[Enter]
06-24 17:03:17.942  1173 21156 I mm-camera-sensor: ois_set_mode:46[ois_set_mode][modes :: 3]
06-24 17:03:17.942   763   763 W Layer   : [SurfaceView - com.appname/com.appname.MainActivity@40fc623@0#0] Timestamp 949081012877240 seems implausible relative to expectedPresent 663625747650798
06-24 17:03:17.945  1028  5309 V APM_AudioPolicyManager: getOutput() device 2, stream 1, samplingRate 0, format 0, channelMask 3, flags 0
06-24 17:03:17.945  1028  5309 V APM_AudioPolicyManager: selectOutput() commonFlags for output 13, 0000
06-24 17:03:17.945  1028  5309 V APM_AudioPolicyManager: selectOutput() commonFlags for output 21, 0000
06-24 17:03:17.945  1028  5309 V APM_AudioPolicyManager: selectOutput() commonFlags for output 29, 0000
06-24 17:03:17.945  1028  5309 V APM_AudioPolicyManager:   getOutputForDevice() returns output 13
06-24 17:03:17.948  1028  5309 W AudioPolicyIntefaceImpl: Skipped to add effects on session 6617
06-24 17:03:17.948  1028  5309 V APM_AudioPolicyManager: startOutput() output 21, stream 1, session 6617
06-24 17:03:17.948  1028  5309 V APM_AudioPolicyManager: setBeaconMute(1) mBeaconMuteRefCount=1 mBeaconPlayingRefCount=0
06-24 17:03:17.948  1028  5309 V APM_AudioPolicyManager: getNewOutputDevice() selected device 2
06-24 17:03:17.948  1028  5309 V APM_AudioPolicyManager: setOutputDevice() device 0002 delayMs 0
06-24 17:03:17.948  1028  5309 V APM_AudioPolicyManager: setOutputDevice() prevDevice 0x0002
06-24 17:03:17.948  1028  5309 V APM_AudioPolicyManager: setOutputDevice() setting same device 0x0002 or null device
06-24 17:03:17.948  1028  5309 I AudioFlinger: updateStageIndex prev 0, new -2101
06-24 17:03:17.950   718 13894 D audio_hw_primary: start_output_stream: enter: stream(0xe4b8a800)usecase(1: low-latency-playback) devices(0x2)
06-24 17:03:17.950   718 13894 D audio_hw_primary: select_devices for use case (low-latency-playback)
06-24 17:03:17.950   718 13894 V msm8974_platform: platform_get_output_snd_device: enter: output devices(0x2)
06-24 17:03:17.950   718 13894 V msm8974_platform: platform_get_output_snd_device: exit: snd_device(speaker)
06-24 17:03:17.950   718 13894 D audio_hw_primary: select_devices: out_snd_device(2: speaker) in_snd_device(0: )
06-24 17:03:17.950   718 13894 V msm8974_platform: platform_get_backend_index:napb: backend port - 0 device - 2 
06-24 17:03:17.950   718 13894 I msm8974_platform: platform_check_and_set_codec_backend_cfg:becf: afe: bitwidth 16, samplerate 48000 channels 2, backend_idx 0 usecase = 1 device (speaker)
06-24 17:03:17.950   718 13894 D msm8974_platform: platform_split_snd_device: snd_device(2) num devices(1) new_snd_devices(0)
06-24 17:03:17.950   718 13894 I msm8974_platform: platform_check_and_set_codec_backend_cfg: new_snd_devices[0] is 2
06-24 17:03:17.950   718 13894 V msm8974_platform: platform_get_native_support:napb: ui Prop enabled(0) version(4)
06-24 17:03:17.950   718 13894 V msm8974_platform: platform_get_backend_index:napb: backend port - 0 device - 2 
06-24 17:03:17.950   718 13894 I msm8974_platform: platform_check_codec_backend_cfg:becf: afe: bitwidth 16, samplerate 48000 channels 2, backend_idx 0 usecase = 1 device (speaker)
06-24 17:03:17.950   718 13894 V msm8974_platform: platform_check_backends_match: snd_device1 = speaker, snd_device2 = speaker
06-24 17:03:17.950   718 13894 V msm8974_platform: platform_check_backends_match: be_itf1 = SLIMBUS_0_RX, be_itf2 = SLIMBUS_0_RX, match 1
06-24 17:03:17.950   718 13894 D msm8974_platform: platform_check_codec_backend_cfg:becf: afe: playback on codec device not supporting native playback set default Sample Rate(48k)
06-24 17:03:17.950   718 13894 I msm8974_platform: platform_check_codec_backend_cfg:becf: afe: Codec selected backend: 0 updated bit width: 16 and sample rate: 48000
06-24 17:03:17.950   718 13894 D audio_hw_primary: check_usecases_codec_backend:becf: force routing 0
06-24 17:03:17.950   718 13894 V msm8974_platform: platform_check_backends_match: snd_device1 = speaker, snd_device2 = 
06-24 17:03:17.950   718 13894 E msm8974_platform: platform_check_backends_match: Invalid snd_device = 
06-24 17:03:17.950   718 13894 D audio_hw_primary: check_usecases_codec_backend:becf: (63) check_usecases curr device: speaker, usecase device: backends match 0
06-24 17:03:17.950   718 13894 D audio_hw_primary: check_usecases_codec_backend:becf: check_usecases num.of Usecases to switch 0
06-24 17:03:17.950   718 13894 D hardware_info: hw_info_append_hw_type : device_name = speaker
06-24 17:03:17.951   718 13894 D audio_hw_primary: enable_snd_device: snd_device(2: speaker)
06-24 17:03:17.951   718 13894 D audio_hw_utils: audio_extn_utils_send_app_type_cfg: usecase->out_snd_device speaker
06-24 17:03:17.951   718 13894 D msm8974_platform: platform_split_snd_device: snd_device(2) num devices(0) new_snd_devices(0)
06-24 17:03:17.951   718 13894 V msm8974_platform: platform_get_snd_device_backend_index: enter with device 2
06-24 17:03:17.951   718 13894 E msm8974_platform: platform_get_snd_device_backend_index: BE DAI Name Table is not present
06-24 17:03:17.951   718 13894 E audio_hw_utils: send_app_type_cfg_for_device: Couldn't get the backend index for snd device speaker ret=-14
06-24 17:03:17.951   718 13894 I audio_hw_utils: send_app_type_cfg_for_device PLAYBACK app_type 69937, acdb_dev_id 15, sample_rate 48000, snd_device_be_idx -14
06-24 17:03:17.951   718 13894 D msm8974_platform: platform_split_snd_device: snd_device(2) num devices(1) new_snd_devices(0)
06-24 17:03:17.951   718 13894 V msm8974_platform: platform_send_audio_calibration: sending audio calibration for snd_device(2) acdb_id(15)
06-24 17:03:17.952   718 13894 D ACDB-LOADER: ACDB -> send_audio_cal, acdb_id = 15, path = 0, app id = 0x11131, sample rate = 48000
06-24 17:03:17.952   718 13894 D ACDB-LOADER: ACDB -> send_asm_topology
06-24 17:03:17.952   718 13894 D ACDB-LOADER: ACDB -> ACDB_CMD_GET_AUDPROC_STREAM_TOPOLOGY_ID
06-24 17:03:17.952   718 13894 D ACDB-LOADER: ACDB -> send_adm_topology
06-24 17:03:17.952   718 13894 D ACDB-LOADER: ACDB -> ACDB_CMD_GET_AUDPROC_COMMON_TOPOLOGY_ID
06-24 17:03:17.952   718 13894 D ACDB-LOADER: ACDB -> send_audtable
06-24 17:03:17.952   718 13894 D ACDB-LOADER: ACDB -> ACDB_CMD_GET_AUDPROC_COMMON_TABLE_SIZE
06-24 17:03:17.952   718 13894 D ACDB-LOADER: ACDB -> ACDB_CMD_GET_AUDPROC_COMMON_TABLE
06-24 17:03:17.952   718 13894 D ACDB-LOADER: ACDB -> AUDIO_SET_AUDPROC_CAL
06-24 17:03:17.952   718 13894 D ACDB-LOADER: ACDB -> send_audvoltable
06-24 17:03:17.952   718 13894 D ACDB-LOADER: ACDB -> ACDB_CMD_GET_AUDPROC_VOL_STEP_TABLE_SIZE
06-24 17:03:17.952   718 13894 D ACDB-LOADER: ACDB -> ACDB_CMD_GET_AUDPROC_GAIN_DEP_STEP_TABLE, vol index 0
06-24 17:03:17.952   718 13894 D ACDB-LOADER: ACDB -> AUDIO_SET_VOL_CAL cal type = 12
06-24 17:03:17.952   718 13894 D ACDB-LOADER: ACDB -> ACDB_CMD_GET_AUDPROC_STREAM_TABLE_SIZE
06-24 17:03:17.952   718 13894 D ACDB-LOADER: ACDB -> send_audstrmtable
06-24 17:03:17.952   718 13894 D ACDB-LOADER: ACDB -> ACDB_CMD_GET_AUDPROC_STREAM_TABLE_V2
06-24 17:03:17.952   718 13894 D ACDB-LOADER: ACDB -> audstrm_cal->cal_type.cal_data.cal_size = 4160
06-24 17:03:17.952   718 13894 D ACDB-LOADER: ACDB -> send_afe_topology
06-24 17:03:17.952   718 13894 D ACDB-LOADER: ACDB -> ACDB_CMD_GET_AFE_TOPOLOGY_ID
06-24 17:03:17.952   718 13894 D ACDB-LOADER: ACDB -> GET_AFE_TOPOLOGY_ID for adcd_id 15, Topology Id 10001061
06-24 17:03:17.952  1173 21159 E         : Camera[DBG] TsAec_set_ae_manual_mode: 732: TsAec_set_ae_manual_mode ae_manual_mode = 1
06-24 17:03:17.952   718 13894 D ACDB-LOADER: ACDB -> send_afe_cal
06-24 17:03:17.952   718 13894 D ACDB-LOADER: ACDB -> ACDB_CMD_GET_AFE_COMMON_TABLE_SIZE
06-24 17:03:17.952  1173 21159 E         : Camera[DBG] TsAwb_set_params: 802: TsAwb->gAwbLock =0
06-24 17:03:17.952  1173 21159 E         : 
06-24 17:03:17.952   718 13894 D ACDB-LOADER: ACDB -> ACDB_CMD_GET_AFE_COMMON_TABLE
06-24 17:03:17.952   718 13894 D ACDB-LOADER: ACDB -> AUDIO_SET_AFE_CAL
06-24 17:03:17.952   718 13894 D ACDB-LOADER: ACDB -> send_hw_delay : acdb_id = 15 path = 0
06-24 17:03:17.952   718 13894 D ACDB-LOADER: ACDB -> ACDB_AVSYNC_INFO: ACDB_CMD_GET_DEVICE_PROPERTY
06-24 17:03:17.952  1173 21159 D mm-camera-CORE: [Exp_Table:Rear] Shooting mode = 0, ExpDiagram_command = 0, m_video_mode = 0
06-24 17:03:17.952  1173 21159 D mm-camera-CORE: TsAec_set_manual_ISO manual_iso=0, aec->is_manual=0 
06-24 17:03:17.952   718 13894 D audio_hw_primary: enable_audio_route: apply mixer and update path: low-latency-playback speaker
06-24 17:03:17.952   718 13894 D audio_route: Setting mixer control: PRI_MI2S_RX Audio Mixer MultiMedia5, value: 1
06-24 17:03:17.954   718 13894 V audio_hw_sec: [MAXIM] sec_dsm_spkr_prot_control_tx_topology() enable:1, dsm_is_enabled:0
06-24 17:03:17.954   718 13894 D hardware_info: hw_info_append_hw_type : device_name = vi-feedback
06-24 17:03:17.954   718 13894 D audio_hw_primary: enable_snd_device: snd_device(389: vi-feedback)
06-24 17:03:17.954   718 13894 D audio_hw_utils: audio_extn_utils_send_app_type_cfg: usecase->in_snd_device vi-feedback
06-24 17:03:17.954   718 13894 D msm8974_platform: platform_split_snd_device: snd_device(389) num devices(0) new_snd_devices(0)
06-24 17:03:17.954   718 13894 V msm8974_platform: platform_get_snd_device_backend_index: enter with device 389
06-24 17:03:17.954   718 13894 E msm8974_platform: platform_get_snd_device_backend_index: BE DAI Name Table is not present
06-24 17:03:17.954   718 13894 E audio_hw_utils: send_app_type_cfg_for_device: Couldn't get the backend index for snd device vi-feedback ret=-14
06-24 17:03:17.955   718 13894 I audio_hw_utils: send_app_type_cfg_for_device default app_type 69936, acdb_dev_id 102, sample_rate 48000, snd_device_be_idx -14
06-24 17:03:17.955   718 13894 E voice   : voice_is_in_call_rec_stream: input stream is NULL
06-24 17:03:17.955   718 13894 D msm8974_platform: platform_split_snd_device: snd_device(389) num devices(1) new_snd_devices(0)
06-24 17:03:17.955   718 13894 V msm8974_platform: platform_send_audio_calibration: sending audio calibration for snd_device(389) acdb_id(102)
06-24 17:03:17.955   718 13894 D ACDB-LOADER: ACDB -> send_audio_cal, acdb_id = 102, path = 1, app id = 0x11130, sample rate = 48000
06-24 17:03:17.955   718 13894 D ACDB-LOADER: ACDB -> send_asm_topology
06-24 17:03:17.955   718 13894 D ACDB-LOADER: ACDB -> ACDB_CMD_GET_AUDPROC_STREAM_TOPOLOGY_ID
06-24 17:03:17.955   718 13894 D ACDB-LOADER: ACDB -> send_adm_topology
06-24 17:03:17.955   718 13894 D ACDB-LOADER: ACDB -> ACDB_CMD_GET_AUDPROC_COMMON_TOPOLOGY_ID
06-24 17:03:17.955   718 13894 D ACDB-LOADER: ACDB -> send_audtable
06-24 17:03:17.955   718 13894 D ACDB-LOADER: ACDB -> ACDB_CMD_GET_AUDPROC_COMMON_TABLE_SIZE
06-24 17:03:17.956   718 13894 D ACDB-LOADER: ACDB -> ACDB_CMD_GET_AUDPROC_COMMON_TABLE
06-24 17:03:17.956   718 13894 D ACDB-LOADER: ACDB -> AUDIO_SET_AUDPROC_CAL
06-24 17:03:17.956   718 13894 D ACDB-LOADER: ACDB -> send_audvoltable
06-24 17:03:17.956   718 13894 D ACDB-LOADER: ACDB -> ACDB_CMD_GET_AUDPROC_VOL_STEP_TABLE_SIZE
06-24 17:03:17.956   718 13894 D ACDB-LOADER: ACDB -> ACDB_CMD_GET_AUDPROC_GAIN_DEP_STEP_TABLE, vol index 0
06-24 17:03:17.956   718 13894 D         : Failed to fetch the lookup information of the device 00000066 
06-24 17:03:17.956   718 13894 E ACDB-LOADER: Error: ACDB AudProc vol returned = -19
06-24 17:03:17.956   718 13894 D ACDB-LOADER: ACDB -> AUDIO_SET_VOL_CAL cal type = 12
06-24 17:03:17.956   718 13894 D ACDB-LOADER: ACDB -> ACDB_CMD_GET_AUDPROC_STREAM_TABLE_SIZE
06-24 17:03:17.956   718 13894 D ACDB-LOADER: ACDB -> send_audstrmtable
06-24 17:03:17.956   718 13894 D ACDB-LOADER: ACDB -> ACDB_CMD_GET_AUDPROC_STREAM_TABLE_V2
06-24 17:03:17.956   718 13894 D ACDB-LOADER: ACDB -> audstrm_cal->cal_type.cal_data.cal_size = 4160
06-24 17:03:17.956   718 13894 D ACDB-LOADER: ACDB -> send_afe_topology
06-24 17:03:17.956   718 13894 D ACDB-LOADER: ACDB -> ACDB_CMD_GET_AFE_TOPOLOGY_ID
06-24 17:03:17.956   718 13894 D ACDB-LOADER: ACDB -> GET_AFE_TOPOLOGY_ID for adcd_id 102, Topology Id 10001060
06-24 17:03:17.956   718 13894 D ACDB-LOADER: ACDB -> send_afe_cal
06-24 17:03:17.956   718 13894 D ACDB-LOADER: ACDB -> ACDB_CMD_GET_AFE_COMMON_TABLE_SIZE
06-24 17:03:17.956   718 13894 D ACDB-LOADER: ACDB -> ACDB_CMD_GET_AFE_COMMON_TABLE
06-24 17:03:17.956   718 13894 D ACDB-LOADER: ACDB -> AUDIO_SET_AFE_CAL
06-24 17:03:17.956   718 13894 D ACDB-LOADER: ACDB -> send_hw_delay : acdb_id = 102 path = 1
06-24 17:03:17.956   718 13894 D ACDB-LOADER: ACDB -> ACDB_AVSYNC_INFO: ACDB_CMD_GET_DEVICE_PROPERTY
06-24 17:03:17.956   718 13894 D audio_hw_primary: enable_audio_route: apply mixer and update path: spkr-vi-feedback
06-24 17:03:17.956   718 13894 D audio_route: Setting mixer control: MultiMedia2 Mixer PRI_MI2S_TX, value: 1
06-24 17:03:17.970  1173 21160 E mm-3a-external: [cgAF] Invalid Cal. Set Default AF Cal: PAN: 0x78, MAC: 0x1F4, OFFSET: 0x0
06-24 17:03:17.972  1173 21159 I mm-camera-sensor: sensor_apply_exposure:1193s_gain=0x1000073, l_gain=0x1000073, s_linecount=2370,l_linecount=2370, fl_lines=3156
06-24 17:03:17.983 17748 21404 I OggExtractor: OggSource::stop() mExtractor ref count = 2
06-24 17:03:17.983 17748 21404 I OggExtractor: ~OggSource --
06-24 17:03:17.983 17748 21404 I OggExtractor: ~OggExtractor ++
06-24 17:03:17.983 17748 21404 I OggExtractor: ~MyOggExtractor ++ 
06-24 17:03:17.983 17748 21404 I OggExtractor: ~MyOggExtractor --
06-24 17:03:17.983 17748 21404 I OggExtractor: ~OggExtractor --
06-24 17:03:17.989  1173 21156 I mm-camera-sensor: module_sensor_event_control_set_parm:5738[stats_use][STATS] Set cc_stats [AEC=0],[PAF=0],[RECONSTRUCTION=0],[DRC=0]
06-24 17:03:17.989  1173 21156 I mm-camera-sensor: module_sensor_event_control_set_parm:5753[WDR_MODE]wdr_mode = 0
06-24 17:03:17.989  1173 21156 I mm-camera-CORE: companion_wdr_on_off:1046WDR enable = 0
06-24 17:03:17.989  1173 21156 I mm-camera-sensor: module_sensor_event_control_set_parm:5765[WDR_MODE]CAM_INTF_PARM_RTHDR_MODES: 0
06-24 17:03:17.989  1173 21156 I mm-camera-sensor: sensor_set_rt_hdr_mode:4046 HDR mode set = 0
06-24 17:03:17.990  1173 21160 E mm-3a-external: [cgAF] Invalid Cal. Set Default AF Cal: PAN: 0x78, MAC: 0x1F4, OFFSET: 0x0
06-24 17:03:17.993 17748 21401 I OggExtractor: OggSource::OggSource() mExtractor ref count = 3
06-24 17:03:17.996   718 13894 V audio_hw_sec: [MAXIM] sec_dsm_spkr_prot_control_tx_topology() dsm enabled (c:0 d:1 m:0)
06-24 17:03:17.996   718 13894 D audio_hw_primary: select_devices: done
06-24 17:03:18.026   763   763 W Layer   : [SurfaceView - com.appname/com.appname.MainActivity@40fc623@0#0] Timestamp 949081046138240 seems implausible relative to expectedPresent 663625831496433
06-24 17:03:18.027  1173 21160 E mm-3a-external: [cgAF] Invalid Cal. Set Default AF Cal: PAN: 0x78, MAC: 0x1F4, OFFSET: 0x0
06-24 17:03:18.027 17748 21406 I OggExtractor: OggSource::stop() mExtractor ref count = 2
06-24 17:03:18.028 17748 21406 I OggExtractor: ~OggSource --
06-24 17:03:18.028 17748 21406 I OggExtractor: ~OggExtractor ++
06-24 17:03:18.028 17748 21406 I OggExtractor: ~MyOggExtractor ++ 
06-24 17:03:18.028 17748 21406 I OggExtractor: ~MyOggExtractor --
06-24 17:03:18.028 17748 21406 I OggExtractor: ~OggExtractor --
06-24 17:03:18.030   718 13894 V msm8974_platform: platform_set_channel_map channel_count:2
06-24 17:03:18.030   718 13894 D msm8974_platform: platform_set_channel_map mixer_ctl_name:Playback Channel Map15
06-24 17:03:18.030   718 13894 D msm8974_platform: platform_set_channel_map: set mapping(1 2 0 0 0 0 0 0) for channel:2
06-24 17:03:18.030   718 13894 D audio_hw_primary: start_output_stream: exit
06-24 17:03:18.031  1173 21156 E         : Camera[DBG][IFACE ] iface_set_super_param: 2689: iface_set_super_param:2689 store q_idx 4
06-24 17:03:18.032  1173 21156 E mm-camera-img: module_faceproc_client_handle_ctrl_parm:5683] 3 calling module_faceproc_client_schedule_mode 0
06-24 17:03:18.032  1173 21156 E mm-camera-img: module_faceproc_client_handle_ctrl_parm:5633] 2 calling module_faceproc_client_schedule_mode 0
06-24 17:03:18.032  1173 21156 I mm-camera-sensor: module_sensor_set_parm_led_mode:229CAM_INTF_PARM_LED_MODE 0 is_capture 0
06-24 17:03:18.033  1173 21156 I mm-camera-sensor: module_sensor_set_parm_led_mode:305last flash request 0
06-24 17:03:18.033  1173 21156 I mm-camera-sensor: sensor_set_capture_intent:1968capture intent 1
06-24 17:03:18.033  1173 21156 E mm-camera-sensor: flash_process:483invalid event 151
06-24 17:03:18.033  1173 21156 I mm-camera-sensor: module_sensor_event_control_set_parm:5662CAM_INTF_PARM_OIS_MODES: 3
06-24 17:03:18.033  1173 21156 I mm-camera-sensor: ois_process:396[E]
06-24 17:03:18.033  1173 21159 E         : Camera[DBG] TsAec_set_ae_manual_mode: 732: TsAec_set_ae_manual_mode ae_manual_mode = 1
06-24 17:03:18.033  1173 21156 I mm-camera-sensor: ois_process:406[OIS_SET_MODE][data :: 3]
06-24 17:03:18.033  1173 21156 I mm-camera-sensor: ois_set_mode:25[Enter]
06-24 17:03:18.033  1173 21156 I mm-camera-sensor: ois_set_mode:46[ois_set_mode][modes :: 3]
06-24 17:03:18.033  1173 21159 E         : Camera[DBG] TsAwb_set_params: 802: TsAwb->gAwbLock =0
06-24 17:03:18.033  1173 21159 E         : 
06-24 17:03:18.033  1173 21159 D mm-camera-CORE: [Exp_Table:Rear] Shooting mode = 0, ExpDiagram_command = 0, m_video_mode = 0
06-24 17:03:18.033  1173 21159 D mm-camera-CORE: TsAec_set_manual_ISO manual_iso=0, aec->is_manual=0 
06-24 17:03:18.049  1173 21156 I mm-camera-sensor: module_sensor_event_control_set_parm:5738[stats_use][STATS] Set cc_stats [AEC=0],[PAF=0],[RECONSTRUCTION=0],[DRC=0]
06-24 17:03:18.049  1173 21156 I mm-camera-sensor: module_sensor_event_control_set_parm:5753[WDR_MODE]wdr_mode = 0
06-24 17:03:18.049  1173 21156 I mm-camera-CORE: companion_wdr_on_off:1046WDR enable = 0
06-24 17:03:18.049  1173 21156 I mm-camera-sensor: module_sensor_event_control_set_parm:5765[WDR_MODE]CAM_INTF_PARM_RTHDR_MODES: 0
06-24 17:03:18.049  1173 21156 I mm-camera-sensor: sensor_set_rt_hdr_mode:4046 HDR mode set = 0
06-24 17:03:18.056  1028  2063 D AudioFlinger: mixer(0xe4983e80) Spend too much time to write: delta 106(effect 0, stage 0)
06-24 17:03:18.058  1173 21180 E         : ISP_DBG: iface_axi_proc_subdev_event: ISP_ERROR_RETURN_EMPTY_BUFFER. frame_id 651 stream_id 100
06-24 17:03:18.058  1173 21180 E         : Camera[DBG][IFACE ] iface_axi_handle_output_error: 2138: iface_axi_handle_output_error: OUTPUT_ERROR session_id 2 
06-24 17:03:18.060   763   763 W Layer   : [SurfaceView - com.appname/com.appname.MainActivity@40fc623@0#0] Timestamp 949081079464240 seems implausible relative to expectedPresent 663625865034687
