12-18 07:32:44.374  1000  1855  2282 D UntrustedWifiNetworkFactory: got request NetworkRequest [ REQUEST id=80, [ Capabilities: INTERNET&NOT_RESTRICTED&TRUSTED&NOT_VCN_MANAGED Uid: 1000 RequestorUid: 1000 RequestorPkg: com.android.settings UnderlyingNetworks: Null] ]
12-18 07:32:44.374  1000  1855  2282 D OemPaidWifiNetworkFactory: got request NetworkRequest [ REQUEST id=80, [ Capabilities: INTERNET&NOT_RESTRICTED&TRUSTED&NOT_VCN_MANAGED Uid: 1000 RequestorUid: 1000 RequestorPkg: com.android.settings UnderlyingNetworks: Null] ]
12-18 07:32:44.374  1000  1855  2282 D MultiInternetWifiNetworkFactory: got request NetworkRequest [ REQUEST id=80, [ Capabilities: INTERNET&NOT_RESTRICTED&TRUSTED&NOT_VCN_MANAGED Uid: 1000 RequestorUid: 1000 RequestorPkg: com.android.settings UnderlyingNetworks: Null] ]
12-18 07:32:44.374  1000  1855  2282 D WifiNetworkFactory: got request NetworkRequest [ REQUEST id=82, [ Capabilities: INTERNET&NOT_RESTRICTED&TRUSTED&NOT_VCN_MANAGED Uid: 1000 RequestorUid: 1000 RequestorPkg: com.android.settings UnderlyingNetworks: Null] ]
12-18 07:32:44.374  1000  1855  2282 D UntrustedWifiNetworkFactory: got request NetworkRequest [ REQUEST id=82, [ Capabilities: INTERNET&NOT_RESTRICTED&TRUSTED&NOT_VCN_MANAGED Uid: 1000 RequestorUid: 1000 RequestorPkg: com.android.settings UnderlyingNetworks: Null] ]
12-18 07:32:44.375  1000  1855  2282 D OemPaidWifiNetworkFactory: got request NetworkRequest [ REQUEST id=82, [ Capabilities: INTERNET&NOT_RESTRICTED&TRUSTED&NOT_VCN_MANAGED Uid: 1000 RequestorUid: 1000 RequestorPkg: com.android.settings UnderlyingNetworks: Null] ]
12-18 07:32:44.375  1000  1855  2282 D MultiInternetWifiNetworkFactory: got request NetworkRequest [ REQUEST id=82, [ Capabilities: INTERNET&NOT_RESTRICTED&TRUSTED&NOT_VCN_MANAGED Uid: 1000 RequestorUid: 1000 RequestorPkg: com.android.settings UnderlyingNetworks: Null] ]
12-18 07:32:44.375  1000  1855  2282 D WifiClientModeImpl[892546:wlan0]: connectToUserSelectNetwork netId 0, uid 1000, package com.android.settings, forceReconnect = true, isUserSelected = true
12-18 07:32:44.376  1000  1855  2282 D WifiScoreReport: setShouldReduceNetworkScore=false mNetworkAgent is null? true
12-18 07:32:44.376  1000  1855  2282 D WifiClientModeImpl[892546:wlan0]: CMD_START_CONNECT  my state DisconnectedState nid=0 roam=false
12-18 07:32:44.378  wifi  1096  1096 I WifiHAL : wifi_configure_roaming: num_blacklist_bssid == 0 (flush)
12-18 07:32:44.378  wifi  1096  1096 I WifiHAL : Successfully added 0 blacklist bssids
12-18 07:32:44.380  1041  1179  1798 D audioserver: FGS Logger Transaction failed
12-18 07:32:44.381  1041  1179  1798 D audioserver: -129
12-18 07:32:44.383  root  1138  1138 E ANDR-PERF-MPCTL: ANDR-PERF-MPCTL: internal_perf_lock_acq_verification() 386: Perflock Submit request limit reached.
12-18 07:32:44.385  1041  1066  2302 V DlbVolumeListener: effectCommand
12-18 07:32:44.385  1041  1066  2302 V DlbVolumeListener: effectCommand :: Command EFFECT_CMD_DISABLE
12-18 07:32:44.385  1041  1066  2302 V DlbVolumeListener: release(handle=0xb400007d92416710)
12-18 07:32:44.386  1041  1179  1476 W audioserver: Binder 0xb4000074aab9b3c8 destroyed after setMinSchedulerPolicy before being parceled.
12-18 07:32:44.388  1000  1855  2282 I WifiClientModeImpl[892546:wlan0]: Select best-fit security params: 2
12-18 07:32:44.389  1000  1855  2282 W LastMileLogger: Failed to open free_buffer pseudo-file: /sys/kernel/debug/tracing/instances/wifi/free_buffer: open failed: ENOENT (No such file or directory)
12-18 07:32:44.389  1000  1855  2282 W LastMileLogger: Failed to arm fail-safe.
12-18 07:32:44.392  1000  1855  2282 D SupplicantStaIfaceHalAidlImpl: connectToNetwork "CMCC"WPA_PSK, actualSsid=null
12-18 07:32:44.393  1000  1855  2282 D SupplicantStaIfaceHalAidlImpl: Selecting supplicant SSID "CMCC"
12-18 07:32:44.396  1000  1855  2282 I SupplicantStaNetworkHalAidlImpl: Successfully set SSID
12-18 07:32:44.397  1000  1855  2282 D SupplicantStaNetworkHalAidlImpl: The target security params: Security Parameters:
12-18 07:32:44.397  1000  1855  2282 D SupplicantStaNetworkHalAidlImpl:  Type: 2
12-18 07:32:44.397  1000  1855  2282 D SupplicantStaNetworkHalAidlImpl:  Enabled: true
12-18 07:32:44.397  1000  1855  2282 D SupplicantStaNetworkHalAidlImpl:  KeyMgmt: WPA_PSK
12-18 07:32:44.397  1000  1855  2282 D SupplicantStaNetworkHalAidlImpl:  Protocols: WPA RSN
12-18 07:32:44.397  1000  1855  2282 D SupplicantStaNetworkHalAidlImpl:  AuthAlgorithms:
12-18 07:32:44.397  1000  1855  2282 D SupplicantStaNetworkHalAidlImpl:  PairwiseCiphers: TKIP CCMP
12-18 07:32:44.397  1000  1855  2282 D SupplicantStaNetworkHalAidlImpl:  GroupCiphers: WEP40 WEP104 TKIP CCMP
12-18 07:32:44.397  1000  1855  2282 D SupplicantStaNetworkHalAidlImpl:  GroupMgmtCiphers:
12-18 07:32:44.397  1000  1855  2282 D SupplicantStaNetworkHalAidlImpl:  SuiteBCiphers:
12-18 07:32:44.397  1000  1855  2282 D SupplicantStaNetworkHalAidlImpl:  RequirePmf: false
12-18 07:32:44.397  1000  1855  2282 D SupplicantStaNetworkHalAidlImpl:  IsAddedByAutoUpgrade: false
12-18 07:32:44.397  1000  1855  2282 D SupplicantStaNetworkHalAidlImpl:  IsSaeH2eOnlyMode: false
12-18 07:32:44.397  1000  1855  2282 D SupplicantStaNetworkHalAidlImpl:  IsSaePkOnlyMode: false
12-18 07:32:44.402  1000  1855  1919 W ProcessStats: Tracking association SourceState{14eef6f system/1000 BFgs #505} whose proc state 4 is better than process ProcessState{ed77c4a com.android.inputmethod.latin/10052 pkg=com.android.inputmethod.latin} proc state 6 (5 skipped)
12-18 07:32:44.406  1000  1855  2007 I input_focus: [Focus entering 4ead42f com.android.settings/com.android.settings.SubSettings (server),reason=Window became focusable. Previous reason: NOT_VISIBLE]
12-18 07:32:44.406  root  1138  1138 E ANDR-PERF-MPCTL: ANDR-PERF-MPCTL: internal_perf_lock_acq_verification() 386: Perflock Submit request limit reached.
12-18 07:32:44.407  wifi  1461  1461 W wificond: Scan aborted
12-18 07:32:44.408  1000  1855  3824 D WifiNl80211Manager: Scan failed event with error code: 3
12-18 07:32:44.408  1000  1855  3824 D WifiNative: Scan failed event: errorCode: -7
12-18 07:32:44.409  1000  1855  2286 W WificondScannerImpl: Scan failed: error code: -7
12-18 07:32:44.418  1000  2600  2600 W WindowOnBackDispatcher: sendCancelIfRunning: isInProgress=falsecallback=ImeCallback=ImeOnBackInvokedCallback@145965428 Callback=android.window.IOnBackInvokedCallback$Stub$Proxy@21857e5
12-18 07:32:44.419  1000  1855  3824 D CoreBackPreview: Window{f572add u0 com.android.settings/com.android.settings.SubSettings}: Setting back callback OnBackInvokedCallbackInfo{mCallback=android.window.IOnBackInvokedCallback$Stub$Proxy@6cf8268, mPriority=-1, mIsAnimationCallback=false}
12-18 07:32:44.420  1000  1855  3824 D CoreBackPreview: Window{4ead42f u0 com.android.settings/com.android.settings.SubSettings}: Setting back callback OnBackInvokedCallbackInfo{mCallback=android.window.IOnBackInvokedCallback$Stub$Proxy@4866681, mPriority=0, mIsAnimationCallback=false}
12-18 07:32:44.421  1000  1855  2410 I ImeTracker: com.android.settings:ca0cc209: onRequestHide at ORIGIN_SERVER_HIDE_INPUT reason HIDE_UNSPECIFIED_WINDOW
12-18 07:32:44.422  wifi  4160  4160 I wpa_supplicant: wlan0: Trying to associate with SSID 'CMCC'
12-18 07:32:44.423  1000  1855  2282 D WifiCountryCode: evaluateAllCmmStateAndApplyIfAllReady: {ConcreteClientModeManager{id=890927 iface=wlan0 role=ROLE_CLIENT_PRIMARY}=false}
12-18 07:32:44.423  1000  1855  2282 D WifiClientModeImpl[892546:wlan0]: Start Connecting Watchdog 1
12-18 07:32:44.427  1000  1855  2282 W ContextImpl: Calling a method in the system process without a qualified user: android.app.ContextImpl.sendStickyBroadcast:1626 com.android.server.wifi.ClientModeImpl.sendNetworkChangeBroadcast:3008 com.android.server.wifi.ClientModeImpl.lambda$sendNetworkChangeBroadcastWithCurrentState$14:2985 com.android.server.wifi.ClientModeImpl.$r8$lambda$q-j88Pjw4gROgoJFr8wBlBVbuJI:0 com.android.server.wifi.ClientModeImpl$$ExternalSyntheticLambda4.send:0 
12-18 07:32:44.430  1000  1855  2282 I WifiClientModeImpl[892546:wlan0]: Update current security type to 2
12-18 07:32:44.432  root  1138  1138 E ANDR-PERF-MPCTL: ANDR-PERF-MPCTL: internal_perf_lock_acq_verification() 386: Perflock Submit request limit reached.
12-18 07:32:44.435 10054  2659  3412 I jank_cuj_events_begin_request: [60,1702884764434140000,907954442569,907954444444,]
12-18 07:32:44.438 10057  2356  2403 V WindowManagerShell:  animated by com.android.wm.shell.activityembedding.ActivityEmbeddingController@ccfa4c2
12-18 07:32:44.450  root  1138  1138 E ANDR-PERF-MPCTL: ANDR-PERF-MPCTL: internal_perf_lock_acq_verification() 386: Perflock Submit request limit reached.
12-18 07:32:44.461  1000  2600  2600 W WindowOnBackDispatcher: sendCancelIfRunning: isInProgress=falsecallback=ImeCallback=ImeOnBackInvokedCallback@145965428 Callback=android.window.IOnBackInvokedCallback$Stub$Proxy@21857e5
12-18 07:32:44.461  1000  1855  2504 D CoreBackPreview: Window{4ead42f u0 com.android.settings/com.android.settings.SubSettings}: Setting back callback OnBackInvokedCallbackInfo{mCallback=android.window.IOnBackInvokedCallback$Stub$Proxy@e519375, mPriority=-1, mIsAnimationCallback=false}
12-18 07:32:44.470  root  1138  1138 E ANDR-PERF-MPCTL: ANDR-PERF-MPCTL: internal_perf_lock_acq_verification() 386: Perflock Submit request limit reached.
12-18 07:32:44.481  1000  1500  1500 I cnss-daemon: nl80211 response handler invoked
12-18 07:32:44.481  1000  1500  1500 I cnss-daemon: nl80211_response_handler: cmd 103, vendorID 4120, subcmd 1  received
12-18 07:32:44.486  wifi  4160  4160 I wpa_supplicant: [DHD]<  908.004722> wl_cfgvendor_send_supp_eventstring: [wlan0] Connecting with ff:ff:ff:ff:ff:ff ssid "CMCC",chan_cnt:1
12-18 07:32:44.496  root  1138  1138 E ANDR-PERF-MPCTL: ANDR-PERF-MPCTL: internal_perf_lock_acq_verification() 386: Perflock Submit request limit reached.
12-18 07:32:44.518  root  1138  1138 E ANDR-PERF-MPCTL: ANDR-PERF-MPCTL: internal_perf_lock_acq_verification() 386: Perflock Submit request limit reached.
12-18 07:32:44.539  root  1138  1138 E ANDR-PERF-MPCTL: ANDR-PERF-MPCTL: internal_perf_lock_acq_verification() 386: Perflock Submit request limit reached.
12-18 07:32:44.561  root  1138  1138 E ANDR-PERF-MPCTL: ANDR-PERF-MPCTL: internal_perf_lock_acq_verification() 386: Perflock Submit request limit reached.
12-18 07:32:44.583  root  1138  1138 E ANDR-PERF-MPCTL: ANDR-PERF-MPCTL: internal_perf_lock_acq_verification() 386: Perflock Submit request limit reached.
12-18 07:32:44.588  1000  2600  4153 E WifiPickerTracker: Failed to scan! Reason: -7, 
12-18 07:32:44.588  1000  1855  3445 I WifiService: startScan uid=1000
12-18 07:32:44.606  root  1138  1138 E ANDR-PERF-MPCTL: ANDR-PERF-MPCTL: internal_perf_lock_acq_verification() 386: Perflock Submit request limit reached.
12-18 07:32:44.628  root  1138  1138 E ANDR-PERF-MPCTL: ANDR-PERF-MPCTL: internal_perf_lock_acq_verification() 386: Perflock Submit request limit reached.
12-18 07:32:44.648 10054  2659  3412 I jank_cuj_events_end_request: [60,1702884764647534000,908167840017,908167844183]
12-18 07:32:44.652  root  1138  1138 E ANDR-PERF-MPCTL: ANDR-PERF-MPCTL: internal_perf_lock_acq_verification() 386: Perflock Submit request limit reached.
12-18 07:32:44.695  root  1138  1138 E ANDR-PERF-MPCTL: ANDR-PERF-MPCTL: internal_perf_lock_acq_verification() 386: Perflock Submit request limit reached.
12-18 07:32:44.718  root  1138  1138 E ANDR-PERF-MPCTL: ANDR-PERF-MPCTL: internal_perf_lock_acq_verification() 386: Perflock Submit request limit reached.
12-18 07:32:44.741  root  1138  1138 E ANDR-PERF-MPCTL: ANDR-PERF-MPCTL: internal_perf_lock_acq_verification() 386: Perflock Submit request limit reached.
12-18 07:32:44.763  root  1138  1138 E ANDR-PERF-MPCTL: ANDR-PERF-MPCTL: internal_perf_lock_acq_verification() 386: Perflock Submit request limit reached.
12-18 07:32:44.785  root  1138  1138 E ANDR-PERF-MPCTL: ANDR-PERF-MPCTL: internal_perf_lock_acq_verification() 386: Perflock Submit request limit reached.
12-18 07:32:44.806 10057  2356  2403 I ImeTracker: com.android.settings:ca0cc209: onHidden
12-18 07:32:44.806  root  1138  1138 E ANDR-PERF-MPCTL: ANDR-PERF-MPCTL: internal_perf_lock_acq_verification() 386: Perflock Submit request limit reached.
12-18 07:32:44.830  root  1138  1138 E ANDR-PERF-MPCTL: ANDR-PERF-MPCTL: internal_perf_lock_acq_verification() 386: Perflock Submit request limit reached.
12-18 07:32:44.846  1000  2600  2600 E PreferenceGroup: Found duplicated key: "StandardWifiEntry:{"SCAN_RESULT_KEY":"{\"SSID\":\"CMCC\",\"SECURITY_TYPES\":[2,4]}","IS_TARGETING_NEW_NETWORKS":true}". This can cause unintended behaviour, please use unique keys for every preference.
12-18 07:32:44.851  root  1138  1138 E ANDR-PERF-MPCTL: ANDR-PERF-MPCTL: internal_perf_lock_acq_verification() 386: Perflock Submit request limit reached.
12-18 07:32:44.873  root  1138  1138 E ANDR-PERF-MPCTL: ANDR-PERF-MPCTL: internal_perf_lock_acq_verification() 386: Perflock Submit request limit reached.
12-18 07:32:44.895  root  1138  1138 E ANDR-PERF-MPCTL: ANDR-PERF-MPCTL: internal_perf_lock_acq_verification() 386: Perflock Submit request limit reached.
12-18 07:32:44.915 10057  2356  2403 V WindowManagerShell: Transition animation finished (aborted=false), notifying core (#12)android.os.BinderProxy@e95b61e@0
12-18 07:32:44.917  root  1138  1138 E ANDR-PERF-MPCTL: ANDR-PERF-MPCTL: internal_perf_lock_acq_verification() 386: Perflock Submit request limit reached.
12-18 07:32:44.919  1000  1855  1916 V WindowManager: Finish Transition #12: created at 12-18 07:32:44.261 collect-started=0.13ms request-sent=0.386ms started=13.972ms ready=33.892ms sent=84.65ms finished=657.249ms
12-18 07:32:44.923 10057  2356  2403 V WindowManagerShell: Track 0 became idle
12-18 07:32:44.923 10057  2356  2403 V WindowManagerShell: All active transition animations finished
12-18 07:32:44.923  1000  1855  1919 I wm_destroy_activity: [0,99559673,8,com.android.settings/.SubSettings,finish-imm:idle]
12-18 07:32:44.942  root  1138  1138 E ANDR-PERF-MPCTL: ANDR-PERF-MPCTL: internal_perf_lock_acq_verification() 386: Perflock Submit request limit reached.
12-18 07:32:44.953  1000  2600  4198 I StandardNetworkDetailsTracker: Scanning stopped
12-18 07:32:44.953  1000  2600  2600 I wm_on_stop_called: [99559673,com.android.settings.SubSettings,LIFECYCLER_STOP_ACTIVITY,0]
12-18 07:32:44.954  1000  2600  2600 W WindowOnBackDispatcher: sendCancelIfRunning: isInProgress=falsecallback=android.app.Activity$$ExternalSyntheticLambda0@3f4b018
12-18 07:32:44.954  1000  1855  1968 D CoreBackPreview: Window{f572add u0 com.android.settings/com.android.settings.SubSettings}: Setting back callback null
12-18 07:32:44.957  1000  2600  2600 I wm_on_destroy_called: [99559673,com.android.settings.SubSettings,performDestroy,3]
12-18 07:32:44.957 radio  2588  2588 D TelephonyNetworkFactory[0]: onReleaseNetworkFor [NetworkRequest [ REQUEST id=72, [ Capabilities: INTERNET&NOT_RESTRICTED&TRUSTED&NOT_VCN_MANAGED Uid: 1000 RequestorUid: 1000 RequestorPkg: com.android.settings UnderlyingNetworks: Null] ], mPriority=20, state=UNSATISFIED, mAttachedDataNetwork=null, isMetered=true, created time=07:32:44.957, evaluation result=null] applied false
12-18 07:32:44.958  1000  1855  1968 W InputManager-JNI: Input channel object 'f572add com.android.settings/com.android.settings.SubSettings (client)' was disposed without first being removed with the input manager!
12-18 07:32:44.961  root  1138  1138 E ANDR-PERF-MPCTL: ANDR-PERF-MPCTL: internal_perf_lock_acq_verification() 386: Perflock Submit request limit reached.
12-18 07:32:44.984  root  1138  1138 E ANDR-PERF-MPCTL: ANDR-PERF-MPCTL: internal_perf_lock_acq_verification() 386: Perflock Submit request limit reached.
12-18 07:32:44.994  1000  1855  2007 I input_interaction: Interaction with: 51d9737 com.android.settings/com.android.settings.Settings (server), PointerEventDispatcher0 (server), 
12-18 07:32:44.997  1000  1855  1919 I wm_set_keyguard_occluded: [0,0,0,setOccluded]
12-18 07:32:44.997 10057  2356  2425 D KeyguardService: setOccluded(false)
12-18 07:32:44.997  1000  1855  1920 I input_focus: [Focus request 51d9737 com.android.settings/com.android.settings.Settings,reason=UpdateInputWindows]
12-18 07:32:44.998 10057  2356  2425 D KeyguardViewMediator: setOccluded(false)
12-18 07:32:44.998 10057  2356  2356 D KeyguardViewMediator: handleSetOccluded(false)
12-18 07:32:44.998 10057  2356  2356 I sysui_keyguard: [0,0]
12-18 07:32:44.998 10057  2356  2413 I jank_cuj_events_cancel_request: [23,1702884764998531000,908518833662,908518835954]
12-18 07:32:45.006  root  1138  1138 E ANDR-PERF-MPCTL: ANDR-PERF-MPCTL: internal_perf_lock_acq_verification() 386: Perflock Submit request limit reached.
12-18 07:32:45.027  1000  1855  2007 I input_focus: [Focus leaving 4ead42f com.android.settings/com.android.settings.SubSettings (server),reason=setFocusedWindow]
12-18 07:32:45.027  1000  1855  2007 I input_focus: [Focus entering 51d9737 com.android.settings/com.android.settings.Settings (server),reason=setFocusedWindow]
12-18 07:32:45.028  root  1138  1138 E ANDR-PERF-MPCTL: ANDR-PERF-MPCTL: internal_perf_lock_acq_verification() 386: Perflock Submit request limit reached.
12-18 07:32:45.047  1000  1855  2410 I ImeTracker: com.android.settings:9cb8ea93: onRequestHide at ORIGIN_SERVER_HIDE_INPUT reason HIDE_UNSPECIFIED_WINDOW
12-18 07:32:45.047  1000  1855  2410 I ImeTracker: com.android.settings:9cb8ea93: onCancelled at PHASE_SERVER_SHOULD_HIDE
12-18 07:32:45.049  1000  2600  2794 I jank_cuj_events_begin_request: [28,1702884765049164000,908569465485,908569466579,com.android.settings.homepage.TopLevelSettings]
12-18 07:32:45.050  root  1138  1138 E ANDR-PERF-MPCTL: ANDR-PERF-MPCTL: internal_perf_lock_acq_verification() 386: Perflock Submit request limit reached.
12-18 07:32:45.052  1000  1500  1500 I cnss-daemon: nl80211 response handler invoked
12-18 07:32:45.052  1000  1500  1500 I cnss-daemon: nl80211_response_handler: cmd 103, vendorID 6673, subcmd 11  received
12-18 07:32:45.053  wifi  1096  4157 I WifiHAL : Got event: 11
12-18 07:32:45.053  wifi  1096  4157 I WifiHAL : Initiating alert callback
12-18 07:32:45.052  wifi  1461  1461 E wificond: NL80211_CMD_TRIGGER_SCAN failed: Device or resource busy
12-18 07:32:45.054  1000  1855  2286 E WificondScannerImpl: Failed to start scan, freqs=null status: -6
12-18 07:32:45.054  1000  1855  2355 W WifiVendorHal: onDebugErrorAlert 7
12-18 07:32:45.059  1000  1855  2282 E WifiScanRequestProxy: Scan failure received. reason: -6,description: Scan failed - Device or resource busy
12-18 07:32:45.071  root  1138  1138 E ANDR-PERF-MPCTL: ANDR-PERF-MPCTL: internal_perf_lock_acq_verification() 386: Perflock Submit request limit reached.
12-18 07:32:45.093  root  1138  1138 E ANDR-PERF-MPCTL: ANDR-PERF-MPCTL: internal_perf_lock_acq_verification() 386: Perflock Submit request limit reached.
12-18 07:32:45.110  1000  1855  1900 W system_server: Cleared Reference was only reachable from finalizer (only reported once)
12-18 07:32:45.115  root  1138  1138 E ANDR-PERF-MPCTL: ANDR-PERF-MPCTL: internal_perf_lock_acq_verification() 386: Perflock Submit request limit reached.
12-18 07:32:45.137  root  1138  1138 E ANDR-PERF-MPCTL: ANDR-PERF-MPCTL: internal_perf_lock_acq_verification() 386: Perflock Submit request limit reached.
12-18 07:32:45.159  root  1138  1138 E ANDR-PERF-MPCTL: ANDR-PERF-MPCTL: internal_perf_lock_acq_verification() 386: Perflock Submit request limit reached.
12-18 07:32:45.182  root  1138  1138 E ANDR-PERF-MPCTL: ANDR-PERF-MPCTL: internal_perf_lock_acq_verification() 386: Perflock Submit request limit reached.
12-18 07:32:45.204  root  1138  1138 E ANDR-PERF-MPCTL: ANDR-PERF-MPCTL: internal_perf_lock_acq_verification() 386: Perflock Submit request limit reached.
12-18 07:32:45.227  root  1138  1138 E ANDR-PERF-MPCTL: ANDR-PERF-MPCTL: internal_perf_lock_acq_verification() 386: Perflock Submit request limit reached.
12-18 07:32:45.250  root  1138  1138 E ANDR-PERF-MPCTL: ANDR-PERF-MPCTL: internal_perf_lock_acq_verification() 386: Perflock Submit request limit reached.
12-18 07:32:45.253  1000  1500  1500 I cnss-daemon: nl80211 response handler invoked
12-18 07:32:45.253  1000  1500  1500 I cnss-daemon: nl80211_response_handler: cmd 103, vendorID 4120, subcmd 1  received
12-18 07:32:45.253  1000  1500  1500 I cnss-daemon: nl80211 response handler invoked
12-18 07:32:45.253  1000  1500  1500 I cnss-daemon: nl80211_response_handler: cmd 103, vendorID 4120, subcmd 1  received
12-18 07:32:45.254  wifi  4160  4160 I wpa_supplicant: [DHD]<  908.776728> wl_cfgvendor_send_supp_eventstring: [wlan0] Mode:0 event:87 status:0x0 reason:0
12-18 07:32:45.255  wifi  4160  4160 I wpa_supplicant: [DHD]<  908.777092> wl_cfgvendor_send_supp_eventstring: [wlan0] Mode:0 event:3 status:0x0 reason:0
12-18 07:32:45.271  root  1138  1138 E ANDR-PERF-MPCTL: ANDR-PERF-MPCTL: internal_perf_lock_acq_verification() 386: Perflock Submit request limit reached.
12-18 07:32:45.293  root  1138  1138 E ANDR-PERF-MPCTL: ANDR-PERF-MPCTL: internal_perf_lock_acq_verification() 386: Perflock Submit request limit reached.
12-18 07:32:45.315  root  1138  1138 E ANDR-PERF-MPCTL: ANDR-PERF-MPCTL: internal_perf_lock_acq_verification() 386: Perflock Submit request limit reached.
12-18 07:32:45.338  root  1138  1138 E ANDR-PERF-MPCTL: ANDR-PERF-MPCTL: internal_perf_lock_acq_verification() 386: Perflock Submit request limit reached.
12-18 07:32:45.362  root  1138  1138 E ANDR-PERF-MPCTL: ANDR-PERF-MPCTL: internal_perf_lock_acq_verification() 386: Perflock Submit request limit reached.
12-18 07:32:45.382  root  1138  1138 E ANDR-PERF-MPCTL: ANDR-PERF-MPCTL: internal_perf_lock_acq_verification() 386: Perflock Submit request limit reached.
12-18 07:32:45.405  root  1138  1138 E ANDR-PERF-MPCTL: ANDR-PERF-MPCTL: internal_perf_lock_acq_verification() 386: Perflock Submit request limit reached.
12-18 07:32:45.407  1000  2600  2794 I jank_cuj_events_end_request: [28,1702884765407037000,908927337725,908927339027]
12-18 07:32:45.427  root  1138  1138 E ANDR-PERF-MPCTL: ANDR-PERF-MPCTL: internal_perf_lock_acq_verification() 386: Perflock Submit request limit reached.
12-18 07:32:45.450  root  1138  1138 E ANDR-PERF-MPCTL: ANDR-PERF-MPCTL: internal_perf_lock_acq_verification() 386: Perflock Submit request limit reached.
12-18 07:32:45.471  root  1138  1138 E ANDR-PERF-MPCTL: ANDR-PERF-MPCTL: internal_perf_lock_acq_verification() 386: Perflock Submit request limit reached.
12-18 07:32:45.494  root  1138  1138 E ANDR-PERF-MPCTL: ANDR-PERF-MPCTL: internal_perf_lock_acq_verification() 386: Perflock Submit request limit reached.
12-18 07:32:45.516  root  1138  1138 E ANDR-PERF-MPCTL: ANDR-PERF-MPCTL: internal_perf_lock_acq_verification() 386: Perflock Submit request limit reached.
12-18 07:32:45.518  1000  1500  1500 I cnss-daemon: nl80211 response handler invoked
12-18 07:32:45.518  1000  1500  1500 I cnss-daemon: nl80211_response_handler: cmd 103, vendorID 4120, subcmd 1  received
12-18 07:32:45.518  1000  1500  1500 I cnss-daemon: nl80211 response handler invoked
12-18 07:32:45.518  1000  1500  1500 I cnss-daemon: nl80211_response_handler: cmd 103, vendorID 4120, subcmd 1  received
12-18 07:32:45.523  wifi  4160  4160 I wpa_supplicant: [DHD]<  909.041124> wl_cfgvendor_send_supp_eventstring: [wlan0] Mode:0 event:88 status:0x0 reason:0
12-18 07:32:45.528  wifi  4160  4160 I wpa_supplicant: [DHD]<  909.041794> wl_cfgvendor_send_supp_eventstring: [wlan0] Mode:0 event:16 status:0x0 reason:0
12-18 07:32:45.530  wifi  4160  4160 I wpa_supplicant: nl80211: key_mgmt_set_key with key_len 32
12-18 07:32:45.537  root  1138  1138 E ANDR-PERF-MPCTL: ANDR-PERF-MPCTL: internal_perf_lock_acq_verification() 386: Perflock Submit request limit reached.
12-18 07:32:45.541  wifi  4160  4160 I wpa_supplicant: wlan0: Associated with 04:42:1a:4e:c4:30
12-18 07:32:45.542  wifi  4160  4160 I wpa_supplicant: wlan0: WPA: RX message 1 of 4-Way Handshake from 04:42:1a:4e:c4:30 (ver=2)
12-18 07:32:45.542  wifi  4160  4160 I wpa_supplicant: wlan0: WPA: Sending EAPOL-Key 2/4
12-18 07:32:45.543  wifi  4160  4160 I wpa_supplicant: wlan0: CTRL-EVENT-SUBNET-STATUS-UPDATE status=0
12-18 07:32:45.545  1000  1855  2282 I WifiClientModeImpl[892546:wlan0]: Update current security type to 2
12-18 07:32:45.548  1000  1500  1500 I cnss-daemon: nl80211 response handler invoked
12-18 07:32:45.549  1000  1500  1500 I cnss-daemon: nl80211_response_handler: cmd 103, vendorID 4120, subcmd 1  received
12-18 07:32:45.549  1000  1500  1500 I cnss-daemon: nl80211 response handler invoked
12-18 07:32:45.549  1000  1500  1500 I cnss-daemon: nl80211_response_handler: cmd 103, vendorID 4120, subcmd 1  received
12-18 07:32:45.549  1000  1500  1500 I cnss-daemon: nl80211 response handler invoked
12-18 07:32:45.549  1000  1500  1500 I cnss-daemon: nl80211_response_handler: cmd 103, vendorID 4120, subcmd 1  received
12-18 07:32:45.550  wifi  4160  4160 I wpa_supplicant: [DHD]<  909.071883> wl_cfgvendor_send_supp_eventstring: [wlan0] Mode:0 event:7 status:0x0 reason:0
12-18 07:32:45.550  1000  1855  2282 W ContextImpl: Calling a method in the system process without a qualified user: android.app.ContextImpl.sendStickyBroadcast:1626 com.android.server.wifi.ClientModeImpl.sendNetworkChangeBroadcast:3008 com.android.server.wifi.ClientModeImpl.lambda$sendNetworkChangeBroadcastWithCurrentState$14:2985 com.android.server.wifi.ClientModeImpl.$r8$lambda$q-j88Pjw4gROgoJFr8wBlBVbuJI:0 com.android.server.wifi.ClientModeImpl$$ExternalSyntheticLambda4.send:0 
12-18 07:32:45.551  wifi  4160  4160 I wpa_supplicant: [DHD]<  909.072240> wl_cfgvendor_send_supp_eventstring: [wlan0] Mode:0 event:1 status:0x0 reason:0
12-18 07:32:45.551  wifi  4160  4160 I wpa_supplicant: wlan0: RSN: RX message 3 of 4-Way Handshake from 04:42:1a:4e:c4:30 (ver=2)
12-18 07:32:45.552  1000  1855  2282 I WifiClientModeImpl[892546:wlan0]: Update current security type to 2
12-18 07:32:45.552  wifi  4160  4160 I wpa_supplicant: wlan0: WPA: Sending EAPOL-Key 4/4
12-18 07:32:45.559  root  1138  1138 E ANDR-PERF-MPCTL: ANDR-PERF-MPCTL: internal_perf_lock_acq_verification() 386: Perflock Submit request limit reached.
12-18 07:32:45.559  1000  1855  2282 I WifiClientModeImpl[892546:wlan0]: Update current security type to 2
12-18 07:32:45.561  wifi  4160  4160 I wpa_supplicant: wlan0: WPA: Key negotiation completed with 04:42:1a:4e:c4:30 [PTK=CCMP GTK=CCMP]
12-18 07:32:45.561  wifi  4160  4160 I wpa_supplicant: wlan0: CTRL-EVENT-CONNECTED - Connection to 04:42:1a:4e:c4:30 completed [id=0 id_str=%7B%22configKey%22%3A%22%5C%22CMCC%5C%22WPA_PSK%22%2C%22creatorUid%22%3A%221000%22%7D]
12-18 07:32:45.567  wifi  4160  4160 I wpa_supplicant: [DHD]<  909.072340> wl_cfgvendor_send_supp_eventstring: [wlan0] Mode:0 event:0 status:0x0 reason:0
12-18 07:32:45.570  1000  1855  2282 W ContextImpl: Calling a method in the system process without a qualified user: android.app.ContextImpl.sendStickyBroadcast:1626 com.android.server.wifi.ClientModeImpl.sendNetworkChangeBroadcast:3008 com.android.server.wifi.ClientModeImpl.lambda$sendNetworkChangeBroadcastWithCurrentState$14:2985 com.android.server.wifi.ClientModeImpl.$r8$lambda$q-j88Pjw4gROgoJFr8wBlBVbuJI:0 com.android.server.wifi.ClientModeImpl$$ExternalSyntheticLambda4.send:0 
12-18 07:32:45.575  1000  1855  2282 I ConnectivityService: Update score for net 100 : +IS_UNMETERED+EVER_USER_SELECTED
12-18 07:32:45.576  1000  1855  2282 D ConnectivityService: registerNetworkAgent NetworkAgentInfo{network{100}  handle{432902426637}  ni{WIFI CONNECTING extra: } created=2023-12-18T07:32:45.576Z Score(Policies : IS_UNMETERED&EVER_USER_SELECTED ; KeepConnected : 0)  explicitlySelected  lp{{LinkAddresses: [ ] DnsAddresses: [ ] Domains: null MTU: 0 Routes: [ ]}}  nc{[ Transports: WIFI Capabilities: NOT_METERED&INTERNET&NOT_RESTRICTED&TRUSTED&NOT_VPN&NOT_ROAMING&NOT_CONGESTED&NOT_SUSPENDED&NOT_VCN_MANAGED LinkUpBandwidth>=286000Kbps LinkDnBandwidth>=286000Kbps Specifier: <WifiNetworkAgentSpecifier [WifiConfiguration=, SSID="CMCC", BSSID=04:42:1a:4e:c4:30, band=1, mMatchLocalOnlySpecifiers=false]> TransportInfo: <SSID: "CMCC", BSSID: 04:42:1a:4e:c4:30, MAC: 00:90:4c:12:d0:01, IP: null, Security type: 2, Supplicant state: GROUP_HANDSHAKE, Wi-Fi standard: 6, RSSI: -127, Link speed: -1Mbps, Tx Link speed: -1Mbps, Max Supported Tx Link speed: 286Mbps, Rx Link speed: -1Mbps, Max Supported Rx Link speed: 286Mbps, Frequency: 2457MHz, Net ID: 0, Metered hint: false, score: 0, isUsable: true, CarrierMerged: false, SubscriptionId: -1, IsPrimary: 1, Trusted: true, Restricted: false, Ephemeral: false, OEM paid: false, OEM private: false, OSU AP: false, FQDN: <none>, Provider friendly name: <none>, Requesting package name: <none>"CMCC"wpa2-pskMLO Information: , Is TID-To-Link negotiation supported by the AP: false, AP MLD Address: <none>, AP MLO Link Id: <none>, AP MLO Affiliated links: <none>> AllowedUids: <{1000}> OwnerUid: 1000 AdminUids: [1000] SSID: "CMCC" UnderlyingNetworks: Null]}  factorySerialNumber=4}
12-18 07:32:45.580  1000  1855  2282 W ContextImpl: Calling a method in the system process without a qualified user: android.app.ContextImpl.sendStickyBroadcast:1626 com.android.server.wifi.ClientModeImpl.sendNetworkChangeBroadcast:3008 com.android.server.wifi.ClientModeImpl.lambda$sendNetworkChangeBroadcastWithCurrentState$14:2985 com.android.server.wifi.ClientModeImpl.$r8$lambda$q-j88Pjw4gROgoJFr8wBlBVbuJI:0 com.android.server.wifi.ClientModeImpl$$ExternalSyntheticLambda4.send:0 
12-18 07:32:45.581  root  1138  1138 E ANDR-PERF-MPCTL: ANDR-PERF-MPCTL: internal_perf_lock_acq_verification() 386: Perflock Submit request limit reached.
12-18 07:32:45.584  wifi  1096  1096 D WifiHAL : Getting APF capabilities, halHandle = 0xb400006f04392e90
12-18 07:32:45.584  wifi  1096  1096 I WifiHAL : createRequest: APF get capabilities request
12-18 07:32:45.586  1073  2510  4164 D CompatibilityChangeReporter: Compat change id reported: 186082280; UID 1073; state: ENABLED
12-18 07:32:45.586  wifi  1096  1096 D WifiHAL : In SetAPFCommand::handleResponse
12-18 07:32:45.586  wifi  1096  1096 D WifiHAL : Id = 0, subcmd = 0, len = 16
12-18 07:32:45.586  wifi  1096  1096 D WifiHAL : Response received for get packet filter capabilities command
12-18 07:32:45.586  wifi  1096  1096 I WifiHAL : APF version is 4
12-18 07:32:45.586  wifi  1096  1096 I WifiHAL : APF max len is 4096
12-18 07:32:45.586  wifi  1096  1096 I WifiHAL : Done!
12-18 07:32:45.586  wifi  1096  1096 D WifiHAL : Getting APF capability, version = 4, max_len = 4096
12-18 07:32:45.597  1000  1855  2442 D CompatibilityChangeReporter: Compat change id reported: 171306433; UID 1073; state: ENABLED
12-18 07:32:45.603  1000  1855  2282 I WifiClientModeImpl[892546:wlan0]: Update current security type to 2
12-18 07:32:45.604  root  1138  1138 E ANDR-PERF-MPCTL: ANDR-PERF-MPCTL: internal_perf_lock_acq_verification() 386: Perflock Submit request limit reached.
12-18 07:32:45.619  1073  2510  4307 D ApfFilter: (wlan0): begin monitoring
12-18 07:32:45.623  1000  1855  2290 D ConnectivityService: [100 WIFI] EVENT_NETWORK_INFO_CHANGED, going from CONNECTING to CONNECTING
12-18 07:32:45.625  root  1138  1138 E ANDR-PERF-MPCTL: ANDR-PERF-MPCTL: internal_perf_lock_acq_verification() 386: Perflock Submit request limit reached.
12-18 07:32:45.627  1073  2510  4306 D NetworkMonitor/100: checkAndRenewResourceConfig: update captive portal https urls to [https://www.google.com/generate_204]
12-18 07:32:45.628  1073  2510  4306 D NetworkMonitor/100: checkAndRenewResourceConfig: update captive portal http urls to [http://connectivitycheck.gstatic.com/generate_204]
12-18 07:32:45.630  1073  2510  4306 D NetworkMonitor/100: checkAndRenewResourceConfig: update captive portal fallback urls to[http://www.google.com/gen_204, http://play.googleapis.com/generate_204]
12-18 07:32:45.630  1073  2510  4306 D NetworkMonitor: Starting on network 100 with capport HTTPS URL [https://www.google.com/generate_204] and HTTP URL [http://connectivitycheck.gstatic.com/generate_204]
12-18 07:32:45.642  wifi  1096  1096 D WifiHAL : Setting APF program, halHandle = 0xb400006f04392e90
12-18 07:32:45.642  wifi  1096  1096 I WifiHAL : createRequest: APF set program request
12-18 07:32:45.642  1000  1855  2282 E WifiStaIfaceHidlImpl: installApfPacketFilter failed with status: {.code = ERROR_INVALID_ARGS, .description = }
12-18 07:32:45.643  wifi  1096  1096 D WifiHAL : Setting APF program, halHandle = 0xb400006f04392e90
12-18 07:32:45.643  wifi  1096  1096 I WifiHAL : createRequest: APF set program request
12-18 07:32:45.648  root  1138  1138 E ANDR-PERF-MPCTL: ANDR-PERF-MPCTL: internal_perf_lock_acq_verification() 386: Perflock Submit request limit reached.
12-18 07:32:45.649  wifi  1096  1096 I WifiHAL : Done!
12-18 07:32:45.650  1000  1855  2290 I ConnectivityService: Update score for net 100 : +TRANSPORT_PRIMARY
12-18 07:32:45.652  1073  2510  4164 D IpClient/wlan0: routeUpdated: fe80::/64 -> :: wlan0 mtu 0
12-18 07:32:45.652  1000  1855  2290 D ConnectivityService: NetReassign [no changes] [c 0] [a 0] [i 1]
12-18 07:32:45.653  1073  2510  4164 D IpClient/wlan0: addressUpdated: fe80::133b:5bb4:f366:75bd/64 on ifindex 16 flags 0x000008C4 scope 253
12-18 07:32:45.654  1073  2510  4164 D TrafficStats: tagSocket(94) with statsTag=0xfffffe01, statsUid=-1
12-18 07:32:45.655  1000  1855  2290 D ConnectivityService: NetReassign [no changes] [c 0] [a 0] [i 1]
12-18 07:32:45.657  1073  2510  4164 D IpClient.wlan0: set max DTIM multiplier to 1
12-18 07:32:45.658  1000  1855  2290 D ConnectivityService: Adding iface wlan0 to network 100
12-18 07:32:45.658  1000  1855  2282 D WifiStaIfaceHidlImpl: setDtimMultiplier is not implemented by HIDL
12-18 07:32:45.658  root  1012  1046 E Netd    : no such netId 100
12-18 07:32:45.659  1000  1855  2290 W ConnectivityService: Exception adding interface: android.os.ServiceSpecificException: Machine is not on the network (code 64)
12-18 07:32:45.660  1000  1855  2290 D CompatibilityChangeReporter: Compat change id reported: 186082280; UID 1000; state: ENABLED
12-18 07:32:45.661  root  1012  1046 E Netd    : no such netId 100
12-18 07:32:45.664  1000  1855  2290 W BestClock: java.time.DateTimeException: Missing network time fix
12-18 07:32:45.667  1000  1855  2290 I service_manager_stats: [100,140,877469]
12-18 07:32:45.667  1000  1855  2290 W BestClock: java.time.DateTimeException: Missing network time fix
12-18 07:32:45.667  1000  1855  2290 I netstats_mobile_sample: [0,0,0,0,0,0,0,0,1702884765667]
12-18 07:32:45.667  1000  1855  2290 I netstats_wifi_sample: [0,0,0,0,0,0,0,0,1702884765667]
12-18 07:32:45.670  root  1138  1138 E ANDR-PERF-MPCTL: ANDR-PERF-MPCTL: internal_perf_lock_acq_verification() 386: Perflock Submit request limit reached.
12-18 07:32:45.693  root  1138  1138 E ANDR-PERF-MPCTL: ANDR-PERF-MPCTL: internal_perf_lock_acq_verification() 386: Perflock Submit request limit reached.
12-18 07:32:45.715  root  1138  1138 E ANDR-PERF-MPCTL: ANDR-PERF-MPCTL: internal_perf_lock_acq_verification() 386: Perflock Submit request limit reached.
12-18 07:32:45.737  root  1138  1138 E ANDR-PERF-MPCTL: ANDR-PERF-MPCTL: internal_perf_lock_acq_verification() 386: Perflock Submit request limit reached.
12-18 07:32:45.760  root  1138  1138 E ANDR-PERF-MPCTL: ANDR-PERF-MPCTL: internal_perf_lock_acq_verification() 386: Perflock Submit request limit reached.
12-18 07:32:45.805  root  1138  1138 E ANDR-PERF-MPCTL: ANDR-PERF-MPCTL: internal_perf_lock_acq_verification() 386: Perflock Submit request limit reached.
12-18 07:32:45.815  1073  2510  4164 D DhcpClient: Broadcasting DHCPDISCOVER
12-18 07:32:45.826  root  1138  1138 E ANDR-PERF-MPCTL: ANDR-PERF-MPCTL: internal_perf_lock_acq_verification() 386: Perflock Submit request limit reached.
12-18 07:32:45.871  root  1138  1138 E ANDR-PERF-MPCTL: ANDR-PERF-MPCTL: internal_perf_lock_acq_verification() 386: Perflock Submit request limit reached.
12-18 07:32:45.893  root  1138  1138 E ANDR-PERF-MPCTL: ANDR-PERF-MPCTL: internal_perf_lock_acq_verification() 386: Perflock Submit request limit reached.
12-18 07:32:45.915  root  1138  1138 E ANDR-PERF-MPCTL: ANDR-PERF-MPCTL: internal_perf_lock_acq_verification() 386: Perflock Submit request limit reached.
12-18 07:32:45.938  root  1138  1138 E ANDR-PERF-MPCTL: ANDR-PERF-MPCTL: internal_perf_lock_acq_verification() 386: Perflock Submit request limit reached.
12-18 07:32:45.958  root  1138  1138 E ANDR-PERF-MPCTL: ANDR-PERF-MPCTL: internal_perf_lock_acq_verification() 386: Perflock Submit request limit reached.
12-18 07:32:45.981  root  1138  1138 E ANDR-PERF-MPCTL: ANDR-PERF-MPCTL: internal_perf_lock_acq_verification() 386: Perflock Submit request limit reached.
12-18 07:32:46.004  root  1138  1138 E ANDR-PERF-MPCTL: ANDR-PERF-MPCTL: internal_perf_lock_acq_verification() 386: Perflock Submit request limit reached.
12-18 07:32:46.027  root  1138  1138 E ANDR-PERF-MPCTL: ANDR-PERF-MPCTL: internal_perf_lock_acq_verification() 386: Perflock Submit request limit reached.
12-18 07:32:46.049  root  1138  1138 E ANDR-PERF-MPCTL: ANDR-PERF-MPCTL: internal_perf_lock_acq_verification() 386: Perflock Submit request limit reached.
12-18 07:32:46.071  root  1138  1138 E ANDR-PERF-MPCTL: ANDR-PERF-MPCTL: internal_perf_lock_acq_verification() 386: Perflock Submit request limit reached.
12-18 07:32:46.093  root  1138  1138 E ANDR-PERF-MPCTL: ANDR-PERF-MPCTL: internal_perf_lock_acq_verification() 386: Perflock Submit request limit reached.
12-18 07:32:46.115  root  1138  1138 E ANDR-PERF-MPCTL: ANDR-PERF-MPCTL: internal_perf_lock_acq_verification() 386: Perflock Submit request limit reached.
12-18 07:32:46.159  root  1138  1138 E ANDR-PERF-MPCTL: ANDR-PERF-MPCTL: internal_perf_lock_acq_verification() 386: Perflock Submit request limit reached.
12-18 07:32:46.182  root  1138  1138 E ANDR-PERF-MPCTL: ANDR-PERF-MPCTL: internal_perf_lock_acq_verification() 386: Perflock Submit request limit reached.
12-18 07:32:46.204  root  1138  1138 E ANDR-PERF-MPCTL: ANDR-PERF-MPCTL: internal_perf_lock_acq_verification() 386: Perflock Submit request limit reached.
12-18 07:32:46.226  root  1138  1138 E ANDR-PERF-MPCTL: ANDR-PERF-MPCTL: internal_perf_lock_acq_verification() 386: Perflock Submit request limit reached.
12-18 07:32:46.248  root  1138  1138 E ANDR-PERF-MPCTL: ANDR-PERF-MPCTL: internal_perf_lock_acq_verification() 386: Perflock Submit request limit reached.
12-18 07:32:46.270  root  1138  1138 E ANDR-PERF-MPCTL: ANDR-PERF-MPCTL: internal_perf_lock_acq_verification() 386: Perflock Submit request limit reached.
12-18 07:32:46.318  root  1138  1138 E ANDR-PERF-MPCTL: ANDR-PERF-MPCTL: internal_perf_lock_acq_verification() 386: Perflock Submit request limit reached.
12-18 07:32:46.654  1073  2510  4164 D IpClient/wlan0: addressUpdated: fe80::133b:5bb4:f366:75bd/64 on ifindex 16 flags 0x00000880 scope 253
12-18 07:32:46.811  1073  2510  4164 D DhcpClient: Broadcasting DHCPDISCOVER
12-18 07:32:46.822  1073  2510  4164 D DhcpClient: Received packet: 00:90:4c:12:d0:01 OFFER, ip /192.168.50.34, mask /255.255.255.0, DNS servers: /202.81.252.1 /192.168.50.1 , gateways [/192.168.50.1], lease time 86400, domain null
12-18 07:32:46.826  1073  2510  4164 D DhcpClient: Got pending lease: com.android.networkstack.android.net.DhcpResults@192b389 DHCP server /192.168.50.1 Vendor info null lease 86400 seconds Servername 
12-18 07:32:46.831  1073  2510  4164 D DhcpClient: Broadcasting DHCPREQUEST ciaddr=0.0.0.0 request=192.168.50.34 serverid=192.168.50.1
12-18 07:32:46.866  1073  2510  4164 D DhcpClient: Received packet: 00:90:4c:12:d0:01 ACK: your new IP /192.168.50.34, netmask /255.255.255.0, gateways [/192.168.50.1] DNS servers: /202.81.252.1 /192.168.50.1 , lease time 86400
12-18 07:32:46.871  1073  2510  4164 D DhcpClient: Confirmed lease: com.android.networkstack.android.net.DhcpResults@192b389 DHCP server /192.168.50.1 Vendor info null lease 86400 seconds Servername 
12-18 07:32:46.893  1000  1855  2282 I WifiClientModeImpl[892546:wlan0]: Update current security type to 2
12-18 07:32:46.897  1000  1855  2282 W ContextImpl: Calling a method in the system process without a qualified user: android.app.ContextImpl.sendStickyBroadcast:1626 com.android.server.wifi.ClientModeImpl.sendNetworkChangeBroadcast:3008 com.android.server.wifi.ClientModeImpl.lambda$sendNetworkChangeBroadcastWithCurrentState$14:2985 com.android.server.wifi.ClientModeImpl.$r8$lambda$q-j88Pjw4gROgoJFr8wBlBVbuJI:0 com.android.server.wifi.ClientModeImpl$$ExternalSyntheticLambda4.send:0 
12-18 07:32:46.899  1073  2510  4164 D IpClient/wlan0: addressUpdated: 192.168.50.34/24 on ifindex 16 flags 0x00000080 scope 0
12-18 07:32:46.901  root  1012  1046 E Netd    : no such netId 100
12-18 07:32:46.902  1000  1855  2290 E ConnectivityService: Exception in networkAddRouteParcel for non-gateway: android.os.ServiceSpecificException: Machine is not on the network (code 64)
12-18 07:32:46.902  root  1012  1046 E Netd    : no such netId 100
12-18 07:32:46.903  1000  1855  2290 E ConnectivityService: Exception in networkAddRouteParcel for gateway: android.os.ServiceSpecificException: Machine is not on the network (code 64)
12-18 07:32:46.909  1073  2510  4164 D DhcpClient: Scheduling renewal in 43199s
12-18 07:32:46.909  1073  2510  4164 D DhcpClient: Scheduling rebind in 75599s
12-18 07:32:46.909  1073  2510  4164 D DhcpClient: Scheduling expiry in 86399s
12-18 07:32:46.914  wifi  1096  1096 D WifiHAL : Setting APF program, halHandle = 0xb400006f04392e90
12-18 07:32:46.914  wifi  1096  1096 I WifiHAL : createRequest: APF set program request
12-18 07:32:46.917  wifi  1096  1096 I WifiHAL : Done!
12-18 07:32:46.918  1000  1855  2290 D ConnectivityService: Setting DNS servers for network 100 to [/202.81.252.1, /192.168.50.1]
12-18 07:32:46.918  1000  1855  2290 W BroadcastLoopers: Found previously unknown looper Thread[ConnectivityServiceThread,5,main]
12-18 07:32:46.919  1000  1855  2282 W ContextImpl: Calling a method in the system process without a qualified user: android.app.ContextImpl.sendStickyBroadcast:1626 com.android.server.wifi.ClientModeImpl.sendNetworkChangeBroadcast:3008 com.android.server.wifi.ClientModeImpl.lambda$sendNetworkChangeBroadcastWithCurrentState$14:2985 com.android.server.wifi.ClientModeImpl.$r8$lambda$q-j88Pjw4gROgoJFr8wBlBVbuJI:0 com.android.server.wifi.ClientModeImpl$$ExternalSyntheticLambda4.send:0 
12-18 07:32:46.919  1000  1855  2290 D ConnectivityService: [100 WIFI] EVENT_NETWORK_INFO_CHANGED, going from CONNECTING to CONNECTED
12-18 07:32:46.926  1000  1855  2290 D DnsManager: sendDnsConfigurationForNetwork(100, [202.81.252.1, 192.168.50.1], [], 1800, 25, 8, 64, 0, 0, , [])
12-18 07:32:46.933  1000  1855  2290 W DnsManager: updatePrivateDns(100, PrivateDnsConfig{true:/[]})
12-18 07:32:46.933  1000  1855  2290 D ConnectivityService: Setting DNS servers for network 100 to [/202.81.252.1, /192.168.50.1]
12-18 07:32:46.935  1000  1855  2290 D DnsManager: sendDnsConfigurationForNetwork(100, [202.81.252.1, 192.168.50.1], [], 1800, 25, 8, 64, 0, 0, , [202.81.252.1, 192.168.50.1])
12-18 07:32:46.937  root  1012  4312 W resolv  : Validating DnsTlsServer 192.168.50.1 with mark 0xf0064
12-18 07:32:46.937  root  1012  4313 W resolv  : Validating DnsTlsServer 202.81.252.1 with mark 0xf0064
12-18 07:32:46.938  1000  1855  2290 D ConnectivityService: Adding iface wlan0 to network 100
12-18 07:32:46.938  1000  1855  2282 W WifiScoreReport: Cannot start external scoring netId=100 currentNetId=100 currentNetCapabilities=[ Transports: WIFI Capabilities: NOT_METERED&INTERNET&NOT_RESTRICTED&TRUSTED&NOT_VPN&NOT_ROAMING&NOT_CONGESTED&NOT_SUSPENDED&NOT_VCN_MANAGED LinkUpBandwidth>=12000Kbps LinkDnBandwidth>=30000Kbps Specifier: <WifiNetworkAgentSpecifier [WifiConfiguration=, SSID="CMCC", BSSID=04:42:1a:4e:c4:30, band=1, mMatchLocalOnlySpecifiers=false]> TransportInfo: <SSID: "CMCC", BSSID: 04:42:1a:4e:c4:30, MAC: 00:90:4c:12:d0:01, IP: /192.168.50.34, Security type: 2, Supplicant state: COMPLETED, Wi-Fi standard: 6, RSSI: -28, Link speed: 270Mbps, Tx Link speed: 270Mbps, Max Supported Tx Link speed: 286Mbps, Rx Link speed: 1Mbps, Max Supported Rx Link speed: 286Mbps, Frequency: 2457MHz, Net ID: 0, Metered hint: false, score: 60, isUsable: true, CarrierMerged: false, SubscriptionId: -1, IsPrimary: 1, Trusted: true, Restricted: false, Ephemeral: false, OEM paid: false, OEM private: false, OSU AP: false, FQDN: <none>, Provider friendly name: <none>, Requesting package name: <none>"CMCC"wpa2-pskMLO Information: , Is TID-To-Link negotiation supported by the AP: false, AP MLD Address: <none>, AP MLO Link Id: <none>, AP MLO Affiliated links: <none>> SignalStrength: -28 AllowedUids: <{1000}> OwnerUid: 1000 AdminUids: [1000] SSID: "CMCC" UnderlyingNetworks: Null] sessionId=1008
12-18 07:32:46.946  root  1012  4313 W resolv  : Socket failed to connect: Network is unreachable
12-18 07:32:46.947  root  1012  4313 W resolv  : TCP Handshake failed: 101
12-18 07:32:46.947  root  1012  4313 W resolv  : query failed
12-18 07:32:46.947  root  1012  4313 W resolv  : validateDnsTlsServer returned 0 for 202.81.252.1
12-18 07:32:46.947  1000  1855  2290 D ConnectivityService: Setting DNS servers for network 100 to [/202.81.252.1, /192.168.50.1]
12-18 07:32:46.947  1000  1855  2290 D DnsManager: sendDnsConfigurationForNetwork(100, [202.81.252.1, 192.168.50.1], [], 1800, 25, 8, 64, 0, 0, , [202.81.252.1, 192.168.50.1])
12-18 07:32:46.948  root  1012  4313 W resolv  : Validation failed
12-18 07:32:46.949  1000  1855  2410 D WifiMemoryStoreImpl: Set cluster G478d2376b9f247d4 for W376f27727d9ed04c: SUCCESS
12-18 07:32:46.952  root  1012  4314 W resolv  : Validating DnsTlsServer 202.81.252.1 with mark 0xf0064
12-18 07:32:46.954  1000  1855  2290 W BestClock: java.time.DateTimeException: Missing network time fix
12-18 07:32:46.955  1000  1855  2410 D WifiMemoryStoreImpl: Set cluster G478d2376b9f247d4 for W478d2376b9f247d4: SUCCESS
12-18 07:32:46.956  1000  1855  2290 W BestClock: java.time.DateTimeException: Missing network time fix
12-18 07:32:46.957  1000  1855  2290 I netstats_mobile_sample: [0,0,0,0,0,0,0,0,1702884766956]
12-18 07:32:46.957  1000  1855  2290 I netstats_wifi_sample: [0,0,0,0,0,0,0,0,1702884766956]
12-18 07:32:46.959  1000  1855  2290 D ConnectivityService: Switching to new default network for: uid/pid:1000/1855 activeRequest: 1 callbackRequest: 1 [NetworkRequest [ REQUEST id=1, [ Capabilities: INTERNET&NOT_RESTRICTED&TRUSTED&NOT_VPN&NOT_VCN_MANAGED RequestorUid: 1000 RequestorPkg: android UnderlyingNetworks: Null] ]] callback flags: 1 order: 2147483647 using NetworkAgentInfo{network{100}  handle{432902426637}  ni{WIFI CONNECTED extra: } created=2023-12-18T07:32:45.576Z Score(Policies : TRANSPORT_PRIMARY&IS_UNMETERED&EVER_USER_SELECTED ; KeepConnected : 0)  created 910449 explicitlySelected  lp{{InterfaceName: wlan0 LinkAddresses: [ fe80::133b:5bb4:f366:75bd/64,192.168.50.34/24 ] DnsAddresses: [ /202.81.252.1,/192.168.50.1 ] Domains: null MTU: 0 ServerAddress: /192.168.50.1 TcpBufferSizes: 524288,1048576,2097152,262144,524288,1048576 Routes: [ fe80::/64 -> :: wlan0 mtu 0,192.168.50.0/24 -> 0.0.0.0 wlan0 mtu 0,0.0.0.0/0 -> 192.168.50.1 wlan0 mtu 0 ]}}  nc{[ Transports: WIFI Capabilities: NOT_METERED&INTERNET&NOT_RESTRICTED&TRUSTED&NOT_VPN&NOT_ROAMING&FOREGROUND&NOT_CONGESTED&NOT_SUSPENDED&NOT_VCN_MANAGED LinkUpBandwidth>=12000Kbps LinkDnBandwidth>=30000Kbps Specifier: <WifiNetworkAgentSpecifier [WifiConfiguration=, SSID="CMCC", BSSID=04:42:1a:4e:c4:30, band=1, mMatchLocalOnlySpecifiers=false]> TransportInfo: <SSID: "CMCC", BSSID: 04:42:1a:4e:c4:30, MAC: 00:90:4c:12:d0:01, IP: /192.168.50.34, Security type: 2, Supplicant state: COMPLETED, Wi-Fi standard: 6, RSSI: -28, Link speed: 270Mbps, Tx Link speed: 270Mbps, Max Supported Tx Link speed: 286Mbps, Rx Link speed: 1Mbps, Max Supported Rx Link speed: 286Mbps, Frequency: 2457MHz, Net ID: 0, Metered hint: false, score: 60, isUsable: true, CarrierMerged: false, SubscriptionId: -1, IsPrimary: 1, Trusted: true, Restricted: false, Ephemeral: false, OEM paid: false, OEM private: false, OSU AP: false, FQDN: <none>, Provider friendly name: <none>, Requesting package name: <none>"CMCC"wpa2-pskMLO Information: , Is TID-To-Link negotiation supported by the AP: false, AP MLD Address: <none>, AP MLO Link Id: <none>, AP MLO Affiliated links: <none>> SignalStrength: -28 OwnerUid: 1000 AdminUids: [1000] SSID: "CMCC" UnderlyingNetworks: Null]}  factorySerialNumber=4}
12-18 07:32:46.962  root  1012  1034 E NetlinkEvent: NetlinkEvent::FindParam(): Parameter 'INTERFACE' not found
12-18 07:32:46.962  root  1012  1034 E NetlinkEvent: NetlinkEvent::FindParam(): Parameter 'STATE' not found
12-18 07:32:46.962  root  1012  1034 E NetlinkEvent: NetlinkEvent::FindParam(): Parameter 'TIME_NS' not found
12-18 07:32:46.962  root  1012  1034 E NetlinkEvent: NetlinkEvent::FindParam(): Parameter 'UID' not found
12-18 07:32:46.966  1000  1855  2290 W BestClock: java.time.DateTimeException: Missing network time fix
12-18 07:32:46.969  1073  2510  4317 D TrafficStats: tagSocket(98) with statsTag=0xffffff81, statsUid=-1
12-18 07:32:46.969  1000  1855  2282 E WifiStaIfaceHidlImpl: stopRssiMonitoring failed with status: {.code = ERROR_NOT_AVAILABLE, .description = }
12-18 07:32:46.969  1073  2510  4318 D TrafficStats: tagSocket(97) with statsTag=0xffffff81, statsUid=-1
12-18 07:32:46.969  1000  1855  2290 W BestClock: java.time.DateTimeException: Missing network time fix
12-18 07:32:46.970  1000  1855  2290 I netstats_mobile_sample: [0,0,0,0,0,0,0,0,1702884766970]
12-18 07:32:46.970  1000  1855  2290 I netstats_wifi_sample: [0,0,0,0,0,0,0,0,1702884766970]
12-18 07:32:46.972  1000  1855  2323 D NetworkTimeUpdateService: New default network 100; checking time.
12-18 07:32:46.973  1073  2510  4318 D TrafficStats: tagSocket(97) with statsTag=0xffffff81, statsUid=-1
