12-18 07:18:07.074  1000  1855  1855 I notification_enqueue: [1000,1855,android,2147483647,ranker_group,-1,Notification(channel=PHYSICAL_KEYBOARD shortcut=null contentView=null vibrate=null sound=null defaults=0x0 flags=0x702 color=0x00000000 groupKey=ranker_group vis=PRIVATE),1]
12-18 07:18:07.074  1000  1855  1919 D CompatibilityChangeReporter: Compat change id reported: 135634846; UID 10066; state: DISABLED
12-18 07:18:07.075  1000  1855  1919 D CompatibilityChangeReporter: Compat change id reported: 177438394; UID 10066; state: DISABLED
12-18 07:18:07.075  1000  1855  1919 D CompatibilityChangeReporter: Compat change id reported: 135772972; UID 10066; state: DISABLED
12-18 07:18:07.075  1000  1855  1919 D CompatibilityChangeReporter: Compat change id reported: 135754954; UID 10066; state: ENABLED
12-18 07:18:07.077  1000  1855  1927 D CompatibilityChangeReporter: Compat change id reported: 143937733; UID 10066; state: ENABLED
12-18 07:18:07.077  1000  1855  1927 W ActivityManager: android.ext.services inode == 0 (b/152760674)
12-18 07:18:07.078  1000  1855  1919 I uc_finish_user_boot: 0
12-18 07:18:07.078  1000  1855  1919 I ActivityManager: User 0 state changed from BOOTING to RUNNING_LOCKED
12-18 07:18:07.078  1000  1855  1919 I am_user_state_changed: [0,1]
12-18 07:18:07.080  1000  1855  1919 I uc_send_user_broadcast: [0,android.intent.action.LOCKED_BOOT_COMPLETED]
12-18 07:18:07.081  1000  1855  1919 D SystemServerTiming: finishUserUnlocking-0
12-18 07:18:07.082  1000  1855  1919 I uc_finish_user_unlocking: 0
12-18 07:18:07.082  1000  1855  1919 D ActivityManager: Started unlocking user 0
12-18 07:18:07.082  1000  1855  1919 D ActivityManager: Unlocking user 0 progress 0
12-18 07:18:07.083  1000  1855  1919 D ActivityManager: Unlocking user 0 progress 5
12-18 07:18:07.084  1000  1855  1916 D SystemServerTiming: UM.onBeforeUnlockUser-0
12-18 07:18:07.084  1000  1855  1916 D SystemServerTiming: prepareUserData-0
12-18 07:18:07.085  root   750   750 D vold    : fscrypt_prepare_user_storage for volume null, user 0, serial 0, flags 2
12-18 07:18:07.085  root   750   750 D vold    : Preparing: /data/system_ce/0
12-18 07:18:07.086  root   750   750 I vold    : Encryption policy of /data/system_ce/0 set to f042cfa3398b9ac325e1db3e0716373f v2 modes 1/4 flags 0xa
12-18 07:18:07.086  root   750   750 D vold    : Preparing: /data/vendor_ce/0
12-18 07:18:07.087  root   750   750 I vold    : Encryption policy of /data/vendor_ce/0 set to f042cfa3398b9ac325e1db3e0716373f v2 modes 1/4 flags 0xa
12-18 07:18:07.087  root   750   750 D vold    : Preparing: /data/media/0
12-18 07:18:07.087  root   750   750 I vold    : Encryption policy of /data/media/0 set to f042cfa3398b9ac325e1db3e0716373f v2 modes 1/4 flags 0xa
12-18 07:18:07.087  root   750   750 D vold    : Preparing: /data/misc_ce/0
12-18 07:18:07.088  root   750   750 I vold    : Encryption policy of /data/misc_ce/0 set to f042cfa3398b9ac325e1db3e0716373f v2 modes 1/4 flags 0xa
12-18 07:18:07.088  root   750   750 D vold    : Preparing: /data/user/0
12-18 07:18:07.088  root   750   750 I vold    : Verified that /data/user/0 has the encryption policy f042cfa3398b9ac325e1db3e0716373f v2 modes 1/4 flags 0xa
12-18 07:18:07.088  root   750   750 D vold    : Starting restorecon of /data/system_ce/0
12-18 07:18:07.093  1000  1855  1980 D CompatibilityChangeReporter: Compat change id reported: 265195908; UID 10052; state: ENABLED
12-18 07:18:07.093  1000  1855  1927 I am_proc_start: [0,2849,10066,android.ext.services,on-hold,]
12-18 07:18:07.093  1000  1855  1927 I ActivityManager: Start proc 2849:android.ext.services/u0a66 for on-hold
12-18 07:18:07.094  root   750   750 D vold    : Finished restorecon of /data/system_ce/0
12-18 07:18:07.095  root   750   750 D vold    : Starting restorecon of /data/vendor_ce/0
12-18 07:18:07.099  root   750   750 D vold    : Finished restorecon of /data/vendor_ce/0
12-18 07:18:07.100  root   750   750 D vold    : Starting restorecon of /data/misc_ce/0
12-18 07:18:07.102  root   750   750 D vold    : Finished restorecon of /data/misc_ce/0
12-18 07:18:07.102  root   750   750 D vold    : /system/bin/vold_prepare_subdirs
12-18 07:18:07.102  root   750   750 D vold    :     prepare
12-18 07:18:07.102  root   750   750 D vold    :     
12-18 07:18:07.102  root   750   750 D vold    :     0
12-18 07:18:07.102  root   750   750 D vold    :     2
12-18 07:18:07.102  1000  1855  1968 I am_proc_bound: [0,2837,com.android.inputmethod.latin]
12-18 07:18:07.103  1000  1855  1968 D CompatibilityChangeReporter: Compat change id reported: 168419799; UID 10052; state: DISABLED
12-18 07:18:07.104  1000  1855  1968 D CompatibilityChangeReporter: Compat change id reported: 273564678; UID 10052; state: DISABLED
12-18 07:18:07.106  1000  1855  1968 I am_uid_active: 10052
12-18 07:18:07.119  1000  1855  2506 D CompatibilityChangeReporter: Compat change id reported: 170503758; UID 10052; state: DISABLED
12-18 07:18:07.123  root  2869  2869 F libc    : Fatal signal 6 (SIGABRT), code -1 (SI_QUEUE) in tid 2869 (init), pid 2869 (init)
12-18 07:18:07.139  1000  1855  2504 I am_proc_bound: [0,2849,android.ext.services]
12-18 07:18:07.140  1000  1855  2504 D CompatibilityChangeReporter: Compat change id reported: 168419799; UID 10066; state: DISABLED
12-18 07:18:07.141  1000  1855  2504 D CompatibilityChangeReporter: Compat change id reported: 273564678; UID 10066; state: DISABLED
12-18 07:18:07.142  1000  1855  2504 I am_uid_active: 10066
12-18 07:18:07.146  1000  1855  1980 D CompatibilityChangeReporter: Compat change id reported: 265195908; UID 10066; state: ENABLED
12-18 07:18:07.156  root  2869  2869 F libc    : crash_dump helper failed to exec, or was killed
12-18 07:18:07.159  1000  1855  2506 D CompatibilityChangeReporter: Compat change id reported: 170503758; UID 10066; state: ENABLED
12-18 07:18:07.147  root  2884  2884 I auditd  : type=1400 audit(0.0:142): avc:  denied  { ptrace } for  comm="crash_dump64" scontext=u:r:crash_dump:s0 tcontext=u:r:init:s0 tclass=process permissive=0
12-18 07:18:07.167  1000  1855  2506 I ActivityManager: Flag disabled. Ignoring finishAttachApplication from uid: 10052. pid: 2837
12-18 07:18:07.173  1000  1855  2506 D CompatibilityChangeReporter: Compat change id reported: 241766793; UID 10069; state: ENABLED
12-18 07:18:07.179  1000  1855  2506 D CompatibilityChangeReporter: Compat change id reported: 161252188; UID 10069; state: DISABLED
12-18 07:18:07.206  1000  1855  2504 I ActivityManager: Flag disabled. Ignoring finishAttachApplication from uid: 10066. pid: 2849
12-18 07:18:07.209  1000  1855  1990 I commit_sys_config_file: [settings-0-0,17]
12-18 07:18:07.216  1000  1855  2465 W UsageStatsService: Failed to query usage stats for locked user 0
12-18 07:18:07.227  1000  1855  2506 D CompatibilityChangeReporter: Compat change id reported: 161145287; UID 10066; state: ENABLED
12-18 07:18:07.228  1000  1855  1916 V UserDataPreparer: Found /data/user/0 with serial number 0
12-18 07:18:07.228  1000  1855  1916 V UserDataPreparer: Found /data/system_ce/0 with serial number -1
12-18 07:18:07.228  1000  1855  1916 D UserDataPreparer: Serial number missing on /data/system_ce/0; assuming current is valid
12-18 07:18:07.229  1000  1855  1916 D UserDataPreparer: Setting property: sys.user.0.ce_available=true
12-18 07:18:07.231  1000  1855  1855 V NotificationAssistants: 0 notification assistant service connected: ComponentInfo{android.ext.services/android.ext.services.notification.Assistant}
12-18 07:18:07.231  1000  1855  1916 D SystemServerTiming: reconcileAppsData-0
12-18 07:18:07.234  1000  1855  1916 V PackageManager: reconcileAppsData for null u0 0x2 migrateAppData=true
12-18 07:18:07.234  1000  1855  1855 I ExplicitHealthCheckController: Explicit health check service is connected ComponentInfo{android.ext.services/android.ext.services.watchdog.ExplicitHealthCheckServiceImpl}
12-18 07:18:07.235  1000  1855  1855 I ExplicitHealthCheckController: Service initialized, syncing requests
12-18 07:18:07.235  1000  1855  1916 W PackageManager: Skipping preparing app data for com.android.configinfrastructure
12-18 07:18:07.235  1000  1855  1855 I PackageWatchdog: Syncing health check requests for packages: {}
12-18 07:18:07.235  1000  1855  1855 D ExplicitHealthCheckController: Getting health check supported packages
12-18 07:18:07.235  1000  1855  1916 W PackageManager: Skipping preparing app data for com.android.appsearch
12-18 07:18:07.235  1000  1855  1916 W PackageManager: Skipping preparing app data for com.android.adservices
12-18 07:18:07.235  1000  1855  1916 W PackageManager: Skipping preparing app data for com.android.scheduling
12-18 07:18:07.236  1000  1855  1916 W PackageManager: Skipping preparing app data for com.android.permission
12-18 07:18:07.236  1000  1855  1916 W PackageManager: Skipping preparing app data for com.android.art
12-18 07:18:07.236  1000  1855  1916 W PackageManager: Skipping preparing app data for com.android.uwb
12-18 07:18:07.236  1000  1855  1916 W PackageManager: Skipping preparing app data for com.android.tethering
12-18 07:18:07.236  1000  1855  1916 W PackageManager: Skipping preparing app data for com.android.btservices
12-18 07:18:07.236  1000  1855  1916 W PackageManager: Skipping preparing app data for com.android.media.swcodec
12-18 07:18:07.236  1000  1855  1916 W PackageManager: Skipping preparing app data for com.android.conscrypt
12-18 07:18:07.236  1000  1855  1916 W PackageManager: Skipping preparing app data for com.android.adbd
12-18 07:18:07.236  1000  1855  1916 W PackageManager: Skipping preparing app data for com.android.i18n
12-18 07:18:07.236  1000  1855  1916 W PackageManager: Skipping preparing app data for com.android.rkpd
12-18 07:18:07.236  1000  1855  1916 W PackageManager: Skipping preparing app data for com.android.virt
12-18 07:18:07.236  1000  1855  1916 W PackageManager: Skipping preparing app data for com.android.wifi
12-18 07:18:07.237  1000  1855  1916 W PackageManager: Skipping preparing app data for com.android.runtime
12-18 07:18:07.237  1000  1855  1916 W PackageManager: Skipping preparing app data for com.android.devicelock
12-18 07:18:07.237  1000  1855  1916 W PackageManager: Skipping preparing app data for com.android.apex.cts.shim
12-18 07:18:07.237  1000  1855  1916 W PackageManager: Skipping preparing app data for com.android.compos
12-18 07:18:07.237  1000  1855  1916 W PackageManager: Skipping preparing app data for com.android.neuralnetworks
12-18 07:18:07.237  1000  1855  1916 W PackageManager: Skipping preparing app data for com.android.healthfitness
12-18 07:18:07.237  1000  1855  1916 W PackageManager: Skipping preparing app data for com.android.resolv
12-18 07:18:07.237  1000  1855  1916 W PackageManager: Skipping preparing app data for com.android.sdkext
12-18 07:18:07.237  1000  1855  1916 W PackageManager: Skipping preparing app data for com.android.tzdata
12-18 07:18:07.237  1000  1855  1916 W PackageManager: Skipping preparing app data for com.android.vndk.v29
12-18 07:18:07.237  1000  1855  1916 W PackageManager: Skipping preparing app data for com.android.vndk.v30
12-18 07:18:07.237  1000  1855  1916 W PackageManager: Skipping preparing app data for com.android.vndk.v31
12-18 07:18:07.238  1000  1855  1916 W PackageManager: Skipping preparing app data for com.android.vndk.v32
12-18 07:18:07.238  1000  1855  1916 W PackageManager: Skipping preparing app data for com.android.vndk.v33
12-18 07:18:07.238  1000  1855  1916 W PackageManager: Skipping preparing app data for com.android.vndk.v34
12-18 07:18:07.238  1000  1855  1916 W PackageManager: Skipping preparing app data for com.android.os.statsd
12-18 07:18:07.238  1000  1855  1916 W PackageManager: Skipping preparing app data for com.android.extservices
12-18 07:18:07.238  1000  1855  1916 W PackageManager: Skipping preparing app data for com.android.cellbroadcast
12-18 07:18:07.238  1000  1855  1916 W PackageManager: Skipping preparing app data for com.android.ipsec
12-18 07:18:07.238  1000  1855  1916 W PackageManager: Skipping preparing app data for com.android.media
12-18 07:18:07.238  1000  1855  1916 W PackageManager: Skipping preparing app data for com.android.sdksandbox
12-18 07:18:07.238  1000  1855  1916 W PackageManager: Skipping preparing app data for com.android.mediaprovider
12-18 07:18:07.238  1000  1855  1916 W PackageManager: Skipping preparing app data for com.android.ondevicepersonalization
12-18 07:18:07.246  1000  1855  1968 I ExplicitHealthCheckController: Explicit health check supported packages [PackageConfig{com.android.networkstack, 86400000}]
12-18 07:18:07.247  1000  1855  1968 D PackageWatchdog: Received supported packages [PackageConfig{com.android.networkstack, 86400000}]
12-18 07:18:07.247  1000  1855  1968 D ExplicitHealthCheckController: Getting health check requested packages
12-18 07:18:07.249  1000  1855  1855 I Telecom : BluetoothDeviceManager: Got BluetoothHearingAid: android.bluetooth.BluetoothHearingAid@8d768b8: BMSL.oSC@ABQ
12-18 07:18:07.251  1000  1855  2449 I ExplicitHealthCheckController: Explicit health check requested packages []
12-18 07:18:07.251  1000  1855  2449 I ExplicitHealthCheckController: No more health check requests, unbinding...
12-18 07:18:07.254  1000  1855  2449 I ExplicitHealthCheckController: Explicit health check service is unbound
12-18 07:18:07.254  1000  1855  2504 I commit_sys_config_file: [input-subtypes,13]
12-18 07:18:07.256  1000  1855  1990 I commit_sys_config_file: [settings-2-0,18]
12-18 07:18:07.298  1000  1855  2406 D CompatibilityChangeReporter: Compat change id reported: 161145287; UID 10052; state: DISABLED
12-18 07:18:07.310 10052  2837  2909 W ActivityThread: Failed to find provider info for user_dictionary (user not unlocked)
12-18 07:18:07.335  1000  1855  1918 I commit_sys_config_file: [notification-policy,3654]
12-18 07:18:07.344  1000  1855  1904 D CoreBackPreview: Window{ee86b56 u0 InputMethod}: Setting back callback OnBackInvokedCallbackInfo{mCallback=android.window.IOnBackInvokedCallback$Stub$Proxy@c525a73, mPriority=0, mIsAnimationCallback=false}
12-18 07:18:07.362  1000  1855  2406 D SystemServerTiming: getUserSwitchability-0
12-18 07:18:07.363  1000  1855  2406 D SystemServerTiming: TM.isInCall
12-18 07:18:07.365  1000  1855  2406 D SystemServerTiming: hasUserRestriction-DISALLOW_USER_SWITCH
12-18 07:18:07.365  1000  1855  2406 D SystemServerTiming: getInt-ALLOW_USER_SWITCHING_WHEN_SYSTEM_USER_LOCKED
12-18 07:18:07.365  1000  1855  2406 D SystemServerTiming: isUserUnlocked-USER_SYSTEM
12-18 07:18:07.372 radio  2588  2588 I service_manager_slow: [10,isub]
12-18 07:18:07.404  1000  1855  2406 W ActivityManager: Receiver with filter android.content.IntentFilter@3a10319 already registered for pid 2356, callerPackage is com.android.systemui
12-18 07:18:07.412  1000  1855  1926 I am_uid_running: 10074
12-18 07:18:07.414  1000  1855  1926 I ActivityManager: com.android.devicelockcontroller is exempt from freezer
12-18 07:18:07.414  1000  1855  1926 D CompatibilityChangeReporter: Compat change id reported: 135634846; UID 10074; state: DISABLED
12-18 07:18:07.415  1000  1855  1926 D CompatibilityChangeReporter: Compat change id reported: 177438394; UID 10074; state: DISABLED
12-18 07:18:07.415  1000  1855  1926 D CompatibilityChangeReporter: Compat change id reported: 135772972; UID 10074; state: DISABLED
12-18 07:18:07.415  1000  1855  1926 D CompatibilityChangeReporter: Compat change id reported: 135754954; UID 10074; state: ENABLED
12-18 07:18:07.416  1000  1855  1927 D CompatibilityChangeReporter: Compat change id reported: 143937733; UID 10074; state: ENABLED
12-18 07:18:07.417  1000  1855  1927 W ActivityManager: com.android.devicelockcontroller inode == 0 (b/152760674)
12-18 07:18:07.421  1000  1855  1918 I commit_sys_config_file: [jobs,23]
12-18 07:18:07.427  1000  1855  2406 D CompatibilityChangeReporter: Compat change id reported: 161145287; UID 10043; state: DISABLED
12-18 07:18:07.436 radio  2588  2588 I service_manager_slow: [10,isub]
12-18 07:18:07.442  1000  1855  1927 I am_proc_start: [0,2933,10074,com.android.devicelockcontroller,broadcast,{com.android.devicelockcontroller/com.android.devicelockcontroller.receivers.LockedBootCompletedReceiver}]
12-18 07:18:07.442  1000  1855  1927 I ActivityManager: Start proc 2933:com.android.devicelockcontroller/u0a74 for broadcast {com.android.devicelockcontroller/com.android.devicelockcontroller.receivers.LockedBootCompletedReceiver}
12-18 07:18:07.473  1000  1855  1904 D CompatibilityChangeReporter: Compat change id reported: 161145287; UID 10045; state: DISABLED
12-18 07:18:07.485  1000  1855  1904 D CompatibilityChangeReporter: Compat change id reported: 182478738; UID 10045; state: ENABLED
12-18 07:18:07.494  1000  1855  1904 D TelephonyRegistry: listen oscl: mHasNotifySubscriptionInfoChangedOccurred==false no callback
12-18 07:18:07.495 10057  2356  2356 V ActivityThread: getPackageInfo() caused update to cached ApplicationInfo for package android
12-18 07:18:07.497  1000  1855  1904 D TelephonyRegistry: listen oscl: mHasNotifySubscriptionInfoChangedOccurred==false no callback
12-18 07:18:07.501 10057  2356  2356 W ActivityThread: getPackageInfo() called with an older ApplicationInfo than the cached version for package android
12-18 07:18:07.557  1000  1855  1904 I am_proc_bound: [0,2933,com.android.devicelockcontroller]
12-18 07:18:07.558  1000  1855  1904 D CompatibilityChangeReporter: Compat change id reported: 168419799; UID 10074; state: DISABLED
12-18 07:18:07.558  1000  1855  1904 D CompatibilityChangeReporter: Compat change id reported: 273564678; UID 10074; state: DISABLED
12-18 07:18:07.563  1000  1855  1904 I am_uid_active: 10074
12-18 07:18:07.565  1000  1855  1926 I am_uid_running: 10042
12-18 07:18:07.565  1000  1855  1926 D CompatibilityChangeReporter: Compat change id reported: 135634846; UID 10042; state: DISABLED
12-18 07:18:07.565  1000  1855  1926 D CompatibilityChangeReporter: Compat change id reported: 177438394; UID 10042; state: DISABLED
12-18 07:18:07.566  1000  1855  1926 D CompatibilityChangeReporter: Compat change id reported: 135772972; UID 10042; state: DISABLED
12-18 07:18:07.566  1000  1855  1926 D CompatibilityChangeReporter: Compat change id reported: 135754954; UID 10042; state: ENABLED
12-18 07:18:07.567  1000  1855  1927 D CompatibilityChangeReporter: Compat change id reported: 143937733; UID 10042; state: ENABLED
12-18 07:18:07.567  1000  1855  1927 W ActivityManager: com.qualcomm.qti.smq inode == 0 (b/152760674)
12-18 07:18:07.580  1000  1855  1927 I am_proc_start: [0,2999,10042,com.qualcomm.qti.smq,broadcast,{com.qualcomm.qti.smq/com.qualcomm.qti.smq.receiver.BootReceiver}]
12-18 07:18:07.580  1000  1855  1927 I ActivityManager: Start proc 2999:com.qualcomm.qti.smq/u0a42 for broadcast {com.qualcomm.qti.smq/com.qualcomm.qti.smq.receiver.BootReceiver}
12-18 07:18:07.609  1000  1855  1904 D SystemServerTiming: getUserSwitchability-0
12-18 07:18:07.610  1000  1855  1904 D SystemServerTiming: TM.isInCall
12-18 07:18:07.610  1000  1855  1904 D SystemServerTiming: hasUserRestriction-DISALLOW_USER_SWITCH
12-18 07:18:07.610  1000  1855  1904 D SystemServerTiming: getInt-ALLOW_USER_SWITCHING_WHEN_SYSTEM_USER_LOCKED
12-18 07:18:07.610  1000  1855  1904 D SystemServerTiming: isUserUnlocked-USER_SYSTEM
12-18 07:18:07.618  1000  1855  1904 D CompatibilityChangeReporter: Compat change id reported: 170503758; UID 10074; state: ENABLED
12-18 07:18:07.626  1000  1855  1904 I am_proc_bound: [0,2999,com.qualcomm.qti.smq]
12-18 07:18:07.626  1000  1855  1904 D CompatibilityChangeReporter: Compat change id reported: 168419799; UID 10042; state: DISABLED
12-18 07:18:07.626  1000  1855  1904 D CompatibilityChangeReporter: Compat change id reported: 273564678; UID 10042; state: DISABLED
12-18 07:18:07.629  1000  1855  1904 I am_uid_active: 10042
12-18 07:18:07.640  1000  1855  2406 D CompatibilityChangeReporter: Compat change id reported: 170503758; UID 10042; state: ENABLED
12-18 07:18:07.641  1000  1855  1904 D SystemServerTiming: getUserSwitchability-0
12-18 07:18:07.641  1000  1855  1904 D SystemServerTiming: TM.isInCall
12-18 07:18:07.641  1000  1855  1904 D SystemServerTiming: hasUserRestriction-DISALLOW_USER_SWITCH
12-18 07:18:07.641  1000  1855  1904 D SystemServerTiming: getInt-ALLOW_USER_SWITCHING_WHEN_SYSTEM_USER_LOCKED
12-18 07:18:07.641  1000  1855  1904 D SystemServerTiming: isUserUnlocked-USER_SYSTEM
12-18 07:18:07.661  1000  1855  2355 I UsbDeviceManager: notifyCurrentFunction request:1 status:0
12-18 07:18:07.664 10074  2933  2933 I DeviceLockControllerApplication: onCreate
12-18 07:18:07.666  1000  1855  2449 D CompatibilityChangeReporter: Compat change id reported: 229362273; UID 10052; state: DISABLED
12-18 07:18:07.667  1000  1855  1980 D CompatibilityChangeReporter: Compat change id reported: 265195908; UID 10074; state: ENABLED
12-18 07:18:07.668  1000  1855  1980 D CompatibilityChangeReporter: Compat change id reported: 265195908; UID 10042; state: ENABLED
12-18 07:18:07.672  1000  1855  2406 I ActivityManager: Flag disabled. Ignoring finishAttachApplication from uid: 10042. pid: 2999
12-18 07:18:07.673 10074  2933  2933 I DeviceStateControllerImpl: Starting state is 0
12-18 07:18:07.674 10074  2933  2933 I UserRestrictionsPolicyHandler: Build type DEBUG = false
12-18 07:18:07.678  1000  1855  1926 I am_uid_running: 10041
12-18 07:18:07.679  1000  1855  2449 D SystemServerTiming: getUserSwitchability-0
12-18 07:18:07.679  1000  1855  2449 D SystemServerTiming: TM.isInCall
12-18 07:18:07.679  1000  1855  2449 D SystemServerTiming: hasUserRestriction-DISALLOW_USER_SWITCH
12-18 07:18:07.679  1000  1855  2449 D SystemServerTiming: getInt-ALLOW_USER_SWITCHING_WHEN_SYSTEM_USER_LOCKED
12-18 07:18:07.679  1000  1855  2449 D SystemServerTiming: isUserUnlocked-USER_SYSTEM
12-18 07:18:07.679  1000  1855  1926 D CompatibilityChangeReporter: Compat change id reported: 135634846; UID 10041; state: DISABLED
12-18 07:18:07.680  1000  1855  1926 D CompatibilityChangeReporter: Compat change id reported: 177438394; UID 10041; state: DISABLED
12-18 07:18:07.680  1000  1855  1926 D CompatibilityChangeReporter: Compat change id reported: 135772972; UID 10041; state: DISABLED
12-18 07:18:07.680  1000  1855  1926 D CompatibilityChangeReporter: Compat change id reported: 135754954; UID 10041; state: ENABLED
12-18 07:18:07.683  1000  1855  1927 D CompatibilityChangeReporter: Compat change id reported: 143937733; UID 10041; state: ENABLED
12-18 07:18:07.683  1000  1855  1927 W ActivityManager: com.qualcomm.timeservice inode == 0 (b/152760674)
12-18 07:18:07.692  1000  1855  1927 I am_proc_start: [0,3103,10041,com.qualcomm.timeservice,broadcast,{com.qualcomm.timeservice/com.qualcomm.timeservice.TimeServiceBroadcastReceiver}]
12-18 07:18:07.692  1000  1855  1927 I ActivityManager: Start proc 3103:com.qualcomm.timeservice/u0a41 for broadcast {com.qualcomm.timeservice/com.qualcomm.timeservice.TimeServiceBroadcastReceiver}
12-18 07:18:07.695  1000  1855  2406 D CompatibilityChangeReporter: Compat change id reported: 261072174; UID 10074; state: ENABLED
12-18 07:18:07.696  1000  1855  2449 I ActivityManager: Flag disabled. Ignoring finishAttachApplication from uid: 10074. pid: 2933
12-18 07:18:07.705 10074  2933  3101 I DlcClient: Binding com.android.devicelockcontroller/.storage.SetupParametersService
12-18 07:18:07.715  1000  1855  1916 V PackageManager: reconcileAppsData finished 152 packages
12-18 07:18:07.715  1000  1855  1916 I ActivityManager: User 0 state changed from RUNNING_LOCKED to RUNNING_UNLOCKING
12-18 07:18:07.715  1000  1855  1916 I am_user_state_changed: [0,2]
12-18 07:18:07.716  1000  1855  1916 D ActivityManager: Unlocking user 0 progress 20
12-18 07:18:07.716  1000  1855  1916 W Looper  : Slow dispatch took 632ms android.fg h=android.os.Handler c=com.android.server.am.UserController$$ExternalSyntheticLambda2@d3f0832 m=0
12-18 07:18:07.716  1000  1855  1916 W Looper  : Slow delivery took 632ms android.fg h=android.os.Handler c=com.android.server.am.UserController$$ExternalSyntheticLambda9@101e983 m=0
12-18 07:18:07.716  1000  1855  1926 I ssm_user_unlocking: 0
12-18 07:18:07.716  1000  1855  1926 D SystemServerTimingAsync: ssm.UnlockingUser-0
12-18 07:18:07.716  1000  1855  1926 I SystemServiceManager: Calling onUnlockingUser 0
12-18 07:18:07.716  1000  1855  1926 D SystemServerTimingAsync: ssm.onUnlockingUser-0_com.android.server.security.FileIntegrityService
12-18 07:18:07.716  1000  1855  1926 D SystemServerTimingAsync: ssm.onUnlockingUser-0_com.android.server.pm.Installer
12-18 07:18:07.716  1000  1855  1926 D SystemServerTimingAsync: ssm.onUnlockingUser-0_com.android.server.os.DeviceIdentifiersPolicyService
12-18 07:18:07.716  1000  1855  1926 D SystemServerTimingAsync: ssm.onUnlockingUser-0_com.android.server.uri.UriGrantsManagerService$Lifecycle
12-18 07:18:07.716  1000  1855  1926 D SystemServerTimingAsync: ssm.onUnlockingUser-0_com.android.server.powerstats.PowerStatsService
12-18 07:18:07.716  1000  1855  1926 D SystemServerTimingAsync: ssm.onUnlockingUser-0_com.android.server.permission.access.AccessCheckingService
12-18 07:18:07.716  1000  1855  1926 D SystemServerTimingAsync: ssm.onUnlockingUser-0_com.android.server.wm.ActivityTaskManagerService$Lifecycle
12-18 07:18:07.716  1000  1855  1926 D SystemServerTimingAsync: ssm.onUnlockingUser-0_com.android.server.am.ActivityManagerService$Lifecycle
12-18 07:18:07.716  1000  1855  1926 D SystemServerTimingAsync: ssm.onUnlockingUser-0_com.android.server.pm.DataLoaderManagerService
12-18 07:18:07.716  1000  1855  1926 D SystemServerTimingAsync: ssm.onUnlockingUser-0_com.android.server.power.PowerManagerService
12-18 07:18:07.716  1000  1855  1926 D SystemServerTimingAsync: ssm.onUnlockingUser-0_com.android.server.power.ThermalManagerService
12-18 07:18:07.716  1000  1855  1926 D SystemServerTimingAsync: ssm.onUnlockingUser-0_com.android.server.power.hint.HintManagerService
12-18 07:18:07.716  1000  1855  1926 D SystemServerTimingAsync: ssm.onUnlockingUser-0_com.android.server.recoverysystem.RecoverySystemService$Lifecycle
12-18 07:18:07.716  1000  1855  1926 D SystemServerTimingAsync: ssm.onUnlockingUser-0_com.android.server.lights.LightsService
12-18 07:18:07.716  1000  1855  1926 D SystemServerTimingAsync: ssm.onUnlockingUser-0_com.android.server.display.DisplayManagerService
12-18 07:18:07.716  1000  1855  1926 D SystemServerTimingAsync: ssm.onUnlockingUser-0_com.android.server.pm.verify.domain.DomainVerificationService
12-18 07:18:07.717  1000  1855  1926 D SystemServerTimingAsync: ssm.onUnlockingUser-0_com.android.server.pm.PackageInstallerService$Lifecycle
12-18 07:18:07.717  1000  1855  1926 D SystemServerTimingAsync: ssm.onUnlockingUser-0_com.android.server.pm.UserManagerService$LifeCycle
12-18 07:18:07.717  1000  1855  1926 D SystemServerTimingAsync: ssm.onUnlockingUser-0_com.android.server.om.OverlayManagerService
12-18 07:18:07.717  1000  1855  1926 D SystemServerTimingAsync: ssm.onUnlockingUser-0_com.android.server.resources.ResourcesManagerService
12-18 07:18:07.717  1000  1855  1926 D SystemServerTimingAsync: ssm.onUnlockingUser-0_com.android.server.sensorprivacy.SensorPrivacyService
12-18 07:18:07.717  1000  1855  1926 D SystemServerTimingAsync: ssm.onUnlockingUser-0_com.android.server.sensors.SensorService
12-18 07:18:07.717  1000  1855  1926 D SystemServerTimingAsync: ssm.onUnlockingUser-0_com.android.server.SystemConfigService
12-18 07:18:07.717  1000  1855  1926 D SystemServerTimingAsync: ssm.onUnlockingUser-0_com.android.server.BatteryService
12-18 07:18:07.717  1000  1855  1926 D SystemServerTimingAsync: ssm.onUnlockingUser-0_com.android.server.usage.UsageStatsService
12-18 07:18:07.717  1000  1855  1926 D SystemServerTimingAsync: ssm.onUnlockingUser-0_com.android.server.webkit.WebViewUpdateService
12-18 07:18:07.717  1000  1855  1926 D SystemServerTimingAsync: ssm.onUnlockingUser-0_com.android.server.CachedDeviceStateService
12-18 07:18:07.717  1000  1855  1926 D SystemServerTimingAsync: ssm.onUnlockingUser-0_com.android.server.BinderCallsStatsService$LifeCycle
12-18 07:18:07.717  1000  1855  1926 D SystemServerTimingAsync: ssm.onUnlockingUser-0_com.android.server.LooperStatsService$Lifecycle
12-18 07:18:07.717  1000  1855  1926 D SystemServerTimingAsync: ssm.onUnlockingUser-0_com.android.server.rollback.RollbackManagerService
12-18 07:18:07.718  1000  1855  1916 W Looper  : Drained
12-18 07:18:07.719  1000  1855  1926 D SystemServerTimingAsync: ssm.onUnlockingUser-0_com.android.server.os.NativeTombstoneManagerService
12-18 07:18:07.719  1000  1855  1926 D SystemServerTimingAsync: ssm.onUnlockingUser-0_com.android.server.os.BugreportManagerService
12-18 07:18:07.719  1000  1855  1926 D SystemServerTimingAsync: ssm.onUnlockingUser-0_com.android.server.gpu.GpuService
12-18 07:18:07.719  1000  1855  1926 D SystemServerTimingAsync: ssm.onUnlockingUser-0_com.android.server.security.rkp.RemoteProvisioningService
12-18 07:18:07.719  1000  1855  1926 D SystemServerTimingAsync: ssm.onUnlockingUser-0_com.android.server.security.KeyChainSystemService
12-18 07:18:07.719  1000  1855  1926 D SystemServerTimingAsync: ssm.onUnlockingUser-0_com.android.server.BinaryTransparencyService
12-18 07:18:07.719  1000  1855  1926 D SystemServerTimingAsync: ssm.onUnlockingUser-0_com.android.server.telecom.TelecomLoaderService
12-18 07:18:07.719  1000  1855  1926 D SystemServerTimingAsync: ssm.onUnlockingUser-0_com.android.server.accounts.AccountManagerService$Lifecycle
12-18 07:18:07.719  1000  1855  1926 D SystemServerTimingAsync: ssm.onUnlockingUser-0_com.android.server.content.ContentService$Lifecycle
12-18 07:18:07.719  1000  1855  1926 D SystemServerTimingAsync: ssm.onUnlockingUser-0_com.android.server.deviceconfig.DeviceConfigInit$Lifecycle
12-18 07:18:07.719  1000  1855  1926 D SystemServerTimingAsync: ssm.onUnlockingUser-0_com.android.server.DropBoxManagerService
12-18 07:18:07.719  1000  1855  1926 D SystemServerTimingAsync: ssm.onUnlockingUser-0_com.android.role.RoleService
12-18 07:18:07.719  1000  1855  1926 D SystemServerTimingAsync: ssm.onUnlockingUser-0_com.android.server.vibrator.VibratorManagerService$Lifecycle
12-18 07:18:07.719  1000  1855  1926 D SystemServerTimingAsync: ssm.onUnlockingUser-0_com.android.server.tare.InternalResourceService
12-18 07:18:07.719  1000  1855  1926 D SystemServerTimingAsync: ssm.onUnlockingUser-0_com.android.server.alarm.AlarmManagerService
12-18 07:18:07.719  1000  1855  1926 D SystemServerTimingAsync: ssm.onUnlockingUser-0_com.android.server.devicestate.DeviceStateManagerService
12-18 07:18:07.719  1000  1855  1926 D SystemServerTimingAsync: ssm.onUnlockingUser-0_com.android.server.camera.CameraServiceProxy
12-18 07:18:07.719  1000  1855  1926 D SystemServerTimingAsync: ssm.onUnlockingUser-0_com.android.server.bluetooth.BluetoothService
12-18 07:18:07.719  1000  1855  1926 D SystemServerTimingAsync: ssm.onUnlockingUser-0_com.android.server.connectivity.IpConnectivityMetrics
12-18 07:18:07.719  1000  1855  1926 D SystemServerTimingAsync: ssm.onUnlockingUser-0_com.android.server.net.watchlist.NetworkWatchlistService$Lifecycle
12-18 07:18:07.721  1000  1855  1926 D SystemServerTimingAsync: ssm.onUnlockingUser-0_com.android.server.PinnerService
12-18 07:18:07.721  1000  1855  1926 D SystemServerTimingAsync: ssm.onUnlockingUser-0_com.android.server.integrity.AppIntegrityManagerService
12-18 07:18:07.721  1000  1855  1926 D SystemServerTimingAsync: ssm.onUnlockingUser-0_com.android.server.logcat.LogcatManagerService
12-18 07:18:07.721  1000  1855  1926 D SystemServerTimingAsync: ssm.onUnlockingUser-0_com.android.server.inputmethod.InputMethodManagerService$Lifecycle
12-18 07:18:07.721  1000  1855  1926 D SystemServerTimingAsync: ssm.onUnlockingUser-0_com.android.server.accessibility.AccessibilityManagerService$Lifecycle
12-18 07:18:07.721  1000  1855  1926 D SystemServerTimingAsync: ssm.onUnlockingUser-0_com.android.server.StorageManagerService$Lifecycle
12-18 07:18:07.721  1000  1855  1926 D StorageManagerService: onUnlockUser 0
12-18 07:18:07.721  1000  1855  1926 I StorageSessionController: On user unlock 0
12-18 07:18:07.721  1000  1855  1926 I StorageSessionController: Initialialising...
12-18 07:18:07.722  root   750   750 I vold    : onUserStarted: 0
12-18 07:18:07.723  1000  1855  1926 D SystemServerTimingAsync: ssm.onUnlockingUser-0_com.android.server.usage.StorageStatsService$Lifecycle
12-18 07:18:07.723  1000  1855  1926 D SystemServerTimingAsync: ssm.onUnlockingUser-0_com.android.server.UiModeManagerService
12-18 07:18:07.723  1000  1855  1926 D SystemServerTimingAsync: ssm.onUnlockingUser-0_com.android.server.locales.LocaleManagerService
12-18 07:18:07.723  1000  1855  1926 D SystemServerTimingAsync: ssm.onUnlockingUser-0_com.android.server.grammaticalinflection.GrammaticalInflectionService
12-18 07:18:07.723  1000  1855  1926 D SystemServerTimingAsync: ssm.onUnlockingUser-0_com.android.server.apphibernation.AppHibernationService
12-18 07:18:07.725  1000  1855  2449 V StorageManagerService: Found primary storage at VolumeInfo{emulated;0}:
12-18 07:18:07.725  1000  1855  2449 V StorageManagerService:     type=EMULATED diskId=null partGuid= mountFlags=0 mountUserId=0 
12-18 07:18:07.725  1000  1855  2449 V StorageManagerService:     state=UNMOUNTED 
12-18 07:18:07.725  1000  1855  2449 V StorageManagerService:     fsType=null fsUuid=null fsLabel=null 
12-18 07:18:07.725  1000  1855  2449 V StorageManagerService:     path=null internalPath=null 
12-18 07:18:07.725  1000  1855  2020 I StorageManagerService: Mounting volume VolumeInfo{emulated;0}:
12-18 07:18:07.725  1000  1855  2020 I StorageManagerService:     type=EMULATED diskId=null partGuid= mountFlags=PRIMARY|VISIBLE_FOR_WRITE 
12-18 07:18:07.725  1000  1855  2020 I StorageManagerService:     mountUserId=0 state=UNMOUNTED 
12-18 07:18:07.725  1000  1855  2020 I StorageManagerService:     fsType=null fsUuid=null fsLabel=null 
12-18 07:18:07.725  1000  1855  2020 I StorageManagerService:     path=null internalPath=null 
12-18 07:18:07.725 10074  2933  2933 I DeviceLockControllerApplication: Policies enforced
12-18 07:18:07.726  1000  1855  2830 I HibernationStateDiskStore: No hibernation file on disk for file /data/system_ce/0/hibernation/states
12-18 07:18:07.726  root   750   750 I vold    : Mounting emulated fuse volume
12-18 07:18:07.730  root   750   750 I vold    : Bind mounting /data/media to /mnt/pass_through/0/emulated
12-18 07:18:07.732  1000  1855  1933 W BatteryExternalStatsWorker: error reading modem stats:ERROR_PHONE_NOT_AVAILABLE
12-18 07:18:07.733  1000  1855  1926 D SystemServerTimingAsync: ssm.onUnlockingUser-0_com.android.server.locksettings.LockSettingsService$Lifecycle
12-18 07:18:07.733  1000  1855  1926 D SystemServerTimingAsync: ssm.onUnlockingUser-0_com.android.server.PersistentDataBlockService
12-18 07:18:07.733  1000  1855  1926 D SystemServerTimingAsync: ssm.onUnlockingUser-0_com.android.server.testharness.TestHarnessModeService
12-18 07:18:07.733  1000  1855  1926 D SystemServerTimingAsync: ssm.onUnlockingUser-0_com.android.server.oemlock.OemLockService
12-18 07:18:07.733  1000  1855  1926 D SystemServerTimingAsync: ssm.onUnlockingUser-0_com.android.server.DeviceIdleController
12-18 07:18:07.733  1000  1855  1926 D SystemServerTimingAsync: ssm.onUnlockingUser-0_com.android.server.devicepolicy.DevicePolicyManagerService$Lifecycle
12-18 07:18:07.733  1000  1855  2020 I StorageSessionController: On volume mount VolumeInfo{emulated;0}:
12-18 07:18:07.733  1000  1855  2020 I StorageSessionController:     type=EMULATED diskId=null partGuid= mountFlags=PRIMARY|VISIBLE_FOR_WRITE 
12-18 07:18:07.733  1000  1855  2020 I StorageSessionController:     mountUserId=0 state=CHECKING 
12-18 07:18:07.733  1000  1855  2020 I StorageSessionController:     fsType=null fsUuid=null fsLabel=null 
12-18 07:18:07.733  1000  1855  2020 I StorageSessionController:     path=/storage/emulated internalPath=/data/media 
12-18 07:18:07.734  1000  1855  1926 D SystemServerTimingAsync: ssm.onUnlockingUser-0_com.android.server.texttospeech.TextToSpeechManagerService
12-18 07:18:07.734  1000  1855  2020 I StorageSessionController: Creating connection for user: 0
12-18 07:18:07.734  1000  1855  1926 D SystemServerTimingAsync: ssm.onUnlockingUser-0_com.android.server.ambientcontext.AmbientContextManagerService
12-18 07:18:07.734  1000  1855  2020 I StorageSessionController: Creating and starting session with id: emulated;0
12-18 07:18:07.734  1000  1855  1926 I AmbientContextManagerService: serviceNames sent in newServiceListLocked is null, or empty
12-18 07:18:07.735  1000  1855  1926 D SystemServerTimingAsync: ssm.onUnlockingUser-0_com.android.server.wearable.WearableSensingManagerService
12-18 07:18:07.735  1000  1855  1926 D WearableSensingManagerService: onServiceRemoved
12-18 07:18:07.735  1000  1855  1926 D WearableSensingManagerPerUserService: Trying to cancel the remote request. Reason: Service destroyed.
12-18 07:18:07.735  1000  1855  1926 D SystemServerTimingAsync: ssm.onUnlockingUser-0_com.android.server.speech.SpeechRecognitionManagerService
12-18 07:18:07.735  1000  1855  2020 I StorageUserConnection: Binding to the ExternalStorageService for user 0
12-18 07:18:07.735  1000  1855  1926 D SystemServerTimingAsync: ssm.onUnlockingUser-0_com.android.server.searchui.SearchUiManagerService
12-18 07:18:07.735  1000  1855  1926 D SystemServerTimingAsync: ssm.onUnlockingUser-0_com.android.server.smartspace.SmartspaceManagerService
12-18 07:18:07.735  1000  1855  1926 D SystemServerTimingAsync: ssm.onUnlockingUser-0_com.android.server.graphics.fonts.FontManagerService$Lifecycle
12-18 07:18:07.735  1000  1855  1926 D SystemServerTimingAsync: ssm.onUnlockingUser-0_com.android.server.textservices.TextServicesManagerService$Lifecycle
12-18 07:18:07.736  1000  1855  2278 D LockSettingsService: Hiding encryption notification for user 0
12-18 07:18:07.753  1000  1855  1951 I commit_sys_config_file: [package,20]
12-18 07:18:07.759  1000  1855  1925 D CompatibilityChangeReporter: Compat change id reported: 253665015; UID 1000; state: ENABLED
12-18 07:18:07.760  1000  1855  1925 D CompatibilityChangeReporter: Compat change id reported: 194532703; UID 1000; state: ENABLED
12-18 07:18:07.761  1000  1855  2020 I am_uid_running: 10063
12-18 07:18:07.761  1000  1855  1926 D SystemServerTimingAsync: ssm.onUnlockingUser-0_com.android.server.textclassifier.TextClassificationManagerService$Lifecycle
12-18 07:18:07.761  1000  1855  1926 D SystemServerTimingAsync: ssm.onUnlockingUser-0_com.android.server.NetworkScoreService$Lifecycle
12-18 07:18:07.761  1000  1855  1926 D SystemServerTimingAsync: ssm.onUnlockingUser-0_com.android.server.NetworkStatsServiceInitializer
12-18 07:18:07.761  1000  1855  1926 D SystemServerTimingAsync: ssm.onUnlockingUser-0_com.android.server.wifi.WifiService
12-18 07:18:07.762  1000  1855  2020 D CompatibilityChangeReporter: Compat change id reported: 135634846; UID 10063; state: DISABLED
12-18 07:18:07.762  1000  1855  1926 D SystemServerTimingAsync: ssm.onUnlockingUser-0_com.android.server.wifi.scanner.WifiScanningService
12-18 07:18:07.762  1000  1855  1926 D SystemServerTimingAsync: ssm.onUnlockingUser-0_com.android.server.wifi.p2p.WifiP2pService
12-18 07:18:07.762  1000  1855  1926 D SystemServerTimingAsync: ssm.onUnlockingUser-0_com.android.server.ConnectivityServiceInitializer
12-18 07:18:07.762  1000  1855  1926 D SystemServerTimingAsync: ssm.onUnlockingUser-0_com.android.server.notification.NotificationManagerService
12-18 07:18:07.762  1000  1855  1926 D SystemServerTimingAsync: ssm.onUnlockingUser-0_com.android.server.storage.DeviceStorageMonitorService
12-18 07:18:07.762  1000  1855  1926 D SystemServerTimingAsync: ssm.onUnlockingUser-0_com.android.server.timedetector.TimeDetectorService$Lifecycle
12-18 07:18:07.762  1000  1855  1926 D SystemServerTimingAsync: ssm.onUnlockingUser-0_com.android.server.location.LocationManagerService$Lifecycle
12-18 07:18:07.762  1000  1855  1926 D SystemServerTimingAsync: ssm.onUnlockingUser-0_com.android.server.timezonedetector.TimeZoneDetectorService$Lifecycle
12-18 07:18:07.762  1000  1855  1926 D SystemServerTimingAsync: ssm.onUnlockingUser-0_com.android.server.location.altitude.AltitudeService$Lifecycle
12-18 07:18:07.762  1000  1855  1926 D SystemServerTimingAsync: ssm.onUnlockingUser-0_com.android.server.timezonedetector.location.LocationTimeZoneManagerService$Lifecycle
12-18 07:18:07.762  1000  1855  1926 D SystemServerTimingAsync: ssm.onUnlockingUser-0_com.android.server.search.SearchManagerService$Lifecycle
12-18 07:18:07.762  1000  1855  1926 D SystemServerTimingAsync: ssm.onUnlockingUser-0_com.android.server.wallpaper.WallpaperManagerService$Lifecycle
12-18 07:18:07.762  1000  1855  2020 D CompatibilityChangeReporter: Compat change id reported: 177438394; UID 10063; state: DISABLED
12-18 07:18:07.762  1000  1855  1926 D SystemServerTimingAsync: ssm.onUnlockingUser-0_com.android.server.wallpapereffectsgeneration.WallpaperEffectsGenerationManagerService
12-18 07:18:07.762  1000  1855  2020 D CompatibilityChangeReporter: Compat change id reported: 135772972; UID 10063; state: DISABLED
12-18 07:18:07.762  1000  1855  1926 D SystemServerTimingAsync: ssm.onUnlockingUser-0_com.android.server.audio.AudioService$Lifecycle
12-18 07:18:07.763  1000  1855  1926 D SystemServerTimingAsync: ssm.onUnlockingUser-0_com.android.server.soundtrigger_middleware.SoundTriggerMiddlewareService$Lifecycle
12-18 07:18:07.763  1000  1855  1926 D SystemServerTimingAsync: ssm.onUnlockingUser-0_com.android.server.DockObserver
12-18 07:18:07.763  1000  1855  1926 D SystemServerTimingAsync: ssm.onUnlockingUser-0_com.android.server.midi.MidiService$Lifecycle
12-18 07:18:07.763  1000  1855  2020 D CompatibilityChangeReporter: Compat change id reported: 135754954; UID 10063; state: ENABLED
12-18 07:18:07.765  1000  1855  2507 I am_proc_bound: [0,3103,com.qualcomm.timeservice]
12-18 07:18:07.766  1000  1855  2020 I StorageUserConnection: Bound to the ExternalStorageService for user 0
12-18 07:18:07.766  1000  1855  1927 D CompatibilityChangeReporter: Compat change id reported: 143937733; UID 10063; state: ENABLED
12-18 07:18:07.770  1000  1855  2507 D CompatibilityChangeReporter: Compat change id reported: 168419799; UID 10041; state: DISABLED
12-18 07:18:07.770  1000  1855  2507 D CompatibilityChangeReporter: Compat change id reported: 273564678; UID 10041; state: DISABLED
12-18 07:18:07.771  1000  1855  1933 W KernelCpuProcStringReader: File not found. It's normal if not implemented: /proc/uid_concurrent_policy_time
12-18 07:18:07.772  1000  1855  2507 I am_uid_active: 10041
12-18 07:18:07.776  1000  1855  1980 D CompatibilityChangeReporter: Compat change id reported: 265195908; UID 10041; state: ENABLED
12-18 07:18:07.777  1000  1855  1926 D CompatibilityChangeReporter: Compat change id reported: 161145287; UID 1000; state: ENABLED
12-18 07:18:07.779  1000  1855  1926 D SystemServerTimingAsync: ssm.onUnlockingUser-0_com.android.server.adb.AdbService$Lifecycle
12-18 07:18:07.779  1000  1855  1926 D SystemServerTimingAsync: ssm.onUnlockingUser-0_com.android.server.usb.UsbService$Lifecycle
12-18 07:18:07.779  1000  1855  1926 D SystemServerTimingAsync: ssm.onUnlockingUser-0_com.android.server.twilight.TwilightService
12-18 07:18:07.779  1000  1855  1926 D SystemServerTimingAsync: ssm.onUnlockingUser-0_com.android.server.display.color.ColorDisplayService
12-18 07:18:07.779  1000  1855  1926 D SystemServerTimingAsync: ssm.onUnlockingUser-0_com.android.server.job.JobSchedulerService
12-18 07:18:07.779  1000  1855  1926 D SystemServerTimingAsync: ssm.onUnlockingUser-0_com.android.server.soundtrigger.SoundTriggerService
12-18 07:18:07.779  1000  1855  1926 D SystemServerTimingAsync: ssm.onUnlockingUser-0_com.android.server.trust.TrustManagerService
12-18 07:18:07.779  1000  1855  1926 D SystemServerTimingAsync: ssm.onUnlockingUser-0_com.android.server.backup.BackupManagerService$Lifecycle
12-18 07:18:07.780  1000  1855  1926 D SystemServerTimingAsync: ssm.onUnlockingUser-0_com.android.server.appwidget.AppWidgetService
12-18 07:18:07.780  1000  1855  1926 D SystemServerTimingAsync: ssm.onUnlockingUser-0_com.android.server.voiceinteraction.VoiceInteractionManagerService
12-18 07:18:07.780 10057  2356  2356 W ActivityThread: getPackageInfo() called with an older ApplicationInfo than the cached version for package android
12-18 07:18:07.780  1000  1855  1926 W VoiceInteractionManager: no available voice recognition services found for user 0
12-18 07:18:07.781  1000  1855  1926 D SystemServerTimingAsync: ssm.onUnlockingUser-0_com.android.server.GestureLauncherService
12-18 07:18:07.781  1000  1855  1926 D SystemServerTimingAsync: ssm.onUnlockingUser-0_com.android.server.SensorNotificationService
12-18 07:18:07.781  1000  1855  1926 D SystemServerTimingAsync: ssm.onUnlockingUser-0_com.android.server.emergency.EmergencyAffordanceService
12-18 07:18:07.781  1000  1855  1926 D SystemServerTimingAsync: ssm.onUnlockingUser-0_com.android.server.blob.BlobStoreManagerService
12-18 07:18:07.781  1000  1855  1926 D SystemServerTimingAsync: ssm.onUnlockingUser-0_com.android.server.dreams.DreamManagerService
12-18 07:18:07.781  1000  1855  1926 D SystemServerTimingAsync: ssm.onUnlockingUser-0_com.android.server.print.PrintManagerService
12-18 07:18:07.782  1000  1855  1926 D SystemServerTimingAsync: ssm.onUnlockingUser-0_com.android.server.security.AttestationVerificationManagerService
12-18 07:18:07.782  1000  1855  1926 D SystemServerTimingAsync: ssm.onUnlockingUser-0_com.android.server.companion.CompanionDeviceManagerService
12-18 07:18:07.782  1000  1855  1926 D SystemServerTimingAsync: ssm.onUnlockingUser-0_com.android.server.companion.virtual.VirtualDeviceManagerService
12-18 07:18:07.782  1000  1855  1926 D SystemServerTimingAsync: ssm.onUnlockingUser-0_com.android.server.restrictions.RestrictionsManagerService
12-18 07:18:07.782  1000  1855  1926 D SystemServerTimingAsync: ssm.onUnlockingUser-0_com.android.server.media.MediaSessionService
12-18 07:18:07.782  1000  1855  1926 D SystemServerTimingAsync: ssm.onUnlockingUser-0_com.android.server.media.MediaResourceMonitorService
12-18 07:18:07.782  1000  1855  1926 D SystemServerTimingAsync: ssm.onUnlockingUser-0_com.android.server.biometrics.BiometricService
12-18 07:18:07.782  1000  1855  1926 D SystemServerTimingAsync: ssm.onUnlockingUser-0_com.android.server.biometrics.AuthService
12-18 07:18:07.782  1000  1855  1926 D SystemServerTimingAsync: ssm.onUnlockingUser-0_com.android.server.pm.ShortcutService$Lifecycle
12-18 07:18:07.783  1000  1855  1926 D SystemServerTimingAsync: ssm.onUnlockingUser-0_com.android.server.pm.LauncherAppsService
12-18 07:18:07.783  1000  1855  1926 D SystemServerTimingAsync: ssm.onUnlockingUser-0_com.android.server.pm.CrossProfileAppsService
12-18 07:18:07.783  1000  1855  1926 D SystemServerTimingAsync: ssm.onUnlockingUser-0_com.android.server.people.PeopleService
12-18 07:18:07.783  1000  1855  1926 D SystemServerTimingAsync: ssm.onUnlockingUser-0_com.android.server.media.metrics.MediaMetricsManagerService
12-18 07:18:07.783  1000  1855  1926 D SystemServerTimingAsync: ssm.onUnlockingUser-0_com.android.server.pm.BackgroundInstallControlService
12-18 07:18:07.783  1000  1855  1926 D SystemServerTimingAsync: ssm.onUnlockingUser-0_com.android.server.media.projection.MediaProjectionManagerService
12-18 07:18:07.783  1000  1855  1926 D SystemServerTimingAsync: ssm.onUnlockingUser-0_com.android.server.slice.SliceManagerService$Lifecycle
12-18 07:18:07.783  1000  1855  1926 D SystemServerTimingAsync: ssm.onUnlockingUser-0_com.android.server.stats.StatsCompanion$Lifecycle
12-18 07:18:07.783  1000  1855  1926 D SystemServerTimingAsync: ssm.onUnlockingUser-0_com.android.server.scheduling.RebootReadinessManagerService$Lifecycle
12-18 07:18:07.783  1000  1855  1926 D SystemServerTimingAsync: ssm.onUnlockingUser-0_com.android.server.stats.pull.StatsPullAtomService
12-18 07:18:07.783  1000  1855  1926 D SystemServerTimingAsync: ssm.onUnlockingUser-0_com.android.server.stats.bootstrap.StatsBootstrapAtomService$Lifecycle
12-18 07:18:07.783  1000  1855  1926 D SystemServerTimingAsync: ssm.onUnlockingUser-0_com.android.server.incident.IncidentCompanionService
12-18 07:18:07.783  1000  1855  1926 D SystemServerTimingAsync: ssm.onUnlockingUser-0_com.android.server.sdksandbox.SdkSandboxManagerService$Lifecycle
12-18 07:18:07.784  1000  1855  1926 D SystemServerTimingAsync: ssm.onUnlockingUser-0_com.android.server.adservices.AdServicesManagerService$Lifecycle
12-18 07:18:07.784  1000  1855  1926 D SystemServerTimingAsync: ssm.onUnlockingUser-0_com.android.server.ondevicepersonalization.OnDevicePersonalizationSystemService$Lifecycle
12-18 07:18:07.784  1000  1855  1980 D CompatibilityChangeReporter: Compat change id reported: 265195908; UID 10063; state: ENABLED
12-18 07:18:07.784  1000  1855  1926 D SystemServerTimingAsync: ssm.onUnlockingUser-0_com.android.server.autofill.AutofillManagerService
12-18 07:18:07.784  1000  1855  2449 D CompatibilityChangeReporter: Compat change id reported: 170503758; UID 10041; state: ENABLED
12-18 07:18:07.785  1000  1855  1926 D SystemServerTimingAsync: ssm.onUnlockingUser-0_com.android.server.selectiontoolbar.SelectionToolbarManagerService
12-18 07:18:07.787  1000  1855  1926 D SystemServerTimingAsync: ssm.onUnlockingUser-0_com.android.server.clipboard.ClipboardService
12-18 07:18:07.787  1000  1855  1926 D SystemServerTimingAsync: ssm.onUnlockingUser-0_com.android.server.appbinding.AppBindingService$Lifecycle
12-18 07:18:07.787  1000  1855  1926 D SystemServerTimingAsync: ssm.onUnlockingUser-0_com.android.server.tracing.TracingServiceProxy
12-18 07:18:07.787  1000  1855  1926 D SystemServerTimingAsync: ssm.onUnlockingUser-0_com.android.server.policy.PermissionPolicyService
