12-18 07:18:03.603  1000  1855  1855 I SystemServiceManager: Starting com.android.server.biometrics.AuthService
12-18 07:18:03.604  1000  1855  1855 D SystemServerTiming: StartDynamicCodeLoggingService
12-18 07:18:03.605  1000  1855  1855 D SystemServerTiming: StartPruneInstantAppsJobService
12-18 07:18:03.606  1000  1855  1855 D SystemServerTiming: StartShortcutServiceLifecycle
12-18 07:18:03.606  1000  1855  1855 I SystemServiceManager: Starting com.android.server.pm.ShortcutService$Lifecycle
12-18 07:18:03.608  1000  1855  1855 V HistoricalRegistry: Interaction before persistence initialized
12-18 07:18:03.609  1000  1855  1855 D SystemServerTiming: StartLauncherAppsService
12-18 07:18:03.609  1000  1855  1855 I SystemServiceManager: Starting com.android.server.pm.LauncherAppsService
12-18 07:18:03.611  1000  1855  1855 D SystemServerTiming: StartCrossProfileAppsService
12-18 07:18:03.611  1000  1855  1855 I SystemServiceManager: Starting com.android.server.pm.CrossProfileAppsService
12-18 07:18:03.612  1000  1855  1855 D SystemServerTiming: StartPeopleService
12-18 07:18:03.612  1000  1855  1855 I SystemServiceManager: Starting com.android.server.people.PeopleService
12-18 07:18:03.613  1000  1855  1855 D SystemServerTiming: StartMediaMetricsManager
12-18 07:18:03.613  1000  1855  1855 I SystemServiceManager: Starting com.android.server.media.metrics.MediaMetricsManagerService
12-18 07:18:03.614  1000  1855  1855 D SystemServerTiming: StartBackgroundInstallControlService
12-18 07:18:03.614  1000  1855  1855 I SystemServiceManager: Starting com.android.server.pm.BackgroundInstallControlService
12-18 07:18:03.615  1000  1855  1855 D SystemServerTiming: StartMediaProjectionManager
12-18 07:18:03.615  1000  1855  1855 I SystemServiceManager: Starting com.android.server.media.projection.MediaProjectionManagerService
12-18 07:18:03.624  1000  1855  1855 D SystemServerTiming: StartSliceManagerService
12-18 07:18:03.624  1000  1855  1855 I SystemServiceManager: Starting com.android.server.slice.SliceManagerService$Lifecycle
12-18 07:18:03.626  1000  1855  1855 D SystemServerTiming: StartStatsCompanion
12-18 07:18:03.626  1000  1855  1855 I SystemServiceManager: Starting com.android.server.stats.StatsCompanion$Lifecycle
12-18 07:18:03.628  1000  1855  1855 D SystemServerTiming: StartRebootReadinessManagerService
12-18 07:18:03.629  1000  1855  1855 I SystemServiceManager: Starting com.android.server.scheduling.RebootReadinessManagerService$Lifecycle
12-18 07:18:03.631  1000  1855  1855 D SystemServerTiming: StartStatsPullAtomService
12-18 07:18:03.631  1000  1855  1855 I SystemServiceManager: Starting com.android.server.stats.pull.StatsPullAtomService
12-18 07:18:03.632  1000  1855  1855 D SystemServerTiming: StatsBootstrapAtomService
12-18 07:18:03.632  1000  1855  1855 I SystemServiceManager: Starting com.android.server.stats.bootstrap.StatsBootstrapAtomService$Lifecycle
12-18 07:18:03.632  1000  1855  1855 D SystemServerTiming: StartIncidentCompanionService
12-18 07:18:03.632  1000  1855  1855 I SystemServiceManager: Starting com.android.server.incident.IncidentCompanionService
12-18 07:18:03.633  1000  1855  1855 D SystemServerTiming: StarSdkSandboxManagerService
12-18 07:18:03.633  1000  1855  1855 I SystemServiceManager: Starting com.android.server.sdksandbox.SdkSandboxManagerService$Lifecycle
12-18 07:18:03.637  1000  1855  1855 D SystemServerTiming: StartAdServicesManagerService
12-18 07:18:03.637  1000  1855  1855 I SystemServiceManager: Starting com.android.server.adservices.AdServicesManagerService$Lifecycle
12-18 07:18:03.639  1000  1855  1855 D SystemServerTiming: StartOnDevicePersonalizationSystemService
12-18 07:18:03.639  1000  1855  1855 I SystemServiceManager: Starting com.android.server.ondevicepersonalization.OnDevicePersonalizationSystemService$Lifecycle
12-18 07:18:03.640  1000  1855  1855 D SystemServerTiming: StartAutoFillService
12-18 07:18:03.640  1000  1855  1855 I SystemServiceManager: Starting com.android.server.autofill.AutofillManagerService
12-18 07:18:03.642  1000  1855  1990 I commit_sys_config_file: [settings-0-0,7]
12-18 07:18:03.643  1000  1855  1855 D SystemServer: TranslationService not defined by OEM
12-18 07:18:03.643  1000  1855  1855 D SystemServerTiming: StartSelectionToolbarManagerService
12-18 07:18:03.644  1000  1855  1855 I SystemServiceManager: Starting com.android.server.selectiontoolbar.SelectionToolbarManagerService
12-18 07:18:03.645  1000  1855  1855 D SystemServerTiming: StartClipboardService
12-18 07:18:03.645  1000  1855  1855 I SystemServiceManager: Starting com.android.server.clipboard.ClipboardService
12-18 07:18:03.647  1000  1855  1855 D SystemServerTiming: AppServiceManager
12-18 07:18:03.647  1000  1855  1855 I SystemServiceManager: Starting com.android.server.appbinding.AppBindingService$Lifecycle
12-18 07:18:03.648  1000  1855  1855 D SystemServerTiming: startTracingServiceProxy
12-18 07:18:03.648  1000  1855  1855 I SystemServiceManager: Starting com.android.server.tracing.TracingServiceProxy
12-18 07:18:03.650  1000  1855  1855 D SystemServerTiming: MakeLockSettingsServiceReady
12-18 07:18:03.656  1000  1855  1855 I LockSettingsService: Migrated keys to LSS namespace
12-18 07:18:03.657  1000  1855  1855 I LockSettingsService: Device doesn't implement AuthSecret HAL
12-18 07:18:03.659  1000  1855  1855 D SystemServerTiming: StartBootPhaseLockSettingsReady
12-18 07:18:03.659  1000  1855  1855 I SystemServiceManager: Starting phase 480
12-18 07:18:03.659  1000  1855  1855 D SystemServerTiming: OnBootPhase_480
12-18 07:18:03.659  1000  1855  1855 D SystemServerTiming: OnBootPhase_480_com.android.server.security.FileIntegrityService
12-18 07:18:03.659  1000  1855  1855 D SystemServerTiming: OnBootPhase_480_com.android.server.pm.Installer
12-18 07:18:03.659  1000  1855  1855 D SystemServerTiming: OnBootPhase_480_com.android.server.os.DeviceIdentifiersPolicyService
12-18 07:18:03.659  1000  1855  1855 D SystemServerTiming: OnBootPhase_480_com.android.server.uri.UriGrantsManagerService$Lifecycle
12-18 07:18:03.659  1000  1855  1855 D SystemServerTiming: OnBootPhase_480_com.android.server.powerstats.PowerStatsService
12-18 07:18:03.659  1000  1855  1855 D SystemServerTiming: OnBootPhase_480_com.android.server.permission.access.AccessCheckingService
12-18 07:18:03.659  1000  1855  1855 D SystemServerTiming: OnBootPhase_480_com.android.server.wm.ActivityTaskManagerService$Lifecycle
12-18 07:18:03.659  1000  1855  1855 D SystemServerTiming: OnBootPhase_480_com.android.server.am.ActivityManagerService$Lifecycle
12-18 07:18:03.659  1000  1855  1855 D SystemServerTiming: OnBootPhase_480_com.android.server.pm.DataLoaderManagerService
12-18 07:18:03.659  1000  1855  1855 D SystemServerTiming: OnBootPhase_480_com.android.server.power.PowerManagerService
12-18 07:18:03.660  1000  1855  1855 D SystemServerTiming: OnBootPhase_480_com.android.server.power.ThermalManagerService
12-18 07:18:03.660  1000  1855  1855 D SystemServerTiming: OnBootPhase_480_com.android.server.power.hint.HintManagerService
12-18 07:18:03.660  1000  1855  1855 D SystemServerTiming: OnBootPhase_480_com.android.server.recoverysystem.RecoverySystemService$Lifecycle
12-18 07:18:03.660  1000  1855  1855 D SystemServerTiming: OnBootPhase_480_com.android.server.lights.LightsService
12-18 07:18:03.660  1000  1855  1855 D SystemServerTiming: OnBootPhase_480_com.android.server.display.DisplayManagerService
12-18 07:18:03.660  1000  1855  1855 D SystemServerTiming: OnBootPhase_480_com.android.server.pm.verify.domain.DomainVerificationService
12-18 07:18:03.660  1000  1855  1855 D SystemServerTiming: OnBootPhase_480_com.android.server.pm.PackageInstallerService$Lifecycle
12-18 07:18:03.660  1000  1855  1855 D SystemServerTiming: OnBootPhase_480_com.android.server.pm.UserManagerService$LifeCycle
12-18 07:18:03.660  1000  1855  1855 D SystemServerTiming: OnBootPhase_480_com.android.server.om.OverlayManagerService
12-18 07:18:03.660  1000  1855  1855 D SystemServerTiming: OnBootPhase_480_com.android.server.resources.ResourcesManagerService
12-18 07:18:03.660  1000  1855  1855 D SystemServerTiming: OnBootPhase_480_com.android.server.sensorprivacy.SensorPrivacyService
12-18 07:18:03.660  1000  1855  1855 D SystemServerTiming: OnBootPhase_480_com.android.server.sensors.SensorService
12-18 07:18:03.660  1000  1855  1855 D SystemServerTiming: OnBootPhase_480_com.android.server.SystemConfigService
12-18 07:18:03.660  1000  1855  1855 D SystemServerTiming: OnBootPhase_480_com.android.server.BatteryService
12-18 07:18:03.660  1000  1855  1855 D SystemServerTiming: OnBootPhase_480_com.android.server.usage.UsageStatsService
12-18 07:18:03.660  1000  1855  1855 D SystemServerTiming: OnBootPhase_480_com.android.server.webkit.WebViewUpdateService
12-18 07:18:03.660  1000  1855  1855 D SystemServerTiming: OnBootPhase_480_com.android.server.CachedDeviceStateService
12-18 07:18:03.660  1000  1855  1855 D SystemServerTiming: OnBootPhase_480_com.android.server.BinderCallsStatsService$LifeCycle
12-18 07:18:03.660  1000  1855  1855 D SystemServerTiming: OnBootPhase_480_com.android.server.LooperStatsService$Lifecycle
12-18 07:18:03.660  1000  1855  1855 D SystemServerTiming: OnBootPhase_480_com.android.server.rollback.RollbackManagerService
12-18 07:18:03.660  1000  1855  1855 D SystemServerTiming: OnBootPhase_480_com.android.server.os.NativeTombstoneManagerService
12-18 07:18:03.661  1000  1855  1855 D SystemServerTiming: OnBootPhase_480_com.android.server.os.BugreportManagerService
12-18 07:18:03.661  1000  1855  1855 D SystemServerTiming: OnBootPhase_480_com.android.server.gpu.GpuService
12-18 07:18:03.661  1000  1855  1855 D SystemServerTiming: OnBootPhase_480_com.android.server.security.rkp.RemoteProvisioningService
12-18 07:18:03.661  1000  1855  1855 D SystemServerTiming: OnBootPhase_480_com.android.server.security.KeyChainSystemService
12-18 07:18:03.661  1000  1855  1855 D SystemServerTiming: OnBootPhase_480_com.android.server.BinaryTransparencyService
12-18 07:18:03.661  1000  1855  1855 D SystemServerTiming: OnBootPhase_480_com.android.server.telecom.TelecomLoaderService
12-18 07:18:03.661  1000  1855  1855 D SystemServerTiming: OnBootPhase_480_com.android.server.accounts.AccountManagerService$Lifecycle
12-18 07:18:03.661  1000  1855  1855 D SystemServerTiming: OnBootPhase_480_com.android.server.content.ContentService$Lifecycle
12-18 07:18:03.661  1000  1855  1855 D SystemServerTiming: OnBootPhase_480_com.android.server.deviceconfig.DeviceConfigInit$Lifecycle
12-18 07:18:03.661  1000  1855  1855 D SystemServerTiming: OnBootPhase_480_com.android.server.DropBoxManagerService
12-18 07:18:03.661  1000  1855  1855 D SystemServerTiming: OnBootPhase_480_com.android.role.RoleService
12-18 07:18:03.661  1000  1855  1855 D SystemServerTiming: OnBootPhase_480_com.android.server.vibrator.VibratorManagerService$Lifecycle
12-18 07:18:03.661  1000  1855  1855 D SystemServerTiming: OnBootPhase_480_com.android.server.tare.InternalResourceService
12-18 07:18:03.661  1000  1855  1855 D SystemServerTiming: OnBootPhase_480_com.android.server.alarm.AlarmManagerService
12-18 07:18:03.661  1000  1855  1855 D SystemServerTiming: OnBootPhase_480_com.android.server.devicestate.DeviceStateManagerService
12-18 07:18:03.661  1000  1855  1855 D SystemServerTiming: OnBootPhase_480_com.android.server.camera.CameraServiceProxy
12-18 07:18:03.661  1000  1855  1855 D SystemServerTiming: OnBootPhase_480_com.android.server.bluetooth.BluetoothService
12-18 07:18:03.661  1000  1855  1855 D SystemServerTiming: OnBootPhase_480_com.android.server.connectivity.IpConnectivityMetrics
12-18 07:18:03.661  1000  1855  1855 D SystemServerTiming: OnBootPhase_480_com.android.server.net.watchlist.NetworkWatchlistService$Lifecycle
12-18 07:18:03.661  1000  1855  1855 D SystemServerTiming: OnBootPhase_480_com.android.server.PinnerService
12-18 07:18:03.661  1000  1855  1855 D SystemServerTiming: OnBootPhase_480_com.android.server.integrity.AppIntegrityManagerService
12-18 07:18:03.662  1000  1855  1855 D SystemServerTiming: OnBootPhase_480_com.android.server.logcat.LogcatManagerService
12-18 07:18:03.662  1000  1855  1855 D SystemServerTiming: OnBootPhase_480_com.android.server.inputmethod.InputMethodManagerService$Lifecycle
12-18 07:18:03.662  1000  1855  1855 D SystemServerTiming: OnBootPhase_480_com.android.server.accessibility.AccessibilityManagerService$Lifecycle
12-18 07:18:03.662  1000  1855  1855 D SystemServerTiming: OnBootPhase_480_com.android.server.StorageManagerService$Lifecycle
12-18 07:18:03.662  1000  1855  1855 D SystemServerTiming: OnBootPhase_480_com.android.server.usage.StorageStatsService$Lifecycle
12-18 07:18:03.662  1000  1855  1855 D SystemServerTiming: OnBootPhase_480_com.android.server.UiModeManagerService
12-18 07:18:03.662  1000  1855  1855 D SystemServerTiming: OnBootPhase_480_com.android.server.locales.LocaleManagerService
12-18 07:18:03.662  1000  1855  1855 D SystemServerTiming: OnBootPhase_480_com.android.server.grammaticalinflection.GrammaticalInflectionService
12-18 07:18:03.662  1000  1855  1855 D SystemServerTiming: OnBootPhase_480_com.android.server.apphibernation.AppHibernationService
12-18 07:18:03.662  1000  1855  1855 D SystemServerTiming: OnBootPhase_480_com.android.server.locksettings.LockSettingsService$Lifecycle
12-18 07:18:03.662  1000  1855  1855 D SystemServerTiming: OnBootPhase_480_com.android.server.PersistentDataBlockService
12-18 07:18:03.662  1000  1855  1855 D SystemServerTiming: OnBootPhase_480_com.android.server.testharness.TestHarnessModeService
12-18 07:18:03.662  1000  1855  1855 D SystemServerTiming: OnBootPhase_480_com.android.server.oemlock.OemLockService
12-18 07:18:03.662  1000  1855  1855 D SystemServerTiming: OnBootPhase_480_com.android.server.DeviceIdleController
12-18 07:18:03.662  1000  1855  1855 D SystemServerTiming: OnBootPhase_480_com.android.server.devicepolicy.DevicePolicyManagerService$Lifecycle
12-18 07:18:03.667  1000  1855  1855 I UsbPortManager: USB HAL HIDL version: 12
12-18 07:18:03.671  1000  1855  1988 D SystemServerTimingAsync: InitThreadPoolExec:DevicePolicyManager
12-18 07:18:03.671  1000  1855  1855 D SystemServerTiming: OnBootPhase_480_com.android.server.texttospeech.TextToSpeechManagerService
12-18 07:18:03.671  1000  1855  1855 D SystemServerTiming: OnBootPhase_480_com.android.server.ambientcontext.AmbientContextManagerService
12-18 07:18:03.671  1000  1855  1855 D SystemServerTiming: OnBootPhase_480_com.android.server.wearable.WearableSensingManagerService
12-18 07:18:03.671  1000  1855  1855 D SystemServerTiming: OnBootPhase_480_com.android.server.speech.SpeechRecognitionManagerService
12-18 07:18:03.671  1000  1855  1855 D SystemServerTiming: OnBootPhase_480_com.android.server.searchui.SearchUiManagerService
12-18 07:18:03.671  1000  1855  1855 D SystemServerTiming: OnBootPhase_480_com.android.server.smartspace.SmartspaceManagerService
12-18 07:18:03.671  1000  1855  1855 D SystemServerTiming: OnBootPhase_480_com.android.server.graphics.fonts.FontManagerService$Lifecycle
12-18 07:18:03.671  1000  1855  1855 D SystemServerTiming: OnBootPhase_480_com.android.server.textservices.TextServicesManagerService$Lifecycle
12-18 07:18:03.671  1000  1855  1855 D SystemServerTiming: OnBootPhase_480_com.android.server.textclassifier.TextClassificationManagerService$Lifecycle
12-18 07:18:03.672  1000  1855  1855 D SystemServerTiming: OnBootPhase_480_com.android.server.NetworkScoreService$Lifecycle
12-18 07:18:03.672  1000  1855  1855 D SystemServerTiming: OnBootPhase_480_com.android.server.NetworkStatsServiceInitializer
12-18 07:18:03.672  1000  1855  1855 D SystemServerTiming: OnBootPhase_480_com.android.server.wifi.WifiService
12-18 07:18:03.672  1000  1855  1855 D SystemServerTiming: OnBootPhase_480_com.android.server.wifi.scanner.WifiScanningService
12-18 07:18:03.672  1000  1855  1855 D SystemServerTiming: OnBootPhase_480_com.android.server.wifi.p2p.WifiP2pService
12-18 07:18:03.672  1000  1855  1855 D SystemServerTiming: OnBootPhase_480_com.android.server.ConnectivityServiceInitializer
12-18 07:18:03.672  1000  1855  1855 D SystemServerTiming: OnBootPhase_480_com.android.server.notification.NotificationManagerService
12-18 07:18:03.672  1000  1855  1855 D SystemServerTiming: OnBootPhase_480_com.android.server.storage.DeviceStorageMonitorService
12-18 07:18:03.672  1000  1855  1855 D SystemServerTiming: OnBootPhase_480_com.android.server.timedetector.TimeDetectorService$Lifecycle
12-18 07:18:03.672  1000  1855  1855 D SystemServerTiming: OnBootPhase_480_com.android.server.location.LocationManagerService$Lifecycle
12-18 07:18:03.672  1000  1855  1855 D SystemServerTiming: OnBootPhase_480_com.android.server.timezonedetector.TimeZoneDetectorService$Lifecycle
12-18 07:18:03.672  1000  1855  1855 D SystemServerTiming: OnBootPhase_480_com.android.server.location.altitude.AltitudeService$Lifecycle
12-18 07:18:03.672  1000  1855  1855 D SystemServerTiming: OnBootPhase_480_com.android.server.timezonedetector.location.LocationTimeZoneManagerService$Lifecycle
12-18 07:18:03.672  1000  1855  1855 D SystemServerTiming: OnBootPhase_480_com.android.server.search.SearchManagerService$Lifecycle
12-18 07:18:03.672  1000  1855  1855 D SystemServerTiming: OnBootPhase_480_com.android.server.wallpaper.WallpaperManagerService$Lifecycle
12-18 07:18:03.673  1000  1855  1855 D SystemServerTiming: OnBootPhase_480_com.android.server.wallpapereffectsgeneration.WallpaperEffectsGenerationManagerService
12-18 07:18:03.673  1000  1855  1855 D SystemServerTiming: OnBootPhase_480_com.android.server.audio.AudioService$Lifecycle
12-18 07:18:03.673  1000  1855  1855 D SystemServerTiming: OnBootPhase_480_com.android.server.soundtrigger_middleware.SoundTriggerMiddlewareService$Lifecycle
12-18 07:18:03.673  1000  1855  1855 D SystemServerTiming: OnBootPhase_480_com.android.server.DockObserver
12-18 07:18:03.673  1000  1855  1855 D SystemServerTiming: OnBootPhase_480_com.android.server.midi.MidiService$Lifecycle
12-18 07:18:03.673  1000  1855  1855 D SystemServerTiming: OnBootPhase_480_com.android.server.adb.AdbService$Lifecycle
12-18 07:18:03.673  1000  1855  1855 D SystemServerTiming: OnBootPhase_480_com.android.server.usb.UsbService$Lifecycle
12-18 07:18:03.673  1000  1855  1855 D SystemServerTiming: OnBootPhase_480_com.android.server.twilight.TwilightService
12-18 07:18:03.673  1000  1855  1855 D SystemServerTiming: OnBootPhase_480_com.android.server.display.color.ColorDisplayService
12-18 07:18:03.673  1000  1855  1855 D SystemServerTiming: OnBootPhase_480_com.android.server.job.JobSchedulerService
12-18 07:18:03.673  1000  1855  1855 D SystemServerTiming: OnBootPhase_480_com.android.server.soundtrigger.SoundTriggerService
12-18 07:18:03.673  1000  1855  1855 D SoundTriggerService: onBootPhase: 480 : false
12-18 07:18:03.674  1000  1855  1855 D SystemServerTiming: OnBootPhase_480_com.android.server.trust.TrustManagerService
12-18 07:18:03.674  1000  1855  1855 D SystemServerTiming: OnBootPhase_480_com.android.server.backup.BackupManagerService$Lifecycle
12-18 07:18:03.674  1000  1855  1855 D SystemServerTiming: OnBootPhase_480_com.android.server.appwidget.AppWidgetService
12-18 07:18:03.674  1000  1855  1855 D SystemServerTiming: OnBootPhase_480_com.android.server.voiceinteraction.VoiceInteractionManagerService
12-18 07:18:03.674  1000  1855  1855 D SystemServerTiming: OnBootPhase_480_com.android.server.GestureLauncherService
12-18 07:18:03.674  1000  1855  1855 D SystemServerTiming: OnBootPhase_480_com.android.server.SensorNotificationService
12-18 07:18:03.674  1000  1855  1855 D SystemServerTiming: OnBootPhase_480_com.android.server.emergency.EmergencyAffordanceService
12-18 07:18:03.674  1000  1855  1855 D SystemServerTiming: OnBootPhase_480_com.android.server.blob.BlobStoreManagerService
12-18 07:18:03.674  1000  1855  1855 D SystemServerTiming: OnBootPhase_480_com.android.server.dreams.DreamManagerService
12-18 07:18:03.674  1000  1855  1855 D SystemServerTiming: OnBootPhase_480_com.android.server.print.PrintManagerService
12-18 07:18:03.674  1000  1855  1855 D SystemServerTiming: OnBootPhase_480_com.android.server.security.AttestationVerificationManagerService
12-18 07:18:03.674  1000  1855  1855 D SystemServerTiming: OnBootPhase_480_com.android.server.companion.CompanionDeviceManagerService
12-18 07:18:03.674  1000  1855  1855 D SystemServerTiming: OnBootPhase_480_com.android.server.companion.virtual.VirtualDeviceManagerService
12-18 07:18:03.674  1000  1855  1855 D SystemServerTiming: OnBootPhase_480_com.android.server.restrictions.RestrictionsManagerService
12-18 07:18:03.674  1000  1855  1855 D SystemServerTiming: OnBootPhase_480_com.android.server.media.MediaSessionService
12-18 07:18:03.674  1000  1855  1855 D SystemServerTiming: OnBootPhase_480_com.android.server.media.MediaResourceMonitorService
12-18 07:18:03.674  1000  1855  1855 D SystemServerTiming: OnBootPhase_480_com.android.server.biometrics.BiometricService
12-18 07:18:03.674  1000  1855  1855 D SystemServerTiming: OnBootPhase_480_com.android.server.biometrics.AuthService
12-18 07:18:03.674  1000  1855  1855 D SystemServerTiming: OnBootPhase_480_com.android.server.pm.ShortcutService$Lifecycle
12-18 07:18:03.675  1000  1855  1855 D SystemServerTiming: OnBootPhase_480_com.android.server.pm.LauncherAppsService
12-18 07:18:03.675  1000  1855  1855 D SystemServerTiming: OnBootPhase_480_com.android.server.pm.CrossProfileAppsService
12-18 07:18:03.675  1000  1855  1855 D SystemServerTiming: OnBootPhase_480_com.android.server.people.PeopleService
12-18 07:18:03.675  1000  1855  1855 D SystemServerTiming: OnBootPhase_480_com.android.server.media.metrics.MediaMetricsManagerService
12-18 07:18:03.675  1000  1855  1855 D SystemServerTiming: OnBootPhase_480_com.android.server.pm.BackgroundInstallControlService
12-18 07:18:03.675  1000  1855  1855 D SystemServerTiming: OnBootPhase_480_com.android.server.media.projection.MediaProjectionManagerService
12-18 07:18:03.675  1000  1855  1855 D SystemServerTiming: OnBootPhase_480_com.android.server.slice.SliceManagerService$Lifecycle
12-18 07:18:03.675  1000  1855  1855 D SystemServerTiming: OnBootPhase_480_com.android.server.stats.StatsCompanion$Lifecycle
12-18 07:18:03.675  1000  1855  1855 D SystemServerTiming: OnBootPhase_480_com.android.server.scheduling.RebootReadinessManagerService$Lifecycle
12-18 07:18:03.675  1000  1855  1855 D SystemServerTiming: OnBootPhase_480_com.android.server.stats.pull.StatsPullAtomService
12-18 07:18:03.675  1000  1855  1855 D SystemServerTiming: OnBootPhase_480_com.android.server.stats.bootstrap.StatsBootstrapAtomService$Lifecycle
12-18 07:18:03.676  1000  1855  1855 D SystemServerTiming: OnBootPhase_480_com.android.server.incident.IncidentCompanionService
12-18 07:18:03.676  1000  1855  1855 D SystemServerTiming: OnBootPhase_480_com.android.server.sdksandbox.SdkSandboxManagerService$Lifecycle
12-18 07:18:03.676  1000  1855  1855 D SystemServerTiming: OnBootPhase_480_com.android.server.adservices.AdServicesManagerService$Lifecycle
12-18 07:18:03.676  1000  1855  1855 D SystemServerTiming: OnBootPhase_480_com.android.server.ondevicepersonalization.OnDevicePersonalizationSystemService$Lifecycle
12-18 07:18:03.676  1000  1855  1855 D SystemServerTiming: OnBootPhase_480_com.android.server.autofill.AutofillManagerService
12-18 07:18:03.676  1000  1855  1855 D SystemServerTiming: OnBootPhase_480_com.android.server.selectiontoolbar.SelectionToolbarManagerService
12-18 07:18:03.676  1000  1855  1855 D SystemServerTiming: OnBootPhase_480_com.android.server.clipboard.ClipboardService
12-18 07:18:03.676  1000  1855  1855 D SystemServerTiming: OnBootPhase_480_com.android.server.appbinding.AppBindingService$Lifecycle
12-18 07:18:03.676  1000  1855  1855 D SystemServerTiming: OnBootPhase_480_com.android.server.tracing.TracingServiceProxy
12-18 07:18:03.676  1000  1855  1855 D SystemServerTiming: StartBootPhaseSystemServicesReady
12-18 07:18:03.676  1000  1855  1855 I SystemServiceManager: Starting phase 500
12-18 07:18:03.676  1000  1855  1855 D SystemServerTiming: OnBootPhase_500
12-18 07:18:03.676  1000  1855  1855 D SystemServerTiming: OnBootPhase_500_com.android.server.security.FileIntegrityService
12-18 07:18:03.676  1000  1855  1855 D SystemServerTiming: OnBootPhase_500_com.android.server.pm.Installer
12-18 07:18:03.676  1000  1855  1855 D SystemServerTiming: OnBootPhase_500_com.android.server.os.DeviceIdentifiersPolicyService
12-18 07:18:03.676  1000  1855  1855 D SystemServerTiming: OnBootPhase_500_com.android.server.uri.UriGrantsManagerService$Lifecycle
12-18 07:18:03.676  1000  1855  1855 D SystemServerTiming: OnBootPhase_500_com.android.server.powerstats.PowerStatsService
12-18 07:18:03.676  1000  1855  1855 E StatsPullAtomCallbackImpl: Failed to start PowerStatsService statsd pullers
12-18 07:18:03.676  1000  1855  1855 D SystemServerTiming: OnBootPhase_500_com.android.server.permission.access.AccessCheckingService
12-18 07:18:03.676  1000  1855  1855 D SystemServerTiming: OnBootPhase_500_com.android.server.wm.ActivityTaskManagerService$Lifecycle
12-18 07:18:03.676  1000  1855  1855 D SystemServerTiming: OnBootPhase_500_com.android.server.am.ActivityManagerService$Lifecycle
12-18 07:18:03.677  1000  1855  1855 W BatteryStatsImpl: Unexpected per uid modem model name ()
12-18 07:18:03.679  1000  1855  1855 E BatteryStatsService: Could not register PowerStatsInternal
12-18 07:18:03.681  1000  1855  1855 D SystemServerTiming: OnBootPhase_500_com.android.server.pm.DataLoaderManagerService
12-18 07:18:03.681  1000  1855  1855 D SystemServerTiming: OnBootPhase_500_com.android.server.power.PowerManagerService
12-18 07:18:03.682  1000  1855  1855 I AttentionDetector: readValuesFromDeviceConfig():
12-18 07:18:03.682  1000  1855  1855 I AttentionDetector: mMaximumExtensionMillis=900000
12-18 07:18:03.682  1000  1855  1855 I AttentionDetector: mPreDimCheckDurationMillis=2000
12-18 07:18:03.682  1000  1855  1855 I AttentionDetector: mRequestedPostDimTimeoutMillis=0
12-18 07:18:03.686  1000  1855  1918 I commit_sys_config_file: [notification-policy,5]
12-18 07:18:03.687  1000  1855  1855 W BrightnessThrottler: DeviceConfig ThermalBrightnessThrottlingData is null
12-18 07:18:03.688  1000  1855  1855 E DisplayPowerController2[0]: failed to set up display white-balance: java.lang.IllegalStateException: cannot find sensor com.google.sensor.color
12-18 07:18:03.689  1000  1855  1855 W DisplayPowerController2[0]: Screen brightness nits configuration is unavailable; falling back
12-18 07:18:03.694  1000  1855  1855 I FaceDownDetector: readValuesFromDeviceConfig():
12-18 07:18:03.694  1000  1855  1855 I FaceDownDetector: mAccelerationThreshold=0.2
12-18 07:18:03.694  1000  1855  1855 I FaceDownDetector: mZAccelerationThreshold=-9.5
12-18 07:18:03.694  1000  1855  1855 I FaceDownDetector: mTimeThreshold=PT1S
12-18 07:18:03.694  1000  1855  1855 I FaceDownDetector: mIsEnabled=true
12-18 07:18:03.694  1000  1855  1944 W KeyguardServiceDelegate: onScreenTurningOn(): no keyguard service!
12-18 07:18:03.694  1000  1855  1944 I DisplayBrightnessStrategySelector: Changing the DisplayBrightnessStrategy from InvalidBrightnessStrategy toOverrideBrightnessStrategy for display 0
12-18 07:18:03.695  1000  1855  1944 V DisplayPowerController2[0]: Brightness [0.39763778] reason changing to: 'override', previous reason: '0'.
12-18 07:18:03.695  1000  1855  1944 I DisplayPowerController2[0]: BrightnessEvent: disp=0, physDisp=local:4630947252063890817, brt=0.39763778, initBrt=NaN, rcmdBrt=NaN, preBrt=NaN, lux=0.0, preLux=0.0, hbmMax=1.0, hbmMode=off, rbcStrength=0, thrmMax=1.0, powerFactor=1.0, wasShortTermModelActive=false, flags=, reason=override, autoBrightness=false, strategy=OverrideBrightnessStrategy
12-18 07:18:03.697  1000  1855  1919 I DisplayDeviceRepository: Display device changed state: "Built-in Screen", ON
12-18 07:18:03.697  1000  1855  1855 I ScreenUndimDetector: readValuesFromDeviceConfig():
12-18 07:18:03.697  1000  1855  1855 I ScreenUndimDetector: mKeepScreenOnForMillis=600000
12-18 07:18:03.697  1000  1855  1855 I ScreenUndimDetector: mKeepScreenOnNotificationEnabled=true
12-18 07:18:03.697  1000  1855  1855 I ScreenUndimDetector: mUndimsRequired=2
12-18 07:18:03.697  1000  1855  1933 W KernelCpuProcStringReader: File not found. It's normal if not implemented: /proc/uid_concurrent_policy_time
12-18 07:18:03.699  1000  1855  1855 D SystemServerTiming: OnBootPhase_500_com.android.server.power.ThermalManagerService
12-18 07:18:03.699  1000  1855  1855 D SystemServerTiming: OnBootPhase_500_com.android.server.power.hint.HintManagerService
12-18 07:18:03.699  1000  1855  1919 I DisplayDeviceRepository: Display device changed state: "Built-in Screen", ON
12-18 07:18:03.699  1000  1855  1855 V HintManagerService: Initializing HintManager service...
12-18 07:18:03.699  1000  1855  1855 V HistoricalRegistry: Interaction before persistence initialized
12-18 07:18:03.699  1000  1855  1855 D SystemServerTiming: OnBootPhase_500_com.android.server.recoverysystem.RecoverySystemService$Lifecycle
12-18 07:18:03.699  1000  1855  1855 D SystemServerTiming: OnBootPhase_500_com.android.server.lights.LightsService
12-18 07:18:03.700  1000  1855  1855 D SystemServerTiming: OnBootPhase_500_com.android.server.display.DisplayManagerService
12-18 07:18:03.700  1000  1855  1855 D SystemServerTiming: OnBootPhase_500_com.android.server.pm.verify.domain.DomainVerificationService
12-18 07:18:03.700  1000  1855  1855 D SystemServerTiming: OnBootPhase_500_com.android.server.pm.PackageInstallerService$Lifecycle
12-18 07:18:03.700  1000  1855  1855 D SystemServerTiming: OnBootPhase_500_com.android.server.pm.UserManagerService$LifeCycle
12-18 07:18:03.700  1000  1855  1855 D SystemServerTiming: OnBootPhase_500_com.android.server.om.OverlayManagerService
12-18 07:18:03.700  1000  1855  1855 D SystemServerTiming: OnBootPhase_500_com.android.server.resources.ResourcesManagerService
12-18 07:18:03.700  1000  1855  1855 D SystemServerTiming: OnBootPhase_500_com.android.server.sensorprivacy.SensorPrivacyService
12-18 07:18:03.702  1000  1855  1855 D CompatibilityChangeReporter: Compat change id reported: 157233955; UID 1000; state: ENABLED
12-18 07:18:03.703  1000  1855  1855 D SystemServerTiming: OnBootPhase_500_com.android.server.sensors.SensorService
12-18 07:18:03.703  1000  1855  1855 D SystemServerTiming: OnBootPhase_500_com.android.server.SystemConfigService
12-18 07:18:03.703  1000  1855  1855 D SystemServerTiming: OnBootPhase_500_com.android.server.BatteryService
12-18 07:18:03.703  1000  1855  1855 D SystemServerTiming: OnBootPhase_500_com.android.server.usage.UsageStatsService
12-18 07:18:03.704  1000  1855  1855 D AppStandbyController: Setting app idle enabled state
12-18 07:18:03.705  1000  1855  1855 D AppStandbyController: Initializing defaults for system apps on user 0, appIdleEnabled=false
12-18 07:18:03.711  1000  1855  1855 E AppIdleHistory: Unable to read app idle file for user 0
12-18 07:18:03.711  1000  1855  1855 E AppIdleHistory: java.io.FileNotFoundException: /data/system/users/0/app_idle_stats.xml: open failed: ENOENT (No such file or directory)
12-18 07:18:03.711  1000  1855  1855 E AppIdleHistory: 	at libcore.io.IoBridge.open(IoBridge.java:574)
12-18 07:18:03.711  1000  1855  1855 E AppIdleHistory: 	at java.io.FileInputStream.<init>(FileInputStream.java:160)
12-18 07:18:03.711  1000  1855  1855 E AppIdleHistory: 	at android.util.AtomicFile.openRead(AtomicFile.java:260)
12-18 07:18:03.711  1000  1855  1855 E AppIdleHistory: 	at com.android.server.usage.AppIdleHistory.readAppIdleTimes(AppIdleHistory.java:715)
12-18 07:18:03.711  1000  1855  1855 E AppIdleHistory: 	at com.android.server.usage.AppIdleHistory.getUserHistory(AppIdleHistory.java:384)
12-18 07:18:03.711  1000  1855  1855 E AppIdleHistory: 	at com.android.server.usage.AppIdleHistory.reportUsage(AppIdleHistory.java:372)
12-18 07:18:03.711  1000  1855  1855 E AppIdleHistory: 	at com.android.server.usage.AppStandbyController.initializeDefaultsForSystemApps(AppStandbyController.java:2335)
12-18 07:18:03.711  1000  1855  1855 E AppIdleHistory: 	at com.android.server.usage.AppStandbyController.onBootPhase(AppStandbyController.java:701)
12-18 07:18:03.711  1000  1855  1855 E AppIdleHistory: 	at com.android.server.usage.UsageStatsService.onBootPhase(UsageStatsService.java:368)
12-18 07:18:03.711  1000  1855  1855 E AppIdleHistory: 	at com.android.server.SystemServiceManager.startBootPhase(SystemServiceManager.java:291)
12-18 07:18:03.711  1000  1855  1855 E AppIdleHistory: 	at com.android.server.SystemServer.startOtherServices(SystemServer.java:2747)
12-18 07:18:03.711  1000  1855  1855 E AppIdleHistory: 	at com.android.server.SystemServer.run(SystemServer.java:942)
12-18 07:18:03.711  1000  1855  1855 E AppIdleHistory: 	at com.android.server.SystemServer.main(SystemServer.java:664)
12-18 07:18:03.711  1000  1855  1855 E AppIdleHistory: 	at java.lang.reflect.Method.invoke(Native Method)
12-18 07:18:03.711  1000  1855  1855 E AppIdleHistory: 	at com.android.internal.os.RuntimeInit$MethodAndArgsCaller.run(RuntimeInit.java:552)
12-18 07:18:03.711  1000  1855  1855 E AppIdleHistory: 	at com.android.internal.os.ZygoteInit.main(ZygoteInit.java:949)
12-18 07:18:03.711  1000  1855  1855 E AppIdleHistory: Caused by: android.system.ErrnoException: open failed: ENOENT (No such file or directory)
12-18 07:18:03.711  1000  1855  1855 E AppIdleHistory: 	at libcore.io.Linux.open(Native Method)
12-18 07:18:03.711  1000  1855  1855 E AppIdleHistory: 	at libcore.io.ForwardingOs.open(ForwardingOs.java:563)
12-18 07:18:03.711  1000  1855  1855 E AppIdleHistory: 	at libcore.io.BlockGuardOs.open(BlockGuardOs.java:274)
12-18 07:18:03.711  1000  1855  1855 E AppIdleHistory: 	at libcore.io.IoBridge.open(IoBridge.java:560)
12-18 07:18:03.711  1000  1855  1855 E AppIdleHistory: 	... 15 more
12-18 07:18:03.712  1000  1855  1990 I commit_sys_config_file: [settings-1-0,1]
12-18 07:18:03.726  1000  1855  1855 V HistoricalRegistry: Interaction before persistence initialized
12-18 07:18:03.726  1000  1855  1855 D SystemServerTiming: OnBootPhase_500_com.android.server.webkit.WebViewUpdateService
12-18 07:18:03.726  1000  1855  1855 D SystemServerTiming: OnBootPhase_500_com.android.server.CachedDeviceStateService
12-18 07:18:03.726  1000  1855  1855 D SystemServerTiming: OnBootPhase_500_com.android.server.BinderCallsStatsService$LifeCycle
12-18 07:18:03.728  1000  1855  1855 D SystemServerTiming: OnBootPhase_500_com.android.server.LooperStatsService$Lifecycle
12-18 07:18:03.728  1000  1855  1855 D SystemServerTiming: OnBootPhase_500_com.android.server.rollback.RollbackManagerService
12-18 07:18:03.728  1000  1855  1855 D SystemServerTiming: OnBootPhase_500_com.android.server.os.NativeTombstoneManagerService
12-18 07:18:03.728  1000  1855  1855 D SystemServerTiming: OnBootPhase_500_com.android.server.os.BugreportManagerService
12-18 07:18:03.728  1000  1855  1855 D SystemServerTiming: OnBootPhase_500_com.android.server.gpu.GpuService
12-18 07:18:03.728  1000  1855  1855 D SystemServerTiming: OnBootPhase_500_com.android.server.security.rkp.RemoteProvisioningService
12-18 07:18:03.728  1000  1855  1855 D SystemServerTiming: OnBootPhase_500_com.android.server.security.KeyChainSystemService
12-18 07:18:03.728  1000  1855  1855 D SystemServerTiming: OnBootPhase_500_com.android.server.BinaryTransparencyService
12-18 07:18:03.728  1000  1855  1855 D SystemServerTiming: OnBootPhase_500_com.android.server.telecom.TelecomLoaderService
12-18 07:18:03.728  1000  1855  1855 D SystemServerTiming: OnBootPhase_500_com.android.server.accounts.AccountManagerService$Lifecycle
12-18 07:18:03.728  1000  1855  1855 D SystemServerTiming: OnBootPhase_500_com.android.server.content.ContentService$Lifecycle
12-18 07:18:03.728  1000  1855  1855 D SystemServerTiming: OnBootPhase_500_com.android.server.deviceconfig.DeviceConfigInit$Lifecycle
12-18 07:18:03.728  1000  1855  1855 D SystemServerTiming: OnBootPhase_500_com.android.server.DropBoxManagerService
12-18 07:18:03.729  1000  1855  1855 D SystemServerTiming: OnBootPhase_500_com.android.role.RoleService
12-18 07:18:03.729  1000  1855  1855 D SystemServerTiming: OnBootPhase_500_com.android.server.vibrator.VibratorManagerService$Lifecycle
12-18 07:18:03.729  1000  1855  1855 V VibratorManagerService: Initializing VibratorManager service...
12-18 07:18:03.729  1000  1855  1855 V HistoricalRegistry: Interaction before persistence initialized
12-18 07:18:03.730  1000  1855  1855 V VibratorManagerService: VibratorManager service initialized
12-18 07:18:03.730  1000  1855  1855 D SystemServerTiming: OnBootPhase_500_com.android.server.tare.InternalResourceService
12-18 07:18:03.731  1000  1855  1855 D SystemServerTiming: OnBootPhase_500_com.android.server.alarm.AlarmManagerService
12-18 07:18:03.732  1000  1855  1855 E LazyAlarmStore: Removed TIME_TICK alarm
12-18 07:18:03.732  1000  1855  1926 I am_wtf  : [0,1855,system_server,-1,LazyAlarmStore,Removed TIME_TICK alarm]
12-18 07:18:03.733  1000  1855  1855 D SystemServerTiming: OnBootPhase_500_com.android.server.devicestate.DeviceStateManagerService
12-18 07:18:03.734  1000  1855  1855 D SystemServerTiming: OnBootPhase_500_com.android.server.camera.CameraServiceProxy
12-18 07:18:03.734  1000  1855  1855 D SystemServerTiming: OnBootPhase_500_com.android.server.bluetooth.BluetoothService
12-18 07:18:03.734  1000  1855  1855 D SystemServerTiming: OnBootPhase_500_com.android.server.connectivity.IpConnectivityMetrics
12-18 07:18:03.735  1000  1855  1855 D SystemServerTiming: OnBootPhase_500_com.android.server.net.watchlist.NetworkWatchlistService$Lifecycle
12-18 07:18:03.735  1000  1855  1855 D SystemServerTiming: OnBootPhase_500_com.android.server.PinnerService
12-18 07:18:03.736  1000  1855  1855 D SystemServerTiming: OnBootPhase_500_com.android.server.integrity.AppIntegrityManagerService
12-18 07:18:03.736  1000  1855  1855 D SystemServerTiming: OnBootPhase_500_com.android.server.logcat.LogcatManagerService
12-18 07:18:03.736  1000  1855  1855 D SystemServerTiming: OnBootPhase_500_com.android.server.inputmethod.InputMethodManagerService$Lifecycle
12-18 07:18:03.736  1000  1855  1855 D SystemServerTiming: OnBootPhase_500_com.android.server.accessibility.AccessibilityManagerService$Lifecycle
12-18 07:18:03.736  1000  1855  1855 D SystemServerTiming: OnBootPhase_500_com.android.server.StorageManagerService$Lifecycle
12-18 07:18:03.736  1000  1855  1855 D SystemServerTiming: OnBootPhase_500_com.android.server.usage.StorageStatsService$Lifecycle
12-18 07:18:03.737  1000  1855  1855 D SystemServerTiming: OnBootPhase_500_com.android.server.UiModeManagerService
12-18 07:18:03.738  1000  1855  1855 I configuration_changed: 512
12-18 07:18:03.738  1000  1855  1855 I ActivityTaskManager: Config changes=200 {1.0 ?mcc0mnc [en_US] ldltr sw800dp w800dp h1333dp 240dpi xlrg long port finger qwerty/v/v -nav/h winConfig={ mBounds=Rect(0, 0 - 1200, 2000) mAppBounds=Rect(0, 0 - 1200, 2000) mMaxBounds=Rect(0, 0 - 1200, 2000) mDisplayRotation=ROTATION_0 mWindowingMode=fullscreen mDisplayWindowingMode=fullscreen mActivityType=undefined mAlwaysOnTop=undefined mRotation=ROTATION_0} s.6 ?fontWeightAdjustment}
12-18 07:18:03.739  1000  1855  1855 I WindowManager: Override config changes=200 {1.0 ?mcc0mnc [en_US] ldltr sw800dp w800dp h1333dp 240dpi xlrg long port finger qwerty/v/v -nav/h winConfig={ mBounds=Rect(0, 0 - 1200, 2000) mAppBounds=Rect(0, 0 - 1200, 2000) mMaxBounds=Rect(0, 0 - 1200, 2000) mDisplayRotation=ROTATION_0 mWindowingMode=fullscreen mDisplayWindowingMode=fullscreen mActivityType=undefined mAlwaysOnTop=undefined mRotation=ROTATION_0} s.6 ?fontWeightAdjustment} for displayId=0
12-18 07:18:03.740  1000  1855  1855 D SystemServerTiming: OnBootPhase_500_com.android.server.locales.LocaleManagerService
12-18 07:18:03.740  1000  1855  1855 D SystemServerTiming: OnBootPhase_500_com.android.server.grammaticalinflection.GrammaticalInflectionService
12-18 07:18:03.740  1000  1855  1855 D SystemServerTiming: OnBootPhase_500_com.android.server.apphibernation.AppHibernationService
12-18 07:18:03.741  1000  1855  1855 D SystemServerTiming: OnBootPhase_500_com.android.server.locksettings.LockSettingsService$Lifecycle
12-18 07:18:03.741  1000  1855  1855 D SystemServerTiming: OnBootPhase_500_com.android.server.PersistentDataBlockService
12-18 07:18:03.741  1000  1855  1855 D SystemServerTiming: OnBootPhase_500_com.android.server.testharness.TestHarnessModeService
12-18 07:18:03.741  1000  1855  1855 D TestHarnessModeService: Setting up test harness mode
12-18 07:18:03.741  1000  1855  1855 D TestHarnessModeService: Getting PersistentDataBlockManagerInternal from LocalServices
12-18 07:18:03.752  1000  1855  1855 D SystemServerTiming: OnBootPhase_500_com.android.server.oemlock.OemLockService
12-18 07:18:03.752  1000  1855  1855 D SystemServerTiming: OnBootPhase_500_com.android.server.DeviceIdleController
12-18 07:18:03.755  1000  1855  1855 V HistoricalRegistry: Interaction before persistence initialized
12-18 07:18:03.756  1000  1855  1855 D SystemServerTiming: OnBootPhase_500_com.android.server.devicepolicy.DevicePolicyManagerService$Lifecycle
12-18 07:18:03.757  1000  1855  1855 D SystemServerTiming: OnBootPhase_500_com.android.server.texttospeech.TextToSpeechManagerService
12-18 07:18:03.757  1000  1855  1855 D SystemServerTiming: OnBootPhase_500_com.android.server.ambientcontext.AmbientContextManagerService
12-18 07:18:03.757  1000  1855  1855 D SystemServerTiming: OnBootPhase_500_com.android.server.wearable.WearableSensingManagerService
12-18 07:18:03.757  1000  1855  1855 D SystemServerTiming: OnBootPhase_500_com.android.server.speech.SpeechRecognitionManagerService
12-18 07:18:03.757  1000  1855  1855 D SystemServerTiming: OnBootPhase_500_com.android.server.searchui.SearchUiManagerService
12-18 07:18:03.757  1000  1855  1855 D SystemServerTiming: OnBootPhase_500_com.android.server.smartspace.SmartspaceManagerService
12-18 07:18:03.758  1000  1855  1855 D SystemServerTiming: OnBootPhase_500_com.android.server.graphics.fonts.FontManagerService$Lifecycle
12-18 07:18:03.758  1000  1855  1855 D SystemServerTiming: OnBootPhase_500_com.android.server.textservices.TextServicesManagerService$Lifecycle
12-18 07:18:03.758  1000  1855  1855 D SystemServerTiming: OnBootPhase_500_com.android.server.textclassifier.TextClassificationManagerService$Lifecycle
12-18 07:18:03.758  1000  1855  1855 D SystemServerTiming: OnBootPhase_500_com.android.server.NetworkScoreService$Lifecycle
12-18 07:18:03.758  1000  1855  1855 D SystemServerTiming: OnBootPhase_500_com.android.server.NetworkStatsServiceInitializer
12-18 07:18:03.758  1000  1855  1855 D SystemServerTiming: OnBootPhase_500_com.android.server.wifi.WifiService
12-18 07:18:03.758  1000  1855  1855 D SystemServerTiming: OnBootPhase_500_com.android.server.wifi.scanner.WifiScanningService
12-18 07:18:03.758  1000  1855  1855 D SystemServerTiming: OnBootPhase_500_com.android.server.wifi.p2p.WifiP2pService
12-18 07:18:03.759  1000  1855  1855 D SystemServerTiming: OnBootPhase_500_com.android.server.ConnectivityServiceInitializer
12-18 07:18:03.760  1000  1855  1855 D SystemServerTiming: OnBootPhase_500_com.android.server.notification.NotificationManagerService
12-18 07:18:03.761  1000  1855  2282 W BroadcastLoopers: Found previously unknown looper Thread[WifiHandlerThread,5,main]
12-18 07:18:03.762  1000  1855  1855 D ConditionProviders: Subscribing to condition://android/event?userId=-10000&calendar=&reply=1 with ComponentInfo{android/com.android.server.notification.EventConditionProvider}
12-18 07:18:03.762  1000  1855  1855 D ConditionProviders: Subscribing to condition://android/schedule?days=1.2.3.4.5.6.7&start=22.0&end=7.0&exitAtAlarm=true with ComponentInfo{android/com.android.server.notification.ScheduleConditionProvider}
12-18 07:18:03.763  1000  1855  1855 D SystemServerTiming: OnBootPhase_500_com.android.server.storage.DeviceStorageMonitorService
12-18 07:18:03.763  1000  1855  1855 D SystemServerTiming: OnBootPhase_500_com.android.server.timedetector.TimeDetectorService$Lifecycle
12-18 07:18:03.763  1000  1855  1855 D SystemServerTiming: OnBootPhase_500_com.android.server.location.LocationManagerService$Lifecycle
12-18 07:18:03.764  1000  1855  1855 V HistoricalRegistry: Interaction before persistence initialized
12-18 07:18:03.764  1000  1855  2282 I sysui_multi_action: [757,856,758,1,806,android,857,APM_ALERTS,858,4]
12-18 07:18:03.764  1000  1855  1855 D SystemServerTiming: OnBootPhase_500_com.android.server.timezonedetector.TimeZoneDetectorService$Lifecycle
12-18 07:18:03.765  1000  1855  1855 D SystemServerTiming: OnBootPhase_500_com.android.server.location.altitude.AltitudeService$Lifecycle
12-18 07:18:03.765  1000  1855  1855 D SystemServerTiming: OnBootPhase_500_com.android.server.timezonedetector.location.LocationTimeZoneManagerService$Lifecycle
12-18 07:18:03.765  1000  1855  1855 D SystemServerTiming: OnBootPhase_500_com.android.server.search.SearchManagerService$Lifecycle
12-18 07:18:03.765  1000  1855  1855 D SystemServerTiming: OnBootPhase_500_com.android.server.wallpaper.WallpaperManagerService$Lifecycle
12-18 07:18:03.765  1000  1855  1855 D SystemServerTiming: OnBootPhase_500_com.android.server.wallpapereffectsgeneration.WallpaperEffectsGenerationManagerService
12-18 07:18:03.765  1000  1855  1855 D SystemServerTiming: OnBootPhase_500_com.android.server.audio.AudioService$Lifecycle
12-18 07:18:03.765  1000  1855  1855 D SystemServerTiming: OnBootPhase_500_com.android.server.soundtrigger_middleware.SoundTriggerMiddlewareService$Lifecycle
12-18 07:18:03.765  1000  1855  1855 D SystemServerTiming: OnBootPhase_500_com.android.server.DockObserver
12-18 07:18:03.765  1000  1855  1855 D SystemServerTiming: OnBootPhase_500_com.android.server.midi.MidiService$Lifecycle
12-18 07:18:03.765  1000  1855  1855 D SystemServerTiming: OnBootPhase_500_com.android.server.adb.AdbService$Lifecycle
12-18 07:18:03.765  1000  1855  1855 D SystemServerTiming: OnBootPhase_500_com.android.server.usb.UsbService$Lifecycle
12-18 07:18:03.765  1000  1855  1855 D SystemServerTiming: OnBootPhase_500_com.android.server.twilight.TwilightService
12-18 07:18:03.765  1000  1855  1855 D SystemServerTiming: OnBootPhase_500_com.android.server.display.color.ColorDisplayService
12-18 07:18:03.766  1000  1855  1855 D SystemServerTiming: OnBootPhase_500_com.android.server.job.JobSchedulerService
12-18 07:18:03.771  wifi  1096  1096 E android.hardware.wifi@1.0-service: Duplicate death notification registration
12-18 07:18:03.773  1000  1855  1855 V HistoricalRegistry: Interaction before persistence initialized
12-18 07:18:03.773  1000  1855  1855 D SystemServerTiming: OnBootPhase_500_com.android.server.soundtrigger.SoundTriggerService
12-18 07:18:03.773  1000  1855  1855 D SoundTriggerService: onBootPhase: 500 : false
12-18 07:18:03.774  1000  1855  1855 D SystemServerTiming: OnBootPhase_500_com.android.server.trust.TrustManagerService
12-18 07:18:03.779  1000  1855  1855 D SystemServerTiming: OnBootPhase_500_com.android.server.backup.BackupManagerService$Lifecycle
12-18 07:18:03.780  1000  1855  1855 D SystemServerTiming: OnBootPhase_500_com.android.server.appwidget.AppWidgetService
12-18 07:18:03.780  1000  1855  1855 D SystemServerTiming: OnBootPhase_500_com.android.server.voiceinteraction.VoiceInteractionManagerService
12-18 07:18:03.780  1000  1855  1855 D SystemServerTiming: OnBootPhase_500_com.android.server.GestureLauncherService
12-18 07:18:03.780  1000  1855  1855 D SystemServerTiming: OnBootPhase_500_com.android.server.SensorNotificationService
12-18 07:18:03.780  1000  1855  1855 D SystemServerTiming: OnBootPhase_500_com.android.server.emergency.EmergencyAffordanceService
12-18 07:18:03.780  1000  1855  1855 D SystemServerTiming: OnBootPhase_500_com.android.server.blob.BlobStoreManagerService
12-18 07:18:03.780  1000  1855  1855 D SystemServerTiming: OnBootPhase_500_com.android.server.dreams.DreamManagerService
12-18 07:18:03.780  1000  1855  1855 D SystemServerTiming: OnBootPhase_500_com.android.server.print.PrintManagerService
12-18 07:18:03.780  1000  1855  1855 D SystemServerTiming: OnBootPhase_500_com.android.server.security.AttestationVerificationManagerService
12-18 07:18:03.780  1000  1855  1855 D SystemServerTiming: OnBootPhase_500_com.android.server.companion.CompanionDeviceManagerService
12-18 07:18:03.781  1000  1855  1855 D SystemServerTiming: OnBootPhase_500_com.android.server.companion.virtual.VirtualDeviceManagerService
12-18 07:18:03.781  1000  1855  1855 D SystemServerTiming: OnBootPhase_500_com.android.server.restrictions.RestrictionsManagerService
12-18 07:18:03.781  1000  1855  1855 D SystemServerTiming: OnBootPhase_500_com.android.server.media.MediaSessionService
12-18 07:18:03.781  1000  1855  1855 D SystemServerTiming: OnBootPhase_500_com.android.server.media.MediaResourceMonitorService
12-18 07:18:03.781  1000  1855  1855 D SystemServerTiming: OnBootPhase_500_com.android.server.biometrics.BiometricService
12-18 07:18:03.781  1000  1855  1855 D SystemServerTiming: OnBootPhase_500_com.android.server.biometrics.AuthService
12-18 07:18:03.782  1000  1855  1855 D SystemServerTiming: OnBootPhase_500_com.android.server.pm.ShortcutService$Lifecycle
12-18 07:18:03.782  1000  1855  1855 D SystemServerTiming: OnBootPhase_500_com.android.server.pm.LauncherAppsService
12-18 07:18:03.782  1000  1855  1855 D SystemServerTiming: OnBootPhase_500_com.android.server.pm.CrossProfileAppsService
12-18 07:18:03.782  1000  1855  1855 D SystemServerTiming: OnBootPhase_500_com.android.server.people.PeopleService
12-18 07:18:03.782  1000  1855  1855 D SystemServerTiming: OnBootPhase_500_com.android.server.media.metrics.MediaMetricsManagerService
