02-27 02:17:08.832 media  1443  4546 I CCodec  : Created component [c2.android.vorbis.decoder]
02-27 02:17:08.835 media  1443  4546 D CCodecConfig: read media type: audio/vorbis
02-27 02:17:08.837  1041  1066  1140 V DlbVolumeListener: effectCommand
02-27 02:17:08.837  1041  1066  1140 V DlbVolumeListener: effectCommand :: Command EFFECT_CMD_DISABLE
02-27 02:17:08.839  1041  1066  2302 V DlbVolumeListener: release(handle=0xb400007d924174d0)
02-27 02:17:08.839  1041  1179  1476 W audioserver: Binder 0xb4000074aab9aa28 destroyed after setMinSchedulerPolicy before being parceled.
02-27 02:17:08.842 media  1443  4546 D ReflectedParamUpdater: extent() != 1 for single value type: algo.buffers.max-count.values
02-27 02:17:08.843 media  1443  4546 D ReflectedParamUpdater: extent() != 1 for single value type: output.subscribed-indices.values
02-27 02:17:08.843 media  1443  4546 D ReflectedParamUpdater: extent() != 1 for single value type: input.buffers.allocator-ids.values
02-27 02:17:08.843 media  1443  4546 D ReflectedParamUpdater: extent() != 1 for single value type: output.buffers.allocator-ids.values
02-27 02:17:08.843 media  1443  4546 D ReflectedParamUpdater: extent() != 1 for single value type: algo.buffers.allocator-ids.values
02-27 02:17:08.843 media  1443  4546 D ReflectedParamUpdater: extent() != 1 for single value type: output.buffers.pool-ids.values
02-27 02:17:08.843 media  1443  4546 D ReflectedParamUpdater: extent() != 1 for single value type: algo.buffers.pool-ids.values
02-27 02:17:08.845 media  1443  4546 I CCodecConfig: query failed after returning 7 values (BAD_INDEX)
02-27 02:17:08.845 media  1443  4546 D CCodecConfig: c2 config diff is Dict {
02-27 02:17:08.845 media  1443  4546 D CCodecConfig:   c2::u32 coded.bitrate.value = 64000
02-27 02:17:08.845 media  1443  4546 D CCodecConfig:   c2::u32 input.buffers.max-size.value = 32768
02-27 02:17:08.845 media  1443  4546 D CCodecConfig:   c2::u32 input.delay.value = 0
02-27 02:17:08.845 media  1443  4546 D CCodecConfig:   string input.media-type.value = "audio/vorbis"
02-27 02:17:08.845 media  1443  4546 D CCodecConfig:   string output.media-type.value = "audio/raw"
02-27 02:17:08.845 media  1443  4546 D CCodecConfig:   c2::u32 raw.channel-count.value = 1
02-27 02:17:08.845 media  1443  4546 D CCodecConfig:   c2::u32 raw.sample-rate.value = 48000
02-27 02:17:08.845 media  1443  4546 D CCodecConfig: }
02-27 02:17:08.846 media  1443  4546 D MediaCodec: flushMediametrics
02-27 02:17:08.846 media  1443  4546 D CCodec  : [c2.android.vorbis.decoder] buffers are bound to CCodec for this session
02-27 02:17:08.847 media  1443  4546 D CCodecConfig: no c2 equivalents for durationUs
02-27 02:17:08.847 media  1443  4546 D CCodecConfig: no c2 equivalents for csd-1
02-27 02:17:08.847 media  1443  4546 D CCodecConfig: no c2 equivalents for flags
02-27 02:17:08.847 media  1443  4546 D CCodecConfig: c2 config diff is   c2::u32 coded.bitrate.value = 70000
02-27 02:17:08.847 media  1443  4546 W Codec2Client: query -- param skipped: index = 1107298332.
02-27 02:17:08.847 media  1443  4546 D CCodec  : encoding statistics level = 0
02-27 02:17:08.847 media  1443  4546 D CCodec  : setup formats input: AMessage(what = 0x00000000) = {
02-27 02:17:08.847 media  1443  4546 D CCodec  :   int32_t bitrate = 70000
02-27 02:17:08.847 media  1443  4546 D CCodec  :   int32_t channel-count = 1
02-27 02:17:08.847 media  1443  4546 D CCodec  :   int32_t max-input-size = 32768
02-27 02:17:08.847 media  1443  4546 D CCodec  :   string mime = "audio/vorbis"
02-27 02:17:08.847 media  1443  4546 D CCodec  :   int32_t sample-rate = 48000
02-27 02:17:08.847 media  1443  4546 D CCodec  : }
02-27 02:17:08.847 media  1443  4546 D CCodec  : setup formats output: AMessage(what = 0x00000000) = {
02-27 02:17:08.847 media  1443  4546 D CCodec  :   int32_t channel-count = 1
02-27 02:17:08.847 media  1443  4546 D CCodec  :   string mime = "audio/raw"
02-27 02:17:08.847 media  1443  4546 D CCodec  :   int32_t sample-rate = 48000
02-27 02:17:08.847 media  1443  4546 D CCodec  :   int32_t channel-mask = 1
02-27 02:17:08.847 media  1443  4546 D CCodec  :   int32_t android._config-pcm-encoding = 2
02-27 02:17:08.847 media  1443  4546 D CCodec  : }
02-27 02:17:08.848 media  1443  4546 I CCodecConfig: query failed after returning 7 values (BAD_INDEX)
02-27 02:17:08.848 media  1443  4546 I MediaCodec: MediaCodec will operate in async mode
02-27 02:17:08.849 media  1443  4545 D MediaCodec: keep callback message for reclaim
02-27 02:17:08.849 media  1443  4546 W Codec2Client: query -- param skipped: index = 1342179345.
02-27 02:17:08.850 media  1443  4546 W Codec2Client: query -- param skipped: index = 2415921170.
02-27 02:17:08.850 media  1443  4546 D C2Store : debug.c2.use_dmabufheaps set, forcing DMABUF Heaps
02-27 02:17:08.850 media  1443  4546 D C2Store : Using DMABUF Heaps
02-27 02:17:08.851 media  1443  4546 D CCodecBufferChannel: [c2.android.vorbis.decoder#151] Created input block pool with allocatorID 16 => poolID 17 - OK (0)
02-27 02:17:08.851 10057  2356  2403 V WindowManagerShell:  animated by com.android.wm.shell.activityembedding.ActivityEmbeddingController@ccfa4c2
02-27 02:17:08.853 10057  2356  2746 D BufferPoolAccessor2.0: bufferpool2 0xb400007b938d03e8 : 0(0 size) total buffers - 0(0 size) used buffers - 1/7 (recycle/alloc) - 6/36 (fetch/transfer)
02-27 02:17:08.853 10057  2356  2746 D BufferPoolAccessor2.0: Destruction - bufferpool2 0xb400007b938d03e8 cached: 0/0M, 0/0% in use; allocs: 7, 14% recycled; transfers: 36, 83% unfetched
02-27 02:17:08.853 10057  2356  2746 D BufferPoolAccessor2.0: bufferpool2 0xb400007b938db848 : 0(0 size) total buffers - 0(0 size) used buffers - 2/7 (recycle/alloc) - 5/38 (fetch/transfer)
02-27 02:17:08.853 media  1443  4546 I CCodecBufferChannel: [c2.android.vorbis.decoder#151] Created output block pool with allocatorID 16 => poolID 26 - OK
02-27 02:17:08.853 10057  2356  2746 D BufferPoolAccessor2.0: Destruction - bufferpool2 0xb400007b938db848 cached: 0/0M, 0/0% in use; allocs: 7, 29% recycled; transfers: 38, 87% unfetched
02-27 02:17:08.853 10057  2356  2746 D BufferPoolAccessor2.0: bufferpool2 0xb400007b938d1d58 : 0(0 size) total buffers - 0(0 size) used buffers - 1/7 (recycle/alloc) - 6/18 (fetch/transfer)
02-27 02:17:08.853 media  1443  4546 D CCodecBufferChannel: [c2.android.vorbis.decoder#151] Configured output block pool ids 26 => OK
02-27 02:17:08.853 10057  2356  2746 D BufferPoolAccessor2.0: Destruction - bufferpool2 0xb400007b938d1d58 cached: 0/0M, 0/0% in use; allocs: 7, 14% recycled; transfers: 18, 67% unfetched
02-27 02:17:08.853  1000  1855  1971 D BufferPoolAccessor2.0: bufferpool2 0xb400007b938e75e8 : 0(0 size) total buffers - 0(0 size) used buffers - 1/7 (recycle/alloc) - 6/26 (fetch/transfer)
02-27 02:17:08.854  1046  1153  1153 I QC2CompStore: Setting heap usage to system
02-27 02:17:08.854  1000  1855  2011 D BufferPoolAccessor2.0: bufferpool2 0xb400007b938e5c78 : 0(0 size) total buffers - 0(0 size) used buffers - 2/7 (recycle/alloc) - 5/34 (fetch/transfer)
02-27 02:17:08.854  1000  1855  2011 D BufferPoolAccessor2.0: Destruction - bufferpool2 0xb400007b938e5c78 cached: 0/0M, 0/0% in use; allocs: 7, 29% recycled; transfers: 34, 85% unfetched
02-27 02:17:08.854  1000  1855  1971 D BufferPoolAccessor2.0: Destruction - bufferpool2 0xb400007b938e75e8 cached: 0/0M, 0/0% in use; allocs: 7, 14% recycled; transfers: 26, 77% unfetched
02-27 02:17:08.854 media  1443  4546 I DMABUFHEAPS: Using DMA-BUF heap named: system
02-27 02:17:08.854  1000  1855  1971 D BufferPoolAccessor2.0: bufferpool2 0xb400007b938eb458 : 0(0 size) total buffers - 0(0 size) used buffers - 1/7 (recycle/alloc) - 6/34 (fetch/transfer)
02-27 02:17:08.854  1000  1855  1971 D BufferPoolAccessor2.0: Destruction - bufferpool2 0xb400007b938eb458 cached: 0/0M, 0/0% in use; allocs: 7, 14% recycled; transfers: 34, 82% unfetched
02-27 02:17:08.855  1000  1855  2009 D BufferPoolAccessor2.0: bufferpool2 0xb400007b938e50e8 : 0(0 size) total buffers - 0(0 size) used buffers - 2/7 (recycle/alloc) - 5/18 (fetch/transfer)
02-27 02:17:08.855  1000  1855  2009 D BufferPoolAccessor2.0: Destruction - bufferpool2 0xb400007b938e50e8 cached: 0/0M, 0/0% in use; allocs: 7, 29% recycled; transfers: 18, 72% unfetched
02-27 02:17:08.855  1000  1855  2009 D BufferPoolAccessor2.0: bufferpool2 0xb400007b938e6a58 : 0(0 size) total buffers - 0(0 size) used buffers - 1/7 (recycle/alloc) - 6/24 (fetch/transfer)
02-27 02:17:08.855  1000  1855  2009 D BufferPoolAccessor2.0: Destruction - bufferpool2 0xb400007b938e6a58 cached: 0/0M, 0/0% in use; allocs: 7, 14% recycled; transfers: 24, 75% unfetched
02-27 02:17:08.855  1000  1855  2355 D BufferPoolAccessor2.0: bufferpool2 0xb400007b938ebd98 : 0(0 size) total buffers - 0(0 size) used buffers - 2/7 (recycle/alloc) - 5/24 (fetch/transfer)
02-27 02:17:08.856  1000  1855  2355 D BufferPoolAccessor2.0: Destruction - bufferpool2 0xb400007b938ebd98 cached: 0/0M, 0/0% in use; allocs: 7, 29% recycled; transfers: 24, 79% unfetched
02-27 02:17:08.856  1046  1497  4551 D SimpleC2Component: Using output block pool with poolID 26 => got 26 - 0
02-27 02:17:08.857  root  1138  1138 E ANDR-PERF-MPCTL: ANDR-PERF-MPCTL: internal_perf_lock_acq_verification() 386: Perflock Submit request limit reached.
02-27 02:17:08.859  1000  1855  2443 I sysui_multi_action: [757,128,758,1,793,831,794,0,795,831,796,741,797,ConnectivityNotification:100,798,0,806,android,857,NETWORK_ALERTS,858,4,946,ranker_group,947,0,1395,4,1500,615,1688,1]
02-27 02:17:08.859  1000  1855  2443 I sysui_multi_action: [757,1501,758,1,793,831,794,0,795,831,796,741,797,ConnectivityNotification:100,806,android,857,NETWORK_ALERTS,858,4,946,ranker_group,947,0,1500,0,1688,1]
02-27 02:17:08.859  1000  1855  2443 I sysui_multi_action: [757,804,799,note_interruptive,801,0,802,1]
02-27 02:17:08.859  1000  1855  2443 I sysui_multi_action: [757,804,799,note_freshness,801,831,802,1]
02-27 02:17:08.859  1000  1855  2443 I notification_visibility: [-1|android|741|ConnectivityNotification:100|1000,1,831,831,0,0]
02-27 02:17:08.860  1046  1153  1153 I QC2CompStore: Setting heap usage to system
02-27 02:17:08.860  1000  1855  2443 I sysui_multi_action: [757,128,758,1,793,1821376597,794,0,795,1821376597,796,19,798,2,806,android,857,PHYSICAL_KEYBOARD,858,2,946,ranker_group,947,0,1395,4,1500,1821375420,1688,1]
02-27 02:17:08.860  1000  1855  2443 I sysui_multi_action: [757,1501,758,1,793,1821376597,794,0,795,1821376597,796,19,806,android,857,PHYSICAL_KEYBOARD,858,2,946,ranker_group,947,0,1500,0,1688,1]
02-27 02:17:08.860  1000  1855  2443 I sysui_multi_action: [757,804,799,note_interruptive,801,0,802,1]
02-27 02:17:08.860  1000  1855  2443 I sysui_multi_action: [757,804,799,note_freshness,801,1821376597,802,1]
02-27 02:17:08.860  1000  1855  2443 I notification_visibility: [-1|android|19|null|1000,1,1821376597,1821376597,0,2]
02-27 02:17:08.877  1041  1179  1266 D AudioFlinger: Client defaulted notificationFrames to 12000 for frameCount 24000
02-27 02:17:08.877  root  1138  1138 E ANDR-PERF-MPCTL: ANDR-PERF-MPCTL: internal_perf_lock_acq_verification() 386: Perflock Submit request limit reached.
02-27 02:17:08.880  1041  1179  1266 D AF::TrackHandle: OpPlayAudio: track:60 usage:5 not muted
02-27 02:17:08.889  1041  1179  1266 W AudioFlinger: The package name(android) provided does not correspond to the uid 1041
02-27 02:17:08.893  1041  1066  1140 I EffectsFactory: EffectCreate() create_effect
02-27 02:17:08.896  1041  1066  1140 E ACDB    : AcdbComputeDeltaCKV:5762 Error[19]: No calibration data can be found. There is no difference between CKV[new] and CKV[old].
02-27 02:17:08.896  1041  1066  1140 E ACDB    : AcdbCmdGetSubgraphCalDataNonPersist:5964 Error[19]: Failed to get the delta CKV
02-27 02:17:08.896  1041  1066  1140 I gsl     : gsl_graph_send_persist_cal:863 Skipping persist cal for SG_ID -1342177278: already started
02-27 02:17:08.896  1041  1066  1140 I gsl     : gsl_graph_send_persist_cal:863 Skipping persist cal for SG_ID -1342177243: already started
02-27 02:17:08.896  1041  1066  1140 I gsl     : gsl_graph_send_persist_cal:863 Skipping persist cal for SG_ID -1342177244: already started
02-27 02:17:08.897  1041  1066  1140 I gsl     : gsl_graph_send_persist_cal:863 Skipping persist cal for SG_ID -1342177245: already started
02-27 02:17:08.898  1041  1179  1266 W AudioFlinger: The package name(android) provided does not correspond to the uid 1041
02-27 02:17:08.899  1041  1066  1140 I EffectsFactory: EffectCreate() create_effect
02-27 02:17:08.899  1041  1066  1140 V DlbVolumeListener: Create Dolby Listener Effect.
02-27 02:17:08.899  1041  1066  1140 V DlbVolumeListener: create CREATED_CONTEXT 0xb400007d92416a80 sessionId 169 ioId 13
02-27 02:17:08.899  1041  1066  1140 I DlbVolumeListener: create() Created effect Notification Listener
02-27 02:17:08.899  1041  1066  1140 V DlbVolumeListener: effectGetDescriptor
02-27 02:17:08.899  1041  1066  1140 I DlbVolumeListener: effectGetDescriptor() Returning descriptor for Notification Listener
02-27 02:17:08.900  1041  1066  1140 V DlbVolumeListener: effectGetDescriptor
02-27 02:17:08.900  root  1138  1138 E ANDR-PERF-MPCTL: ANDR-PERF-MPCTL: internal_perf_lock_acq_verification() 386: Perflock Submit request limit reached.
02-27 02:17:08.900  1041  1066  1140 I DlbVolumeListener: effectGetDescriptor() Returning descriptor for Notification Listener
02-27 02:17:08.901  1041  1066  1140 V DlbVolumeListener: effectCommand
02-27 02:17:08.901  1041  1066  1140 V DlbVolumeListener: effectCommand :: Command EFFECT_CMD_INIT
02-27 02:17:08.901  1041  1066  1140 V DlbVolumeListener: effectCommand
02-27 02:17:08.901  1041  1066  1140 D DlbVolumeListener: effectCommand :: Command EFFECT_CMD_OFFLOAD offload=0 ioHandle=13
02-27 02:17:08.902  1041  1066  1140 V DlbVolumeListener: effectCommand
02-27 02:17:08.902  1041  1066  1140 V DlbVolumeListener: effectCommand :: Command EFFECT_CMD_SET_CONFIG
02-27 02:17:08.903  1041  1066  1140 V DlbVolumeListener: effectCommand
02-27 02:17:08.903  1041  1066  1140 V DlbVolumeListener: effectCommand :: Command EFFECT_CMD_SET_CONFIG
02-27 02:17:08.903  1041  1066  1140 V DlbVolumeListener: effectCommand
02-27 02:17:08.907  1041  1066  1140 V DlbVolumeListener: effectCommand
02-27 02:17:08.907  1041  1066  1140 V DlbVolumeListener: effectCommand :: Command EFFECT_CMD_ENABLE
02-27 02:17:08.909  1041  1066  2302 I gsl     : gsl_graph_send_persist_cal:863 Skipping persist cal for SG_ID -1342177278: already started
02-27 02:17:08.909  1041  1066  2302 I gsl     : gsl_graph_send_persist_cal:863 Skipping persist cal for SG_ID -1342177243: already started
02-27 02:17:08.909  1041  1066  2302 I gsl     : gsl_graph_send_persist_cal:863 Skipping persist cal for SG_ID -1342177244: already started
02-27 02:17:08.909  1041  1066  2302 I gsl     : gsl_graph_send_persist_cal:863 Skipping persist cal for SG_ID -1342177245: already started
02-27 02:17:08.945  1000  1855  2007 I input_focus: [Focus entering 687d7b7 com.android.settings/com.android.settings.SubSettings (server),reason=Window became focusable. Previous reason: NOT_VISIBLE]
02-27 02:17:08.947  1000  1855  1904 I ImeTracker: com.android.settings:bf1d8464: onRequestHide at ORIGIN_SERVER_HIDE_INPUT reason HIDE_UNSPECIFIED_WINDOW
02-27 02:17:08.947  root  1138  1138 E ANDR-PERF-MPCTL: ANDR-PERF-MPCTL: internal_perf_lock_acq_verification() 386: Perflock Submit request limit reached.
02-27 02:17:08.947  1000  1855  1904 I ImeTracker: com.android.settings:bf1d8464: onCancelled at PHASE_SERVER_SHOULD_HIDE
02-27 02:17:08.969  root  1138  1138 E ANDR-PERF-MPCTL: ANDR-PERF-MPCTL: internal_perf_lock_acq_verification() 386: Perflock Submit request limit reached.
02-27 02:17:08.991  root  1138  1138 E ANDR-PERF-MPCTL: ANDR-PERF-MPCTL: internal_perf_lock_acq_verification() 386: Perflock Submit request limit reached.
02-27 02:17:09.014  root  1138  1138 E ANDR-PERF-MPCTL: ANDR-PERF-MPCTL: internal_perf_lock_acq_verification() 386: Perflock Submit request limit reached.
02-27 02:17:09.032  1041  1066  2302 V DlbVolumeListener: effectCommand
02-27 02:17:09.035  1041  1066  2302 D AHAL: AudioDevice: CreateAudioPatch: 424: enter: num sources 1, num_sinks 1
02-27 02:17:09.035  1041  1066  2302 D AHAL: AudioDevice: CreateAudioPatch: 439: source role 1, source type 2
02-27 02:17:09.035  1041  1066  2302 D AHAL: AudioDevice: CreateAudioPatch: 467: Playback patch from mix handle 13 to device 400000
02-27 02:17:09.035  1041  1066  2302 I AHAL: AudioDevice: OutGetStream: 1216: Found existing stream associated with iohandle 13
02-27 02:17:09.035  1041  1066  2302 D AHAL: AudioVoice: RouteStream: 412: Enter
02-27 02:17:09.036  root  1138  1138 E ANDR-PERF-MPCTL: ANDR-PERF-MPCTL: internal_perf_lock_acq_verification() 386: Perflock Submit request limit reached.
02-27 02:17:09.036  1041  1066  2302 E AHAL: AudioVoice: GetMatchingTxDevices: 397: unsupported Device Id of 4194304
02-27 02:17:09.037  1041  1066  2302 E AHAL: AudioVoice: RouteStream: 427: Invalid Tx/Rx device
02-27 02:17:09.037  1041  1066  2302 D AHAL: AudioVoice: RouteStream: 472: Exit ret: 0
02-27 02:17:09.040  1041  1066  2302 I AHAL: AudioStream: RouteStream: 2141: enter: usecase(1: low-latency-playback) devices 0x400000, num devices 1
02-27 02:17:09.040  1041  1066  2302 D AHAL: AudioStream: RouteStream: 2144: mAndroidOutDevices 2, mNoOfOutDevices 1
02-27 02:17:09.040  1041  1066  2302 D AHAL: AudioDevice: GetPalDeviceIds: 2142: haldeviceIds: 1
02-27 02:17:09.041  1041  1066  2302 D AHAL: AudioDevice: GetPalDeviceIds: 2149: Found haldeviceId: 400000 and PAL Device ID 3
02-27 02:17:09.041  1041  1066  2302 D AHAL: AudioDevice: GetPalDeviceIds: 2168: devices allocated 1, pal device ids before returning 1
02-27 02:17:09.041  1041  1066  2302 D AHAL: AudioStream: RouteStream: 2173: noPalDevices: 1 , new_devices: 1
02-27 02:17:09.041  1041  1066  2302 I PAL: ResourceManager: getParameter: 8147: get parameter for HIFI PCM Filter
02-27 02:17:09.041  1041  1066  2302 D AHAL: AudioCust: audio_cust_set_paldevice_custkey: 173: custom_key: 
02-27 02:17:09.042  1041  1066  2302 E AHAL: AudioStream: mmi_test : audio_cust_set_paldevice_custkey !
02-27 02:17:09.042  1041  1066  2302 I PAL: API: pal_stream_set_device: 1013: Enter. Stream handle :0xb400007da241fef0K
02-27 02:17:09.042  1041  1066  2302 I PAL: API: pal_stream_set_device: 1150: Exit. status 0
02-27 02:17:09.042  1041  1066  2302 D generic_effect_ar: gef_device_config_cb: stream type=6 sample_rate=48000 device=4194304
02-27 02:17:09.042  1041  1066  2302 D AHAL: AudioStream: RouteStream: 2276: exit 0
02-27 02:17:09.043  1041  1066  2302 D AHAL: AudioDevice: CreateAudioPatch: 521: Exit ret: 0
02-27 02:17:09.051  1041  1066  2302 D AHAL: AudioVoice: SetVoiceVolume: 1002: Enter vol: 0.600000
02-27 02:17:09.051  1041  1066  2302 D AHAL: AudioVoice: SetVoiceVolume: 1016: volume is cached on voice session 0
02-27 02:17:09.051  1041  1066  2302 D AHAL: AudioVoice: SetVoiceVolume: 1016: volume is cached on voice session 1
02-27 02:17:09.051  1041  1066  2302 D AHAL: AudioVoice: SetVoiceVolume: 1023: Exit ret: 0
02-27 02:17:09.054  1041  1179  1266 D audioserver: FGS Logger Transaction failed
02-27 02:17:09.054  1041  1179  1266 D audioserver: -129
02-27 02:17:09.057  root  1138  1138 E ANDR-PERF-MPCTL: ANDR-PERF-MPCTL: internal_perf_lock_acq_verification() 386: Perflock Submit request limit reached.
02-27 02:17:09.063  1046  1153  1153 I QC2CompStore: Setting heap usage to system
02-27 02:17:09.072 media  1443  4544 D AudioTrack: getTimestamp_l(34): device stall time corrected using current time 919541468814
02-27 02:17:09.079  root  1138  1138 E ANDR-PERF-MPCTL: ANDR-PERF-MPCTL: internal_perf_lock_acq_verification() 386: Perflock Submit request limit reached.
02-27 02:17:09.101  root  1138  1138 E ANDR-PERF-MPCTL: ANDR-PERF-MPCTL: internal_perf_lock_acq_verification() 386: Perflock Submit request limit reached.
02-27 02:17:09.116  1041  1066  2302 V DlbVolumeListener: effectCommand
02-27 02:17:09.116  1041  1066  2302 V DlbVolumeListener: Command EFFECT_CMD_SET_VOLUME
02-27 02:17:09.116  1041  1066  2302 D DlbVolumeListener: effectCommand: Ignore volume 0 coming from pausing playback
02-27 02:17:09.122  root  1138  1138 E ANDR-PERF-MPCTL: ANDR-PERF-MPCTL: internal_perf_lock_acq_verification() 386: Perflock Submit request limit reached.
02-27 02:17:09.143  1000  1855  3824 E BatteryStatsService: Invalid uid for waking network packet: -1
02-27 02:17:09.146  root  1138  1138 E ANDR-PERF-MPCTL: ANDR-PERF-MPCTL: internal_perf_lock_acq_verification() 386: Perflock Submit request limit reached.
02-27 02:17:09.161  1041  1179  1798 E PersistableBundle: Failed at frameworks/native/libs/binder/PersistableBundle.cpp:160 (erase)
02-27 02:17:09.162  1041  1066  2302 V DlbVolumeListener: effectCommand
02-27 02:17:09.162  1041  1066  2302 V DlbVolumeListener: Command EFFECT_CMD_SET_VOLUME
02-27 02:17:09.165  1041  1066  2302 I gsl     : gsl_graph_send_persist_cal:863 Skipping persist cal for SG_ID -1342177278: already started
02-27 02:17:09.165  1041  1066  2302 I gsl     : gsl_graph_send_persist_cal:863 Skipping persist cal for SG_ID -1342177243: already started
02-27 02:17:09.165  1041  1066  2302 I gsl     : gsl_graph_send_persist_cal:863 Skipping persist cal for SG_ID -1342177244: already started
02-27 02:17:09.166  1041  1066  2302 I gsl     : gsl_graph_send_persist_cal:863 Skipping persist cal for SG_ID -1342177245: already started
02-27 02:17:09.167  root  1138  1138 E ANDR-PERF-MPCTL: ANDR-PERF-MPCTL: internal_perf_lock_acq_verification() 386: Perflock Submit request limit reached.
02-27 02:17:09.176 10069  2362  4104 E FrameEvents: addRelease: Did not find frame.
02-27 02:17:09.190  root  1138  1138 E ANDR-PERF-MPCTL: ANDR-PERF-MPCTL: internal_perf_lock_acq_verification() 386: Perflock Submit request limit reached.
02-27 02:17:09.198 10069  2362  4104 E FrameEvents: addRelease: Did not find frame.
02-27 02:17:09.220 10069  2362  4104 E FrameEvents: addRelease: Did not find frame.
02-27 02:17:09.236  root  1138  1138 E ANDR-PERF-MPCTL: ANDR-PERF-MPCTL: internal_perf_lock_acq_verification() 386: Perflock Submit request limit reached.
02-27 02:17:09.243 10069  2362  4104 E FrameEvents: addRelease: Did not find frame.
02-27 02:17:09.257  root  1138  1138 E ANDR-PERF-MPCTL: ANDR-PERF-MPCTL: internal_perf_lock_acq_verification() 386: Perflock Submit request limit reached.
02-27 02:17:09.265 10069  2362  4104 E FrameEvents: addRelease: Did not find frame.
02-27 02:17:09.280  root  1138  1138 E ANDR-PERF-MPCTL: ANDR-PERF-MPCTL: internal_perf_lock_acq_verification() 386: Perflock Submit request limit reached.
02-27 02:17:09.287 10069  2362  4104 E FrameEvents: addRelease: Did not find frame.
02-27 02:17:09.301  root  1138  1138 E ANDR-PERF-MPCTL: ANDR-PERF-MPCTL: internal_perf_lock_acq_verification() 386: Perflock Submit request limit reached.
02-27 02:17:09.309 10069  2362  4104 E FrameEvents: addRelease: Did not find frame.
02-27 02:17:09.320 10057  2356  2403 V WindowManagerShell: Transition animation finished (aborted=false), notifying core (#19)android.os.BinderProxy@7bd8435@0
02-27 02:17:09.322  1000  1855  1916 V WindowManager: Finish Transition #19: created at 02-27 02:17:08.661 collect-started=0.04ms request-sent=6.729ms started=8.062ms ready=26.027ms sent=127.995ms finished=660.372ms
02-27 02:17:09.323 10057  2356  2403 V WindowManagerShell: Track 0 became idle
02-27 02:17:09.323 10057  2356  2403 V WindowManagerShell: All active transition animations finished
02-27 02:17:09.324  root  1138  1138 E ANDR-PERF-MPCTL: ANDR-PERF-MPCTL: internal_perf_lock_acq_verification() 386: Perflock Submit request limit reached.
02-27 02:17:09.325  1000  1855  1919 I wm_stop_activity: [0,148629408,com.android.permissioncontroller/.safetycenter.ui.SafetyCenterActivity]
02-27 02:17:09.330 10069  2362  2386 E FrameEvents: addRelease: Did not find frame.
02-27 02:17:09.340 10069  2362  2362 I wm_on_stop_called: [148629408,com.android.permissioncontroller.safetycenter.ui.SafetyCenterActivity,STOP_ACTIVITY_ITEM,2]
02-27 02:17:09.343 10069  2362  4474 D OpenGLRenderer: endAllActiveAnimators on 0xb400007a339052a0 (RippleDrawable) with handle 0xb400007b33901640
02-27 02:17:09.345  root  1138  1138 E ANDR-PERF-MPCTL: ANDR-PERF-MPCTL: internal_perf_lock_acq_verification() 386: Perflock Submit request limit reached.
02-27 02:17:09.389  root  1138  1138 E ANDR-PERF-MPCTL: ANDR-PERF-MPCTL: internal_perf_lock_acq_verification() 386: Perflock Submit request limit reached.
02-27 02:17:09.411  root  1138  1138 E ANDR-PERF-MPCTL: ANDR-PERF-MPCTL: internal_perf_lock_acq_verification() 386: Perflock Submit request limit reached.
02-27 02:17:09.433  root  1138  1138 E ANDR-PERF-MPCTL: ANDR-PERF-MPCTL: internal_perf_lock_acq_verification() 386: Perflock Submit request limit reached.
02-27 02:17:09.445  1000  1855  2007 I input_interaction: Interaction with: 687d7b7 com.android.settings/com.android.settings.SubSettings (server), PointerEventDispatcher0 (server), 
02-27 02:17:09.454  root  1138  1138 E ANDR-PERF-MPCTL: ANDR-PERF-MPCTL: internal_perf_lock_acq_verification() 386: Perflock Submit request limit reached.
02-27 02:17:09.477  root  1138  1138 E ANDR-PERF-MPCTL: ANDR-PERF-MPCTL: internal_perf_lock_acq_verification() 386: Perflock Submit request limit reached.
02-27 02:17:09.497  1000  4419  4444 I jank_cuj_events_begin_request: [28,1709000229497371000,919966752564,919966753501,com.android.settings.password.ChooseLockGeneric$ChooseLockGenericFragment]
02-27 02:17:09.499  root  1138  1138 E ANDR-PERF-MPCTL: ANDR-PERF-MPCTL: internal_perf_lock_acq_verification() 386: Perflock Submit request limit reached.
02-27 02:17:09.521  root  1138  1138 E ANDR-PERF-MPCTL: ANDR-PERF-MPCTL: internal_perf_lock_acq_verification() 386: Perflock Submit request limit reached.
02-27 02:17:09.530  1000  4419  4444 I jank_cuj_events_end_request: [28,1709000229530383000,919999765689,919999766626]
02-27 02:17:09.568  root  1138  1138 E ANDR-PERF-MPCTL: ANDR-PERF-MPCTL: internal_perf_lock_acq_verification() 386: Perflock Submit request limit reached.
02-27 02:17:09.589  root  1138  1138 E ANDR-PERF-MPCTL: ANDR-PERF-MPCTL: internal_perf_lock_acq_verification() 386: Perflock Submit request limit reached.
02-27 02:17:09.611  root  1138  1138 E ANDR-PERF-MPCTL: ANDR-PERF-MPCTL: internal_perf_lock_acq_verification() 386: Perflock Submit request limit reached.
02-27 02:17:09.632  root  1138  1138 E ANDR-PERF-MPCTL: ANDR-PERF-MPCTL: internal_perf_lock_acq_verification() 386: Perflock Submit request limit reached.
02-27 02:17:09.654  root  1138  1138 E ANDR-PERF-MPCTL: ANDR-PERF-MPCTL: internal_perf_lock_acq_verification() 386: Perflock Submit request limit reached.
02-27 02:17:09.677  root  1138  1138 E ANDR-PERF-MPCTL: ANDR-PERF-MPCTL: internal_perf_lock_acq_verification() 386: Perflock Submit request limit reached.
02-27 02:17:09.700  root  1138  1138 E ANDR-PERF-MPCTL: ANDR-PERF-MPCTL: internal_perf_lock_acq_verification() 386: Perflock Submit request limit reached.
02-27 02:17:09.722  root  1138  1138 E ANDR-PERF-MPCTL: ANDR-PERF-MPCTL: internal_perf_lock_acq_verification() 386: Perflock Submit request limit reached.
02-27 02:17:09.744  root  1138  1138 E ANDR-PERF-MPCTL: ANDR-PERF-MPCTL: internal_perf_lock_acq_verification() 386: Perflock Submit request limit reached.
02-27 02:17:09.766  root  1138  1138 E ANDR-PERF-MPCTL: ANDR-PERF-MPCTL: internal_perf_lock_acq_verification() 386: Perflock Submit request limit reached.
02-27 02:17:09.788  root  1138  1138 E ANDR-PERF-MPCTL: ANDR-PERF-MPCTL: internal_perf_lock_acq_verification() 386: Perflock Submit request limit reached.
02-27 02:17:09.803  1000  1855  3478 E TaskPersister: File error accessing recents directory (directory doesn't exist?).
02-27 02:17:09.811  root  1138  1138 E ANDR-PERF-MPCTL: ANDR-PERF-MPCTL: internal_perf_lock_acq_verification() 386: Perflock Submit request limit reached.
02-27 02:17:09.833  root  1138  1138 E ANDR-PERF-MPCTL: ANDR-PERF-MPCTL: internal_perf_lock_acq_verification() 386: Perflock Submit request limit reached.
02-27 02:17:09.855  root  1138  1138 E ANDR-PERF-MPCTL: ANDR-PERF-MPCTL: internal_perf_lock_acq_verification() 386: Perflock Submit request limit reached.
02-27 02:17:09.877  root  1138  1138 E ANDR-PERF-MPCTL: ANDR-PERF-MPCTL: internal_perf_lock_acq_verification() 386: Perflock Submit request limit reached.
02-27 02:17:09.899  root  1138  1138 E ANDR-PERF-MPCTL: ANDR-PERF-MPCTL: internal_perf_lock_acq_verification() 386: Perflock Submit request limit reached.
02-27 02:17:09.921  root  1138  1138 E ANDR-PERF-MPCTL: ANDR-PERF-MPCTL: internal_perf_lock_acq_verification() 386: Perflock Submit request limit reached.
02-27 02:17:09.943  root  1138  1138 E ANDR-PERF-MPCTL: ANDR-PERF-MPCTL: internal_perf_lock_acq_verification() 386: Perflock Submit request limit reached.
02-27 02:17:09.967  root  1138  1138 E ANDR-PERF-MPCTL: ANDR-PERF-MPCTL: internal_perf_lock_acq_verification() 386: Perflock Submit request limit reached.
02-27 02:17:09.989  root  1138  1138 E ANDR-PERF-MPCTL: ANDR-PERF-MPCTL: internal_perf_lock_acq_verification() 386: Perflock Submit request limit reached.
02-27 02:17:10.011  root  1138  1138 E ANDR-PERF-MPCTL: ANDR-PERF-MPCTL: internal_perf_lock_acq_verification() 386: Perflock Submit request limit reached.
02-27 02:17:10.033  root  1138  1138 E ANDR-PERF-MPCTL: ANDR-PERF-MPCTL: internal_perf_lock_acq_verification() 386: Perflock Submit request limit reached.
02-27 02:17:10.056  root  1138  1138 E ANDR-PERF-MPCTL: ANDR-PERF-MPCTL: internal_perf_lock_acq_verification() 386: Perflock Submit request limit reached.
02-27 02:17:10.081  root  1138  1138 E ANDR-PERF-MPCTL: ANDR-PERF-MPCTL: internal_perf_lock_acq_verification() 386: Perflock Submit request limit reached.
02-27 02:17:10.099  root  1138  1138 E ANDR-PERF-MPCTL: ANDR-PERF-MPCTL: internal_perf_lock_acq_verification() 386: Perflock Submit request limit reached.
02-27 02:17:10.122  root  1138  1138 E ANDR-PERF-MPCTL: ANDR-PERF-MPCTL: internal_perf_lock_acq_verification() 386: Perflock Submit request limit reached.
02-27 02:17:10.132  1000  4419  4419 W ElapsedTimeUtils: getElapsedTime: sSuwFinishedTimeStamp is null
02-27 02:17:10.133  1000  4419  4419 I sysui_multi_action: [757,830,758,4,833,27,854,unlock_set_off]
02-27 02:17:10.133  1000  4419  4419 I lock_screen_type: unlock_set_off
02-27 02:17:10.135  1041  1179  2516 W AudioFlinger: The package name(android) provided does not correspond to the uid 1041
02-27 02:17:10.142  1041  1066  2302 I EffectsFactory: EffectCreate() create_effect
02-27 02:17:10.142  1041  1066  2302 V DlbVolumeListener: Create Dolby Listener Effect.
02-27 02:17:10.142  1041  1066  2302 V DlbVolumeListener: create CREATED_CONTEXT 0xb400007d92416660 sessionId 161 ioId 13
02-27 02:17:10.142  1041  1066  2302 I DlbVolumeListener: create() Created effect System Listener
02-27 02:17:10.142  1041  1066  2302 V DlbVolumeListener: effectGetDescriptor
02-27 02:17:10.142  1041  1066  2302 I DlbVolumeListener: effectGetDescriptor() Returning descriptor for System Listener
02-27 02:17:10.142  1041  1066  2302 V DlbVolumeListener: effectGetDescriptor
02-27 02:17:10.142  1041  1066  2302 I DlbVolumeListener: effectGetDescriptor() Returning descriptor for System Listener
02-27 02:17:10.143  1041  1066  1140 V DlbVolumeListener: effectCommand
02-27 02:17:10.143  1041  1066  1140 V DlbVolumeListener: effectCommand :: Command EFFECT_CMD_INIT
02-27 02:17:10.143  1041  1066  2302 V DlbVolumeListener: effectCommand
02-27 02:17:10.143  1041  1066  2302 D DlbVolumeListener: effectCommand :: Command EFFECT_CMD_OFFLOAD offload=0 ioHandle=13
02-27 02:17:10.143  1041  1066  2302 V DlbVolumeListener: effectCommand
02-27 02:17:10.143  1041  1066  2302 V DlbVolumeListener: effectCommand :: Command EFFECT_CMD_SET_CONFIG
02-27 02:17:10.144  root  1138  1138 E ANDR-PERF-MPCTL: ANDR-PERF-MPCTL: internal_perf_lock_acq_verification() 386: Perflock Submit request limit reached.
02-27 02:17:10.144  1041  1066  2302 V DlbVolumeListener: effectCommand
02-27 02:17:10.144  1041  1066  2302 V DlbVolumeListener: effectCommand :: Command EFFECT_CMD_SET_CONFIG
02-27 02:17:10.145  1041  1066  1140 V DlbVolumeListener: effectCommand
02-27 02:17:10.155  1000  1855  3824 D SafetySourceDataValidator: No cert check requested for package com.android.settings
02-27 02:17:10.159  1000  1855  3824 I wm_finish_activity: [0,143467592,9,com.android.settings/.SubSettings,app-request]
02-27 02:17:10.161 10057  2356  2403 V WindowManagerShell: Transition requested: android.os.BinderProxy@421d07a TransitionRequestInfo { type = CLOSE, triggerTask = null, remoteTransition = null, displayChange = null }
02-27 02:17:10.162  1041  1066  2302 V DlbVolumeListener: effectCommand
02-27 02:17:10.162  1041  1066  2302 V DlbVolumeListener: effectCommand :: Command EFFECT_CMD_ENABLE
02-27 02:17:10.164  1000  1855  3824 I wm_set_resumed_activity: [0,com.android.settings/.Settings,startPausingLocked - onActivityStateChanged]
02-27 02:17:10.164  1000  1855  3824 I wm_pause_activity: [0,143467592,com.android.settings/.SubSettings,userLeaving=false,finish]
02-27 02:17:10.165  root  1138  1138 E ANDR-PERF-MPCTL: ANDR-PERF-MPCTL: internal_perf_lock_acq_verification() 386: Perflock Submit request limit reached.
02-27 02:17:10.167  1000  1855  1920 I input_focus: [Focus request ca188f1 com.android.settings/com.android.settings.Settings,reason=UpdateInputWindows]
02-27 02:17:10.168  1000  4419  4419 I wm_on_top_resumed_lost_called: [143467592,com.android.settings.SubSettings,topStateChangedWhenResumed]
02-27 02:17:10.171  1000  4419  4419 W ElapsedTimeUtils: getElapsedTime: sSuwFinishedTimeStamp is null
02-27 02:17:10.171  1000  4419  4419 I sysui_multi_action: [757,27,758,2,1089,1432]
02-27 02:17:10.172  1000  4419  4419 I wm_on_paused_called: [143467592,com.android.settings.SubSettings,performPause,2]
02-27 02:17:10.172  1000  1855  3824 I wm_add_to_stopping: [0,143467592,com.android.settings/.SubSettings,completeFinishing]
02-27 02:17:10.175  1000  1855  3824 I wm_set_resumed_activity: [0,com.android.permissioncontroller/.safetycenter.ui.SafetyCenterActivity,resumeTopActivity - onActivityStateChanged]
02-27 02:17:10.176  1000  1855  3824 I wm_resume_activity: [0,148629408,9,com.android.permissioncontroller/.safetycenter.ui.SafetyCenterActivity]
02-27 02:17:10.177  1000  1855  1916 I sysui_multi_action: [757,803,799,window_time_0,802,1]
02-27 02:17:10.179  1000  1855  1920 I input_focus: [Requesting to set focus to null window,reason=UpdateInputWindows]
02-27 02:17:10.180 10069  2362  2362 I wm_on_restart_called: [148629408,com.android.permissioncontroller.safetycenter.ui.SafetyCenterActivity,performRestart,0]
02-27 02:17:10.182  1041  1066  2302 V DlbVolumeListener: effectCommand
02-27 02:17:10.182  1041  1066  1140 V DlbVolumeListener: effectCommand
02-27 02:17:10.183  1041  1066  1140 D AHAL: AudioDevice: CreateAudioPatch: 424: enter: num sources 1, num_sinks 1
02-27 02:17:10.183  1041  1066  1140 D AHAL: AudioDevice: CreateAudioPatch: 439: source role 1, source type 2
02-27 02:17:10.184  1041  1066  1140 D AHAL: AudioDevice: CreateAudioPatch: 467: Playback patch from mix handle 13 to device 400000
02-27 02:17:10.184  1041  1066  1140 I AHAL: AudioDevice: OutGetStream: 1216: Found existing stream associated with iohandle 13
02-27 02:17:10.184  1041  1066  1140 D AHAL: AudioVoice: RouteStream: 412: Enter
02-27 02:17:10.184  1041  1066  1140 E AHAL: AudioVoice: GetMatchingTxDevices: 397: unsupported Device Id of 4194304
02-27 02:17:10.184  1041  1066  1140 E AHAL: AudioVoice: RouteStream: 427: Invalid Tx/Rx device
02-27 02:17:10.184  1041  1066  1140 D AHAL: AudioVoice: RouteStream: 472: Exit ret: 0
02-27 02:17:10.187  1000  1192  1192 I BpBinder: onLastStrongRef automatically unlinking death recipients: 
02-27 02:17:10.189  1000  1855  2007 I input_focus: [Focus leaving 687d7b7 com.android.settings/com.android.settings.SubSettings (server),reason=NO_WINDOW]
02-27 02:17:10.189 10069  2362  2362 I wm_on_start_called: [148629408,com.android.permissioncontroller.safetycenter.ui.SafetyCenterActivity,handleStartActivity,9]
02-27 02:17:10.189  1000  1855  2007 I input_focus: [Focus entering ca188f1 com.android.settings/com.android.settings.Settings (server),reason=setFocusedWindow]
02-27 02:17:10.190 10069  2362  2362 I wm_on_resume_called: [148629408,com.android.permissioncontroller.safetycenter.ui.SafetyCenterActivity,RESUME_ACTIVITY,0]
02-27 02:17:10.190  root  1138  1138 E ANDR-PERF-MPCTL: ANDR-PERF-MPCTL: internal_perf_lock_acq_verification() 386: Perflock Submit request limit reached.
02-27 02:17:10.192  1000  1855  2007 I input_focus: [Focus leaving ca188f1 com.android.settings/com.android.settings.Settings (server),reason=Waiting for window because NO_WINDOW]
02-27 02:17:10.192  1000  1855  2442 W SafetyCenterRefreshTrac: Replacing an ongoing refresh
02-27 02:17:10.192  1041  1066  1140 I AHAL: AudioStream: RouteStream: 2141: enter: usecase(1: low-latency-playback) devices 0x400000, num devices 1
02-27 02:17:10.193  1000  1855  2442 V SafetyCenterRefreshTrac: Starting a new refresh with refreshReason:100 refreshBroadcastId:884278d2-db36-4f9d-b4a7-c135d5c0b2dd_2
02-27 02:17:10.193  1041  1066  1140 D AHAL: AudioStream: RouteStream: 2144: mAndroidOutDevices 4194304, mNoOfOutDevices 1
02-27 02:17:10.193  1041  1066  1140 D AHAL: AudioDevice: GetPalDeviceIds: 2142: haldeviceIds: 1
02-27 02:17:10.193  1041  1066  1140 D AHAL: AudioDevice: GetPalDeviceIds: 2149: Found haldeviceId: 400000 and PAL Device ID 3
02-27 02:17:10.193  1041  1066  1140 D AHAL: AudioDevice: GetPalDeviceIds: 2168: devices allocated 1, pal device ids before returning 1
02-27 02:17:10.193  1000  1855  2442 V SafetyCenterBroadcastDi: Found receiver for intent targeting com.android.settings and user UserHandle{0}
02-27 02:17:10.193  1041  1066  1140 D AHAL: AudioStream: RouteStream: 2173: noPalDevices: 1 , new_devices: 1
02-27 02:17:10.193  1041  1066  1140 I PAL: ResourceManager: getParameter: 8147: get parameter for HIFI PCM Filter
02-27 02:17:10.193  1041  1066  1140 I AHAL: AudioStream: RouteStream: 2227: Setting custom key as speaker-safe
02-27 02:17:10.193  1041  1066  1140 D AHAL: AudioCust: audio_cust_set_paldevice_custkey: 173: custom_key: 
02-27 02:17:10.194  1041  1066  1140 E AHAL: AudioStream: mmi_test : audio_cust_set_paldevice_custkey !
02-27 02:17:10.194  1041  1066  1140 I PAL: API: pal_stream_set_device: 1013: Enter. Stream handle :0xb400007da241fef0K
02-27 02:17:10.194  1041  1066  1140 I PAL: API: pal_stream_set_device: 1150: Exit. status 0
02-27 02:17:10.194  1041  1066  1140 D generic_effect_ar: gef_device_config_cb: stream type=6 sample_rate=48000 device=4194304
02-27 02:17:10.194  1000  1855  2442 V SafetyCenterRefreshTrac: Refresh started for sourceId:AndroidLockScreen userId:0 with refreshBroadcastId:884278d2-db36-4f9d-b4a7-c135d5c0b2dd_2 at currentElapsedMillis:920663 & tracking:true, now 1 tracked sources in flight.
02-27 02:17:10.194  1041  1066  1140 D AHAL: AudioStream: RouteStream: 2276: exit 0
02-27 02:17:10.194  1041  1066  1140 D AHAL: AudioDevice: CreateAudioPatch: 521: Exit ret: 0
02-27 02:17:10.194  1000  1855  2442 V SafetyCenterRefreshTrac: Refresh started for sourceId:AndroidBiometrics userId:0 with refreshBroadcastId:884278d2-db36-4f9d-b4a7-c135d5c0b2dd_2 at currentElapsedMillis:920663 & tracking:true, now 2 tracked sources in flight.
02-27 02:17:10.194  1041  1179  1798 D audioserver: FGS Logger Transaction failed
02-27 02:17:10.195  1041  1179  1798 D audioserver: -129
02-27 02:17:10.195  1041  1179  1798 D audioserver: FGS Logger Transaction failed
02-27 02:17:10.195  1041  1179  1798 D audioserver: -129
02-27 02:17:10.195  1000  4419  4419 I wm_on_top_resumed_gained_called: [49751276,com.android.settings.Settings,topStateChangedWhenResumed]
02-27 02:17:10.198  1041  1179  2516 D audioserver: FGS Logger Transaction failed
02-27 02:17:10.199  1041  1179  2516 D audioserver: -129
02-27 02:17:10.199  1000  4419  4419 I wm_on_top_resumed_lost_called: [49751276,com.android.settings.Settings,topStateChangedWhenResumed]
02-27 02:17:10.207  1000  1855  1920 I input_focus: [Focus request 57f7ea6 com.android.permissioncontroller/com.android.permissioncontroller.safetycenter.ui.SafetyCenterActivity,reason=UpdateInputWindows]
02-27 02:17:10.210 10069  2362  4474 E OpenGLRenderer: Unable to match the desired swap behavior.
02-27 02:17:10.211  root  1138  1138 E ANDR-PERF-MPCTL: ANDR-PERF-MPCTL: internal_perf_lock_acq_verification() 386: Perflock Submit request limit reached.
02-27 02:17:10.214  1000  1855  2443 D SafetySourceDataValidator: No cert check requested for package com.android.settings
02-27 02:17:10.214  1000  1855  2443 V SafetyCenterRefreshTrac: Refresh completed for sourceId:AndroidLockScreen userId:0 with refreshBroadcastId:884278d2-db36-4f9d-b4a7-c135d5c0b2dd_2 duration:PT0.021S successful:true dataChanged:false & tracking:true, 1 tracked sources still in flight.
02-27 02:17:10.223 10069  2362  2362 D SafetyCenterSubpageFragment: renderSafetyCenterEntryGroup called with SafetyCenterUiData(safetyCenterData=SafetyCenterData{mStatus=SafetyCenterStatus{mTitle=Device may be at risk, mSummary=Checking device settings…, mSeverityLevel=1200, mRefreshStatus=10100}, mIssues=[SafetyCenterIssue{mId=IigKEUFuZHJvaWRMb2NrU2NyZWVuEhFOb1NjcmVlbkxvY2tJc3N1ZRgAKhVOb1NjcmVlbkxvY2tJc3N1ZVR5cGU=, mTitle=Set a screen lock, mSubtitle=null, mSummary=For added security, set a PIN, pattern, or password for this device., mSeverityLevel=2200, mDismissible=true, mConfirmDismissal=true, mActions=[Action{mId=EhNTZXRTY3JlZW5Mb2NrQWN0aW9uGigKEUFuZHJvaWRMb2NrU2NyZWVuEhFOb1NjcmVlbkxvY2tJc3N1ZRgA, mLabel=Set screen lock, mPendingIntent=PendingIntent{2c45e67: android.os.BinderProxy@fe4f136}, mWillResolve=false, mInFlight=false, mSuccessMessage=null, mConfirmationDialogDetails=null}], mAttributionTitle=Device unlock, mGroupId=AndroidLockScreenSources}], mEntriesOrGroups=[SafetyCenterEntryOrGroup{mEntry=null, mEntryGroup=SafetyCenterEntryGroup{mId=AndroidLockScreenSources, mTitle=Device unlock, mSummary=None, mSeverityLevel=3300, mSeverityUnspecifiedIconType=2, mEntries=[SafetyCenterEntry{mId=ChFBbmRyb2lkTG9ja1NjcmVlbhAA, mTitle=Screen lock, mSummary=None, mSeverityLevel=3300, mSeverityUnspecifiedIconType=2, mEnabled=true, mPendingIntent=PendingIntent{d09c414: android.os.BinderProxy@fe4f136}, mIconAction=null}]}}, SafetyCenterEntryOrGroup{mEntry=null, mEntryGroup=SafetyCenterEntryGroup{mId=AndroidPrivacySources, mTitle=Privacy, mSummary=Permissions, dashboard, controls, mSeverityLevel=3200, mSeverityUnspecifiedIconType=1, mEntries=[SafetyCenterEntry{mId=ChhBbmRyb2lkUGVybWlzc2lvbk1hbmFnZXIQAA==, mTitle=Permission manager, mSummary=Control app access to your data, mSeverityLevel=3100, mSeverityUnspecifiedIconType=0, mEnabled=true, mPendingIntent=PendingIntent{25ec4bd: android.os.BinderProxy@c645b0d}, mIconAction=null}, SafetyCenterEntry{mId=ChZBbmRyb2lkUGVybWlzc2lvblVzYWdlEAA=, mTitle=Privacy dashboard, mSummary=Show which apps recently used permissions, mSeverityLevel=3100, mSeverityUnspecifiedIconType=0, mEnabled=true, mPendingIntent=PendingIntent{9798ab2: android.os.BinderProxy@540d3}, mIconAction=null}, SafetyCenterEntry{mId=ChRBbmRyb2lkSGVhbHRoQ29ubmVjdBAA, mTitle=Health Connect, mSummary=Manage app access to health data, mSeverityLevel=3100, mSeverityUnspecifiedIconType=2, mEnabled=true, mPendingIntent=PendingIntent{8ae7a03: android.os.BinderProxy@9dc9a3e}, mIconAction=null}, SafetyCenterEntry{mId=CiNBbmRyb2lkUHJpdmFjeUFwcERhdGFTaGFyaW5nVXBkYXRlcxAA, mTitle=Data sharing updates for location, mSummary=Review apps that changed the way they may share your location data, mSeverityLevel=3200, mSeverityUnspecifiedIconType=2, mEnabled=true, mPendingIntent=PendingIntent{cc90d80: android.os.BinderProxy@a889b09}, mIconAction=null}, SafetyCenterEntry{mId=ChZBbmRyb2lkUHJpdmFjeUNvbnRyb2xzEAA=, mTitle=Privacy controls, mSummary=Control device access to microphone, camera, and more, mSeverityLevel=3100, mSeverityUnspecifiedIconType=0, mEnabled=true, mPendingIntent=PendingIntent{4b7efb9: android.os.BinderProxy@d9172f}, mIconAction=null}]}}], mStaticEntryGroups=[SafetyCenterStaticEntryGroup{mTitle=Other settings, mStaticEntries=[SafetyCenterStaticEntry{mTitle=More security & privacy, mSummary=Autofill, notifications, and more, mPendingIntent=PendingIntent{f719ffe: android.os.BinderProxy@e96dec5}}]}], mDismissedIssues=[], mExtras=StaticEntriesToIds:[(key=ChdNb3JlIHNlY3VyaXR5ICYgcHJpdmFjeRIhQXV0b2ZpbGwsIG5vdGlmaWNhdGlvbnMsIGFuZCBtb3Jl;value=ChNBbmRyb2lkTW9yZVNldHRpbmdzEAA=)]}, resolvedIssues={})
02-27 02:17:10.229  1000  1855  1916 V WindowManager: Sent Transition #20 createdAt=02-27 02:17:10.160 via request=TransitionRequestInfo { type = CLOSE, triggerTask = null, remoteTransition = null, displayChange = null }
02-27 02:17:10.230  1000  1855  1916 V WindowManager:     startWCT=WindowContainerTransaction { changes = {} hops = [] errorCallbackToken=null taskFragmentOrganizer=null }
02-27 02:17:10.230  1000  1855  1916 V WindowManager:     info={id=20 t=CLOSE f=0x0 trk=0 r=[0@Point(436, 0)] c=[{null m=CLOSE f=IN_TASK_WITH_EMBEDDED_ACTIVITY leash=Surface(name=ActivityRecord{88d2448 u0 com.android.settings/.SubSettings)/@0x7cb7590 sb=Rect(436, 0 - 1200, 2000) eb=Rect(436, 0 - 1200, 2000) d=0},{null m=TO_FRONT f=IN_TASK_WITH_EMBEDDED_ACTIVITY leash=Surface(name=ActivityRecord{8dbe7a0 u0 com.android.permissioncontroller/.safetycenter.ui.SafetyCenterActivity)/@0x12dbc7e sb=Rect(436, 0 - 1200, 2000) eb=Rect(436, 0 - 1200, 2000) d=0}]}
02-27 02:17:10.231 10057  2356  2403 V WindowManagerShell: onTransitionReady android.os.BinderProxy@421d07a: {id=20 t=CLOSE f=0x0 trk=0 r=[0@Point(436, 0)] c=[{null m=CLOSE f=IN_TASK_WITH_EMBEDDED_ACTIVITY leash=Surface(name=ActivityRecord{88d2448 u0 com.android.settings/.SubSettings)/@0x847202b sb=Rect(436, 0 - 1200, 2000) eb=Rect(436, 0 - 1200, 2000) d=0},{null m=TO_FRONT f=IN_TASK_WITH_EMBEDDED_ACTIVITY leash=Surface(name=ActivityRecord{8dbe7a0 u0 com.android.permissioncontroller/.safetycenter.ui.SafetyCenterActivity)/@0xe57fc88 sb=Rect(436, 0 - 1200, 2000) eb=Rect(436, 0 - 1200, 2000) d=0}]}
02-27 02:17:10.231 10057  2356  2403 V WindowManagerShell: Playing animation for (#20)android.os.BinderProxy@421d07a@0
02-27 02:17:10.231 10057  2356  2403 V WindowManagerShell:  try handler com.android.wm.shell.transition.DefaultMixedHandler@cf12ba4
02-27 02:17:10.231 10057  2356  2403 V WindowManagerShell:  try handler com.android.wm.shell.keyguard.KeyguardTransitionHandler@2d3bd0d
02-27 02:17:10.231 10057  2356  2403 V WindowManagerShell:  try handler com.android.wm.shell.activityembedding.ActivityEmbeddingController@ccfa4c2
02-27 02:17:10.233 10057  2356  2403 V WindowManagerShell: loadAnimation: anim=android.view.animation.AnimationSet@130035d animAttr=0x6 type=CLOSE isEntrance=true
02-27 02:17:10.234 10057  2356  2403 V WindowManagerShell: loadAnimation: anim=android.view.animation.AnimationSet@d6d69a3 animAttr=0x7 type=CLOSE isEntrance=false
02-27 02:17:10.234 10069  2362  2362 D SafetyCenterSubpageFragment: updateSafetyCenterEntries called with SafetyCenterEntryGroup{mId=AndroidLockScreenSources, mTitle=Device unlock, mSummary=None, mSeverityLevel=3300, mSeverityUnspecifiedIconType=2, mEntries=[SafetyCenterEntry{mId=ChFBbmRyb2lkTG9ja1NjcmVlbhAA, mTitle=Screen lock, mSummary=None, mSeverityLevel=3300, mSeverityUnspecifiedIconType=2, mEnabled=true, mPendingIntent=PendingIntent{d09c414: android.os.BinderProxy@fe4f136}, mIconAction=null}]}
02-27 02:17:10.235  root  1138  1138 E ANDR-PERF-MPCTL: ANDR-PERF-MPCTL: internal_perf_lock_acq_verification() 386: Perflock Submit request limit reached.
02-27 02:17:10.237 10069  2362  2362 I wm_on_top_resumed_gained_called: [148629408,com.android.permissioncontroller.safetycenter.ui.SafetyCenterActivity,topStateChangedWhenResumed]
02-27 02:17:10.256  1000  1855  2007 I input_focus: [Focus entering 57f7ea6 com.android.permissioncontroller/com.android.permissioncontroller.safetycenter.ui.SafetyCenterActivity (server),reason=Window became focusable. Previous reason: NOT_VISIBLE]
02-27 02:17:10.257 10069  2362  2362 W SafetySubpageEntryPreference: Icon action is null for SafetyCenterEntry{mId=ChFBbmRyb2lkTG9ja1NjcmVlbhAA, mTitle=Screen lock, mSummary=None, mSeverityLevel=3300, mSeverityUnspecifiedIconType=2, mEnabled=true, mPendingIntent=PendingIntent{d09c414: android.os.BinderProxy@fe4f136}, mIconAction=null}
02-27 02:17:10.257  root  1138  1138 E ANDR-PERF-MPCTL: ANDR-PERF-MPCTL: internal_perf_lock_acq_verification() 386: Perflock Submit request limit reached.
02-27 02:17:10.272 10057  2356  2403 V WindowManagerShell:  animated by com.android.wm.shell.activityembedding.ActivityEmbeddingController@ccfa4c2
02-27 02:17:10.278  1000  1855  2443 I ImeTracker: com.android.permissioncontroller:e1ed32ad: onRequestHide at ORIGIN_SERVER_HIDE_INPUT reason HIDE_UNSPECIFIED_WINDOW
02-27 02:17:10.278  1000  1855  2443 I ImeTracker: com.android.permissioncontroller:e1ed32ad: onCancelled at PHASE_SERVER_SHOULD_HIDE
02-27 02:17:10.281  root  1138  1138 E ANDR-PERF-MPCTL: ANDR-PERF-MPCTL: internal_perf_lock_acq_verification() 386: Perflock Submit request limit reached.
02-27 02:17:10.302  root  1138  1138 E ANDR-PERF-MPCTL: ANDR-PERF-MPCTL: internal_perf_lock_acq_verification() 386: Perflock Submit request limit reached.
02-27 02:17:10.325  root  1138  1138 E ANDR-PERF-MPCTL: ANDR-PERF-MPCTL: internal_perf_lock_acq_verification() 386: Perflock Submit request limit reached.
02-27 02:17:10.345  1041  1179  1798 D audioserver: FGS Logger Transaction failed
02-27 02:17:10.346  1041  1179  1798 D audioserver: -129
02-27 02:17:10.353  1041  1066  2302 V DlbVolumeListener: effectCommand
02-27 02:17:10.354  1041  1066  2302 V DlbVolumeListener: effectCommand :: Command EFFECT_CMD_DISABLE
