02-27 02:17:05.512 10064  4482  4482 D nativeloader:   com_android_extservices: libhpke_jni.so:libtflite_support_classifiers_native.so
02-27 02:17:05.512 10064  4482  4482 D nativeloader:   com_android_os_statsd: libstats_jni.so
02-27 02:17:05.512 10064  4482  4482 D nativeloader:   com_android_tethering: libcronet.114.0.5735.84.so:libframework-connectivity-jni.so:libframework-connectivity-tiramisu-jni.so:libandroid_net_connectivity_com_android_net_module_util_jni.so:libservice-connectivity.so
02-27 02:17:05.512 10064  4482  4482 D nativeloader:   com_android_uwb: libuwb_uci_jni_rust.so
02-27 02:17:05.512 10064  4482  4482 D nativeloader:   com_android_virt: libvirtualizationservice_jni.so:libvirtualmachine_jni.so
02-27 02:17:05.519 10064  4482  4482 V GraphicsEnvironment: Currently set values for:
02-27 02:17:05.520 10064  4482  4482 V GraphicsEnvironment:   angle_gl_driver_selection_pkgs=[]
02-27 02:17:05.520 10064  4482  4482 V GraphicsEnvironment:   angle_gl_driver_selection_values=[]
02-27 02:17:05.521 10064  4482  4482 V GraphicsEnvironment: ANGLE GameManagerService for com.android.healthconnect.controller: false
02-27 02:17:05.521 10064  4482  4482 V GraphicsEnvironment: com.android.healthconnect.controller is not listed in per-application setting
02-27 02:17:05.521 10064  4482  4482 V GraphicsEnvironment: Neither updatable production driver nor prerelease driver is supported.
02-27 02:17:05.532  1000  1855  4412 I ActivityManager: Flag disabled. Ignoring finishAttachApplication from uid: 10064. pid: 4482
02-27 02:17:05.533 10064  4482  4482 D SafetySourceBroadcastRe: onReceive() called with: context = android.app.ReceiverRestrictedContext@43eafaa, intent = Intent { act=android.safetycenter.action.REFRESH_SAFETY_SOURCES flg=0x10000010 pkg=com.android.healthconnect.controller cmp=com.android.healthconnect.controller/.safetycenter.SafetySourceBroadcastReceiver (has extras) }
02-27 02:17:05.542 10064  4482  4482 I SafetySourceBroadcastRe: onReceive: android.safetycenter.action.REFRESH_SAFETY_SOURCES
02-27 02:17:05.543 10064  4482  4482 I SafetySourceBroadcastRe: onReceive: [Ljava.lang.String;@1b01c76 
02-27 02:17:05.543 10064  4482  4482 I SafetySourceBroadcastRe:  e5522357-1286-4964-ba6e-413a51d1642a_0
02-27 02:17:05.545 10064  4482  4482 D CompatibilityChangeReporter: Compat change id reported: 160794467; UID 10064; state: ENABLED
02-27 02:17:05.546  1000  1855  4412 D SafetySourceDataValidator: No cert check requested for package com.android.healthconnect.controller
02-27 02:17:05.546  1000  1855  4412 V SafetyCenterRefreshTrac: Refresh completed for sourceId:AndroidHealthConnect userId:0 with refreshBroadcastId:e5522357-1286-4964-ba6e-413a51d1642a_0 duration:PT0.099S successful:true dataChanged:true & tracking:true, 1 tracked sources still in flight.
02-27 02:17:05.546 10069  2362  2362 E ConstraintLayout: layout_constraintHeight_default="wrap" is deprecated.
02-27 02:17:05.546 10069  2362  2362 E ConstraintLayout: Use layout_height="WRAP_CONTENT" and layout_constrainedHeight="true" instead.
02-27 02:17:05.546 10069  2362  2362 E ConstraintLayout: layout_constraintWidth_default="wrap" is deprecated.
02-27 02:17:05.546 10069  2362  2362 E ConstraintLayout: Use layout_width="WRAP_CONTENT" and layout_constrainedWidth="true" instead.
02-27 02:17:05.573  1000  1855  1920 I input_focus: [Focus request 80a5f2f com.android.permissioncontroller/com.android.permissioncontroller.safetycenter.ui.SafetyCenterActivity,reason=UpdateInputWindows]
02-27 02:17:05.575  1000  1192  1294 W ServiceManagerCppClient: Permission failure: android.permission.ROTATE_SURFACE_FLINGER from uid=10069 pid=2362
02-27 02:17:05.575  1000  1192  2791 W ServiceManagerCppClient: Permission failure: android.permission.ROTATE_SURFACE_FLINGER from uid=10069 pid=0
02-27 02:17:05.575  1000  1192  1294 D PermissionCache: checking android.permission.ROTATE_SURFACE_FLINGER for uid=10069 => denied (291 us)
02-27 02:17:05.575  1000  1192  2791 D PermissionCache: checking android.permission.ROTATE_SURFACE_FLINGER for uid=10069 => denied (571 us)
02-27 02:17:05.575  1000  1192  1294 W ServiceManagerCppClient: Permission failure: android.permission.INTERNAL_SYSTEM_WINDOW from uid=10069 pid=2362
02-27 02:17:05.575  1000  1192  1294 D PermissionCache: checking android.permission.INTERNAL_SYSTEM_WINDOW for uid=10069 => denied (232 us)
02-27 02:17:05.575  1000  1192  2791 W ServiceManagerCppClient: Permission failure: android.permission.INTERNAL_SYSTEM_WINDOW from uid=10069 pid=0
02-27 02:17:05.575  1000  1192  1294 W ServiceManagerCppClient: Permission failure: android.permission.ACCESS_SURFACE_FLINGER from uid=10069 pid=2362
02-27 02:17:05.575  1000  1192  1294 D PermissionCache: checking android.permission.ACCESS_SURFACE_FLINGER for uid=10069 => denied (178 us)
02-27 02:17:05.575  1000  1192  2791 D PermissionCache: checking android.permission.INTERNAL_SYSTEM_WINDOW for uid=10069 => denied (419 us)
02-27 02:17:05.576 10069  2362  4474 I AdrenoGLES-0: QUALCOMM build                   : 64bab644ca, I204cbc9b5e
02-27 02:17:05.576 10069  2362  4474 I AdrenoGLES-0: Build Date                       : 11/20/23
02-27 02:17:05.576 10069  2362  4474 I AdrenoGLES-0: OpenGL ES Shader Compiler Version: EV031.36.08.26
02-27 02:17:05.576 10069  2362  4474 I AdrenoGLES-0: Local Branch                     : 
02-27 02:17:05.576 10069  2362  4474 I AdrenoGLES-0: Remote Branch                    : refs/tags/AU_LINUX_ANDROID_LA.VENDOR.1.0.11.00.00.766.892
02-27 02:17:05.576 10069  2362  4474 I AdrenoGLES-0: Remote Branch                    : NONE
02-27 02:17:05.576 10069  2362  4474 I AdrenoGLES-0: Reconstruct Branch               : NOTHING
02-27 02:17:05.576 10069  2362  4474 I AdrenoGLES-0: Build Config                     : S P 12.1.1 AArch64
02-27 02:17:05.576 10069  2362  4474 I AdrenoGLES-0: Driver Path                      : /vendor/lib64/egl/libGLESv2_adreno.so
02-27 02:17:05.576 10069  2362  4474 I AdrenoGLES-0: Driver Version                   : 0615.77
02-27 02:17:05.580 10069  2362  4474 I AdrenoGLES-0: PFP: 0x016ee206, ME: 0x00000000
02-27 02:17:05.584 10069  2362  4474 W Adreno-AppProfiles: Could not find QSPM HAL service. Skipping adreno profile processing.
02-27 02:17:05.593 10069  2362  4474 E OpenGLRenderer: Unable to match the desired swap behavior.
02-27 02:17:05.633  root  1138  1138 E ANDR-PERF-MPCTL: ANDR-PERF-MPCTL: internal_perf_lock_acq_verification() 386: Perflock Submit request limit reached.
02-27 02:17:05.654  root  1138  1138 E ANDR-PERF-MPCTL: ANDR-PERF-MPCTL: internal_perf_lock_acq_verification() 386: Perflock Submit request limit reached.
02-27 02:17:05.660  1000  1855  4412 W ServiceManagerCppClient: Permission failure: android.permission.ROTATE_SURFACE_FLINGER from uid=10069 pid=0
02-27 02:17:05.661  1000  1855  4412 D PermissionCache: checking android.permission.ROTATE_SURFACE_FLINGER for uid=10069 => denied (339 us)
02-27 02:17:05.661  1000  1855  4412 W ServiceManagerCppClient: Permission failure: android.permission.INTERNAL_SYSTEM_WINDOW from uid=10069 pid=0
02-27 02:17:05.661  1000  1855  4412 D PermissionCache: checking android.permission.INTERNAL_SYSTEM_WINDOW for uid=10069 => denied (225 us)
02-27 02:17:05.661  1000  1855  4412 W ServiceManagerCppClient: Permission failure: android.permission.ACCESS_SURFACE_FLINGER from uid=10069 pid=0
02-27 02:17:05.661  1000  1855  4412 D PermissionCache: checking android.permission.ACCESS_SURFACE_FLINGER for uid=10069 => denied (142 us)
02-27 02:17:05.666 10057  2356  2403 V WindowManagerShell: onTransitionReady android.os.BinderProxy@974c727: {id=17 t=OPEN f=0x0 trk=0 r=[0@Point(0, 0)] c=[{WCT{android.window.IWindowContainerToken$Stub$Proxy@2dcaec3} m=OPEN f=IN_TASK_WITH_EMBEDDED_ACTIVITY leash=Surface(name=TaskFragment{37b9113 mode=fullscreen})/@0xa90ddd4 sb=Rect(436, 0 - 1200, 2000) eb=Rect(436, 0 - 1200, 2000) eo=Point(436, 0) d=0},{WCT{android.window.IWindowContainerToken$Stub$Proxy@3080340} m=CLOSE f=TRANSLUCENT|IN_TASK_WITH_EMBEDDED_ACTIVITY leash=Surface(name=TaskFragment{843b5e4 mode=fullscreen})/@0x93d3b7d sb=Rect(436, 0 - 1200, 2000) eb=Rect(436, 0 - 1200, 2000) eo=Point(436, 0) d=0}]}
02-27 02:17:05.667 10057  2356  2403 V WindowManagerShell: Playing animation for (#17)android.os.BinderProxy@974c727@0
02-27 02:17:05.668 10057  2356  2403 V WindowManagerShell:  try handler com.android.wm.shell.transition.DefaultMixedHandler@cf12ba4
02-27 02:17:05.668 10057  2356  2403 V WindowManagerShell:  try handler com.android.wm.shell.keyguard.KeyguardTransitionHandler@2d3bd0d
02-27 02:17:05.668 10057  2356  2403 V WindowManagerShell:  try handler com.android.wm.shell.activityembedding.ActivityEmbeddingController@ccfa4c2
02-27 02:17:05.672 10057  2356  2403 V WindowManagerShell: loadAnimation: anim=android.view.animation.AnimationSet@70a136c animAttr=0x4 type=OPEN isEntrance=true
02-27 02:17:05.672 10069  2362  2362 I SafetyCenterDashboardFragment: renderSafetyCenterData called with: SafetyCenterData{mStatus=SafetyCenterStatus{mTitle=Device may be at risk, mSummary=Checking device settings…, mSeverityLevel=1200, mRefreshStatus=10100}, mIssues=[SafetyCenterIssue{mId=IigKEUFuZHJvaWRMb2NrU2NyZWVuEhFOb1NjcmVlbkxvY2tJc3N1ZRgAKhVOb1NjcmVlbkxvY2tJc3N1ZVR5cGU=, mTitle=Set a screen lock, mSubtitle=null, mSummary=For added security, set a PIN, pattern, or password for this device., mSeverityLevel=2200, mDismissible=true, mConfirmDismissal=true, mActions=[Action{mId=EhNTZXRTY3JlZW5Mb2NrQWN0aW9uGigKEUFuZHJvaWRMb2NrU2NyZWVuEhFOb1NjcmVlbkxvY2tJc3N1ZRgA, mLabel=Set screen lock, mPendingIntent=PendingIntent{6af0bfd: android.os.BinderProxy@fe4f136}, mWillResolve=false, mInFlight=false, mSuccessMessage=null, mConfirmationDialogDetails=null}], mAttributionTitle=Device unlock, mGroupId=AndroidLockScreenSources}], mEntriesOrGroups=[SafetyCenterEntryOrGroup{mEntry=null, mEntryGroup=SafetyCenterEntryGroup{mId=AndroidLockScreenSources, mTitle=Device unlock, mSummary=Swipe, mSeverityLevel=3300, mSeverityUnspecifiedIconType=2, mEntries=[SafetyCenterEntry{mId=ChFBbmRyb2lkTG9ja1NjcmVlbhAA, mTitle=Screen lock, mSummary=Swipe, mSeverityLevel=3300, mSeverityUnspecifiedIconType=2, mEnabled=true, mPendingIntent=PendingIntent{dd60f2: android.os.BinderProxy@fe4f136}, mIconAction=null}]}}, SafetyCenterEntryOrGroup{mEntry=null, mEntryGroup=SafetyCenterEntryGroup{mId=AndroidPrivacySources, mTitle=Privacy, mSummary=Permissions, dashboard, controls, mSeverityLevel=3200, mSeverityUnspecifiedIconType=1, mEntries=[SafetyCenterEntry{mId=ChhBbmRyb2lkUGVybWlzc2lvbk1hbmFnZXIQAA==, mTitle=Permission manager, mSummary=Control app access to your data, mSeverityLevel=3100, mSeverityUnspecifiedIconType=0, mEnabled=true, mPendingIntent=PendingIntent{ef83343: android.os.BinderProxy@c645b0d}, mIconAction=null}, SafetyCenterEntry{mId=ChZBbmRyb2lkUGVybWlzc2lvblVzYWdlEAA=, mTitle=Privacy dashboard, mSummary=Show which apps recently used permissions, mSeverityLevel=3100, mSeverityUnspecifiedIconType=0, mEnabled=true, mPendingIntent=PendingIntent{81e6dc0: android.os.BinderProxy@540d3}, mIconAction=null}, SafetyCenterEntry{mId=ChRBbmRyb2lkSGVhbHRoQ29ubmVjdBAA, mTitle=Health Connect, mSummary=Manage app access to health data, mSeverityLevel=3100, mSeverityUnspecifiedIconType=2, mEnabled=true, mPendingIntent=PendingIntent{ce56af9: android.os.BinderProxy@9dc9a3e}, mIconAction=null}, SafetyCenterEntry{mId=CiNBbmRyb2lkUHJpdmFjeUFwcERhdGFTaGFyaW5nVXBkYXRlcxAA, mTitle=Data sharing updates for location, mSummary=Review apps that changed the way they may share your location data, mSeverityLevel=3200, mSeverityUnspecifiedIconType=2, mEnabled=true, mPendingIntent=PendingIntent{3e0c09f: android.os.BinderProxy@a889b09}, mIconAction=null}, SafetyCenterEntry{mId=ChZBbmRyb2lkUHJpdmFjeUNvbnRyb2xzEAA=, mTitle=Privacy controls, mSummary=Control device access to microphone, camera, and more, mSeverityLevel=3100, mSeverityUnspecifiedIconType=0, mEnabled=true, mPendingIntent=PendingIntent{b5ca5ec: android.os.BinderProxy@d9172f}, mIconAction=null}]}}], mStaticEntryGroups=[SafetyCenterStaticEntryGroup{mTitle=Other settings, mStaticEntries=[SafetyCenterStaticEntry{mTitle=More security & privacy, mSummary=Autofill, notifications, and more, mPendingIntent=PendingIntent{188bdb5: android.os.BinderProxy@e96dec5}}]}], mDismissedIssues=[], mExtras=StaticEntriesToIds:[(key=ChdNb3JlIHNlY3VyaXR5ICYgcHJpdmFjeRIhQXV0b2ZpbGwsIG5vdGlmaWNhdGlvbnMsIGFuZCBtb3Jl;value=ChNBbmRyb2lkTW9yZVNldHRpbmdzEAA=)]}
02-27 02:17:05.673  1000  1855  1916 I sysui_multi_action: [319,359,322,357,325,915,757,761,758,8,759,2,806,com.android.permissioncontroller,871,com.android.permissioncontroller.safetycenter.ui.SafetyCenterActivity,904,com.android.settings,905,0,1320,4,1321,2]
02-27 02:17:05.676  1000  1855  1916 I wm_activity_launch_time: [0,61810792,com.android.permissioncontroller/.safetycenter.ui.SafetyCenterActivity,357]
02-27 02:17:05.677  1000  1855  1916 I ActivityTaskManager: Displayed com.android.permissioncontroller/.safetycenter.ui.SafetyCenterActivity for user 0: +357ms
02-27 02:17:05.677  1000  1855  1916 V WindowManager: Sent Transition #17 createdAt=02-27 02:17:05.297 via request=TransitionRequestInfo { type = OPEN, triggerTask = null, remoteTransition = null, displayChange = null }
02-27 02:17:05.677  1000  1855  1916 V WindowManager:     startWCT=WindowContainerTransaction { changes = {} hops = [] errorCallbackToken=null taskFragmentOrganizer=null }
02-27 02:17:05.677  1000  1855  1916 V WindowManager:     info={id=17 t=OPEN f=0x0 trk=0 r=[0@Point(0, 0)] c=[{WCT{RemoteToken{c31da22 TaskFragment{37b9113 mode=multi-window}}} m=OPEN f=IN_TASK_WITH_EMBEDDED_ACTIVITY leash=Surface(name=TaskFragment{37b9113 mode=fullscreen})/@0x8f8617 sb=Rect(436, 0 - 1200, 2000) eb=Rect(436, 0 - 1200, 2000) eo=Point(436, 0) d=0},{WCT{RemoteToken{e1d54d2 TaskFragment{843b5e4 mode=multi-window}}} m=CLOSE f=TRANSLUCENT|IN_TASK_WITH_EMBEDDED_ACTIVITY leash=Surface(name=TaskFragment{843b5e4 mode=fullscreen})/@0x604b934 sb=Rect(436, 0 - 1200, 2000) eb=Rect(436, 0 - 1200, 2000) eo=Point(436, 0) d=0}]}
02-27 02:17:05.678 10057  2356  2403 V WindowManagerShell: loadAnimation: anim=null animAttr=0x5 type=OPEN isEntrance=false
02-27 02:17:05.678  root  1138  1138 E ANDR-PERF-MPCTL: ANDR-PERF-MPCTL: internal_perf_lock_acq_verification() 386: Perflock Submit request limit reached.
02-27 02:17:05.700  root  1138  1138 E ANDR-PERF-MPCTL: ANDR-PERF-MPCTL: internal_perf_lock_acq_verification() 386: Perflock Submit request limit reached.
02-27 02:17:05.723  root  1138  1138 E ANDR-PERF-MPCTL: ANDR-PERF-MPCTL: internal_perf_lock_acq_verification() 386: Perflock Submit request limit reached.
02-27 02:17:05.741 10057  2356  2403 V WindowManagerShell:  animated by com.android.wm.shell.activityembedding.ActivityEmbeddingController@ccfa4c2
02-27 02:17:05.745  root  1138  1138 E ANDR-PERF-MPCTL: ANDR-PERF-MPCTL: internal_perf_lock_acq_verification() 386: Perflock Submit request limit reached.
02-27 02:17:05.765  root  1138  1138 E ANDR-PERF-MPCTL: ANDR-PERF-MPCTL: internal_perf_lock_acq_verification() 386: Perflock Submit request limit reached.
02-27 02:17:05.813  root  1138  1138 E ANDR-PERF-MPCTL: ANDR-PERF-MPCTL: internal_perf_lock_acq_verification() 386: Perflock Submit request limit reached.
02-27 02:17:05.833  1000  1855  2007 I input_focus: [Focus entering 80a5f2f com.android.permissioncontroller/com.android.permissioncontroller.safetycenter.ui.SafetyCenterActivity (server),reason=Window became focusable. Previous reason: NOT_VISIBLE]
02-27 02:17:05.838  1000  1855  4412 D CompatibilityChangeReporter: Compat change id reported: 214016041; UID 10069; state: ENABLED
02-27 02:17:05.838  1000  1855  4412 I ImeTracker: com.android.permissioncontroller:dbccfaf5: onRequestHide at ORIGIN_SERVER_HIDE_INPUT reason HIDE_UNSPECIFIED_WINDOW
02-27 02:17:05.838  1000  1855  4412 I ImeTracker: com.android.permissioncontroller:dbccfaf5: onCancelled at PHASE_SERVER_SHOULD_HIDE
02-27 02:17:05.879  root  1138  1138 E ANDR-PERF-MPCTL: ANDR-PERF-MPCTL: internal_perf_lock_acq_verification() 386: Perflock Submit request limit reached.
02-27 02:17:05.902  root  1138  1138 E ANDR-PERF-MPCTL: ANDR-PERF-MPCTL: internal_perf_lock_acq_verification() 386: Perflock Submit request limit reached.
02-27 02:17:05.925  root  1138  1138 E ANDR-PERF-MPCTL: ANDR-PERF-MPCTL: internal_perf_lock_acq_verification() 386: Perflock Submit request limit reached.
02-27 02:17:05.948  root  1138  1138 E ANDR-PERF-MPCTL: ANDR-PERF-MPCTL: internal_perf_lock_acq_verification() 386: Perflock Submit request limit reached.
02-27 02:17:05.969  root  1138  1138 E ANDR-PERF-MPCTL: ANDR-PERF-MPCTL: internal_perf_lock_acq_verification() 386: Perflock Submit request limit reached.
02-27 02:17:05.990  root  1138  1138 E ANDR-PERF-MPCTL: ANDR-PERF-MPCTL: internal_perf_lock_acq_verification() 386: Perflock Submit request limit reached.
02-27 02:17:06.011  root  1138  1138 E ANDR-PERF-MPCTL: ANDR-PERF-MPCTL: internal_perf_lock_acq_verification() 386: Perflock Submit request limit reached.
02-27 02:17:06.034  root  1138  1138 E ANDR-PERF-MPCTL: ANDR-PERF-MPCTL: internal_perf_lock_acq_verification() 386: Perflock Submit request limit reached.
02-27 02:17:06.037  1000  4419  4443 D BatteryUsageDataLoader: loadUsageDataSafely() in the AsyncTask
02-27 02:17:06.039  1000  4419  4419 D PeriodicJobReceiver: refresh periodic job from action=com.android.settings.battery.action.PERIODIC_JOB_UPDATE
02-27 02:17:06.045  1000  1855  2504 D CompatibilityChangeReporter: Compat change id reported: 171306433; UID 1000; state: ENABLED
02-27 02:17:06.046  1000  1855  2504 D CompatibilityChangeReporter: Compat change id reported: 218533173; UID 1000; state: ENABLED
02-27 02:17:06.055  root  1138  1138 E ANDR-PERF-MPCTL: ANDR-PERF-MPCTL: internal_perf_lock_acq_verification() 386: Perflock Submit request limit reached.
02-27 02:17:06.055  1000  4419  4419 D CompatibilityChangeReporter: Compat change id reported: 170233598; UID 1000; state: ENABLED
02-27 02:17:06.057  1000  4419  4419 D PeriodicJobManager: schedule next alarm job at Feb 27, 2024, 03:00:00
02-27 02:17:06.062  1000  4419  4443 W PowerProfile: screen.on is deprecated! Use screen.on.display0 instead.
02-27 02:17:06.062  1000  4419  4443 W PowerProfile: screen.full is deprecated! Use screen.full.display0 instead.
02-27 02:17:06.062  1000  4419  4443 W ModemPowerProfile: getAverageBatteryDrainMaH called with unexpected key: 0x0, drain:SLEEP,RAT:DEFAULT
02-27 02:17:06.062  1000  4419  4443 W ModemPowerProfile: getAverageBatteryDrainMaH called with unexpected key: 0x10000000, drain:IDLE,RAT:DEFAULT
02-27 02:17:06.062  1000  4419  4443 W ModemPowerProfile: getAverageBatteryDrainMaH called with unexpected key: 0x20000000, drain:RX,RAT:DEFAULT
02-27 02:17:06.063  1000  4419  4443 W ModemPowerProfile: getAverageBatteryDrainMaH called with unexpected key: 0x30000000, drain:TX,level:0,RAT:DEFAULT
02-27 02:17:06.063  1000  4419  4443 W ModemPowerProfile: getAverageBatteryDrainMaH called with unexpected key: 0x31000000, drain:TX,level:1,RAT:DEFAULT
02-27 02:17:06.063  1000  4419  4443 W ModemPowerProfile: getAverageBatteryDrainMaH called with unexpected key: 0x32000000, drain:TX,level:2,RAT:DEFAULT
02-27 02:17:06.063  1000  4419  4443 W ModemPowerProfile: getAverageBatteryDrainMaH called with unexpected key: 0x33000000, drain:TX,level:3,RAT:DEFAULT
02-27 02:17:06.063  1000  4419  4443 W ModemPowerProfile: getAverageBatteryDrainMaH called with unexpected key: 0x34000000, drain:TX,level:4,RAT:DEFAULT
02-27 02:17:06.078  root  1138  1138 E ANDR-PERF-MPCTL: ANDR-PERF-MPCTL: internal_perf_lock_acq_verification() 386: Perflock Submit request limit reached.
02-27 02:17:06.110  1000  4419  4443 W BatteryEntry: unknown attribute:AUDIO
02-27 02:17:06.111  1000  4419  4443 W BatteryEntry: unknown attribute:VIDEO
02-27 02:17:06.111  1000  4419  4443 W BatteryEntry: unknown attribute:SYSTEM_SERVICES
02-27 02:17:06.111  1000  4419  4443 W BatteryEntry: unknown attribute:SENSORS
02-27 02:17:06.112  1000  4419  4443 W BatteryEntry: unknown attribute:WAKELOCK
02-27 02:17:06.112  1000  4419  4443 W BatteryEntry: unknown attribute:MEMORY
02-27 02:17:06.113  1000  4419  4443 W BatteryEntry: unknown attribute:IDLE
02-27 02:17:06.113  1000  4419  4443 W BatteryEntry: unknown attribute:REATTRIBUTED_TO_OTHER_CONSUMERS
02-27 02:17:06.113  1000  4419  4443 D BatteryUsageDataLoader: getBatteryUsageStats() in 75/ms
02-27 02:17:06.138  1000  4419  4443 D DatabaseUtils: insert() data into database with isFullChargeStart:false
02-27 02:17:06.138  1000  4419  4443 D DatabaseUtils: sendBatteryEntryData() size=1 in 25/ms
02-27 02:17:06.139  1000  4419  4520 D AppUsageDataLoader: loadAppUsageDataSafely() in the AsyncTask
02-27 02:17:06.141  1000  4419  4520 D BatteryUsageContentProvider: getQueryUserId from uri: content://com.android.settings.battery.usage.provider/appUsageLatestTimestamp?userid=0
02-27 02:17:06.144  1000  4419  4520 D BatteryUsageContentProvider: query app usage latest timestamp 1709000226141 for user 0 in 3/ms
02-27 02:17:06.145  root  1138  1138 E ANDR-PERF-MPCTL: ANDR-PERF-MPCTL: internal_perf_lock_acq_verification() 386: Perflock Submit request limit reached.
02-27 02:17:06.146  1000  4419  4520 D DatabaseUtils: getAppUsageStartTimestampOfUser() userId=0 latestTimestamp=Dec 07, 1969, 03:28:36 in 5/ms
02-27 02:17:06.149  1000  4419  4520 D DataProcessor: getAppUsageEventsForUser(): 0 from 1708473600000 to 1709000226140 in 3/ms
02-27 02:17:06.149  1000  4419  4520 D DataProcessor: getAppUsageEvents() for all unlocked users in 10/ms
02-27 02:17:06.168  1000  4419  4520 W DataProcessor: Read 26 relevant events (168 total) from UsageStatsManager
02-27 02:17:06.168  1000  4419  4520 D AppUsageDataLoader: loadAppUsageData() size=26 in 29/ms
02-27 02:17:06.178  1000  1855  3478 E TaskPersister: File error accessing recents directory (directory doesn't exist?).
02-27 02:17:06.189  root  1138  1138 E ANDR-PERF-MPCTL: ANDR-PERF-MPCTL: internal_perf_lock_acq_verification() 386: Perflock Submit request limit reached.
02-27 02:17:06.206  1000  4419  4520 D DatabaseUtils: insert() app usage events data into database
02-27 02:17:06.206  1000  4419  4520 D DatabaseUtils: sendAppUsageEventData() size=26 in 38/ms
02-27 02:17:06.211 10057  2356  2403 V WindowManagerShell: Transition animation finished (aborted=false), notifying core (#17)android.os.BinderProxy@974c727@0
02-27 02:17:06.212  root  1138  1138 E ANDR-PERF-MPCTL: ANDR-PERF-MPCTL: internal_perf_lock_acq_verification() 386: Perflock Submit request limit reached.
02-27 02:17:06.217  1000  1855  1916 V WindowManager: Finish Transition #17: created at 02-27 02:17:05.297 collect-started=0.101ms request-sent=6.117ms started=16.838ms ready=81.506ms sent=366.5ms finished=918.684ms
02-27 02:17:06.219 10057  2356  2403 V WindowManagerShell: Track 0 became idle
02-27 02:17:06.220 10057  2356  2403 V WindowManagerShell: All active transition animations finished
02-27 02:17:06.220  1000  1855  1919 I wm_destroy_activity: [0,89446658,9,com.android.settings/.Settings$NetworkDashboardActivity,finish-imm:idle]
02-27 02:17:06.237  root  1138  1138 E ANDR-PERF-MPCTL: ANDR-PERF-MPCTL: internal_perf_lock_acq_verification() 386: Perflock Submit request limit reached.
02-27 02:17:06.249  1000  4419  4419 I TetheringManager: unregisterTetheringEventCallback caller:com.android.settings
02-27 02:17:06.257  1000  4419  4419 I wm_on_stop_called: [89446658,com.android.settings.Settings$NetworkDashboardActivity,LIFECYCLER_STOP_ACTIVITY,10]
02-27 02:17:06.257 radio  2588  2588 D TelephonyNetworkFactory[0]: onReleaseNetworkFor [NetworkRequest [ REQUEST id=84, [ Capabilities: INTERNET&NOT_RESTRICTED&TRUSTED&NOT_VCN_MANAGED Uid: 1000 RequestorUid: 1000 RequestorPkg: com.android.settings UnderlyingNetworks: Null] ], mPriority=20, state=UNSATISFIED, mAttachedDataNetwork=null, isMetered=true, created time=02:17:06.257, evaluation result=null] applied false
02-27 02:17:06.258  root  1138  1138 E ANDR-PERF-MPCTL: ANDR-PERF-MPCTL: internal_perf_lock_acq_verification() 386: Perflock Submit request limit reached.
02-27 02:17:06.259  1000  4419  4419 W WindowOnBackDispatcher: sendCancelIfRunning: isInProgress=falsecallback=android.app.Activity$$ExternalSyntheticLambda0@7004a5c
02-27 02:17:06.260  1000  1855  1904 D CoreBackPreview: Window{200f70 u0 com.android.settings/com.android.settings.Settings$NetworkDashboardActivity}: Setting back callback null
02-27 02:17:06.275  1000  4419  4419 I wm_on_destroy_called: [89446658,com.android.settings.Settings$NetworkDashboardActivity,performDestroy,16]
02-27 02:17:06.277  root  1138  1138 E ANDR-PERF-MPCTL: ANDR-PERF-MPCTL: internal_perf_lock_acq_verification() 386: Perflock Submit request limit reached.
02-27 02:17:06.277  1000  1855  1904 W InputManager-JNI: Input channel object '200f70 com.android.settings/com.android.settings.Settings$NetworkDashboardActivity (client)' was disposed without first being removed with the input manager!
02-27 02:17:06.282  1000  1855  1904 D ActivityTaskManager: Remove task fragment: removeLastChild ActivityRecord{554d902 u0 com.android.settings/.Settings$NetworkDashboardActivity t-1 f}}
02-27 02:17:06.343  root  1138  1138 E ANDR-PERF-MPCTL: ANDR-PERF-MPCTL: internal_perf_lock_acq_verification() 386: Perflock Submit request limit reached.
02-27 02:17:06.389  root  1138  1138 E ANDR-PERF-MPCTL: ANDR-PERF-MPCTL: internal_perf_lock_acq_verification() 386: Perflock Submit request limit reached.
02-27 02:17:06.411  root  1138  1138 E ANDR-PERF-MPCTL: ANDR-PERF-MPCTL: internal_perf_lock_acq_verification() 386: Perflock Submit request limit reached.
02-27 02:17:06.434  root  1138  1138 E ANDR-PERF-MPCTL: ANDR-PERF-MPCTL: internal_perf_lock_acq_verification() 386: Perflock Submit request limit reached.
02-27 02:17:06.454  root  1138  1138 E ANDR-PERF-MPCTL: ANDR-PERF-MPCTL: internal_perf_lock_acq_verification() 386: Perflock Submit request limit reached.
02-27 02:17:06.455  1000  1855  1904 E BatteryStatsService: Invalid uid for waking network packet: -1
02-27 02:17:06.458  1000  1855  1904 E BatteryStatsService: Invalid uid for waking network packet: -1
02-27 02:17:06.460  1000  1855  1904 E BatteryStatsService: Invalid uid for waking network packet: -1
02-27 02:17:06.478  root  1138  1138 E ANDR-PERF-MPCTL: ANDR-PERF-MPCTL: internal_perf_lock_acq_verification() 386: Perflock Submit request limit reached.
02-27 02:17:06.499  root  1138  1138 E ANDR-PERF-MPCTL: ANDR-PERF-MPCTL: internal_perf_lock_acq_verification() 386: Perflock Submit request limit reached.
02-27 02:17:06.524  root  1138  1138 E ANDR-PERF-MPCTL: ANDR-PERF-MPCTL: internal_perf_lock_acq_verification() 386: Perflock Submit request limit reached.
02-27 02:17:06.545  root  1138  1138 E ANDR-PERF-MPCTL: ANDR-PERF-MPCTL: internal_perf_lock_acq_verification() 386: Perflock Submit request limit reached.
02-27 02:17:06.567  root  1138  1138 E ANDR-PERF-MPCTL: ANDR-PERF-MPCTL: internal_perf_lock_acq_verification() 386: Perflock Submit request limit reached.
02-27 02:17:06.588  root  1138  1138 E ANDR-PERF-MPCTL: ANDR-PERF-MPCTL: internal_perf_lock_acq_verification() 386: Perflock Submit request limit reached.
02-27 02:17:06.610  root  1138  1138 E ANDR-PERF-MPCTL: ANDR-PERF-MPCTL: internal_perf_lock_acq_verification() 386: Perflock Submit request limit reached.
02-27 02:17:06.655  root  1138  1138 E ANDR-PERF-MPCTL: ANDR-PERF-MPCTL: internal_perf_lock_acq_verification() 386: Perflock Submit request limit reached.
02-27 02:17:06.667  1000  1855  2007 I input_interaction: Interaction with: 80a5f2f com.android.permissioncontroller/com.android.permissioncontroller.safetycenter.ui.SafetyCenterActivity (server), PointerEventDispatcher0 (server), 
02-27 02:17:06.679  root  1138  1138 E ANDR-PERF-MPCTL: ANDR-PERF-MPCTL: internal_perf_lock_acq_verification() 386: Perflock Submit request limit reached.
02-27 02:17:06.700  root  1138  1138 E ANDR-PERF-MPCTL: ANDR-PERF-MPCTL: internal_perf_lock_acq_verification() 386: Perflock Submit request limit reached.
02-27 02:17:06.722  root  1138  1138 E ANDR-PERF-MPCTL: ANDR-PERF-MPCTL: internal_perf_lock_acq_verification() 386: Perflock Submit request limit reached.
02-27 02:17:06.745  root  1138  1138 E ANDR-PERF-MPCTL: ANDR-PERF-MPCTL: internal_perf_lock_acq_verification() 386: Perflock Submit request limit reached.
02-27 02:17:06.756  1041  1179  1266 W AudioFlinger: The package name(android) provided does not correspond to the uid 1041
02-27 02:17:06.760  1000  1855  2504 W PackageConfigPersister: App-specific configuration not found for packageName: com.android.settings and userId: 0
02-27 02:17:06.762  1041  1066  1140 I EffectsFactory: EffectCreate() create_effect
02-27 02:17:06.762  1041  1066  1140 V DlbVolumeListener: Create Dolby Listener Effect.
02-27 02:17:06.762  1041  1066  1140 V DlbVolumeListener: create CREATED_CONTEXT 0xb400007d92417370 sessionId 161 ioId 13
02-27 02:17:06.762  1041  1066  1140 I DlbVolumeListener: create() Created effect System Listener
02-27 02:17:06.762  1041  1066  1140 V DlbVolumeListener: effectGetDescriptor
02-27 02:17:06.762  1041  1066  1140 I DlbVolumeListener: effectGetDescriptor() Returning descriptor for System Listener
02-27 02:17:06.763  1000  1855  2504 I wm_task_moved: [9,9,0,1,2]
02-27 02:17:06.763  1041  1066  1140 V DlbVolumeListener: effectGetDescriptor
02-27 02:17:06.764  1000  1855  2504 I wm_create_activity: [0,148629408,9,com.android.permissioncontroller/.safetycenter.ui.SafetyCenterActivity,android.intent.action.SAFETY_CENTER,NULL,NULL,0]
02-27 02:17:06.764  1041  1066  1140 I DlbVolumeListener: effectGetDescriptor() Returning descriptor for System Listener
02-27 02:17:06.765  1041  1066  1140 V DlbVolumeListener: effectCommand
02-27 02:17:06.765  1041  1066  1140 V DlbVolumeListener: effectCommand :: Command EFFECT_CMD_INIT
02-27 02:17:06.765  1041  1066  2302 V DlbVolumeListener: effectCommand
02-27 02:17:06.765  1041  1066  2302 D DlbVolumeListener: effectCommand :: Command EFFECT_CMD_OFFLOAD offload=0 ioHandle=13
02-27 02:17:06.766  1041  1066  2302 V DlbVolumeListener: effectCommand
02-27 02:17:06.767  1041  1066  2302 V DlbVolumeListener: effectCommand :: Command EFFECT_CMD_SET_CONFIG
02-27 02:17:06.767  1041  1066  1140 V DlbVolumeListener: effectCommand
02-27 02:17:06.767  1041  1066  1140 V DlbVolumeListener: effectCommand :: Command EFFECT_CMD_SET_CONFIG
02-27 02:17:06.768  1041  1066  2302 V DlbVolumeListener: effectCommand
02-27 02:17:06.769  1000  1855  2504 I wm_set_resumed_activity: [0,com.android.settings/.Settings,startPausingLocked - onActivityStateChanged]
02-27 02:17:06.769  1041  1179  1266 D audioserver: FGS Logger Transaction failed
02-27 02:17:06.769  1041  1179  1266 D audioserver: -129
02-27 02:17:06.769  1000  1855  2504 I wm_pause_activity: [0,61810792,com.android.permissioncontroller/.safetycenter.ui.SafetyCenterActivity,userLeaving=true,resumeTopActivity]
02-27 02:17:06.770  1000  1855  2504 E Transition: Trying to add a ready-group twice: Display{#0 state=ON size=1200x2000 ROTATION_0}
02-27 02:17:06.771  root  1138  1138 E ANDR-PERF-MPCTL: ANDR-PERF-MPCTL: internal_perf_lock_acq_verification() 386: Perflock Submit request limit reached.
02-27 02:17:06.771  1000  1855  2504 I ActivityTaskManager: START u0 {act=android.intent.action.SAFETY_CENTER cmp=com.android.permissioncontroller/.safetycenter.ui.SafetyCenterActivity (has extras)} with LAUNCH_MULTIPLE from uid 10069 (BAL_ALLOW_VISIBLE_WINDOW) result code=0
02-27 02:17:06.775  1041  1066  2302 V DlbVolumeListener: effectCommand
02-27 02:17:06.775  1041  1066  2302 V DlbVolumeListener: effectCommand :: Command EFFECT_CMD_ENABLE
02-27 02:17:06.775  1000  1855  1920 I input_focus: [Focus request ca188f1 com.android.settings/com.android.settings.Settings,reason=UpdateInputWindows]
02-27 02:17:06.777 10057  2356  2403 V WindowManagerShell: Transition requested: android.os.BinderProxy@f87c817 TransitionRequestInfo { type = OPEN, triggerTask = TaskInfo{userId=0 taskId=9 displayId=0 isRunning=true baseIntent=Intent { act=android.intent.action.MAIN cat=[android.intent.category.LAUNCHER] flg=0x10200000 cmp=com.android.settings/.Settings } baseActivity=ComponentInfo{com.android.settings/com.android.settings.homepage.SettingsHomepageActivity} topActivity=ComponentInfo{com.android.permissioncontroller/com.android.permissioncontroller.safetycenter.ui.SafetyCenterActivity} origActivity=ComponentInfo{com.android.settings/com.android.settings.Settings} realActivity=ComponentInfo{com.android.settings/com.android.settings.homepage.SettingsHomepageActivity} numActivities=3 lastActiveTime=917239 supportsMultiWindow=true resizeMode=1 isResizeable=true minWidth=-1 minHeight=-1 defaultMinSize=220 token=WCT{android.window.IWindowContainerToken$Stub$Proxy@4916404} topActivityType=1 pictureInPictureParams=null shouldDockBigOverlays=false launchIntoPipHostTaskId=-1 lastParentTaskIdBeforePip=-1 displayCutoutSafeInsets=null topActivityInfo=ActivityInfo{d78fded com.android.permissioncontroller.safetycenter.ui.SafetyCenterActivity} launchCookies=[] positionInParent=Point(0, 0) parentTaskId=-1 isFocused=true isVisible=true isVisibleRequested=true isSleeping=false topActivityInSizeCompat=false topActivityEligibleForLetterboxEducation= false topActivityLetterboxed= false isFromDoubleTap= false topActivityLetterboxVerticalPosition= -1 topActivityLetterboxHorizontalPosition= -1 topActivityLetterboxWidth=-1 topActivityLetterboxHeight=-1 locusId=null displayAreaFeatureId=1 cameraCompatControlState=hidden}, remoteTransition = null, displayChange = null }
02-27 02:17:06.789  root  1138  1138 E ANDR-PERF-MPCTL: ANDR-PERF-MPCTL: internal_perf_lock_acq_verification() 386: Perflock Submit request limit reached.
02-27 02:17:06.804 10069  2362  2362 I wm_on_top_resumed_lost_called: [61810792,com.android.permissioncontroller.safetycenter.ui.SafetyCenterActivity,topStateChangedWhenResumed]
02-27 02:17:06.805 10069  2362  2362 I wm_on_paused_called: [61810792,com.android.permissioncontroller.safetycenter.ui.SafetyCenterActivity,performPause,1]
02-27 02:17:06.805  1000  4419  4419 I wm_on_top_resumed_gained_called: [49751276,com.android.settings.Settings,topStateChangedWhenResumed]
02-27 02:17:06.806  1000  1855  2449 I wm_add_to_stopping: [0,61810792,com.android.permissioncontroller/.safetycenter.ui.SafetyCenterActivity,makeInvisible]
02-27 02:17:06.807  1000  1855  2449 I wm_restart_activity: [0,148629408,9,com.android.permissioncontroller/.safetycenter.ui.SafetyCenterActivity]
02-27 02:17:06.809  1000  1192  1192 I BpBinder: onLastStrongRef automatically unlinking death recipients: 
02-27 02:17:06.810  1000  1855  2449 I wm_set_resumed_activity: [0,com.android.permissioncontroller/.safetycenter.ui.SafetyCenterActivity,minimalResumeActivityLocked - onActivityStateChanged]
02-27 02:17:06.810  1000  1855  2007 I input_focus: [Focus leaving 80a5f2f com.android.permissioncontroller/com.android.permissioncontroller.safetycenter.ui.SafetyCenterActivity (server),reason=setFocusedWindow]
02-27 02:17:06.811  1000  1855  2007 I input_focus: [Focus entering ca188f1 com.android.settings/com.android.settings.Settings (server),reason=setFocusedWindow]
02-27 02:17:06.811  1000  1855  1916 I sysui_multi_action: [757,803,799,window_time_0,802,2]
02-27 02:17:06.811  root  1138  1138 E ANDR-PERF-MPCTL: ANDR-PERF-MPCTL: internal_perf_lock_acq_verification() 386: Perflock Submit request limit reached.
02-27 02:17:06.813  1000  1855  1920 I input_focus: [Requesting to set focus to null window,reason=UpdateInputWindows]
02-27 02:17:06.815  1000  4419  4419 I wm_on_top_resumed_lost_called: [49751276,com.android.settings.Settings,topStateChangedWhenResumed]
02-27 02:17:06.821 10069  2362  2362 D CTBdelegate: onCreateView: from NonAppCompatActivity.
02-27 02:17:06.825 10069  2362  2362 D ActivityEmbeddingUtils: isEmbeddingActivityEnabled : true
02-27 02:17:06.827 10069  2362  2362 I SafetyCenterResContext: Found Safety Center resources APK at: com.android.safetycenter.resources
02-27 02:17:06.831 10069  2362  2362 I SafetyCenterResContext: Found Safety Center resources APK at: com.android.safetycenter.resources
02-27 02:17:06.833  1000  1855  2007 I input_focus: [Focus leaving ca188f1 com.android.settings/com.android.settings.Settings (server),reason=Waiting for window because NO_WINDOW]
02-27 02:17:06.834  root  1138  1138 E ANDR-PERF-MPCTL: ANDR-PERF-MPCTL: internal_perf_lock_acq_verification() 386: Perflock Submit request limit reached.
02-27 02:17:06.834 10069  2362  2362 I SafetyCenterResContext: Found Safety Center resources APK at: com.android.safetycenter.resources
02-27 02:17:06.835 10069  2362  2362 W SafetyCenterResContext: String resource android_lock_screen_sources_footer not found
02-27 02:17:06.835 10069  2362  2362 W SafetyCenterSubpageFragment: AndroidLockScreenSources doesn't have any matching footer
02-27 02:17:06.837 10069  2362  2362 D SafetyCenterSubpageFragment: renderSafetyCenterEntryGroup called with SafetyCenterUiData(safetyCenterData=SafetyCenterData{mStatus=SafetyCenterStatus{mTitle=Device may be at risk, mSummary=Checking device settings…, mSeverityLevel=1200, mRefreshStatus=10100}, mIssues=[SafetyCenterIssue{mId=IigKEUFuZHJvaWRMb2NrU2NyZWVuEhFOb1NjcmVlbkxvY2tJc3N1ZRgAKhVOb1NjcmVlbkxvY2tJc3N1ZVR5cGU=, mTitle=Set a screen lock, mSubtitle=null, mSummary=For added security, set a PIN, pattern, or password for this device., mSeverityLevel=2200, mDismissible=true, mConfirmDismissal=true, mActions=[Action{mId=EhNTZXRTY3JlZW5Mb2NrQWN0aW9uGigKEUFuZHJvaWRMb2NrU2NyZWVuEhFOb1NjcmVlbkxvY2tJc3N1ZRgA, mLabel=Set screen lock, mPendingIntent=PendingIntent{bb8481f: android.os.BinderProxy@fe4f136}, mWillResolve=false, mInFlight=false, mSuccessMessage=null, mConfirmationDialogDetails=null}], mAttributionTitle=Device unlock, mGroupId=AndroidLockScreenSources}], mEntriesOrGroups=[SafetyCenterEntryOrGroup{mEntry=null, mEntryGroup=SafetyCenterEntryGroup{mId=AndroidLockScreenSources, mTitle=Device unlock, mSummary=Swipe, mSeverityLevel=3300, mSeverityUnspecifiedIconType=2, mEntries=[SafetyCenterEntry{mId=ChFBbmRyb2lkTG9ja1NjcmVlbhAA, mTitle=Screen lock, mSummary=Swipe, mSeverityLevel=3300, mSeverityUnspecifiedIconType=2, mEnabled=true, mPendingIntent=PendingIntent{a6a576c: android.os.BinderProxy@fe4f136}, mIconAction=null}]}}, SafetyCenterEntryOrGroup{mEntry=null, mEntryGroup=SafetyCenterEntryGroup{mId=AndroidPrivacySources, mTitle=Privacy, mSummary=Permissions, dashboard, controls, mSeverityLevel=3200, mSeverityUnspecifiedIconType=1, mEntries=[SafetyCenterEntry{mId=ChhBbmRyb2lkUGVybWlzc2lvbk1hbmFnZXIQAA==, mTitle=Permission manager, mSummary=Control app access to your data, mSeverityLevel=3100, mSeverityUnspecifiedIconType=0, mEnabled=true, mPendingIntent=PendingIntent{f725135: android.os.BinderProxy@c645b0d}, mIconAction=null}, SafetyCenterEntry{mId=ChZBbmRyb2lkUGVybWlzc2lvblVzYWdlEAA=, mTitle=Privacy dashboard, mSummary=Show which apps recently used permissions, mSeverityLevel=3100, mSeverityUnspecifiedIconType=0, mEnabled=true, mPendingIntent=PendingIntent{c68e9ca: android.os.BinderProxy@540d3}, mIconAction=null}, SafetyCenterEntry{mId=ChRBbmRyb2lkSGVhbHRoQ29ubmVjdBAA, mTitle=Health Connect, mSummary=Manage app access to health data, mSeverityLevel=3100, mSeverityUnspecifiedIconType=2, mEnabled=true, mPendingIntent=PendingIntent{c23473b: android.os.BinderProxy@9dc9a3e}, mIconAction=null}, SafetyCenterEntry{mId=CiNBbmRyb2lkUHJpdmFjeUFwcERhdGFTaGFyaW5nVXBkYXRlcxAA, mTitle=Data sharing updates for location, mSummary=Review apps that changed the way they may share your location data, mSeverityLevel=3200, mSeverityUnspecifiedIconType=2, mEnabled=true, mPendingIntent=PendingIntent{d5b7e58: android.os.BinderProxy@a889b09}, mIconAction=null}, SafetyCenterEntry{mId=ChZBbmRyb2lkUHJpdmFjeUNvbnRyb2xzEAA=, mTitle=Privacy controls, mSummary=Control device access to microphone, camera, and more, mSeverityLevel=3100, mSeverityUnspecifiedIconType=0, mEnabled=true, mPendingIntent=PendingIntent{83cbb1: android.os.BinderProxy@d9172f}, mIconAction=null}]}}], mStaticEntryGroups=[SafetyCenterStaticEntryGroup{mTitle=Other settings, mStaticEntries=[SafetyCenterStaticEntry{mTitle=More security & privacy, mSummary=Autofill, notifications, and more, mPendingIntent=PendingIntent{c13d896: android.os.BinderProxy@e96dec5}}]}], mDismissedIssues=[], mExtras=StaticEntriesToIds:[(key=ChdNb3JlIHNlY3VyaXR5ICYgcHJpdmFjeRIhQXV0b2ZpbGwsIG5vdGlmaWNhdGlvbnMsIGFuZCBtb3Jl;value=ChNBbmRyb2lkTW9yZVNldHRpbmdzEAA=)]}, resolvedIssues={})
02-27 02:17:06.838 10069  2362  2362 D SafetyCenterSubpageFragment: updateSafetyCenterEntries called with SafetyCenterEntryGroup{mId=AndroidLockScreenSources, mTitle=Device unlock, mSummary=Swipe, mSeverityLevel=3300, mSeverityUnspecifiedIconType=2, mEntries=[SafetyCenterEntry{mId=ChFBbmRyb2lkTG9ja1NjcmVlbhAA, mTitle=Screen lock, mSummary=Swipe, mSeverityLevel=3300, mSeverityUnspecifiedIconType=2, mEnabled=true, mPendingIntent=PendingIntent{a6a576c: android.os.BinderProxy@fe4f136}, mIconAction=null}]}
02-27 02:17:06.840 10069  2362  2362 I wm_on_create_called: [148629408,com.android.permissioncontroller.safetycenter.ui.SafetyCenterActivity,performCreate,22]
02-27 02:17:06.840 10069  2362  2362 D SplitController: Activity is in a TaskFragment that is not recorded by the organizer. r=com.android.permissioncontroller.safetycenter.ui.SafetyCenterActivity@ebbfe72
02-27 02:17:06.848 10069  2362  2362 I wm_on_start_called: [148629408,com.android.permissioncontroller.safetycenter.ui.SafetyCenterActivity,handleStartActivity,8]
02-27 02:17:06.849 10069  2362  2362 I wm_on_resume_called: [148629408,com.android.permissioncontroller.safetycenter.ui.SafetyCenterActivity,RESUME_ACTIVITY,0]
02-27 02:17:06.850  1000  1855  4412 W SafetyCenterRefreshTrac: Replacing an ongoing refresh
02-27 02:17:06.851  1000  1855  4412 V SafetyCenterRefreshTrac: Starting a new refresh with refreshReason:100 refreshBroadcastId:384bd3ff-b5d9-4a0f-8639-9e4a9600e2ec_1
02-27 02:17:06.852  1000  1855  4412 V SafetyCenterBroadcastDi: Found receiver for intent targeting com.android.settings and user UserHandle{0}
02-27 02:17:06.853  1000  1855  4412 V SafetyCenterRefreshTrac: Refresh started for sourceId:AndroidLockScreen userId:0 with refreshBroadcastId:384bd3ff-b5d9-4a0f-8639-9e4a9600e2ec_1 at currentElapsedMillis:917322 & tracking:true, now 1 tracked sources in flight.
02-27 02:17:06.853  1000  1855  4412 V SafetyCenterRefreshTrac: Refresh started for sourceId:AndroidBiometrics userId:0 with refreshBroadcastId:384bd3ff-b5d9-4a0f-8639-9e4a9600e2ec_1 at currentElapsedMillis:917322 & tracking:true, now 2 tracked sources in flight.
02-27 02:17:06.856  root  1138  1138 E ANDR-PERF-MPCTL: ANDR-PERF-MPCTL: internal_perf_lock_acq_verification() 386: Perflock Submit request limit reached.
02-27 02:17:06.873  1000  1855  4412 D CoreBackPreview: Window{57f7ea6 u0 com.android.permissioncontroller/com.android.permissioncontroller.safetycenter.ui.SafetyCenterActivity}: Setting back callback OnBackInvokedCallbackInfo{mCallback=android.window.IOnBackInvokedCallback$Stub$Proxy@862e494, mPriority=0, mIsAnimationCallback=false}
02-27 02:17:06.880  root  1138  1138 E ANDR-PERF-MPCTL: ANDR-PERF-MPCTL: internal_perf_lock_acq_verification() 386: Perflock Submit request limit reached.
02-27 02:17:06.880 10069  2362  2362 E ConstraintLayout: layout_constraintHeight_default="wrap" is deprecated.
02-27 02:17:06.880 10069  2362  2362 E ConstraintLayout: Use layout_height="WRAP_CONTENT" and layout_constrainedHeight="true" instead.
02-27 02:17:06.880 10069  2362  2362 E ConstraintLayout: layout_constraintWidth_default="wrap" is deprecated.
02-27 02:17:06.880 10069  2362  2362 E ConstraintLayout: Use layout_width="WRAP_CONTENT" and layout_constrainedWidth="true" instead.
02-27 02:17:06.893 10069  2362  2362 W SafetySubpageEntryPreference: Icon action is null for SafetyCenterEntry{mId=ChFBbmRyb2lkTG9ja1NjcmVlbhAA, mTitle=Screen lock, mSummary=Swipe, mSeverityLevel=3300, mSeverityUnspecifiedIconType=2, mEnabled=true, mPendingIntent=PendingIntent{a6a576c: android.os.BinderProxy@fe4f136}, mIconAction=null}
02-27 02:17:06.894  1000  1855  4412 D SafetySourceDataValidator: No cert check requested for package com.android.settings
02-27 02:17:06.895  1000  1855  4412 V SafetyCenterRefreshTrac: Refresh completed for sourceId:AndroidLockScreen userId:0 with refreshBroadcastId:384bd3ff-b5d9-4a0f-8639-9e4a9600e2ec_1 duration:PT0.042S successful:true dataChanged:false & tracking:true, 1 tracked sources still in flight.
02-27 02:17:06.898  1000  1855  1920 I input_focus: [Focus request 57f7ea6 com.android.permissioncontroller/com.android.permissioncontroller.safetycenter.ui.SafetyCenterActivity,reason=UpdateInputWindows]
02-27 02:17:06.900  root  1138  1138 E ANDR-PERF-MPCTL: ANDR-PERF-MPCTL: internal_perf_lock_acq_verification() 386: Perflock Submit request limit reached.
02-27 02:17:06.923  root  1138  1138 E ANDR-PERF-MPCTL: ANDR-PERF-MPCTL: internal_perf_lock_acq_verification() 386: Perflock Submit request limit reached.
02-27 02:17:06.933 10069  2362  4474 E OpenGLRenderer: Unable to match the desired swap behavior.
02-27 02:17:06.945  1073  2510  4318 D TrafficStats: tagSocket(98) with statsTag=0xffffff81, statsUid=-1
02-27 02:17:06.946  root  1138  1138 E ANDR-PERF-MPCTL: ANDR-PERF-MPCTL: internal_perf_lock_acq_verification() 386: Perflock Submit request limit reached.
02-27 02:17:06.947  1041  1179  1798 D audioserver: FGS Logger Transaction failed
02-27 02:17:06.948  1041  1179  1798 D audioserver: -129
02-27 02:17:06.953  1041  1066  1140 V DlbVolumeListener: effectCommand
02-27 02:17:06.953  1041  1066  1140 V DlbVolumeListener: effectCommand :: Command EFFECT_CMD_DISABLE
02-27 02:17:06.954  1041  1066  1140 V DlbVolumeListener: release(handle=0xb400007d92417370)
02-27 02:17:06.955  1041  1179  1476 W audioserver: Binder 0xb4000074aab9b738 destroyed after setMinSchedulerPolicy before being parceled.
02-27 02:17:06.959  1073  2510  4317 D TrafficStats: tagSocket(97) with statsTag=0xffffff81, statsUid=-1
02-27 02:17:06.965  root  1138  1138 E ANDR-PERF-MPCTL: ANDR-PERF-MPCTL: internal_perf_lock_acq_verification() 386: Perflock Submit request limit reached.
02-27 02:17:06.976 10069  2362  2362 I wm_on_top_resumed_gained_called: [148629408,com.android.permissioncontroller.safetycenter.ui.SafetyCenterActivity,topStateChangedWhenResumed]
