01-04 17:13:36.984  1000  1734  1734 I auditd  : type=1400 audit(0.0:108): avc:  denied  { search } for  comm="hvdcp_opti" name="bms" dev="sysfs" ino=81351 scontext=u:r:vendor_hvdcp:s0 tcontext=u:object_r:sysfs_batteryinfo:s0 tclass=dir permissive=0
01-04 17:13:36.984  1000  1734  1734 I auditd  : type=1400 audit(0.0:109): avc:  denied  { search } for  comm="hvdcp_opti" name="bms" dev="sysfs" ino=81351 scontext=u:r:vendor_hvdcp:s0 tcontext=u:object_r:sysfs_batteryinfo:s0 tclass=dir permissive=0
01-04 17:13:36.984  1000  1734  1734 I auditd  : type=1400 audit(0.0:110): avc:  denied  { search } for  comm="hvdcp_opti" name="bms" dev="sysfs" ino=81351 scontext=u:r:vendor_hvdcp:s0 tcontext=u:object_r:sysfs_batteryinfo:s0 tclass=dir permissive=0
01-04 17:13:36.992  1000  1734  1734 I auditd  : type=1400 audit(0.0:111): avc:  denied  { search } for  comm="hvdcp_opti" name="bms" dev="sysfs" ino=81351 scontext=u:r:vendor_hvdcp:s0 tcontext=u:object_r:sysfs_batteryinfo:s0 tclass=dir permissive=0
01-04 17:13:36.992  1000  1734  1734 I auditd  : type=1400 audit(0.0:112): avc:  denied  { search } for  comm="hvdcp_opti" name="bms" dev="sysfs" ino=81351 scontext=u:r:vendor_hvdcp:s0 tcontext=u:object_r:sysfs_batteryinfo:s0 tclass=dir permissive=0
01-04 17:13:36.992  1000  1734  1734 I auditd  : type=1400 audit(0.0:113): avc:  denied  { search } for  comm="hvdcp_opti" name="bms" dev="sysfs" ino=81351 scontext=u:r:vendor_hvdcp:s0 tcontext=u:object_r:sysfs_batteryinfo:s0 tclass=dir permissive=0
01-04 17:13:36.992  1000  1734  1734 I auditd  : type=1400 audit(0.0:114): avc:  denied  { search } for  comm="hvdcp_opti" name="bms" dev="sysfs" ino=81351 scontext=u:r:vendor_hvdcp:s0 tcontext=u:object_r:sysfs_batteryinfo:s0 tclass=dir permissive=0
01-04 17:13:37.190  1047  1071  1071 I liblog  : 107
01-04 17:13:37.496  1041  1066  1066 I auditd  : type=1400 audit(0.0:115): avc:  denied  { read } for  comm="binder:1066_2" name="u:object_r:vendor_pd_locater_dbg_prop:s0" dev="tmpfs" ino=415 scontext=u:r:hal_audio_default:s0 tcontext=u:object_r:vendor_pd_locater_dbg_prop:s0 tclass=file permissive=0
01-04 17:13:37.500  1041  1066  1066 I auditd  : type=1400 audit(0.0:116): avc:  denied  { read } for  comm="binder:1066_2" name="u:object_r:vendor_pd_locater_dbg_prop:s0" dev="tmpfs" ino=415 scontext=u:r:hal_audio_default:s0 tcontext=u:object_r:vendor_pd_locater_dbg_prop:s0 tclass=file permissive=0
01-04 17:13:37.672  1047  1071  1071 I auditd  : type=1400 audit(0.0:117): avc:  denied  { write } for  comm="android.hardwar" name="main_rear_otp_check" dev="sysfs" ino=81845 scontext=u:r:hal_camera_default:s0 tcontext=u:object_r:vendor_sysfs_camera:s0 tclass=file permissive=0
01-04 17:13:37.712  1047  1071  1071 I auditd  : type=1400 audit(0.0:118): avc:  denied  { write } for  comm="android.hardwar" name="main_front_otp_check" dev="sysfs" ino=81846 scontext=u:r:hal_camera_default:s0 tcontext=u:object_r:vendor_sysfs_camera:s0 tclass=file permissive=0
01-04 17:13:37.728  root     1     1 I auditd  : type=1107 audit(0.0:119): uid=0 auid=4294967295 ses=4294967295 subj=u:r:init:s0 msg='avc:  denied  { set } for property=persist.vendor.dpm.vndr.tcm pid=1402 uid=0 gid=1000 scontext=u:r:vendor_dpmd_vndr:s0 tcontext=u:object_r:vendor_default_prop:s0 tclass=property_service permissive=0'
01-04 17:13:37.873  root  1013  1013 I boot_progress_preload_end: 18824
01-04 17:13:38.032  1041  1066  1066 I auditd  : type=1400 audit(0.0:120): avc:  denied  { read } for  comm="binder:1066_2" name="debug" dev="sysfs" ino=15175 scontext=u:r:hal_audio_default:s0 tcontext=u:object_r:sysfs:s0 tclass=dir permissive=0
01-04 17:13:38.032  1041  1066  1066 I auditd  : type=1400 audit(0.0:121): avc:  denied  { read } for  comm="binder:1066_2" name="debug" dev="sysfs" ino=15175 scontext=u:r:hal_audio_default:s0 tcontext=u:object_r:sysfs:s0 tclass=dir permissive=0
01-04 17:13:38.032  1041  1066  1066 I auditd  : type=1400 audit(0.0:122): avc:  denied  { read } for  comm="binder:1066_2" name="debug" dev="sysfs" ino=15175 scontext=u:r:hal_audio_default:s0 tcontext=u:object_r:sysfs:s0 tclass=dir permissive=0
01-04 17:13:38.124  1000  1872  1872 I auditd  : type=1400 audit(0.0:123): avc:  denied  { write } for  comm="init.qcom.cabl." name="/" dev="dm-50" ino=3 scontext=u:r:vendor_qti_init_shell:s0 tcontext=u:object_r:system_data_root_file:s0 tclass=dir permissive=0
01-04 17:13:38.297  1000  1855  1855 D SystemServerTiming: InitBeforeStartServices
01-04 17:13:38.299  1000  1855  1855 I system_server_start: [1,19248,19248]
01-04 17:13:38.299  1000  1855  1855 W SystemTimeZone: initializeTimeZoneSettingsIfRequired():persist.sys.timezone is not valid (); setting to GMT
01-04 17:13:38.301  1000  1855  1855 I SystemServer: Entered the Android system server!
01-04 17:13:38.301  1000  1855  1855 I boot_progress_system_run: 19252
01-04 17:13:38.469  1000  1855  1855 I SystemServerInitThreadPool: Creating instance with 8 threads
01-04 17:13:38.735  1000  1855  1855 D SystemServerTiming: StartServices
01-04 17:13:38.736  1000  1855  1855 D SystemServerTiming: startBootstrapServices
01-04 17:13:38.736  1000  1855  1855 D SystemServerTiming: ArtModuleServiceInitializer
01-04 17:13:38.740  1000  1855  1855 D SystemServerTiming: StartWatchdog
01-04 17:13:38.742  1000  1855  1855 I SystemServer: Reading configuration...
01-04 17:13:38.742  1000  1855  1855 D SystemServerTiming: ReadingSystemConfig
01-04 17:13:38.743  1000  1855  1855 D SystemServerTiming: PlatformCompat
01-04 17:13:38.743  1000  1855  1923 D SystemServerTimingAsync: InitThreadPoolExec:ReadingSystemConfig
01-04 17:13:38.743  1000  1855  1855 D CompatConfig: Found a config file: /system/etc/compatconfig/documents-ui-compat-config.xml
01-04 17:13:38.743  1000  1855  1923 I SystemConfig: Reading permissions from /system/etc/sysconfig/preinstalled-packages-platform-generic-system.xml
01-04 17:13:38.744  1000  1855  1855 D CompatConfig: Adding: com.android.server.compat.config.Change@83549b3
01-04 17:13:38.745  1000  1855  1855 D CompatConfig: Found a config file: /system/etc/compatconfig/framework-platform-compat-config.xml
01-04 17:13:38.745  1000  1855  1923 I SystemConfig: Reading permissions from /system/etc/sysconfig/framework-sysconfig.xml
01-04 17:13:38.746  1000  1855  1923 I SystemConfig: Reading permissions from /system/etc/sysconfig/preinstalled-packages-com.android.providers.media.module.xml
01-04 17:13:38.747  1000  1855  1923 I SystemConfig: Reading permissions from /system/etc/sysconfig/hiddenapi-package-whitelist.xml
01-04 17:13:38.747  1000  1855  1923 I SystemConfig: Reading permissions from /system/etc/sysconfig/preinstalled-packages-platform-handheld-system.xml
01-04 17:13:38.748  1000  1855  1855 D CompatConfig: Adding: com.android.server.compat.config.Change@8d3a0a5
01-04 17:13:38.748  1000  1855  1923 I SystemConfig: Reading permissions from /system/etc/sysconfig/preinstalled-packages-platform.xml
01-04 17:13:38.748  1000  1855  1855 D CompatConfig: Adding: com.android.server.compat.config.Change@3b63c2b
01-04 17:13:38.748  1000  1855  1855 D CompatConfig: Adding: com.android.server.compat.config.Change@f2ee888
01-04 17:13:38.748  1000  1855  1855 D CompatConfig: Adding: com.android.server.compat.config.Change@302a221
01-04 17:13:38.748  1000  1855  1855 D CompatConfig: Adding: com.android.server.compat.config.Change@c0b4646
01-04 17:13:38.748  1000  1855  1855 D CompatConfig: Adding: com.android.server.compat.config.Change@5a7007
01-04 17:13:38.748  1000  1855  1855 D CompatConfig: Adding: com.android.server.compat.config.Change@10e0534
01-04 17:13:38.748  1000  1855  1855 D CompatConfig: Adding: com.android.server.compat.config.Change@2c63f5d
01-04 17:13:38.748  1000  1855  1855 D CompatConfig: Adding: com.android.server.compat.config.Change@4a580d2
01-04 17:13:38.748  1000  1855  1855 D CompatConfig: Adding: com.android.server.compat.config.Change@c2405a3
01-04 17:13:38.748  1000  1855  1855 D CompatConfig: Adding: com.android.server.compat.config.Change@12c7459
01-04 17:13:38.748  1000  1855  1923 I SystemConfig: Reading permissions from /system/etc/sysconfig/initial-package-stopped-states.xml
01-04 17:13:38.748  1000  1855  1855 D CompatConfig: Adding: com.android.server.compat.config.Change@136d81e
01-04 17:13:38.748  1000  1855  1855 D CompatConfig: Adding: com.android.server.compat.config.Change@f6758ff
01-04 17:13:38.749  1000  1855  1855 D CompatConfig: Adding: com.android.server.compat.config.Change@58c6cc
01-04 17:13:38.749  1000  1855  1855 D CompatConfig: Adding: com.android.server.compat.config.Change@26fd15
01-04 17:13:38.749  1000  1855  1855 D CompatConfig: Adding: com.android.server.compat.config.Change@4f4582a
01-04 17:13:38.749  1000  1855  1855 D CompatConfig: Adding: com.android.server.compat.config.Change@962861b
01-04 17:13:38.749  1000  1855  1855 D CompatConfig: Adding: com.android.server.compat.config.Change@7b183b8
01-04 17:13:38.749  1000  1855  1855 D CompatConfig: Adding: com.android.server.compat.config.Change@f57ccf6
01-04 17:13:38.749  1000  1855  1855 D CompatConfig: Adding: com.android.server.compat.config.Change@51968f7
01-04 17:13:38.749  1000  1855  1855 D CompatConfig: Adding: com.android.server.compat.config.Change@fd72364
01-04 17:13:38.749  1000  1855  1855 D CompatConfig: Adding: com.android.server.compat.config.Change@ebab9cd
01-04 17:13:38.749  1000  1855  1855 D CompatConfig: Adding: com.android.server.compat.config.Change@babc282
01-04 17:13:38.749  1000  1855  1923 I SystemConfig: Reading permissions from /system/etc/sysconfig/preinstalled-packages-asl-files.xml
01-04 17:13:38.749  1000  1855  1855 D CompatConfig: Adding: com.android.server.compat.config.Change@ff19d93
01-04 17:13:38.749  1000  1855  1855 D CompatConfig: Adding: com.android.server.compat.config.Change@a9511d0
01-04 17:13:38.749  1000  1855  1855 D CompatConfig: Adding: com.android.server.compat.config.Change@3c625c9
01-04 17:13:38.749  1000  1855  1855 D CompatConfig: Adding: com.android.server.compat.config.Change@d5784ce
01-04 17:13:38.749  1000  1855  1855 D CompatConfig: Adding: com.android.server.compat.config.Change@e0e7fef
01-04 17:13:38.749  1000  1855  1855 D CompatConfig: Adding: com.android.server.compat.config.Change@9017afc
01-04 17:13:38.749  1000  1855  1855 D CompatConfig: Adding: com.android.server.compat.config.Change@4025585
01-04 17:13:38.750  1000  1855  1855 D CompatConfig: Adding: com.android.server.compat.config.Change@4eb1fda
01-04 17:13:38.750  1000  1855  1855 D CompatConfig: Adding: com.android.server.compat.config.Change@86d2c0b
01-04 17:13:38.750  1000  1855  1855 D CompatConfig: Adding: com.android.server.compat.config.Change@5694ae8
01-04 17:13:38.750  1000  1855  1855 D CompatConfig: Adding: com.android.server.compat.config.Change@a17c501
01-04 17:13:38.750  1000  1855  1855 D CompatConfig: Adding: com.android.server.compat.config.Change@9eb5fa6
01-04 17:13:38.750  1000  1855  1855 D CompatConfig: Adding: com.android.server.compat.config.Change@c07de7
01-04 17:13:38.750  1000  1855  1855 D CompatConfig: Adding: com.android.server.compat.config.Change@ffc2d94
01-04 17:13:38.750  1000  1855  1855 D CompatConfig: Adding: com.android.server.compat.config.Change@8bab03d
01-04 17:13:38.750  1000  1855  1855 D CompatConfig: Adding: com.android.server.compat.config.Change@55dd032
01-04 17:13:38.750  1000  1855  1855 D CompatConfig: Adding: com.android.server.compat.config.Change@70d1183
01-04 17:13:38.750  1000  1855  1855 D CompatConfig: Adding: com.android.server.compat.config.Change@fa71339
01-04 17:13:38.750  1000  1855  1855 D CompatConfig: Adding: com.android.server.compat.config.Change@914bd7e
01-04 17:13:38.750  1000  1855  1855 D CompatConfig: Adding: com.android.server.compat.config.Change@d0542df
01-04 17:13:38.750  1000  1855  1855 D CompatConfig: Adding: com.android.server.compat.config.Change@d179b2c
01-04 17:13:38.750  1000  1855  1855 D CompatConfig: Adding: com.android.server.compat.config.Change@45ca9f5
01-04 17:13:38.750  1000  1855  1923 I SystemConfig: Reading permissions from /system/etc/permissions/android.test.base.xml
01-04 17:13:38.750  1000  1855  1855 D CompatConfig: Adding: com.android.server.compat.config.Change@fbb338a
01-04 17:13:38.750  1000  1855  1855 D CompatConfig: Adding: com.android.server.compat.config.Change@3252dfb
01-04 17:13:38.751  1000  1855  1855 D CompatConfig: Adding: com.android.server.compat.config.Change@5f93e18
01-04 17:13:38.751  1000  1855  1855 D CompatConfig: Adding: com.android.server.compat.config.Change@a9af071
01-04 17:13:38.751  1000  1855  1855 D CompatConfig: Adding: com.android.server.compat.config.Change@1a0fe56
01-04 17:13:38.751  1000  1855  1855 D CompatConfig: Adding: com.android.server.compat.config.Change@b8eaed7
01-04 17:13:38.751  1000  1855  1855 D CompatConfig: Adding: com.android.server.compat.config.Change@65023c4
01-04 17:13:38.751  1000  1855  1855 D CompatConfig: Adding: com.android.server.compat.config.Change@89d22ad
01-04 17:13:38.751  1000  1855  1855 D CompatConfig: Adding: com.android.server.compat.config.Change@a46a9e2
01-04 17:13:38.751  1000  1855  1855 D CompatConfig: Adding: com.android.server.compat.config.Change@ea56173
01-04 17:13:38.751  1000  1855  1855 D CompatConfig: Adding: com.android.server.compat.config.Change@20db830
01-04 17:13:38.751  1000  1855  1855 D CompatConfig: Adding: com.android.server.compat.config.Change@3163ca9
01-04 17:13:38.751  1000  1855  1855 D CompatConfig: Adding: com.android.server.compat.config.Change@aa9822e
01-04 17:13:38.751  1000  1855  1855 D CompatConfig: Adding: com.android.server.compat.config.Change@d6aa1cf
01-04 17:13:38.751  1000  1855  1855 D CompatConfig: Adding: com.android.server.compat.config.Change@8ce275c
01-04 17:13:38.751  1000  1855  1855 D CompatConfig: Adding: com.android.server.compat.config.Change@cecfa65
01-04 17:13:38.751  1000  1855  1855 D CompatConfig: Adding: com.android.server.compat.config.Change@44f933a
01-04 17:13:38.751  1000  1855  1855 D CompatConfig: Adding: com.android.server.compat.config.Change@5c45d48
01-04 17:13:38.751  1000  1855  1855 D CompatConfig: Adding: com.android.server.compat.config.Change@6b7d7e1
01-04 17:13:38.751  1000  1855  1855 D CompatConfig: Adding: com.android.server.compat.config.Change@913a906
01-04 17:13:38.751  1000  1855  1855 D CompatConfig: Adding: com.android.server.compat.config.Change@b82fbc7
01-04 17:13:38.751  1000  1855  1923 I SystemConfig: Reading permissions from /system/etc/permissions/com.android.networkstack.xml
01-04 17:13:38.751  1000  1855  1855 D CompatConfig: Adding: com.android.server.compat.config.Change@26605f4
01-04 17:13:38.752  1000  1855  1855 D CompatConfig: Adding: com.android.server.compat.config.Change@9f9111d
01-04 17:13:38.752  1000  1855  1855 D CompatConfig: Adding: com.android.server.compat.config.Change@bb14f92
01-04 17:13:38.752  1000  1855  1855 D CompatConfig: Adding: com.android.server.compat.config.Change@da98d63
01-04 17:13:38.752  1000  1855  1855 D CompatConfig: Adding: com.android.server.compat.config.Change@7d78d60
01-04 17:13:38.752  1000  1855  1855 D CompatConfig: Adding: com.android.server.compat.config.Change@c1aa219
01-04 17:13:38.752  1000  1855  1855 D CompatConfig: Adding: com.android.server.compat.config.Change@d10d2de
01-04 17:13:38.752  1000  1855  1855 D CompatConfig: Adding: com.android.server.compat.config.Change@61d9cbf
01-04 17:13:38.752  1000  1855  1855 D CompatConfig: Adding: com.android.server.compat.config.Change@b181f8c
01-04 17:13:38.752  1000  1855  1855 D CompatConfig: Adding: com.android.server.compat.config.Change@52a46d5
01-04 17:13:38.752  1000  1855  1855 D CompatConfig: Adding: com.android.server.compat.config.Change@2533eea
01-04 17:13:38.752  1000  1855  1855 D CompatConfig: Adding: com.android.server.compat.config.Change@d9945db
01-04 17:13:38.752  1000  1855  1855 D CompatConfig: Adding: com.android.server.compat.config.Change@feda878
01-04 17:13:38.752  1000  1855  1855 D CompatConfig: Adding: com.android.server.compat.config.Change@6557b51
01-04 17:13:38.752  1000  1855  1855 D CompatConfig: Adding: com.android.server.compat.config.Change@f9e5fb6
01-04 17:13:38.752  1000  1855  1855 D CompatConfig: Adding: com.android.server.compat.config.Change@45c64b7
01-04 17:13:38.752  1000  1855  1855 D CompatConfig: Adding: com.android.server.compat.config.Change@c257b8d
01-04 17:13:38.752  1000  1855  1855 D CompatConfig: Adding: com.android.server.compat.config.Change@3a8c142
01-04 17:13:38.752  1000  1855  1855 D CompatConfig: Adding: com.android.server.compat.config.Change@4c89553
01-04 17:13:38.752  1000  1855  1855 D CompatConfig: Adding: com.android.server.compat.config.Change@8190e90
01-04 17:13:38.752  1000  1855  1855 D CompatConfig: Adding: com.android.server.compat.config.Change@87b4389
01-04 17:13:38.752  1000  1855  1855 D CompatConfig: Adding: com.android.server.compat.config.Change@5af8e
01-04 17:13:38.753  1000  1855  1923 I SystemConfig: Reading permissions from /system/etc/permissions/com.android.location.provider.xml
01-04 17:13:38.753  1000  1855  1855 D CompatConfig: Adding: com.android.server.compat.config.Change@3bd33af
01-04 17:13:38.753  1000  1855  1855 D CompatConfig: Adding: com.android.server.compat.config.Change@5a883bc
01-04 17:13:38.753  1000  1855  1855 D CompatConfig: Adding: com.android.server.compat.config.Change@4b8f45
01-04 17:13:38.753  1000  1855  1855 D CompatConfig: Adding: com.android.server.compat.config.Change@a31369a
01-04 17:13:38.753  1000  1855  1855 D CompatConfig: Adding: com.android.server.compat.config.Change@ab35bcb
01-04 17:13:38.753  1000  1855  1855 D CompatConfig: Adding: com.android.server.compat.config.Change@e581fa8
01-04 17:13:38.753  1000  1855  1855 D CompatConfig: Adding: com.android.server.compat.config.Change@91adac1
01-04 17:13:38.753  1000  1855  1855 D CompatConfig: Adding: com.android.server.compat.config.Change@15c2266
01-04 17:13:38.753  1000  1855  1855 D CompatConfig: Adding: com.android.server.compat.config.Change@fe38e54
01-04 17:13:38.753  1000  1855  1855 D CompatConfig: Adding: com.android.server.compat.config.Change@23961fd
01-04 17:13:38.753  1000  1855  1855 D CompatConfig: Adding: com.android.server.compat.config.Change@4f7fef2
01-04 17:13:38.753  1000  1855  1855 D CompatConfig: Adding: com.android.server.compat.config.Change@e717943
01-04 17:13:38.753  1000  1855  1855 D CompatConfig: Adding: com.android.server.compat.config.Change@6153bc0
01-04 17:13:38.753  1000  1855  1855 D CompatConfig: Adding: com.android.server.compat.config.Change@5bf20f9
01-04 17:13:38.753  1000  1855  1923 I SystemConfig: Reading permissions from /system/etc/permissions/javax.obex.xml
01-04 17:13:38.753  1000  1855  1855 D CompatConfig: Adding: com.android.server.compat.config.Change@803183e
01-04 17:13:38.753  1000  1855  1855 D CompatConfig: Adding: com.android.server.compat.config.Change@8a8669f
01-04 17:13:38.754  1000  1855  1855 D CompatConfig: Adding: com.android.server.compat.config.Change@cf253ec
01-04 17:13:38.754  1000  1855  1855 D CompatConfig: Adding: com.android.server.compat.config.Change@d47d3b5
01-04 17:13:38.754  1000  1855  1855 D CompatConfig: Adding: com.android.server.compat.config.Change@d147a4a
01-04 17:13:38.754  1000  1855  1855 D CompatConfig: Adding: com.android.server.compat.config.Change@e36cdbb
01-04 17:13:38.754  1000  1855  1855 D CompatConfig: Adding: com.android.server.compat.config.Change@9a6c2d8
01-04 17:13:38.754  1000  1855  1855 D CompatConfig: Adding: com.android.server.compat.config.Change@66ef631
01-04 17:13:38.754  1000  1855  1855 D CompatConfig: Adding: com.android.server.compat.config.Change@727f116
01-04 17:13:38.754  1000  1855  1855 D CompatConfig: Adding: com.android.server.compat.config.Change@47a8a97
01-04 17:13:38.754  1000  1855  1923 I SystemConfig: Reading permissions from /system/etc/permissions/com.android.future.usb.accessory.xml
01-04 17:13:38.754  1000  1855  1855 D CompatConfig: Adding: com.android.server.compat.config.Change@30bc46d
01-04 17:13:38.754  1000  1855  1855 D CompatConfig: Adding: com.android.server.compat.config.Change@b2a08a2
01-04 17:13:38.754  1000  1855  1855 D CompatConfig: Adding: com.android.server.compat.config.Change@ed33933
01-04 17:13:38.754  1000  1855  1855 D CompatConfig: Adding: com.android.server.compat.config.Change@bcf14f0
01-04 17:13:38.754  1000  1855  1855 D CompatConfig: Adding: com.android.server.compat.config.Change@12d3a69
01-04 17:13:38.754  1000  1855  1855 D CompatConfig: Adding: com.android.server.compat.config.Change@e440cee
01-04 17:13:38.754  1000  1855  1855 D CompatConfig: Adding: com.android.server.compat.config.Change@cfe358f
01-04 17:13:38.754  1000  1855  1855 D CompatConfig: Adding: com.android.server.compat.config.Change@828901c
01-04 17:13:38.754  1000  1855  1855 D CompatConfig: Adding: com.android.server.compat.config.Change@6d61425
01-04 17:13:38.754  1000  1855  1855 D CompatConfig: Adding: com.android.server.compat.config.Change@3329bab
01-04 17:13:38.754  1000  1855  1855 D CompatConfig: Adding: com.android.server.compat.config.Change@93c9208
01-04 17:13:38.755  1000  1855  1855 D CompatConfig: Adding: com.android.server.compat.config.Change@d78cda1
01-04 17:13:38.755  1000  1855  1923 I SystemConfig: Reading permissions from /system/etc/permissions/com.android.nfc_extras.xml
01-04 17:13:38.755  1000  1855  1855 D CompatConfig: Adding: com.android.server.compat.config.Change@69ccbc6
01-04 17:13:38.755  1000  1855  1855 D CompatConfig: Adding: com.android.server.compat.config.Change@7fd4787
01-04 17:13:38.755  1000  1855  1855 D CompatConfig: Adding: com.android.server.compat.config.Change@c0cc6b4
01-04 17:13:38.755  1000  1855  1855 D CompatConfig: Adding: com.android.server.compat.config.Change@933a2dd
01-04 17:13:38.755  1000  1855  1923 I SystemConfig: Reading permissions from /system/etc/permissions/com.android.media.remotedisplay.xml
01-04 17:13:38.755  1000  1855  1855 D CompatConfig: Found a config file: /system/etc/compatconfig/icu4j-platform-compat-config.xml
01-04 17:13:38.756  1000  1855  1855 D CompatConfig: Adding: com.android.server.compat.config.Change@a099a20
01-04 17:13:38.756  1000  1855  1923 I SystemConfig: Reading permissions from /system/etc/permissions/android.software.live_wallpaper.xml
01-04 17:13:38.756  1000  1855  1855 D CompatConfig: Found a config file: /system/etc/compatconfig/TeleService-platform-compat-config.xml
01-04 17:13:38.757  1000  1855  1855 D CompatConfig: Adding: com.android.server.compat.config.Change@13e384c
01-04 17:13:38.757  1000  1855  1923 I SystemConfig: Reading permissions from /system/etc/permissions/com.android.mediadrm.signer.xml
01-04 17:13:38.757  1000  1855  1855 D CompatConfig: Adding: com.android.server.compat.config.Change@36d5095
01-04 17:13:38.757  1000  1855  1855 D CompatConfig: Adding: com.android.server.compat.config.Change@c56e5aa
01-04 17:13:38.757  1000  1855  1855 D CompatConfig: Adding: com.android.server.compat.config.Change@675c59b
01-04 17:13:38.757  1000  1855  1855 D CompatConfig: Adding: com.android.server.compat.config.Change@33c8d38
01-04 17:13:38.757  1000  1855  1855 D CompatConfig: Adding: com.android.server.compat.config.Change@51f6111
01-04 17:13:38.757  1000  1855  1855 D CompatConfig: Found a config file: /system/etc/compatconfig/contacts-provider-platform-compat-config.xml
01-04 17:13:38.757  1000  1855  1923 I SystemConfig: Reading permissions from /system/etc/permissions/privapp_allowlist_com.android.providers.media.module.xml
01-04 17:13:38.758  1000  1855  1855 D CompatConfig: Found a config file: /system/etc/compatconfig/services-platform-compat-config.xml
01-04 17:13:38.758  1000  1855  1923 I SystemConfig: Reading permissions from /system/etc/permissions/com.android.documentsui.xml
01-04 17:13:38.759  1000  1855  1923 I SystemConfig: Reading permissions from /system/etc/permissions/org.apache.http.legacy.xml
01-04 17:13:38.759  1000  1855  1923 I SystemConfig: Reading permissions from /system/etc/permissions/privapp-permissions-platform.xml
01-04 17:13:38.760  1000  1855  1855 D CompatConfig: Adding: com.android.server.compat.config.Change@847cb50
01-04 17:13:38.760  1000  1855  1855 D CompatConfig: Adding: com.android.server.compat.config.Change@6642149
01-04 17:13:38.760  1000  1855  1855 D CompatConfig: Adding: com.android.server.compat.config.Change@23c9a4e
01-04 17:13:38.760  1000  1855  1855 D CompatConfig: Adding: com.android.server.compat.config.Change@125a76f
01-04 17:13:38.760  1000  1855  1855 D CompatConfig: Adding: com.android.server.compat.config.Change@4e64c7c
01-04 17:13:38.760  1000  1855  1855 D CompatConfig: Adding: com.android.server.compat.config.Change@5448905
01-04 17:13:38.760  1000  1855  1855 D CompatConfig: Adding: com.android.server.compat.config.Change@ecc0d5a
01-04 17:13:38.760  1000  1855  1855 D CompatConfig: Adding: com.android.server.compat.config.Change@68f4b8b
01-04 17:13:38.760  1000  1855  1855 D CompatConfig: Adding: com.android.server.compat.config.Change@c89b468
01-04 17:13:38.760  1000  1855  1855 D CompatConfig: Adding: com.android.server.compat.config.Change@c09b081
01-04 17:13:38.760  1000  1855  1855 D CompatConfig: Adding: com.android.server.compat.config.Change@8ada526
01-04 17:13:38.760  1000  1855  1855 D CompatConfig: Adding: com.android.server.compat.config.Change@ba51567
01-04 17:13:38.760  1000  1855  1855 D CompatConfig: Adding: com.android.server.compat.config.Change@679af14
01-04 17:13:38.760  1000  1855  1855 D CompatConfig: Adding: com.android.server.compat.config.Change@29fd3bd
01-04 17:13:38.760  1000  1855  1855 D CompatConfig: Adding: com.android.server.compat.config.Change@1beedb2
01-04 17:13:38.760  1000  1855  1855 D CompatConfig: Adding: com.android.server.compat.config.Change@463a103
01-04 17:13:38.760  1000  1855  1855 D CompatConfig: Adding: com.android.server.compat.config.Change@4cca880
01-04 17:13:38.760  1000  1855  1855 D CompatConfig: Adding: com.android.server.compat.config.Change@97aeeb9
01-04 17:13:38.760  1000  1855  1855 D CompatConfig: Adding: com.android.server.compat.config.Change@a2a32fe
01-04 17:13:38.761  1000  1855  1855 D CompatConfig: Adding: com.android.server.compat.config.Change@df54a5f
01-04 17:13:38.761  1000  1855  1855 D CompatConfig: Adding: com.android.server.compat.config.Change@293ccac
01-04 17:13:38.761  1000  1855  1855 D CompatConfig: Adding: com.android.server.compat.config.Change@a52bd75
01-04 17:13:38.761  1000  1855  1855 D CompatConfig: Adding: com.android.server.compat.config.Change@872810a
01-04 17:13:38.761  1000  1855  1855 D CompatConfig: Adding: com.android.server.compat.config.Change@3ce2d7b
01-04 17:13:38.761  1000  1855  1855 D CompatConfig: Adding: com.android.server.compat.config.Change@8c70798
01-04 17:13:38.761  1000  1855  1855 D CompatConfig: Adding: com.android.server.compat.config.Change@89ebbf1
01-04 17:13:38.761  1000  1855  1855 D CompatConfig: Adding: com.android.server.compat.config.Change@63fa3d6
01-04 17:13:38.761  1000  1855  1855 D CompatConfig: Adding: com.android.server.compat.config.Change@a882657
01-04 17:13:38.761  1000  1855  1855 D CompatConfig: Adding: com.android.server.compat.config.Change@5f10544
01-04 17:13:38.761  1000  1855  1855 D CompatConfig: Adding: com.android.server.compat.config.Change@dd2262d
01-04 17:13:38.761  1000  1855  1855 D CompatConfig: Adding: com.android.server.compat.config.Change@dea2762
01-04 17:13:38.761  1000  1855  1855 D CompatConfig: Adding: com.android.server.compat.config.Change@c7ed0f3
01-04 17:13:38.761  1000  1855  1855 D CompatConfig: Adding: com.android.server.compat.config.Change@49b31b0
01-04 17:13:38.761  1000  1855  1855 D CompatConfig: Adding: com.android.server.compat.config.Change@d57f829
01-04 17:13:38.761  1000  1855  1855 D CompatConfig: Adding: com.android.server.compat.config.Change@4c757ae
01-04 17:13:38.761  1000  1855  1855 D CompatConfig: Adding: com.android.server.compat.config.Change@42b894f
01-04 17:13:38.761  1000  1855  1855 D CompatConfig: Adding: com.android.server.compat.config.Change@c79b8dc
01-04 17:13:38.761  1000  1855  1855 D CompatConfig: Adding: com.android.server.compat.config.Change@c4eede5
01-04 17:13:38.761  1000  1855  1855 D CompatConfig: Adding: com.android.server.compat.config.Change@e3540ba
01-04 17:13:38.762  1000  1855  1855 D CompatConfig: Adding: com.android.server.compat.config.Change@416b6b
01-04 17:13:38.762  1000  1855  1855 D CompatConfig: Adding: com.android.server.compat.config.Change@a5786c8
01-04 17:13:38.762  1000  1855  1855 D CompatConfig: Adding: com.android.server.compat.config.Change@9058361
01-04 17:13:38.762  1000  1855  1855 D CompatConfig: Adding: com.android.server.compat.config.Change@366ae86
01-04 17:13:38.762  1000  1855  1855 D CompatConfig: Adding: com.android.server.compat.config.Change@d895347
01-04 17:13:38.762  1000  1855  1855 D CompatConfig: Adding: com.android.server.compat.config.Change@ac24774
01-04 17:13:38.762  1000  1855  1855 D CompatConfig: Adding: com.android.server.compat.config.Change@e35f49d
01-04 17:13:38.762  1000  1855  1855 D CompatConfig: Adding: com.android.server.compat.config.Change@bef2d12
01-04 17:13:38.762  1000  1855  1855 D CompatConfig: Adding: com.android.server.compat.config.Change@27ddce3
01-04 17:13:38.762  1000  1855  1855 D CompatConfig: Adding: com.android.server.compat.config.Change@37666e0
01-04 17:13:38.762  1000  1855  1855 D CompatConfig: Adding: com.android.server.compat.config.Change@e023d99
01-04 17:13:38.762  1000  1855  1855 D CompatConfig: Adding: com.android.server.compat.config.Change@30f085e
01-04 17:13:38.762  1000  1855  1855 D CompatConfig: Adding: com.android.server.compat.config.Change@8a7643f
01-04 17:13:38.762  1000  1855  1855 D CompatConfig: Adding: com.android.server.compat.config.Change@78b110c
01-04 17:13:38.762  1000  1855  1855 D CompatConfig: Adding: com.android.server.compat.config.Change@b01a55
01-04 17:13:38.762  1000  1855  1855 D CompatConfig: Adding: com.android.server.compat.config.Change@5bf4c6a
01-04 17:13:38.762  1000  1855  1855 D CompatConfig: Adding: com.android.server.compat.config.Change@fb8055b
01-04 17:13:38.762  1000  1855  1855 D CompatConfig: Adding: com.android.server.compat.config.Change@25e31f8
01-04 17:13:38.762  1000  1855  1855 D CompatConfig: Adding: com.android.server.compat.config.Change@32506d1
01-04 17:13:38.762  1000  1855  1855 D CompatConfig: Adding: com.android.server.compat.config.Change@6679c37
01-04 17:13:38.763  1000  1855  1855 D CompatConfig: Adding: com.android.server.compat.config.Change@54075a4
01-04 17:13:38.763  1000  1855  1855 D CompatConfig: Adding: com.android.server.compat.config.Change@1223f0d
01-04 17:13:38.763  1000  1855  1855 D CompatConfig: Adding: com.android.server.compat.config.Change@bd8fec2
01-04 17:13:38.763  1000  1855  1855 D CompatConfig: Adding: com.android.server.compat.config.Change@50fc4d3
01-04 17:13:38.763  1000  1855  1855 D CompatConfig: Adding: com.android.server.compat.config.Change@3e14810
01-04 17:13:38.763  1000  1855  1855 D CompatConfig: Adding: com.android.server.compat.config.Change@740bf09
01-04 17:13:38.763  1000  1855  1855 D CompatConfig: Adding: com.android.server.compat.config.Change@abc450e
01-04 17:13:38.763  1000  1855  1923 I SystemConfig: Reading permissions from /system/etc/permissions/com.android.intentresolver.xml
01-04 17:13:38.763  1000  1855  1855 D CompatConfig: Adding: com.android.server.compat.config.Change@607db2f
01-04 17:13:38.763  1000  1855  1855 D CompatConfig: Adding: com.android.server.compat.config.Change@b7ad53c
01-04 17:13:38.763  1000  1855  1855 D CompatConfig: Adding: com.android.server.compat.config.Change@8ad42c5
01-04 17:13:38.763  1000  1855  1855 D CompatConfig: Adding: com.android.server.compat.config.Change@57ba41a
01-04 17:13:38.763  1000  1855  1855 D CompatConfig: Adding: com.android.server.compat.config.Change@7c0fb4b
01-04 17:13:38.763  1000  1855  1855 D CompatConfig: Adding: com.android.server.compat.config.Change@be0928
01-04 17:13:38.763  1000  1855  1855 D CompatConfig: Adding: com.android.server.compat.config.Change@4a44641
01-04 17:13:38.763  1000  1855  1855 D CompatConfig: Adding: com.android.server.compat.config.Change@e9fe7e6
01-04 17:13:38.763  1000  1855  1855 D CompatConfig: Adding: com.android.server.compat.config.Change@4a20127
01-04 17:13:38.763  1000  1855  1855 D CompatConfig: Adding: com.android.server.compat.config.Change@7e8fd4
01-04 17:13:38.763  1000  1855  1855 D CompatConfig: Adding: com.android.server.compat.config.Change@7ae057d
01-04 17:13:38.763  1000  1855  1855 D CompatConfig: Adding: com.android.server.compat.config.Change@ca388c3
01-04 17:13:38.764  1000  1855  1855 D CompatConfig: Adding: com.android.server.compat.config.Change@f1ed540
01-04 17:13:38.764  1000  1855  1855 D CompatConfig: Adding: com.android.server.compat.config.Change@49a7c79
01-04 17:13:38.764  1000  1855  1855 D CompatConfig: Adding: com.android.server.compat.config.Change@64a0dbe
01-04 17:13:38.764  1000  1855  1855 D CompatConfig: Adding: com.android.server.compat.config.Change@cabee1f
01-04 17:13:38.764  1000  1855  1855 D CompatConfig: Adding: com.android.server.compat.config.Change@2bc056c
01-04 17:13:38.764  1000  1855  1855 D CompatConfig: Adding: com.android.server.compat.config.Change@13d6735
01-04 17:13:38.764  1000  1855  1855 D CompatConfig: Adding: com.android.server.compat.config.Change@49547ca
01-04 17:13:38.764  1000  1855  1855 D CompatConfig: Adding: com.android.server.compat.config.Change@fab4d3b
01-04 17:13:38.764  1000  1855  1855 D CompatConfig: Adding: com.android.server.compat.config.Change@41a0c58
01-04 17:13:38.764  1000  1855  1855 D CompatConfig: Adding: com.android.server.compat.config.Change@2ea41b1
01-04 17:13:38.764  1000  1855  1923 I SystemConfig: Reading permissions from /system/etc/permissions/com.android.adservices.sdksandbox.xml
01-04 17:13:38.764  1000  1855  1855 D CompatConfig: Found a config file: /system/etc/compatconfig/calendar-provider-compat-config.xml
01-04 17:13:38.765  1000  1855  1923 I SystemConfig: Reading permissions from /system/etc/permissions/android.software.window_magnification.xml
01-04 17:13:38.765  1000  1855  1855 D CompatConfig: Adding: com.android.server.compat.config.Change@24f9604
01-04 17:13:38.765  1000  1855  1923 I SystemConfig: Reading permissions from /system/etc/permissions/android.test.runner.xml
01-04 17:13:38.766  1000  1855  1855 D CompatConfig: Found a config file: /system/system_ext/etc/compatconfig/settings-platform-compat-config.xml
01-04 17:13:38.766  1000  1855  1923 I SystemConfig: Reading permissions from /system/etc/permissions/android.software.webview.xml
01-04 17:13:38.766  1000  1855  1855 D CompatConfig: Adding: com.android.server.compat.config.Change@5320e70
01-04 17:13:38.766  1000  1855  1923 I SystemConfig: Reading permissions from /system/etc/permissions/android.test.mock.xml
01-04 17:13:38.767  1000  1855  1855 D ApexManagerTiming: getActiveApexInfos_noCache
01-04 17:13:38.767  1000  1855  1923 I SystemConfig: Reading permissions from /system/etc/permissions/privapp_allowlist_com.android.adservices.api.xml
01-04 17:13:38.768  1000  1855  1923 I SystemConfig: Reading permissions from /system/etc/permissions/platform.xml
01-04 17:13:38.771  1000  1855  1923 I SystemConfig: Reading permissions from /vendor/etc/permissions/android.software.sip.voip.xml
01-04 17:13:38.772  1000  1855  1923 I SystemConfig: Reading permissions from /vendor/etc/permissions/android.software.ipsec_tunnels.xml
01-04 17:13:38.773  1000  1855  1923 I SystemConfig: Reading permissions from /vendor/etc/permissions/android.hardware.sensor.stepdetector.xml
01-04 17:13:38.774  1000  1855  1923 I SystemConfig: Reading permissions from /vendor/etc/permissions/handheld_core_hardware.xml
01-04 17:13:38.774  1000  1855  1855 D CompatConfig: No directory /apex/com.android.sdkext/etc/compatconfig, skipping
01-04 17:13:38.774  1000  1855  1855 D CompatConfig: No directory /apex/com.android.uwb/etc/compatconfig, skipping
01-04 17:13:38.774  1000  1855  1855 D CompatConfig: No directory /apex/com.android.virt/etc/compatconfig, skipping
01-04 17:13:38.774  1000  1855  1855 D CompatConfig: No directory /apex/com.android.ipsec/etc/compatconfig, skipping
01-04 17:13:38.774  1000  1855  1855 D CompatConfig: No directory /apex/com.android.resolv/etc/compatconfig, skipping
01-04 17:13:38.774  1000  1855  1923 I SystemConfig: Reading permissions from /vendor/etc/permissions/android.hardware.wifi.passpoint.xml
01-04 17:13:38.774  1000  1855  1855 D CompatConfig: No directory /apex/com.android.vndk.v32/etc/compatconfig, skipping
01-04 17:13:38.775  1000  1855  1855 D CompatConfig: Found a config file: /apex/com.android.tethering/etc/compatconfig/connectivity-platform-compat-config.xml
01-04 17:13:38.775  1000  1855  1923 I SystemConfig: Reading permissions from /vendor/etc/permissions/vendor.qti.hardware.factory.xml
01-04 17:13:38.775  1000  1855  1855 D CompatConfig: Adding: com.android.server.compat.config.Change@ddca39
01-04 17:13:38.776  1000  1855  1855 D CompatConfig: Adding: com.android.server.compat.config.Change@322a87e
01-04 17:13:38.776  1000  1855  1855 D CompatConfig: Adding: com.android.server.compat.config.Change@48c51df
01-04 17:13:38.776  1000  1855  1923 I SystemConfig: Ignore shared library vendor.qti.hardware.factory-V1.0: /system/framework/vendor.qti.hardware.factory-V1.0-java.jar does not exist
01-04 17:13:38.776  1000  1855  1855 D CompatConfig: Adding: com.android.server.compat.config.Change@22afe2c
01-04 17:13:38.776  1000  1855  1923 I SystemConfig: Ignore shared library vendor.qti.hardware.factory-V1.1: /system/framework/vendor.qti.hardware.factory-V1.1-java.jar does not exist
01-04 17:13:38.776  1000  1855  1923 I SystemConfig: Reading permissions from /vendor/etc/permissions/android.hardware.light.xml
01-04 17:13:38.777  1000  1855  1923 I SystemConfig: Ignore shared library android.hardware.light-V2.0: /system/framework/android.hardware.light-V2.0-java.jar does not exist
01-04 17:13:38.777  1000  1855  1855 D CompatConfig: Found a config file: /apex/com.android.mediaprovider/etc/compatconfig/media-provider-platform-compat-config.xml
01-04 17:13:38.777  1000  1855  1923 I SystemConfig: Reading permissions from /vendor/etc/permissions/android.hardware.opengles.aep.xml
01-04 17:13:38.778  1000  1855  1855 D CompatConfig: Adding: com.android.server.compat.config.Change@7118771
01-04 17:13:38.778  1000  1855  1923 I SystemConfig: Reading permissions from /vendor/etc/permissions/android.hardware.camera.raw.xml
01-04 17:13:38.778  1000  1855  1855 D CompatConfig: Adding: com.android.server.compat.config.Change@c214956
01-04 17:13:38.778  1000  1855  1855 D CompatConfig: Adding: com.android.server.compat.config.Change@d089dd7
01-04 17:13:38.778  1000  1855  1855 D CompatConfig: Adding: com.android.server.compat.config.Change@80ce6c4
01-04 17:13:38.778  1000  1855  1855 D CompatConfig: Adding: com.android.server.compat.config.Change@b6629ad
01-04 17:13:38.778  1000  1855  1855 D CompatConfig: Adding: com.android.server.compat.config.Change@400a4e2
01-04 17:13:38.778  1000  1855  1855 D CompatConfig: Adding: com.android.server.compat.config.Change@f4f4073
01-04 17:13:38.778  1000  1855  1923 I SystemConfig: Reading permissions from /vendor/etc/permissions/android.software.verified_boot.xml
01-04 17:13:38.778  1000  1855  1855 D CompatConfig: No directory /apex/com.android.i18n/etc/compatconfig, skipping
01-04 17:13:38.779  1000  1855  1855 D CompatConfig: No directory /apex/com.android.healthfitness/etc/compatconfig, skipping
01-04 17:13:38.779  1000  1855  1855 D CompatConfig: No directory /apex/com.android.runtime/etc/compatconfig, skipping
01-04 17:13:38.779  1000  1855  1855 D CompatConfig: No directory /apex/com.android.appsearch/etc/compatconfig, skipping
01-04 17:13:38.779  1000  1855  1855 D CompatConfig: No directory /apex/com.android.extservices/etc/compatconfig, skipping
01-04 17:13:38.779  1000  1855  1923 I SystemConfig: Reading permissions from /vendor/etc/permissions/android.hardware.vulkan.level-1.xml
01-04 17:13:38.779  1000  1855  1855 D CompatConfig: No directory /apex/com.android.permission/etc/compatconfig, skipping
01-04 17:13:38.779  1000  1855  1855 D CompatConfig: No directory /apex/com.android.vndk.v31/etc/compatconfig, skipping
01-04 17:13:38.779  1000  1855  1855 D CompatConfig: No directory /apex/com.android.scheduling/etc/compatconfig, skipping
01-04 17:13:38.779  1000  1855  1855 D CompatConfig: No directory /apex/com.android.media/etc/compatconfig, skipping
01-04 17:13:38.779  1000  1855  1855 D CompatConfig: No directory /apex/com.android.os.statsd/etc/compatconfig, skipping
01-04 17:13:38.780  1000  1855  1923 I SystemConfig: Reading permissions from /vendor/etc/permissions/android.software.vulkan.deqp.level.xml
01-04 17:13:38.780  1000  1855  1855 D CompatConfig: Found a config file: /apex/com.android.btservices/etc/compatconfig/bluetoothapk-platform-compat-config.xml
01-04 17:13:38.780  1000  1855  1923 I SystemConfig: Reading permissions from /vendor/etc/permissions/android.hardware.camera.flash-autofocus.xml
01-04 17:13:38.780  1000  1855  1855 D CompatConfig: Adding: com.android.server.compat.config.Change@efe165
01-04 17:13:38.781  1000  1855  1923 I SystemConfig: Reading permissions from /vendor/etc/permissions/android.software.device_id_attestation.xml
01-04 17:13:38.781  1000  1855  1855 D CompatConfig: Found a config file: /apex/com.android.btservices/etc/compatconfig/bluetooth-compat-config.xml
01-04 17:13:38.781  1000  1855  1923 I SystemConfig: Reading permissions from /vendor/etc/permissions/android.hardware.sensor.light.xml
01-04 17:13:38.781  1000  1855  1855 D CompatConfig: Adding: com.android.server.compat.config.Change@5822ee1
01-04 17:13:38.782  1000  1855  1855 D CompatConfig: Found a config file: /apex/com.android.btservices/etc/compatconfig/framework-bluetooth-compat-config.xml
01-04 17:13:38.782  1000  1855  1923 I SystemConfig: Reading permissions from /vendor/etc/permissions/android.hardware.usb.accessory.xml
01-04 17:13:38.782  1000  1855  1855 D CompatConfig: Adding: com.android.server.compat.config.Change@a5988f4
01-04 17:13:38.782  1000  1855  1923 I SystemConfig: Reading permissions from /vendor/etc/permissions/android.hardware.bluetooth_le.xml
01-04 17:13:38.783  1000  1855  1855 D CompatConfig: No directory /apex/com.android.rkpd/etc/compatconfig, skipping
01-04 17:13:38.783  1000  1855  1855 D CompatConfig: No directory /apex/com.android.conscrypt/etc/compatconfig, skipping
01-04 17:13:38.783  1000  1855  1855 D CompatConfig: No directory /apex/com.android.neuralnetworks/etc/compatconfig, skipping
01-04 17:13:38.783  1000  1855  1855 D CompatConfig: No directory /apex/com.android.ondevicepersonalization/etc/compatconfig, skipping
01-04 17:13:38.783  1000  1855  1923 I SystemConfig: Reading permissions from /vendor/etc/permissions/android.hardware.sensor.accelerometer.xml
01-04 17:13:38.783  1000  1855  1855 D CompatConfig: No directory /apex/com.android.adbd/etc/compatconfig, skipping
01-04 17:13:38.783  1000  1855  1855 D CompatConfig: No directory /apex/com.android.vndk.v29/etc/compatconfig, skipping
01-04 17:13:38.783  1000  1855  1855 D CompatConfig: No directory /apex/com.android.vndk.v33/etc/compatconfig, skipping
01-04 17:13:38.783  1000  1855  1855 D CompatConfig: No directory /apex/com.android.cellbroadcast/etc/compatconfig, skipping
01-04 17:13:38.783  1000  1855  1855 D CompatConfig: No directory /apex/com.android.vndk.v34/etc/compatconfig, skipping
01-04 17:13:38.784  1000  1855  1923 I SystemConfig: Reading permissions from /vendor/etc/permissions/android.hardware.camera.full.xml
01-04 17:13:38.784  1000  1855  1855 D CompatConfig: No directory /apex/com.android.devicelock/etc/compatconfig, skipping
01-04 17:13:38.784  1000  1855  1855 D CompatConfig: No directory /apex/com.android.adservices/etc/compatconfig, skipping
01-04 17:13:38.784  1000  1855  1923 I SystemConfig: Reading permissions from /vendor/etc/permissions/android.hardware.sensor.gyroscope.xml
01-04 17:13:38.784  1000  1855  1855 D CompatConfig: Found a config file: /apex/com.android.art/etc/compatconfig/libcore-platform-compat-config.xml
01-04 17:13:38.784  1000  1855  1923 I SystemConfig: Reading permissions from /vendor/etc/permissions/android.hardware.audio.low_latency.xml
01-04 17:13:38.785  1000  1855  1855 D CompatConfig: Adding: com.android.server.compat.config.Change@582bbf
01-04 17:13:38.785  1000  1855  1855 D CompatConfig: Adding: com.android.server.compat.config.Change@799028c
01-04 17:13:38.785  1000  1855  1855 D CompatConfig: Adding: com.android.server.compat.config.Change@f34edd5
01-04 17:13:38.785  1000  1855  1855 D CompatConfig: Adding: com.android.server.compat.config.Change@1be59ea
01-04 17:13:38.785  1000  1855  1855 D CompatConfig: Adding: com.android.server.compat.config.Change@26dc4db
01-04 17:13:38.785  1000  1855  1855 D CompatConfig: Adding: com.android.server.compat.config.Change@719bb78
01-04 17:13:38.785  1000  1855  1855 D CompatConfig: Adding: com.android.server.compat.config.Change@3e39251
01-04 17:13:38.785  1000  1855  1855 D CompatConfig: Adding: com.android.server.compat.config.Change@a202ab6
01-04 17:13:38.785  1000  1855  1855 D CompatConfig: Adding: com.android.server.compat.config.Change@7eb1724
01-04 17:13:38.785  1000  1855  1855 D CompatConfig: Adding: com.android.server.compat.config.Change@9fe028d
01-04 17:13:38.785  1000  1855  1923 I SystemConfig: Reading permissions from /vendor/etc/permissions/android.hardware.sensor.proximity.xml
01-04 17:13:38.785  1000  1855  1855 D CompatConfig: No directory /apex/com.android.vndk.v30/etc/compatconfig, skipping
01-04 17:13:38.786  1000  1855  1855 D CompatConfig: No directory /apex/com.android.configinfrastructure/etc/compatconfig, skipping
01-04 17:13:38.786  1000  1855  1923 I SystemConfig: Reading permissions from /vendor/etc/permissions/android.hardware.touchscreen.multitouch.jazzhand.xml
01-04 17:13:38.786  1000  1855  1855 D CompatConfig: No directory /apex/com.android.compos/etc/compatconfig, skipping
01-04 17:13:38.786  1000  1855  1855 D CompatConfig: No directory /apex/com.android.media.swcodec/etc/compatconfig, skipping
01-04 17:13:38.786  1000  1855  1855 D CompatConfig: No directory /apex/com.android.tzdata/etc/compatconfig, skipping
01-04 17:13:38.786  1000  1855  1855 D CompatConfig: No directory /apex/com.android.apex.cts.shim/etc/compatconfig, skipping
01-04 17:13:38.786  1000  1855  1923 I SystemConfig: Reading permissions from /vendor/etc/permissions/android.hardware.sensor.stepcounter.xml
01-04 17:13:38.786  1000  1855  1855 D CompatConfig: Found a config file: /apex/com.android.wifi/etc/compatconfig/wifi-compat-config.xml
01-04 17:13:38.787  1000  1855  1923 I SystemConfig: Reading permissions from /vendor/etc/permissions/android.hardware.camera.front.xml
01-04 17:13:38.787  1000  1855  1855 D CompatConfig: Adding: com.android.server.compat.config.Change@995da8e
01-04 17:13:38.787  1000  1855  1855 D CompatConfig: Adding: com.android.server.compat.config.Change@53982af
01-04 17:13:38.787  1000  1855  1855 D CompatConfig: Adding: com.android.server.compat.config.Change@1a826bc
01-04 17:13:38.787  1000  1855  1923 I SystemConfig: Reading permissions from /vendor/etc/permissions/android.hardware.usb.host.xml
01-04 17:13:38.788  1000  1855  1923 I SystemConfig: Reading permissions from /vendor/etc/permissions/android.hardware.vulkan.compute-0.xml
01-04 17:13:38.788  1000  1855  1923 I SystemConfig: Reading permissions from /vendor/etc/permissions/android.hardware.hardware_keystore.xml
01-04 17:13:38.789  1000  1855  1855 D SystemServerTiming: StartFileIntegrityService
01-04 17:13:38.789  1000  1855  1923 I SystemConfig: Reading permissions from /vendor/etc/permissions/android.software.midi.xml
01-04 17:13:38.789  1000  1855  1855 I SystemServiceManager: Starting com.android.server.security.FileIntegrityService
01-04 17:13:38.789  1000  1855  1923 I SystemConfig: Reading permissions from /vendor/etc/permissions/android.hardware.vulkan.version-1_1.xml
01-04 17:13:38.790  1000  1855  1923 I SystemConfig: Reading permissions from /vendor/etc/permissions/android.hardware.location.gps.xml
01-04 17:13:38.790  1000  1855  1855 E FileIntegrityService: Invalid certificate, ignored: java.security.cert.CertificateException: com.android.org.conscrypt.OpenSSLX509CertificateFactory$ParsingException: com.android.org.conscrypt.OpenSSLX509CertificateFactory$ParsingException: java.lang.RuntimeException: error:0c00006d:ASN.1 encoding routines:OPENSSL_internal:DECODE_ERROR
01-04 17:13:38.790  1000  1855  1923 I SystemConfig: Reading permissions from /vendor/etc/permissions/android.hardware.keystore.app_attest_key.xml
01-04 17:13:38.791  1000  1855  1923 I SystemConfig: Reading permissions from /vendor/etc/permissions/vendor-qti-hardware-sensorscalibrate.xml
01-04 17:13:38.791  1000  1855  1855 E FileIntegrityService: Invalid certificate, ignored: java.security.cert.CertificateException: com.android.org.conscrypt.OpenSSLX509CertificateFactory$ParsingException: com.android.org.conscrypt.OpenSSLX509CertificateFactory$ParsingException: java.lang.RuntimeException: error:0c00006d:ASN.1 encoding routines:OPENSSL_internal:DECODE_ERROR
01-04 17:13:38.791  1000  1855  1923 I SystemConfig: Ignore shared library vendor.qti.hardware.sensorscalibrate-V1.0: /system/framework/vendor.qti.hardware.sensorscalibrate-V1.0-java.jar does not exist
01-04 17:13:38.792  1000  1855  1855 D SystemServerTiming: StartInstaller
01-04 17:13:38.792  1000  1855  1923 I SystemConfig: Reading permissions from /vendor/etc/permissions/android.hardware.wifi.xml
01-04 17:13:38.792  1000  1855  1855 I SystemServiceManager: Starting com.android.server.pm.Installer
