12-18 07:17:58.121  1000  1855  1917 W ExtconUEventObserver: 	at com.android.server.ExtconUEventObserver$ExtconInfo.getExtconInfoForTypes(ExtconUEventObserver.java:185)
12-18 07:17:58.121  1000  1855  1917 W ExtconUEventObserver: 	at com.android.server.policy.PhoneWindowManager.initializeHdmiStateInternal(PhoneWindowManager.java:3963)
12-18 07:17:58.121  1000  1855  1917 W ExtconUEventObserver: 	at com.android.server.policy.PhoneWindowManager.initializeHdmiState(PhoneWindowManager.java:3928)
12-18 07:17:58.121  1000  1855  1917 W ExtconUEventObserver: 	at com.android.server.policy.PhoneWindowManager.init(PhoneWindowManager.java:2208)
12-18 07:17:58.121  1000  1855  1917 W ExtconUEventObserver: 	at com.android.server.policy.PhoneWindowManager.init(PhoneWindowManager.java:2002)
12-18 07:17:58.121  1000  1855  1917 W ExtconUEventObserver: 	at com.android.server.wm.WindowManagerService$5.run(WindowManagerService.java:1155)
12-18 07:17:58.121  1000  1855  1917 W ExtconUEventObserver: 	at android.os.Handler$BlockingRunnable.run(Handler.java:984)
12-18 07:17:58.121  1000  1855  1917 W ExtconUEventObserver: 	at android.os.Handler.handleCallback(Handler.java:958)
12-18 07:17:58.121  1000  1855  1917 W ExtconUEventObserver: 	at android.os.Handler.dispatchMessage(Handler.java:99)
12-18 07:17:58.121  1000  1855  1917 W ExtconUEventObserver: 	at android.os.Looper.loopOnce(Looper.java:205)
12-18 07:17:58.121  1000  1855  1917 W ExtconUEventObserver: 	at android.os.Looper.loop(Looper.java:294)
12-18 07:17:58.121  1000  1855  1917 W ExtconUEventObserver: 	at android.os.HandlerThread.run(HandlerThread.java:67)
12-18 07:17:58.121  1000  1855  1917 W ExtconUEventObserver: 	at com.android.server.ServiceThread.run(ServiceThread.java:46)
12-18 07:17:58.121  1000  1855  1917 W ExtconUEventObserver: 	at com.android.server.UiThread.run(UiThread.java:45)
12-18 07:17:58.121  1000  1855  1917 W ExtconUEventObserver: Caused by: android.system.ErrnoException: open failed: EACCES (Permission denied)
12-18 07:17:58.121  1000  1855  1917 W ExtconUEventObserver: 	at libcore.io.Linux.open(Native Method)
12-18 07:17:58.121  1000  1855  1917 W ExtconUEventObserver: 	at libcore.io.ForwardingOs.open(ForwardingOs.java:563)
12-18 07:17:58.121  1000  1855  1917 W ExtconUEventObserver: 	at libcore.io.BlockGuardOs.open(BlockGuardOs.java:274)
12-18 07:17:58.121  1000  1855  1917 W ExtconUEventObserver: 	at libcore.io.IoBridge.open(IoBridge.java:560)
12-18 07:17:58.121  1000  1855  1917 W ExtconUEventObserver: 	... 18 more
12-18 07:17:58.115  1000  1855  1855 I auditd  : type=1400 audit(0.0:128): avc:  denied  { read } for  comm="android.ui" name="name" dev="sysfs" ino=91584 scontext=u:r:system_server:s0 tcontext=u:object_r:sysfs:s0 tclass=file permissive=0
12-18 07:17:58.122  1000  1855  1917 W ExtconUEventObserver: Unable to read /sys/devices/platform/soc/soc:spf_core_platform/soc:spf_core_platform:bolero-codec/wcd937x-codec/extcon/extcon3/cable.2/name. This probably means the selinux policies need to be changed.
12-18 07:17:58.122  1000  1855  1917 W ExtconUEventObserver: java.io.FileNotFoundException: /sys/class/extcon/extcon3/cable.2/name: open failed: EACCES (Permission denied)
12-18 07:17:58.122  1000  1855  1917 W ExtconUEventObserver: 	at libcore.io.IoBridge.open(IoBridge.java:574)
12-18 07:17:58.122  1000  1855  1917 W ExtconUEventObserver: 	at java.io.FileInputStream.<init>(FileInputStream.java:160)
12-18 07:17:58.122  1000  1855  1917 W ExtconUEventObserver: 	at android.os.FileUtils.readTextFile(FileUtils.java:638)
12-18 07:17:58.122  1000  1855  1917 W ExtconUEventObserver: 	at com.android.server.ExtconUEventObserver$ExtconInfo.<init>(ExtconUEventObserver.java:222)
12-18 07:17:58.122  1000  1855  1917 W ExtconUEventObserver: 	at com.android.server.ExtconUEventObserver$ExtconInfo.initExtconInfos(ExtconUEventObserver.java:173)
12-18 07:17:58.122  1000  1855  1917 W ExtconUEventObserver: 	at com.android.server.ExtconUEventObserver$ExtconInfo.getExtconInfoForTypes(ExtconUEventObserver.java:185)
12-18 07:17:58.122  1000  1855  1917 W ExtconUEventObserver: 	at com.android.server.policy.PhoneWindowManager.initializeHdmiStateInternal(PhoneWindowManager.java:3963)
12-18 07:17:58.122  1000  1855  1917 W ExtconUEventObserver: 	at com.android.server.policy.PhoneWindowManager.initializeHdmiState(PhoneWindowManager.java:3928)
12-18 07:17:58.122  1000  1855  1917 W ExtconUEventObserver: 	at com.android.server.policy.PhoneWindowManager.init(PhoneWindowManager.java:2208)
12-18 07:17:58.122  1000  1855  1917 W ExtconUEventObserver: 	at com.android.server.policy.PhoneWindowManager.init(PhoneWindowManager.java:2002)
12-18 07:17:58.122  1000  1855  1917 W ExtconUEventObserver: 	at com.android.server.wm.WindowManagerService$5.run(WindowManagerService.java:1155)
12-18 07:17:58.122  1000  1855  1917 W ExtconUEventObserver: 	at android.os.Handler$BlockingRunnable.run(Handler.java:984)
12-18 07:17:58.122  1000  1855  1917 W ExtconUEventObserver: 	at android.os.Handler.handleCallback(Handler.java:958)
12-18 07:17:58.122  1000  1855  1917 W ExtconUEventObserver: 	at android.os.Handler.dispatchMessage(Handler.java:99)
12-18 07:17:58.122  1000  1855  1917 W ExtconUEventObserver: 	at android.os.Looper.loopOnce(Looper.java:205)
12-18 07:17:58.122  1000  1855  1917 W ExtconUEventObserver: 	at android.os.Looper.loop(Looper.java:294)
12-18 07:17:58.122  1000  1855  1917 W ExtconUEventObserver: 	at android.os.HandlerThread.run(HandlerThread.java:67)
12-18 07:17:58.122  1000  1855  1917 W ExtconUEventObserver: 	at com.android.server.ServiceThread.run(ServiceThread.java:46)
12-18 07:17:58.122  1000  1855  1917 W ExtconUEventObserver: 	at com.android.server.UiThread.run(UiThread.java:45)
12-18 07:17:58.122  1000  1855  1917 W ExtconUEventObserver: Caused by: android.system.ErrnoException: open failed: EACCES (Permission denied)
12-18 07:17:58.122  1000  1855  1917 W ExtconUEventObserver: 	at libcore.io.Linux.open(Native Method)
12-18 07:17:58.122  1000  1855  1917 W ExtconUEventObserver: 	at libcore.io.ForwardingOs.open(ForwardingOs.java:563)
12-18 07:17:58.122  1000  1855  1917 W ExtconUEventObserver: 	at libcore.io.BlockGuardOs.open(BlockGuardOs.java:274)
12-18 07:17:58.122  1000  1855  1917 W ExtconUEventObserver: 	at libcore.io.IoBridge.open(IoBridge.java:560)
12-18 07:17:58.122  1000  1855  1917 W ExtconUEventObserver: 	... 18 more
12-18 07:17:58.115  1000  1855  1855 I auditd  : type=1400 audit(0.0:129): avc:  denied  { read } for  comm="android.ui" name="name" dev="sysfs" ino=91578 scontext=u:r:system_server:s0 tcontext=u:object_r:sysfs:s0 tclass=file permissive=0
12-18 07:17:58.122  1000  1855  1917 W ExtconUEventObserver: Unable to read /sys/devices/platform/soc/soc:spf_core_platform/soc:spf_core_platform:bolero-codec/wcd937x-codec/extcon/extcon3/cable.0/name. This probably means the selinux policies need to be changed.
12-18 07:17:58.122  1000  1855  1917 W ExtconUEventObserver: java.io.FileNotFoundException: /sys/class/extcon/extcon3/cable.0/name: open failed: EACCES (Permission denied)
12-18 07:17:58.122  1000  1855  1917 W ExtconUEventObserver: 	at libcore.io.IoBridge.open(IoBridge.java:574)
12-18 07:17:58.122  1000  1855  1917 W ExtconUEventObserver: 	at java.io.FileInputStream.<init>(FileInputStream.java:160)
12-18 07:17:58.122  1000  1855  1917 W ExtconUEventObserver: 	at android.os.FileUtils.readTextFile(FileUtils.java:638)
12-18 07:17:58.122  1000  1855  1917 W ExtconUEventObserver: 	at com.android.server.ExtconUEventObserver$ExtconInfo.<init>(ExtconUEventObserver.java:222)
12-18 07:17:58.122  1000  1855  1917 W ExtconUEventObserver: 	at com.android.server.ExtconUEventObserver$ExtconInfo.initExtconInfos(ExtconUEventObserver.java:173)
12-18 07:17:58.122  1000  1855  1917 W ExtconUEventObserver: 	at com.android.server.ExtconUEventObserver$ExtconInfo.getExtconInfoForTypes(ExtconUEventObserver.java:185)
12-18 07:17:58.122  1000  1855  1917 W ExtconUEventObserver: 	at com.android.server.policy.PhoneWindowManager.initializeHdmiStateInternal(PhoneWindowManager.java:3963)
12-18 07:17:58.122  1000  1855  1917 W ExtconUEventObserver: 	at com.android.server.policy.PhoneWindowManager.initializeHdmiState(PhoneWindowManager.java:3928)
12-18 07:17:58.122  1000  1855  1917 W ExtconUEventObserver: 	at com.android.server.policy.PhoneWindowManager.init(PhoneWindowManager.java:2208)
12-18 07:17:58.122  1000  1855  1917 W ExtconUEventObserver: 	at com.android.server.policy.PhoneWindowManager.init(PhoneWindowManager.java:2002)
12-18 07:17:58.122  1000  1855  1917 W ExtconUEventObserver: 	at com.android.server.wm.WindowManagerService$5.run(WindowManagerService.java:1155)
12-18 07:17:58.122  1000  1855  1917 W ExtconUEventObserver: 	at android.os.Handler$BlockingRunnable.run(Handler.java:984)
12-18 07:17:58.122  1000  1855  1917 W ExtconUEventObserver: 	at android.os.Handler.handleCallback(Handler.java:958)
12-18 07:17:58.122  1000  1855  1917 W ExtconUEventObserver: 	at android.os.Handler.dispatchMessage(Handler.java:99)
12-18 07:17:58.122  1000  1855  1917 W ExtconUEventObserver: 	at android.os.Looper.loopOnce(Looper.java:205)
12-18 07:17:58.122  1000  1855  1917 W ExtconUEventObserver: 	at android.os.Looper.loop(Looper.java:294)
12-18 07:17:58.122  1000  1855  1917 W ExtconUEventObserver: 	at android.os.HandlerThread.run(HandlerThread.java:67)
12-18 07:17:58.122  1000  1855  1917 W ExtconUEventObserver: 	at com.android.server.ServiceThread.run(ServiceThread.java:46)
12-18 07:17:58.122  1000  1855  1917 W ExtconUEventObserver: 	at com.android.server.UiThread.run(UiThread.java:45)
12-18 07:17:58.122  1000  1855  1917 W ExtconUEventObserver: Caused by: android.system.ErrnoException: open failed: EACCES (Permission denied)
12-18 07:17:58.122  1000  1855  1917 W ExtconUEventObserver: 	at libcore.io.Linux.open(Native Method)
12-18 07:17:58.122  1000  1855  1917 W ExtconUEventObserver: 	at libcore.io.ForwardingOs.open(ForwardingOs.java:563)
12-18 07:17:58.122  1000  1855  1917 W ExtconUEventObserver: 	at libcore.io.BlockGuardOs.open(BlockGuardOs.java:274)
12-18 07:17:58.122  1000  1855  1917 W ExtconUEventObserver: 	at libcore.io.IoBridge.open(IoBridge.java:560)
12-18 07:17:58.122  1000  1855  1917 W ExtconUEventObserver: 	... 18 more
12-18 07:17:58.123  1000  1855  1917 W BroadcastLoopers: Found previously unknown looper Thread[android.ui,5,main]
12-18 07:17:58.125  1000  1855  2005 D SystemServerTimingAsync: InitThreadPoolExec:StartISensorManagerService
12-18 07:17:58.125  1000  1855  2005 D SystemServerTimingAsync: StartISensorManagerService
12-18 07:17:58.125  1000  1855  1855 D SystemServerTiming: StartInputManager
12-18 07:17:58.125  1000  1855  1855 I InputManager: Starting input manager
12-18 07:17:58.125  1000  1855  2006 D SystemServerTimingAsync: InitThreadPoolExec:StartHidlServices
12-18 07:17:58.126  1000  1855  2006 D SystemServerTimingAsync: StartHidlServices
12-18 07:17:58.126  1000  1855  1855 D SystemServerTiming: DisplayManagerWindowManagerAndInputReady
12-18 07:17:58.126  1000  1855  1855 V HistoricalRegistry: Interaction before persistence initialized
12-18 07:17:58.126  1000  1855  1855 D SystemServerTiming: StartBluetoothService
12-18 07:17:58.127  1000  1855  1855 I SystemServiceManager: Starting com.android.server.bluetooth.BluetoothService
12-18 07:17:58.131  1000  1855  1855 D SystemServerTiming: IpConnectivityMetrics
12-18 07:17:58.131  1000  1855  1855 I SystemServiceManager: Starting com.android.server.connectivity.IpConnectivityMetrics
12-18 07:17:58.132  1000  1855  1855 D SystemServerTiming: NetworkWatchlistService
12-18 07:17:58.132  1000  1855  1855 I SystemServiceManager: Starting com.android.server.net.watchlist.NetworkWatchlistService$Lifecycle
12-18 07:17:58.127   gps  1424  1424 I auditd  : type=1400 audit(0.0:130): avc:  denied  { call } for  comm="gpsd" scontext=u:r:vendor_gpsd:s0 tcontext=u:r:system_suspend:s0 tclass=binder permissive=0
12-18 07:17:58.137  1000  1855  1855 I commit_sys_config_file: [net-watchlist,4]
12-18 07:17:58.137  1000  1855  2014 I WatchlistLoggingHandler: Start aggregating watchlist records.
12-18 07:17:58.137  1000  1855  1855 D SystemServerTiming: PinnerService
12-18 07:17:58.138  1000  1855  1855 I SystemServiceManager: Starting com.android.server.PinnerService
12-18 07:17:58.138  1000  1855  1855 V HistoricalRegistry: Interaction before persistence initialized
12-18 07:17:58.139  1000  1855  1855 D SystemServerTiming: SignedConfigService
12-18 07:17:58.140  1000  1855  1855 D SystemServerTiming: AppIntegrityService
12-18 07:17:58.140  1000  1855  1855 I SystemServiceManager: Starting com.android.server.integrity.AppIntegrityManagerService
12-18 07:17:58.142  1000  1855  1855 D SystemServerTiming: StartLogcatManager
12-18 07:17:58.143  1000  1855  1855 I SystemServiceManager: Starting com.android.server.logcat.LogcatManagerService
12-18 07:17:58.143  1000  1855  1855 I auditd  : type=1400 audit(0.0:131): avc:  denied  { read } for  comm="InputReader" name="country" dev="sysfs" ino=82498 scontext=u:r:system_server:s0 tcontext=u:object_r:sysfs:s0 tclass=file permissive=0
12-18 07:17:58.147  1000  1855  1855 I auditd  : type=1400 audit(0.0:132): avc:  denied  { read } for  comm="InputReader" name="country" dev="sysfs" ino=82498 scontext=u:r:system_server:s0 tcontext=u:object_r:sysfs:s0 tclass=file permissive=0
12-18 07:17:58.156  1000  1855  1990 I commit_sys_config_file: [settings-0-0,4]
12-18 07:17:58.151  1000  1855  1855 I auditd  : type=1400 audit(0.0:133): avc:  denied  { read } for  comm="InputReader" name="country" dev="sysfs" ino=82498 scontext=u:r:system_server:s0 tcontext=u:object_r:sysfs:s0 tclass=file permissive=0
12-18 07:17:58.160  1000  1855  1990 I commit_sys_config_file: [settings-2-0,3]
12-18 07:17:58.162  1000  1855  1990 I commit_sys_config_file: [settings-1-0,2]
12-18 07:17:58.175  1000  1855  1855 I WindowManager: SAFE MODE not enabled
12-18 07:17:58.175  1000  1855  1855 D SystemServerTiming: StartInputMethodManagerLifecycle
12-18 07:17:58.176  1000  1855  1855 I SystemServiceManager: Starting com.android.server.inputmethod.InputMethodManagerService$Lifecycle
12-18 07:17:58.184  1000  1855  1855 D SystemServerTiming: StartAccessibilityManagerService
12-18 07:17:58.184  1000  1855  1855 I SystemServiceManager: Starting com.android.server.accessibility.AccessibilityManagerService$Lifecycle
12-18 07:17:58.196  1000  1855  1855 D SystemServerTiming: MakeDisplayReady
12-18 07:17:58.200  1000  1855  1855 I configuration_changed: 536894968
12-18 07:17:58.201  1000  1855  1855 I ActivityTaskManager: Config changes=20005df8 {1.0 ?mcc0mnc [en_US] ldltr sw800dp w800dp h1333dp 240dpi xlrg long port ?uimode ?night -touch qwerty/v/v -nav/h winConfig={ mBounds=Rect(0, 0 - 1200, 2000) mAppBounds=Rect(0, 0 - 1200, 2000) mMaxBounds=Rect(0, 0 - 1200, 2000) mDisplayRotation=ROTATION_0 mWindowingMode=fullscreen mDisplayWindowingMode=fullscreen mActivityType=undefined mAlwaysOnTop=undefined mRotation=ROTATION_0} s.2 ?fontWeightAdjustment}
12-18 07:17:58.202  1000  1855  1855 I WindowManager: Override config changes=60007dfc {1.0 ?mcc0mnc [en_US] ldltr sw800dp w800dp h1333dp 240dpi xlrg long port ?uimode ?night -touch qwerty/v/v -nav/h winConfig={ mBounds=Rect(0, 0 - 1200, 2000) mAppBounds=Rect(0, 0 - 1200, 2000) mMaxBounds=Rect(0, 0 - 1200, 2000) mDisplayRotation=ROTATION_0 mWindowingMode=fullscreen mDisplayWindowingMode=fullscreen mActivityType=undefined mAlwaysOnTop=undefined mRotation=ROTATION_0} s.2 ?fontWeightAdjustment} for displayId=0
12-18 07:17:58.204  1000  1855  1855 I sysui_multi_action: [757,1659,758,4,759,1,1660,0]
12-18 07:17:58.205  1000  1855  1855 I DisplayDevice: [0] Layerstack set to 0 for local:4630947252063890817
12-18 07:17:58.210  1000  1855  1855 I configuration_changed: 8
12-18 07:17:58.210  1000  1855  1855 I ActivityTaskManager: Config changes=8 {1.0 ?mcc0mnc [en_US] ldltr sw800dp w800dp h1333dp 240dpi xlrg long port ?uimode ?night finger qwerty/v/v -nav/h winConfig={ mBounds=Rect(0, 0 - 1200, 2000) mAppBounds=Rect(0, 0 - 1200, 2000) mMaxBounds=Rect(0, 0 - 1200, 2000) mDisplayRotation=ROTATION_0 mWindowingMode=fullscreen mDisplayWindowingMode=fullscreen mActivityType=undefined mAlwaysOnTop=undefined mRotation=ROTATION_0} s.4 ?fontWeightAdjustment}
12-18 07:17:58.212  1000  1855  1855 I WindowManager: Override config changes=8 {1.0 ?mcc0mnc [en_US] ldltr sw800dp w800dp h1333dp 240dpi xlrg long port ?uimode ?night finger qwerty/v/v -nav/h winConfig={ mBounds=Rect(0, 0 - 1200, 2000) mAppBounds=Rect(0, 0 - 1200, 2000) mMaxBounds=Rect(0, 0 - 1200, 2000) mDisplayRotation=ROTATION_0 mWindowingMode=fullscreen mDisplayWindowingMode=fullscreen mActivityType=undefined mAlwaysOnTop=undefined mRotation=ROTATION_0} s.4 ?fontWeightAdjustment} for displayId=0
12-18 07:17:58.214  1000  1855  1855 D SystemServerTiming: StartStorageManagerService
12-18 07:17:58.214  1000  1855  1855 I SystemServiceManager: Starting com.android.server.StorageManagerService$Lifecycle
12-18 07:17:58.216  1000  1855  1919 W BroadcastLoopers: Found previously unknown looper Thread[android.display,5,main]
12-18 07:17:58.240  1000  1855  2020 D StorageManagerService: Thinking about reset, mBootCompleted=false, mDaemonConnected=true
12-18 07:17:58.241  1000  1855  1855 D StorageManagerService: CE storage for users [0] is already unlocked
12-18 07:17:58.242  1000  1855  2020 D StorageManagerService: Thinking about reset, mBootCompleted=false, mDaemonConnected=true
12-18 07:17:58.242  1000  1855  1855 D SystemServerTiming: StartStorageStatsService
12-18 07:17:58.242  1000  1855  1855 I SystemServiceManager: Starting com.android.server.usage.StorageStatsService$Lifecycle
12-18 07:17:58.254  1000  1855  1918 I am_uid_running: 10066
12-18 07:17:58.258  1000  1855  1855 D SystemServerTiming: StartUiModeManager
12-18 07:17:58.258  1000  1855  1855 I SystemServiceManager: Starting com.android.server.UiModeManagerService
12-18 07:17:58.261  1000  1855  1855 D SystemServerTiming: StartLocaleManagerService
12-18 07:17:58.262  1000  1855  1855 I SystemServiceManager: Starting com.android.server.locales.LocaleManagerService
12-18 07:17:58.262  1000  1855  2027 D SystemServerTimingAsync: InitThreadPoolExec:UiModeManager.onStart
12-18 07:17:58.266  1000  1855  1855 D SystemServerTiming: StartGrammarInflectionService
12-18 07:17:58.266  1000  1855  1855 I SystemServiceManager: Starting com.android.server.grammaticalinflection.GrammaticalInflectionService
12-18 07:17:58.267  1000  1855  1855 D SystemServerTiming: StartAppHibernationService
12-18 07:17:58.267  1000  1855  1855 I SystemServiceManager: Starting com.android.server.apphibernation.AppHibernationService
12-18 07:17:58.270  1000  1855  1855 D SystemServerTiming: ArtManagerLocal
12-18 07:17:58.272  1000  1855  1855 D SystemServerTiming: UpdatePackagesIfNeeded
12-18 07:17:58.273  1000  1855  1855 I Watchdog: Pausing HandlerChecker: main thread for reason: dexopt. Pause count: 1
12-18 07:17:58.320  1000  1855  2031 I RoleServicePlatformHelperImpl: Legacy roles.xml not found
12-18 07:17:58.563  1000  1411  1411 I auditd  : type=1400 audit(0.0:134): avc:  denied  { write } for  comm="init.qcom.cabl." name="/" dev="dm-50" ino=3 scontext=u:r:vendor_qti_init_shell:s0 tcontext=u:object_r:system_data_root_file:s0 tclass=dir permissive=0
12-18 07:17:58.563  1000  1411  1411 I auditd  : type=1400 audit(0.0:135): avc:  denied  { write } for  comm="init.qcom.cabl." name="/" dev="dm-50" ino=3 scontext=u:r:vendor_qti_init_shell:s0 tcontext=u:object_r:system_data_root_file:s0 tclass=dir permissive=0
12-18 07:17:58.563  1000  1411  1411 I auditd  : type=1400 audit(0.0:136): avc:  denied  { write } for  comm="init.qcom.cabl." name="/" dev="dm-50" ino=3 scontext=u:r:vendor_qti_init_shell:s0 tcontext=u:object_r:system_data_root_file:s0 tclass=dir permissive=0
12-18 07:17:58.563  1000  1411  1411 I auditd  : type=1400 audit(0.0:137): avc:  denied  { write } for  comm="init.qcom.cabl." name="/" dev="dm-50" ino=3 scontext=u:r:vendor_qti_init_shell:s0 tcontext=u:object_r:system_data_root_file:s0 tclass=dir permissive=0
12-18 07:17:58.563  1000  1411  1411 I auditd  : type=1400 audit(0.0:138): avc:  denied  { write } for  comm="init.qcom.cabl." name="/" dev="dm-50" ino=3 scontext=u:r:vendor_qti_init_shell:s0 tcontext=u:object_r:system_data_root_file:s0 tclass=dir permissive=0
12-18 07:17:58.563  1000  1411  1411 I auditd  : type=1400 audit(0.0:139): avc:  denied  { write } for  comm="init.qcom.cabl." name="/" dev="dm-50" ino=3 scontext=u:r:vendor_qti_init_shell:s0 tcontext=u:object_r:system_data_root_file:s0 tclass=dir permissive=0
12-18 07:18:00.018  1000  1855  2014 I WatchlistLoggingHandler: Milliseconds spent on tryAggregateRecords(): 1881
12-18 07:18:01.495  1017   779   803 I keystore2: system/security/keystore2/src/watchdog.rs:319 - Watchdog thread idle -> terminating. Have a great day.
12-18 07:18:03.160  1000  1855  1855 I sysui_multi_action: [757,804,799,opt_dialog_num_dexopted,801,20,802,1]
12-18 07:18:03.160  1000  1855  1855 I sysui_multi_action: [757,804,799,opt_dialog_num_skipped,801,81,802,1]
12-18 07:18:03.160  1000  1855  1855 I sysui_multi_action: [757,804,799,opt_dialog_num_failed,801,0,802,1]
12-18 07:18:03.161  1000  1855  1855 I sysui_multi_action: [757,804,799,opt_dialog_num_total,801,101,802,1]
12-18 07:18:03.161  1000  1855  1855 I sysui_multi_action: [757,804,799,opt_dialog_time_s,801,4,802,1]
12-18 07:18:03.161  1000  1855  1855 I Watchdog: Resuming HandlerChecker: main thread for reason: dexopt. Pause count: 0
12-18 07:18:03.161  1000  1855  1855 D SystemServerTiming: PerformFstrimIfNeeded
12-18 07:18:03.162  1000  1855  1855 I service_manager_stats: [137,48,6440]
12-18 07:18:03.162  1000  1855  1855 W PackageManager: No disk maintenance in 1702883883162; running immediately
12-18 07:18:03.162  1000  1855  1855 D SystemServerTiming: StartLockSettingsService
12-18 07:18:03.162  1000  1855  2020 I StorageManagerService: Running fstrim idle maintenance
12-18 07:18:03.162  1000  1855  1855 I SystemServiceManager: Starting com.android.server.locksettings.LockSettingsService$Lifecycle
12-18 07:18:03.163  root   750  2276 D vold    : Starting trim of /metadata
12-18 07:18:03.164  root   750  2276 I vold    : Trimmed 0 bytes on /metadata in 0ms
12-18 07:18:03.164  root   750  2276 D vold    : Starting trim of /data
12-18 07:18:03.164  1000  1855  1905 I DropBoxManagerService: add tag=storage_trim isTagEnabled=true flags=0x2
12-18 07:18:03.169  root   750  2276 I vold    : Trimmed 0 bytes on /data in 5ms
12-18 07:18:03.169  root   750  2276 D vold    : Starting trim of /mnt/vendor/persist
12-18 07:18:03.170  root   750  2276 W vold    : Failed to open /mnt/vendor/persist: Permission denied
12-18 07:18:03.170  1000  1855  1905 I DropBoxManagerService: add tag=storage_trim isTagEnabled=true flags=0x2
12-18 07:18:03.163  root   750   750 I auditd  : type=1400 audit(0.0:140): avc:  denied  { read } for  comm="binder:750_2" name="/" dev="sda2" ino=2 scontext=u:r:vold:s0 tcontext=u:object_r:vendor_firmware_file:s0 tclass=dir permissive=0
12-18 07:18:03.180  1000  1855  1855 D SystemServerTiming: StartPersistentDataBlock
12-18 07:18:03.180  1000  1855  1855 I SystemServiceManager: Starting com.android.server.PersistentDataBlockService
12-18 07:18:03.180  1000  1855  1855 D SystemServerTiming: StartTestHarnessMode
12-18 07:18:03.180  1000  1855  1855 I SystemServiceManager: Starting com.android.server.testharness.TestHarnessModeService
12-18 07:18:03.180  1000  1855  1923 D SystemServerTimingAsync: InitThreadPoolExec:PersistentDataBlockService.onStart
12-18 07:18:03.181  1000  1855  1855 D SystemServerTiming: StartOemLockService
12-18 07:18:03.181  1000  1855  1855 I SystemServiceManager: Starting com.android.server.oemlock.OemLockService
12-18 07:18:03.182  1000  1855  1855 I OemLock : OemLock Hidl HAL not present on device
12-18 07:18:03.182  1000  1855  1855 I OemLock : Using persistent data block based lock
12-18 07:18:03.183  1000  1855  1855 D SystemServerTiming: StartDeviceIdleController
12-18 07:18:03.183  1000  1855  1855 I SystemServiceManager: Starting com.android.server.DeviceIdleController
12-18 07:18:03.186  1000  1855  1855 I device_idle: [0,boot]
12-18 07:18:03.186  1000  1855  1855 I device_idle_light: [0,boot]
12-18 07:18:03.187  1000  1855  1855 D SystemServerTiming: StartDevicePolicyManager
12-18 07:18:03.187  1000  1855  1855 I SystemServiceManager: Starting com.android.server.devicepolicy.DevicePolicyManagerService$Lifecycle
12-18 07:18:03.198  1000  1855  1855 E DevicePolicyManager: Error reading version
12-18 07:18:03.198  1000  1855  1855 E DevicePolicyManager: java.nio.file.NoSuchFileException: /data/system/device_policies_version
12-18 07:18:03.198  1000  1855  1855 E DevicePolicyManager: 	at sun.nio.fs.UnixFileSystemProvider.newByteChannel(UnixFileSystemProvider.java:220)
12-18 07:18:03.198  1000  1855  1855 E DevicePolicyManager: 	at java.nio.file.Files.newByteChannel(Files.java:361)
12-18 07:18:03.198  1000  1855  1855 E DevicePolicyManager: 	at java.nio.file.Files.newByteChannel(Files.java:407)
12-18 07:18:03.198  1000  1855  1855 E DevicePolicyManager: 	at java.nio.file.spi.FileSystemProvider.newInputStream(FileSystemProvider.java:384)
12-18 07:18:03.198  1000  1855  1855 E DevicePolicyManager: 	at java.nio.file.Files.newInputStream(Files.java:152)
12-18 07:18:03.198  1000  1855  1855 E DevicePolicyManager: 	at java.nio.file.Files.newBufferedReader(Files.java:2784)
12-18 07:18:03.198  1000  1855  1855 E DevicePolicyManager: 	at java.nio.file.Files.readAllLines(Files.java:3202)
12-18 07:18:03.198  1000  1855  1855 E DevicePolicyManager: 	at com.android.server.devicepolicy.PolicyVersionUpgrader.readVersion(PolicyVersionUpgrader.java:307)
12-18 07:18:03.198  1000  1855  1855 E DevicePolicyManager: 	at com.android.server.devicepolicy.PolicyVersionUpgrader.upgradePolicy(PolicyVersionUpgrader.java:71)
12-18 07:18:03.198  1000  1855  1855 E DevicePolicyManager: 	at com.android.server.devicepolicy.DevicePolicyManagerService.performPolicyVersionUpgrade(DevicePolicyManagerService.java:3519)
12-18 07:18:03.198  1000  1855  1855 E DevicePolicyManager: 	at com.android.server.devicepolicy.DevicePolicyManagerService.<init>(DevicePolicyManagerService.java:2091)
12-18 07:18:03.198  1000  1855  1855 E DevicePolicyManager: 	at com.android.server.devicepolicy.DevicePolicyManagerService.<init>(DevicePolicyManagerService.java:2032)
12-18 07:18:03.198  1000  1855  1855 E DevicePolicyManager: 	at com.android.server.devicepolicy.DevicePolicyManagerService$Lifecycle.<init>(DevicePolicyManagerService.java:1068)
12-18 07:18:03.198  1000  1855  1855 E DevicePolicyManager: 	at java.lang.reflect.Constructor.newInstance0(Native Method)
12-18 07:18:03.198  1000  1855  1855 E DevicePolicyManager: 	at java.lang.reflect.Constructor.newInstance(Constructor.java:343)
12-18 07:18:03.198  1000  1855  1855 E DevicePolicyManager: 	at com.android.server.SystemServiceManager.startService(SystemServiceManager.java:218)
12-18 07:18:03.198  1000  1855  1855 E DevicePolicyManager: 	at com.android.server.SystemServer.startOtherServices(SystemServer.java:1872)
12-18 07:18:03.198  1000  1855  1855 E DevicePolicyManager: 	at com.android.server.SystemServer.run(SystemServer.java:942)
12-18 07:18:03.198  1000  1855  1855 E DevicePolicyManager: 	at com.android.server.SystemServer.main(SystemServer.java:664)
12-18 07:18:03.198  1000  1855  1855 E DevicePolicyManager: 	at java.lang.reflect.Method.invoke(Native Method)
12-18 07:18:03.198  1000  1855  1855 E DevicePolicyManager: 	at com.android.internal.os.RuntimeInit$MethodAndArgsCaller.run(RuntimeInit.java:552)
12-18 07:18:03.198  1000  1855  1855 E DevicePolicyManager: 	at com.android.internal.os.ZygoteInit.main(ZygoteInit.java:949)
12-18 07:18:03.199  1000  1855  1855 I DevicePolicyManager: Upgrading from version 0
12-18 07:18:03.199  1000  1855  1855 I DevicePolicyManager: Upgrading from version 1
12-18 07:18:03.199  1000  1855  1855 I DevicePolicyManager: Upgrading from version 2
12-18 07:18:03.199  1000  1855  1855 I DevicePolicyManager: Upgrading from version 3
12-18 07:18:03.199  1000  1855  1855 I DevicePolicyManager: Upgrading from version 4
12-18 07:18:03.199  1000  1855  1855 I DevicePolicyManager: Keep profile running effective state set to false
12-18 07:18:03.205  1000  1855  1855 D SystemServerTiming: StartStatusBarManagerService
12-18 07:18:03.206  1000  1855  1855 D SystemServer: MusicRecognitionManagerService not defined by OEM or disabled by flag
12-18 07:18:03.206  1000  1855  1855 D SystemServer: ContentCaptureService disabled because resource is not overlaid
12-18 07:18:03.207  1000  1855  1855 D SystemServer: AttentionService is not configured on this device
12-18 07:18:03.207  1000  1855  1855 D SystemServer: RotationResolverService is not configured on this device
12-18 07:18:03.207  1000  1855  1855 D SystemServer: SystemCaptionsManagerService disabled because resource is not overlaid
12-18 07:18:03.207  1000  1855  1855 D SystemServerTiming: StartTextToSpeechManagerService
12-18 07:18:03.207  1000  1855  1855 I SystemServiceManager: Starting com.android.server.texttospeech.TextToSpeechManagerService
12-18 07:18:03.208  1000  1855  1855 D SystemServerTiming: StartAmbientContextService
12-18 07:18:03.208  1000  1855  1855 I SystemServiceManager: Starting com.android.server.ambientcontext.AmbientContextManagerService
12-18 07:18:03.209  1000  1855  1855 D SystemServerTiming: startWearableSensingService
12-18 07:18:03.209  1000  1855  1855 I SystemServiceManager: Starting com.android.server.wearable.WearableSensingManagerService
12-18 07:18:03.210  1000  1855  1855 D SystemServerTiming: StartSpeechRecognitionManagerService
12-18 07:18:03.210  1000  1855  1855 I SystemServiceManager: Starting com.android.server.speech.SpeechRecognitionManagerService
12-18 07:18:03.211  1000  1855  1855 D SystemServer: AppPredictionService not defined by OEM
12-18 07:18:03.211  1000  1855  1855 D SystemServer: ContentSuggestionsService not defined by OEM
12-18 07:18:03.211  1000  1855  1855 D SystemServerTiming: StartSearchUiService
12-18 07:18:03.211  1000  1855  1855 I SystemServiceManager: Starting com.android.server.searchui.SearchUiManagerService
12-18 07:18:03.212  1000  1855  1855 D SystemServerTiming: StartSmartspaceService
12-18 07:18:03.212  1000  1855  1855 I SystemServiceManager: Starting com.android.server.smartspace.SmartspaceManagerService
12-18 07:18:03.213  1000  1855  1855 D SystemServerTiming: InitConnectivityModuleConnector
12-18 07:18:03.213  1000  1855  1855 D SystemServerTiming: InitNetworkStackClient
12-18 07:18:03.213  1000  1855  1855 D SystemServerTiming: StartNetworkManagementService
12-18 07:18:03.215  1000  1855  1855 D SystemServerTiming: StartFontManagerService
12-18 07:18:03.302  1000  1855  1855 D SystemServerTiming: StartTextServicesManager
12-18 07:18:03.303  1000  1855  1855 I SystemServiceManager: Starting com.android.server.textservices.TextServicesManagerService$Lifecycle
12-18 07:18:03.304  1000  1855  1855 D SystemServerTiming: StartTextClassificationManagerService
12-18 07:18:03.304  1000  1855  1855 I SystemServiceManager: Starting com.android.server.textclassifier.TextClassificationManagerService$Lifecycle
12-18 07:18:03.305  1000  1855  1855 D SystemServerTiming: StartNetworkScoreService
12-18 07:18:03.305  1000  1855  1855 I SystemServiceManager: Starting com.android.server.NetworkScoreService$Lifecycle
12-18 07:18:03.306  1000  1855  1855 D SystemServerTiming: StartNetworkStatsService
12-18 07:18:03.307  1000  1855  1855 I SystemServiceManager: Starting com.android.server.NetworkStatsServiceInitializer
12-18 07:18:03.331  1000  1855  1855 D SystemServerTiming: StartNetworkPolicyManagerService
12-18 07:18:03.334  1000  1855  1855 D SystemServerTiming: StartWifi
12-18 07:18:03.335  1000  1855  1855 I SystemServiceManager: Starting com.android.server.wifi.WifiService
--------- beginning of radio
12-18 07:18:03.356  1000  1855  1855 D TelephonyRegistry: listen oscl: mHasNotifySubscriptionInfoChangedOccurred==false no callback
12-18 07:18:03.368  wifi  1461  1461 I wificond: New wificond event callback registered
12-18 07:18:03.373  1000  1855  1855 V HistoricalRegistry: Interaction before persistence initialized
12-18 07:18:03.373  1000  1855  1855 V HistoricalRegistry: Interaction before persistence initialized
12-18 07:18:03.376  1000  1855  1855 D SystemServerTiming: StartWifiScanning
12-18 07:18:03.377  1000  1855  1855 I SystemServiceManager: Starting com.android.server.wifi.scanner.WifiScanningService
12-18 07:18:03.378  1000  1855  1855 D SystemServerTiming: StartWifiP2P
12-18 07:18:03.379  1000  1855  1855 I SystemServiceManager: Starting com.android.server.wifi.p2p.WifiP2pService
12-18 07:18:03.382  1000  1855  1855 D SystemServerTiming: StartPacProxyService
12-18 07:18:03.383  1000  1855  1855 D SystemServerTiming: StartConnectivityService
12-18 07:18:03.384  1000  1855  1855 I SystemServiceManager: Starting com.android.server.ConnectivityServiceInitializer
12-18 07:18:03.397  1000  1855  2292 D TelephonyRegistry: listen oscl: mHasNotifySubscriptionInfoChangedOccurred==false no callback
12-18 07:18:03.400  1000  1855  1855 D CompatibilityChangeReporter: Compat change id reported: 182478738; UID 1000; state: ENABLED
12-18 07:18:03.406  1000  1855  2293 W BroadcastLoopers: Found previously unknown looper Thread[NsdService,5,main]
12-18 07:18:03.414  1000  1855  1855 D SystemServerTiming: StartVpnManagerService
12-18 07:18:03.417  1000  1855  1855 D SystemServerTiming: StartVcnManagementService
12-18 07:18:03.418  1000  1855  1855 D SystemServerTiming: StartSystemUpdateManagerService
12-18 07:18:03.419  1000  1855  1855 I SystemUpdateManagerService: No existing info file /data/system/system-update-info.xml
12-18 07:18:03.419  1000  1855  1855 D SystemServerTiming: StartUpdateLockService
12-18 07:18:03.420  1000  1855  1855 W BroadcastLoopers: Found previously unknown looper Thread[main,5,main]
12-18 07:18:03.420  1000  1855  1855 D SystemServerTiming: StartNotificationManager
12-18 07:18:03.420  1000  1855  1855 I SystemServiceManager: Starting com.android.server.notification.NotificationManagerService
12-18 07:18:03.428  1000  1855  1855 D ConditionProviders.SCP: new ScheduleConditionProvider()
12-18 07:18:03.431  1000  1855  1855 I ConditionProviders:  Allowing condition provider com.android.camera2 (userSet: true)
12-18 07:18:03.432  1000  1855  1855 I ConditionProviders:  Allowing condition provider android.ext.services/android.ext.services.notification.Assistant (userSet: true)
12-18 07:18:03.432  1000  1855  1855 I NotificationAssistants:  Allowing notification assistant android.ext.services/android.ext.services.notification.Assistant (userSet: false)
12-18 07:18:03.432  1000  1855  1855 V NotificationAssistants: enabling notification assistant for 0: ComponentInfo{android.ext.services/android.ext.services.notification.Assistant}
12-18 07:18:03.432  1000  1855  1855 V NotificationAssistants: binding: Intent { act=android.service.notification.NotificationAssistantService cmp=android.ext.services/.notification.Assistant (has extras) }
12-18 07:18:03.444  1000  1855  1855 I sysui_multi_action: [757,856,758,1,806,android,857,PHYSICAL_KEYBOARD,858,2]
12-18 07:18:03.444  1000  1855  1855 I sysui_multi_action: [757,856,758,1,806,android,857,SECURITY,858,2]
12-18 07:18:03.444  1000  1855  1855 I sysui_multi_action: [757,856,758,1,806,android,857,CAR_MODE,858,2]
12-18 07:18:03.445  1000  1855  1855 I sysui_multi_action: [757,856,758,1,806,android,857,ACCOUNT,858,2]
12-18 07:18:03.445  1000  1855  1855 I sysui_multi_action: [757,856,758,1,806,android,857,DEVELOPER,858,2]
12-18 07:18:03.445  1000  1855  1855 I sysui_multi_action: [757,856,758,1,806,android,857,DEVELOPER_IMPORTANT,858,4]
12-18 07:18:03.445  1000  1855  1855 I sysui_multi_action: [757,856,758,1,806,android,857,UPDATES,858,2]
12-18 07:18:03.445  1000  1855  1855 I sysui_multi_action: [757,856,758,1,806,android,857,NETWORK_STATUS,858,2]
12-18 07:18:03.445  1000  1855  1855 I sysui_multi_action: [757,856,758,1,806,android,857,NETWORK_ALERTS,858,4]
12-18 07:18:03.446  1000  1855  1855 I sysui_multi_action: [757,856,758,1,806,android,857,NETWORK_AVAILABLE,858,2]
12-18 07:18:03.446  1000  1855  1855 I sysui_multi_action: [757,856,758,1,806,android,857,VPN,858,2]
12-18 07:18:03.446  1000  1855  1855 I sysui_multi_action: [757,856,758,1,806,android,857,DEVICE_ADMIN_ALERTS,858,4]
12-18 07:18:03.446  1000  1855  1855 I sysui_multi_action: [757,856,758,1,806,android,857,ALERTS,858,3]
12-18 07:18:03.446  1000  1855  1855 I sysui_multi_action: [757,856,758,1,806,android,857,RETAIL_MODE,858,2]
12-18 07:18:03.446  1000  1855  1855 I sysui_multi_action: [757,856,758,1,806,android,857,USB,858,1]
12-18 07:18:03.447  1000  1855  1855 I sysui_multi_action: [757,856,758,1,806,android,857,FOREGROUND_SERVICE,858,2]
12-18 07:18:03.447  1000  1855  1855 I sysui_multi_action: [757,856,758,1,806,android,857,HEAVY_WEIGHT_APP,858,3]
12-18 07:18:03.447  1000  1855  1855 I sysui_multi_action: [757,856,758,1,806,android,857,SYSTEM_CHANGES_ALERTS,858,3]
12-18 07:18:03.447  1000  1855  1855 I sysui_multi_action: [757,856,758,1,806,android,857,DO_NOT_DISTURB,858,2]
12-18 07:18:03.447  1000  1855  1855 I sysui_multi_action: [757,856,758,1,806,android,857,ACCESSIBILITY_MAGNIFICATION,858,4]
12-18 07:18:03.447  1000  1855  1855 I sysui_multi_action: [757,856,758,1,806,android,857,ACCESSIBILITY_SECURITY_POLICY,858,2]
12-18 07:18:03.448  1000  1855  1855 I sysui_multi_action: [757,856,758,1,806,android,857,ABUSIVE_BACKGROUND_APPS,858,2]
12-18 07:18:03.448  1000  1855  1855 D SystemServerTiming: StartDeviceMonitor
12-18 07:18:03.448  1000  1855  1855 I SystemServiceManager: Starting com.android.server.storage.DeviceStorageMonitorService
12-18 07:18:03.450  1000  1855  1855 D SystemServerTiming: StartTimeDetectorService
12-18 07:18:03.450  1000  1855  1855 I SystemServiceManager: Starting com.android.server.timedetector.TimeDetectorService$Lifecycle
12-18 07:18:03.450  1000  1855  2299 I storage_state: [41217664-9172-527a-b3d5-edabb50a7d69,0,0,35879325696,37327548416]
12-18 07:18:03.453  1000  1855  1855 D SystemServerTiming: StartLocationManagerService
12-18 07:18:03.453  1000  1855  1855 I SystemServiceManager: Starting com.android.server.location.LocationManagerService$Lifecycle
12-18 07:18:03.459  1000  1855  1855 D SystemServerTiming: StartCountryDetectorService
12-18 07:18:03.460  1000  1855  1855 D SystemServerTiming: StartTimeZoneDetectorService
12-18 07:18:03.460  1000  1855  1855 I SystemServiceManager: Starting com.android.server.timezonedetector.TimeZoneDetectorService$Lifecycle
12-18 07:18:03.465  1000  1855  1855 D SystemServerTiming: StartAltitudeService
12-18 07:18:03.465  1000  1855  1855 I SystemServiceManager: Starting com.android.server.location.altitude.AltitudeService$Lifecycle
12-18 07:18:03.466  1000  1855  1855 D SystemServerTiming: StartLocationTimeZoneManagerService
12-18 07:18:03.466  1000  1855  1855 I SystemServiceManager: Starting com.android.server.timezonedetector.location.LocationTimeZoneManagerService$Lifecycle
12-18 07:18:03.467  1000  1855  1855 D SystemServerTiming: StartSearchManagerService
12-18 07:18:03.467  1000  1855  1855 I SystemServiceManager: Starting com.android.server.search.SearchManagerService$Lifecycle
12-18 07:18:03.469  1000  1855  1855 D SystemServerTiming: StartWallpaperManagerService
12-18 07:18:03.469  1000  1855  1855 I SystemServiceManager: Starting com.android.server.wallpaper.WallpaperManagerService$Lifecycle
12-18 07:18:03.471  1000  1855  1855 D SystemServerTiming: StartWallpaperEffectsGenerationService
12-18 07:18:03.473  1000  1855  1855 I SystemServiceManager: Starting com.android.server.wallpapereffectsgeneration.WallpaperEffectsGenerationManagerService
12-18 07:18:03.475  1000  1855  1855 D SystemServerTiming: StartAudioService
12-18 07:18:03.475  1000  1855  1855 I SystemServiceManager: Starting com.android.server.audio.AudioService$Lifecycle
12-18 07:18:03.518  1000  1855  1855 D SystemServerTiming: StartSoundTriggerMiddlewareService
12-18 07:18:03.518  1000  1855  1855 I SystemServiceManager: Starting com.android.server.soundtrigger_middleware.SoundTriggerMiddlewareService$Lifecycle
12-18 07:18:03.528  1000  1855  1855 D SystemServerTiming: StartDockObserver
12-18 07:18:03.528  1000  1855  1855 I SystemServiceManager: Starting com.android.server.DockObserver
12-18 07:18:03.528  1000  1855  1855 I DockObserver: No extcon dock device found in this kernel.
12-18 07:18:03.529  1000  1855  1855 D SystemServerTiming: StartWiredAccessoryManager
12-18 07:18:03.529  1000  1855  1855 W WiredAccessoryManager: This kernel does not have usb audio support
12-18 07:18:03.530  1000  1855  1855 W WiredAccessoryManager: This kernel does not have HDMI audio support
12-18 07:18:03.530  1000  1855  1855 D SystemServerTiming: StartMidiManager
12-18 07:18:03.530  1000  1855  1855 I SystemServiceManager: Starting com.android.server.midi.MidiService$Lifecycle
12-18 07:18:03.531  1000  1855  1855 D SystemServerTiming: StartAdbService
12-18 07:18:03.531  1000  1855  1855 I SystemServiceManager: Starting com.android.server.adb.AdbService$Lifecycle
12-18 07:18:03.533  1000  1855  1855 D SystemServerTiming: StartUsbService
12-18 07:18:03.533  1000  1855  1855 I SystemServiceManager: Starting com.android.server.usb.UsbService$Lifecycle
12-18 07:18:03.533  1000  1855  1855 D SystemServerTiming: StartSerialService
12-18 07:18:03.533  1000  1855  1970 D SystemServerTimingAsync: InitThreadPoolExec:UsbService$Lifecycle#onStart
12-18 07:18:03.534  1000  1855  1855 D SystemServerTiming: StartHardwarePropertiesManagerService
12-18 07:18:03.536  1000  1855  1855 D SystemServerTiming: StartTwilightService
12-18 07:18:03.536  1000  1855  1855 I SystemServiceManager: Starting com.android.server.twilight.TwilightService
12-18 07:18:03.536  1000  1855  1855 D SystemServerTiming: StartColorDisplay
12-18 07:18:03.536  1000  1855  1855 I SystemServiceManager: Starting com.android.server.display.color.ColorDisplayService
12-18 07:18:03.538  1000  1855  1855 D SystemServerTiming: StartJobScheduler
12-18 07:18:03.539  1000  1855  1855 I SystemServiceManager: Starting com.android.server.job.JobSchedulerService
12-18 07:18:03.540  1000  1855  2301 I stream_devices_changed: [4,0,2]
12-18 07:18:03.541  1000  1855  1970 I UsbDeviceManager: failed to write to /sys/class/android_usb/android0/f_rndis/ethaddr
12-18 07:18:03.541  1000  1855  2301 I stream_devices_changed: [6,0,1]
12-18 07:18:03.541  1000  1855  1970 D UsbPortManager: Querying USB Gadget HAL version
12-18 07:18:03.543  1000  1855  2301 I stream_devices_changed: [3,0,2]
12-18 07:18:03.543  1000  1855  2301 I stream_devices_changed: [5,0,2]
12-18 07:18:03.544  1000  1855  1970 I UsbPortManager: USB Gadget HAL HIDL present
12-18 07:18:03.544  1000  1855  1918 I JobStore: Read 0 jobs
12-18 07:18:03.545  1000  1855  2301 I stream_devices_changed: [2,0,2]
12-18 07:18:03.546  1000  1855  2301 I stream_devices_changed: [0,0,1]
12-18 07:18:03.546  1000  1855  1971 I UsbDeviceManager: Usb gadget hal service started android.hardware.usb.gadget@1.0::IUsbGadget default
12-18 07:18:03.547  1000  1855  1970 D UsbDeviceManager: getInstance done
12-18 07:18:03.550  1000  1855  1855 V HistoricalRegistry: Interaction before persistence initialized
12-18 07:18:03.550  1000  1855  1855 V HistoricalRegistry: Interaction before persistence initialized
12-18 07:18:03.550  1000  1855  2301 D TelephonyRegistry: listen oscl: mHasNotifySubscriptionInfoChangedOccurred==false no callback
12-18 07:18:03.550  1000  1855  1970 W StorageManagerService: No primary storage defined yet; hacking together a stub
12-18 07:18:03.551  1000  1855  1855 D SystemServerTiming: StartSoundTrigger
12-18 07:18:03.551  1000  1855  1855 I SystemServiceManager: Starting com.android.server.soundtrigger.SoundTriggerService
12-18 07:18:03.552  1000  1855  1916 I UsbDeviceManager: USB Gadget HAL HIDL version: 11
12-18 07:18:03.553  1000  1855  1916 I UsbDeviceManager: processing MSG_GET_CURRENT_USB_FUNCTIONS
12-18 07:18:03.553  1000  1855  1916 I UsbDeviceManager: updating mCurrentFunctions
12-18 07:18:03.553  1000  1855  1916 I UsbDeviceManager: mCurrentFunctions:4applied:0
12-18 07:18:03.553  1000  1855  1970 D UsbPortManager: Querying USB HAL version
12-18 07:18:03.553  1000  1855  1855 D SystemServerTiming: StartTrustManager
12-18 07:18:03.554  1000  1855  1855 I SystemServiceManager: Starting com.android.server.trust.TrustManagerService
12-18 07:18:03.555  1000  1855  1970 I UsbPortManager: USB HAL HIDL present
12-18 07:18:03.555  1000  1855  1855 D SystemServerTiming: StartBackupManager
12-18 07:18:03.556  1000  1855  1855 I SystemServiceManager: Starting com.android.server.backup.BackupManagerService$Lifecycle
12-18 07:18:03.557  1000  1855  1971 I UsbPortManager: Usb hal service started android.hardware.usb@1.0::IUsb default
12-18 07:18:03.557  1000  1855  1855 D BackupManagerService: Default backup user id = 0
12-18 07:18:03.558  1000  1855  1855 D SystemServerTiming: StartAppWidgetService
12-18 07:18:03.558  1000  1855  1855 I SystemServiceManager: Starting com.android.server.appwidget.AppWidgetService
12-18 07:18:03.558  1000  1855  1970 D UsbPortManager: getInstance done
12-18 07:18:03.562  1000  1855  1855 D SystemServerTiming: StartVoiceRecognitionManager
12-18 07:18:03.562  1000  1855  1855 I SystemServiceManager: Starting com.android.server.voiceinteraction.VoiceInteractionManagerService
12-18 07:18:03.563  1000  1855  2301 W BroadcastLoopers: Found previously unknown looper Thread[AudioService,5,main]
12-18 07:18:03.564  1000  1855  1855 D SystemServerTiming: StartGestureLauncher
12-18 07:18:03.564  1000  1855  1855 I SystemServiceManager: Starting com.android.server.GestureLauncherService
12-18 07:18:03.564  1000  1855  1855 D SystemServerTiming: StartSensorNotification
12-18 07:18:03.564  1000  1855  1855 I SystemServiceManager: Starting com.android.server.SensorNotificationService
12-18 07:18:03.564  1000  1855  1855 D SystemServerTiming: StartDiskStatsService
12-18 07:18:03.565  1000  1855  1855 D CompatibilityChangeReporter: Compat change id reported: 253665015; UID 1000; state: ENABLED
12-18 07:18:03.566  1000  1855  1855 D CompatibilityChangeReporter: Compat change id reported: 194532703; UID 1000; state: ENABLED
12-18 07:18:03.568  1000  1855  1855 D SystemServerTiming: RuntimeService
12-18 07:18:03.568  1000  1855  1855 D SystemServerTiming: StartNetworkTimeUpdateService
12-18 07:18:03.570  1000  1855  1855 D SystemServerTiming: CertBlacklister
12-18 07:18:03.570  1000  1855  1855 D SystemServerTiming: StartEmergencyAffordanceService
12-18 07:18:03.570  1000  1855  1855 I SystemServiceManager: Starting com.android.server.emergency.EmergencyAffordanceService
12-18 07:18:03.571  1000  1855  1855 D SystemServerTiming: startBlobStoreManagerService
12-18 07:18:03.571  1000  1855  1855 I SystemServiceManager: Starting com.android.server.blob.BlobStoreManagerService
12-18 07:18:03.573  1000  1855  1855 D SystemServerTiming: StartDreamManager
12-18 07:18:03.573  1000  1855  1855 I SystemServiceManager: Starting com.android.server.dreams.DreamManagerService
12-18 07:18:03.575  1000  1855  1855 D SystemServerTiming: AddGraphicsStatsService
12-18 07:18:03.575  1000  1404  1404 I auditd  : type=1400 audit(0.0:141): avc:  denied  { getattr } for  comm="init.qcom.cabl." path="/system/bin/cmd" dev="dm-7" ino=285 scontext=u:r:vendor_qti_init_shell:s0 tcontext=u:object_r:system_file:s0 tclass=file permissive=0
12-18 07:18:03.582  1000  1855  1855 D SystemServerTiming: StartPrintManager
12-18 07:18:03.582  1000  1855  1855 I SystemServiceManager: Starting com.android.server.print.PrintManagerService
12-18 07:18:03.584  1000  1855  1855 D SystemServerTiming: StartAttestationVerificationService
12-18 07:18:03.584  1000  1855  1855 I SystemServiceManager: Starting com.android.server.security.AttestationVerificationManagerService
12-18 07:18:03.584  1000  1855  1855 D AVF     : Started
12-18 07:18:03.585  1000  1855  1855 D SystemServerTiming: StartCompanionDeviceManager
12-18 07:18:03.585  1000  1855  1855 I SystemServiceManager: Starting com.android.server.companion.CompanionDeviceManagerService
12-18 07:18:03.586  1000  1855  1855 I CompanionDevice_PersistentDataStore: Reading associations for user 0 from disk
12-18 07:18:03.588  1000  1855  1855 I CDM_CompanionTransportManager: Registering OnTransportsChangedListener
12-18 07:18:03.590  1000  1855  1855 D SystemServerTiming: StartVirtualDeviceManager
12-18 07:18:03.590  1000  1855  1855 I SystemServiceManager: Starting com.android.server.companion.virtual.VirtualDeviceManagerService
12-18 07:18:03.591  1000  1855  1855 D SystemServerTiming: StartRestrictionManager
12-18 07:18:03.592  1000  1855  1855 I SystemServiceManager: Starting com.android.server.restrictions.RestrictionsManagerService
12-18 07:18:03.593  1000  1855  1855 D SystemServerTiming: StartMediaSessionService
12-18 07:18:03.593  1000  1855  1855 I SystemServiceManager: Starting com.android.server.media.MediaSessionService
12-18 07:18:03.596  1000  1855  1855 D SystemServerTiming: StartMediaResourceMonitor
12-18 07:18:03.596  1000  1855  1855 I SystemServiceManager: Starting com.android.server.media.MediaResourceMonitorService
12-18 07:18:03.596  1000  1855  1855 D SystemServerTiming: StartMediaRouterService
12-18 07:18:03.597  1000  1855  1855 V HistoricalRegistry: Interaction before persistence initialized
12-18 07:18:03.599  1000  1855  1855 D SystemServerTiming: StartBiometricService
12-18 07:18:03.599  1000  1855  1855 I SystemServiceManager: Starting com.android.server.biometrics.BiometricService
12-18 07:18:03.602  1000  1855  1855 D SystemServerTiming: StartAuthService
