12-18 07:18:04.736  1000  1855  2006 E AppOps  : 	at android.webkit.WebViewLibraryLoader.createRelroFile(WebViewLibraryLoader.java:126)
12-18 07:18:04.736  1000  1855  2006 E AppOps  : 	at android.webkit.WebViewLibraryLoader.createRelros(WebViewLibraryLoader.java:170)
12-18 07:18:04.736  1000  1855  2006 E AppOps  : 	at android.webkit.WebViewLibraryLoader.prepareNativeLibraries(WebViewLibraryLoader.java:152)
12-18 07:18:04.736  1000  1855  2006 E AppOps  : 	at android.webkit.WebViewFactory.onWebViewProviderChanged(WebViewFactory.java:555)
12-18 07:18:04.736  1000  1855  2006 E AppOps  : 	at com.android.server.webkit.SystemImpl.onWebViewProviderChanged(SystemImpl.java:174)
12-18 07:18:04.736  1000  1855  2006 E AppOps  : 	at com.android.server.webkit.WebViewUpdateServiceImpl.onWebViewProviderChanged(WebViewUpdateServiceImpl.java:351)
12-18 07:18:04.736  1000  1855  2006 E AppOps  : 	at com.android.server.webkit.WebViewUpdateServiceImpl.prepareWebViewInSystemServer(WebViewUpdateServiceImpl.java:182)
12-18 07:18:04.736  1000  1855  2006 E AppOps  : 	at com.android.server.webkit.WebViewUpdateService.prepareWebViewInSystemServer(WebViewUpdateService.java:129)
12-18 07:18:04.736  1000  1855  2006 E AppOps  : 	at com.android.server.SystemServer.lambda$startOtherServices$4(SystemServer.java:2919)
12-18 07:18:04.736  1000  1855  2006 E AppOps  : 	at com.android.server.SystemServer.$r8$lambda$t1R-mpe1gQ3l_T3UqaEuPqwZT88(SystemServer.java:0)
12-18 07:18:04.736  1000  1855  2006 E AppOps  : 	at com.android.server.SystemServer$$ExternalSyntheticLambda7.run(R8$$SyntheticClass:0)
12-18 07:18:04.736  1000  1855  2006 E AppOps  : 	at com.android.server.SystemServerInitThreadPool.lambda$submitTask$0(SystemServerInitThreadPool.java:107)
12-18 07:18:04.736  1000  1855  2006 E AppOps  : 	at com.android.server.SystemServerInitThreadPool.$r8$lambda$iar571g8isa6ZrPZMHj1USmyX48(SystemServerInitThreadPool.java:0)
12-18 07:18:04.736  1000  1855  2006 E AppOps  : 	at com.android.server.SystemServerInitThreadPool$$ExternalSyntheticLambda1.run(R8$$SyntheticClass:0)
12-18 07:18:04.736  1000  1855  2006 E AppOps  : 	at java.util.concurrent.Executors$RunnableAdapter.call(Executors.java:487)
12-18 07:18:04.736  1000  1855  2006 E AppOps  : 	at java.util.concurrent.FutureTask.run(FutureTask.java:264)
12-18 07:18:04.736  1000  1855  2006 E AppOps  : 	at java.util.concurrent.ThreadPoolExecutor.runWorker(ThreadPoolExecutor.java:1145)
12-18 07:18:04.736  1000  1855  2006 E AppOps  : 	at java.util.concurrent.ThreadPoolExecutor$Worker.run(ThreadPoolExecutor.java:644)
12-18 07:18:04.736  1000  1855  2006 E AppOps  : 	at com.android.internal.util.ConcurrentUtils$1$1.run(ConcurrentUtils.java:65)
12-18 07:18:04.737  1000  1855  2280 I commit_sys_config_file: [net-policy,5]
12-18 07:18:04.738  1000  1855  1933 W BatteryExternalStatsWorker: error reading modem stats:ERROR_PHONE_NOT_AVAILABLE
12-18 07:18:04.740  1000  1855  2280 W NetworkPolicy: setRestrictBackgroundUL: already false
12-18 07:18:04.757  1000  1855  2279 I netstats_mobile_sample: [0,0,0,0,0,0,0,0,1702883884757]
12-18 07:18:04.757  1000  1855  2279 I netstats_wifi_sample: [0,0,0,0,0,0,0,0,1702883884757]
12-18 07:18:04.759  1000  1855  1855 D SystemServerTiming: MakeVpnManagerServiceReady
12-18 07:18:04.760  1000  1855  2280 D TelephonyRegistry: listen oscl: mHasNotifySubscriptionInfoChangedOccurred==false no callback
12-18 07:18:04.761  1000  1855  2279 I netstats_mobile_sample: [0,0,0,0,0,0,0,0,1702883884761]
12-18 07:18:04.761  1000  1855  2279 I netstats_wifi_sample: [0,0,0,0,0,0,0,0,1702883884761]
12-18 07:18:04.762  1000  1855  2279 W BroadcastLoopers: Found previously unknown looper Thread[NetworkStats,5,main]
12-18 07:18:04.770  1000  1855  1855 D SystemServerTiming: MakeVcnManagementServiceReady
12-18 07:18:04.773  1000  1855  1855 D TelephonyRegistry: listen oscl: mHasNotifySubscriptionInfoChangedOccurred==false no callback
12-18 07:18:04.775  1000  1855  1855 D SystemServerTiming: MakeNetworkPolicyServiceReady
12-18 07:18:04.776  1000  1855  1855 D SystemServerTiming: PhaseThirdPartyAppsCanStart
12-18 07:18:04.776  1000  1855  1855 I SystemServiceManager: Starting phase 600
12-18 07:18:04.776  1000  1855  1855 D SystemServerTiming: OnBootPhase_600
12-18 07:18:04.776  1000  1855  1855 D SystemServerTiming: OnBootPhase_600_com.android.server.security.FileIntegrityService
12-18 07:18:04.777  1000  1855  1855 D SystemServerTiming: OnBootPhase_600_com.android.server.pm.Installer
12-18 07:18:04.777  1000  1855  1855 D SystemServerTiming: OnBootPhase_600_com.android.server.os.DeviceIdentifiersPolicyService
12-18 07:18:04.777  1000  1855  1855 D SystemServerTiming: OnBootPhase_600_com.android.server.uri.UriGrantsManagerService$Lifecycle
12-18 07:18:04.777  1000  1855  1855 D SystemServerTiming: OnBootPhase_600_com.android.server.powerstats.PowerStatsService
12-18 07:18:04.777  1000  1855  1855 D SystemServerTiming: OnBootPhase_600_com.android.server.permission.access.AccessCheckingService
12-18 07:18:04.777  1000  1855  1855 D SystemServerTiming: OnBootPhase_600_com.android.server.wm.ActivityTaskManagerService$Lifecycle
12-18 07:18:04.777  1000  1855  1855 D SystemServerTiming: OnBootPhase_600_com.android.server.am.ActivityManagerService$Lifecycle
12-18 07:18:04.778  1000  1855  2296 I VcnManagementService: new snapshot: TelephonySubscriptionSnapshot{ mActiveDataSubId=-1, mSubIdToInfoMap={}, mSubIdToCarrierConfigMap={}, mPrivilegedPackages={} }
12-18 07:18:04.778  1000  1855  1855 I ExplicitHealthCheckController: Explicit health checks enabled.
12-18 07:18:04.778  1000  1855  1855 I PackageWatchdog: Syncing state, reason: health check state enabled
12-18 07:18:04.778  1000  1855  1855 I PackageWatchdog: Not pruning observers, elapsed time: 0ms
12-18 07:18:04.779  1000  1855  1925 I PackageWatchdog: Saving observer state to file
12-18 07:18:04.779  1000  1855  1855 I PackageWatchdog: Cancelling state sync, nothing to sync
12-18 07:18:04.779  1000  1855  1855 D SystemServerTiming: OnBootPhase_600_com.android.server.pm.DataLoaderManagerService
12-18 07:18:04.779  1000  1855  1855 D SystemServerTiming: OnBootPhase_600_com.android.server.power.PowerManagerService
12-18 07:18:04.780  1000  1855  1855 D SystemServerTiming: OnBootPhase_600_com.android.server.power.ThermalManagerService
12-18 07:18:04.780  1000  1855  1855 D SystemServerTiming: OnBootPhase_600_com.android.server.power.hint.HintManagerService
12-18 07:18:04.780  1000  1855  1855 D SystemServerTiming: OnBootPhase_600_com.android.server.recoverysystem.RecoverySystemService$Lifecycle
12-18 07:18:04.780  1000  1855  1855 D SystemServerTiming: OnBootPhase_600_com.android.server.lights.LightsService
12-18 07:18:04.780  1000  1855  1855 D SystemServerTiming: OnBootPhase_600_com.android.server.display.DisplayManagerService
12-18 07:18:04.780  1000  1855  1855 D SystemServerTiming: OnBootPhase_600_com.android.server.pm.verify.domain.DomainVerificationService
12-18 07:18:04.780  1000  1855  1855 D SystemServerTiming: OnBootPhase_600_com.android.server.pm.PackageInstallerService$Lifecycle
12-18 07:18:04.780  1000  1855  1855 D SystemServerTiming: OnBootPhase_600_com.android.server.pm.UserManagerService$LifeCycle
12-18 07:18:04.780  1000  1855  1855 D SystemServerTiming: OnBootPhase_600_com.android.server.om.OverlayManagerService
12-18 07:18:04.780  1000  1855  1855 D SystemServerTiming: OnBootPhase_600_com.android.server.resources.ResourcesManagerService
12-18 07:18:04.780  1000  1855  1855 D SystemServerTiming: OnBootPhase_600_com.android.server.sensorprivacy.SensorPrivacyService
12-18 07:18:04.780  1000  1855  1855 D SystemServerTiming: OnBootPhase_600_com.android.server.sensors.SensorService
12-18 07:18:04.781  1000  1855  1855 D SystemServerTiming: OnBootPhase_600_com.android.server.SystemConfigService
12-18 07:18:04.781  1000  1855  1855 D SystemServerTiming: OnBootPhase_600_com.android.server.BatteryService
12-18 07:18:04.781  1000  1855  1855 D SystemServerTiming: OnBootPhase_600_com.android.server.usage.UsageStatsService
12-18 07:18:04.781  1000  1855  1855 D SystemServerTiming: OnBootPhase_600_com.android.server.webkit.WebViewUpdateService
12-18 07:18:04.781  1000  1855  1855 D SystemServerTiming: OnBootPhase_600_com.android.server.CachedDeviceStateService
12-18 07:18:04.781  1000  1855  1855 D SystemServerTiming: OnBootPhase_600_com.android.server.BinderCallsStatsService$LifeCycle
12-18 07:18:04.781  1000  1855  1855 D SystemServerTiming: OnBootPhase_600_com.android.server.LooperStatsService$Lifecycle
12-18 07:18:04.781  1000  1855  1855 D SystemServerTiming: OnBootPhase_600_com.android.server.rollback.RollbackManagerService
12-18 07:18:04.781  1000  1855  1855 D SystemServerTiming: OnBootPhase_600_com.android.server.os.NativeTombstoneManagerService
12-18 07:18:04.781  1000  1855  1855 D SystemServerTiming: OnBootPhase_600_com.android.server.os.BugreportManagerService
12-18 07:18:04.781  1000  1855  1855 D SystemServerTiming: OnBootPhase_600_com.android.server.gpu.GpuService
12-18 07:18:04.781  1000  1855  1855 D SystemServerTiming: OnBootPhase_600_com.android.server.security.rkp.RemoteProvisioningService
12-18 07:18:04.781  1000  1855  1855 D SystemServerTiming: OnBootPhase_600_com.android.server.security.KeyChainSystemService
12-18 07:18:04.781  1000  1855  1855 D SystemServerTiming: OnBootPhase_600_com.android.server.BinaryTransparencyService
12-18 07:18:04.781  1000  1855  1855 D SystemServerTiming: OnBootPhase_600_com.android.server.telecom.TelecomLoaderService
12-18 07:18:04.781  1000  1855  1855 D SystemServerTiming: OnBootPhase_600_com.android.server.accounts.AccountManagerService$Lifecycle
12-18 07:18:04.781  1000  1855  1855 D SystemServerTiming: OnBootPhase_600_com.android.server.content.ContentService$Lifecycle
12-18 07:18:04.781  1000  1855  1855 D SystemServerTiming: OnBootPhase_600_com.android.server.deviceconfig.DeviceConfigInit$Lifecycle
12-18 07:18:04.781  1000  1855  1855 D SystemServerTiming: OnBootPhase_600_com.android.server.DropBoxManagerService
12-18 07:18:04.781  1000  1855  1855 D SystemServerTiming: OnBootPhase_600_com.android.role.RoleService
12-18 07:18:04.781  1000  1855  1855 D SystemServerTiming: OnBootPhase_600_com.android.server.vibrator.VibratorManagerService$Lifecycle
12-18 07:18:04.782  1000  1855  1855 D SystemServerTiming: OnBootPhase_600_com.android.server.tare.InternalResourceService
12-18 07:18:04.782  1000  1855  1855 D SystemServerTiming: OnBootPhase_600_com.android.server.alarm.AlarmManagerService
12-18 07:18:04.782  1000  1855  1855 D SystemServerTiming: OnBootPhase_600_com.android.server.devicestate.DeviceStateManagerService
12-18 07:18:04.782  1000  1855  1855 D SystemServerTiming: OnBootPhase_600_com.android.server.camera.CameraServiceProxy
12-18 07:18:04.782  1000  1855  1855 D SystemServerTiming: OnBootPhase_600_com.android.server.bluetooth.BluetoothService
12-18 07:18:04.782  1000  1855  1855 D SystemServerTiming: OnBootPhase_600_com.android.server.connectivity.IpConnectivityMetrics
12-18 07:18:04.782  1000  1855  1855 D SystemServerTiming: OnBootPhase_600_com.android.server.net.watchlist.NetworkWatchlistService$Lifecycle
12-18 07:18:04.782  1000  1855  1855 D SystemServerTiming: OnBootPhase_600_com.android.server.PinnerService
12-18 07:18:04.782  1000  1855  1855 D SystemServerTiming: OnBootPhase_600_com.android.server.integrity.AppIntegrityManagerService
12-18 07:18:04.782  1000  1855  1855 D SystemServerTiming: OnBootPhase_600_com.android.server.logcat.LogcatManagerService
12-18 07:18:04.782  1000  1855  1855 D SystemServerTiming: OnBootPhase_600_com.android.server.inputmethod.InputMethodManagerService$Lifecycle
12-18 07:18:04.782  1000  1855  1855 D SystemServerTiming: OnBootPhase_600_com.android.server.accessibility.AccessibilityManagerService$Lifecycle
12-18 07:18:04.783  1000  1855  1855 D SystemServerTiming: OnBootPhase_600_com.android.server.StorageManagerService$Lifecycle
12-18 07:18:04.783  1000  1855  1855 D SystemServerTiming: OnBootPhase_600_com.android.server.usage.StorageStatsService$Lifecycle
12-18 07:18:04.783  1000  1855  1855 D SystemServerTiming: OnBootPhase_600_com.android.server.UiModeManagerService
12-18 07:18:04.783  1000  1855  1855 D SystemServerTiming: OnBootPhase_600_com.android.server.locales.LocaleManagerService
12-18 07:18:04.783  1000  1855  1855 D SystemServerTiming: OnBootPhase_600_com.android.server.grammaticalinflection.GrammaticalInflectionService
12-18 07:18:04.783  1000  1855  1855 D SystemServerTiming: OnBootPhase_600_com.android.server.apphibernation.AppHibernationService
12-18 07:18:04.783  1000  1855  1855 D SystemServerTiming: OnBootPhase_600_com.android.server.locksettings.LockSettingsService$Lifecycle
12-18 07:18:04.783  1000  1855  1855 D SystemServerTiming: OnBootPhase_600_com.android.server.PersistentDataBlockService
12-18 07:18:04.783  1000  1855  1855 D SystemServerTiming: OnBootPhase_600_com.android.server.testharness.TestHarnessModeService
12-18 07:18:04.784  1000  1855  1855 D SystemServerTiming: OnBootPhase_600_com.android.server.oemlock.OemLockService
12-18 07:18:04.784  1000  1855  1855 D SystemServerTiming: OnBootPhase_600_com.android.server.DeviceIdleController
12-18 07:18:04.784  1000  1855  1855 D SystemServerTiming: OnBootPhase_600_com.android.server.devicepolicy.DevicePolicyManagerService$Lifecycle
12-18 07:18:04.784  1000  1855  1855 D SystemServerTiming: OnBootPhase_600_com.android.server.texttospeech.TextToSpeechManagerService
12-18 07:18:04.784  1000  1855  1855 D SystemServerTiming: OnBootPhase_600_com.android.server.ambientcontext.AmbientContextManagerService
12-18 07:18:04.784  1000  1855  1855 D SystemServerTiming: OnBootPhase_600_com.android.server.wearable.WearableSensingManagerService
12-18 07:18:04.784  1000  1855  1855 D SystemServerTiming: OnBootPhase_600_com.android.server.speech.SpeechRecognitionManagerService
12-18 07:18:04.785  1000  1855  1855 D SystemServerTiming: OnBootPhase_600_com.android.server.searchui.SearchUiManagerService
12-18 07:18:04.785  1000  1855  1855 D SystemServerTiming: OnBootPhase_600_com.android.server.smartspace.SmartspaceManagerService
12-18 07:18:04.785  1000  1855  1855 D SystemServerTiming: OnBootPhase_600_com.android.server.graphics.fonts.FontManagerService$Lifecycle
12-18 07:18:04.785  1000  1855  1855 D SystemServerTiming: OnBootPhase_600_com.android.server.textservices.TextServicesManagerService$Lifecycle
12-18 07:18:04.785  1000  1855  1855 D SystemServerTiming: OnBootPhase_600_com.android.server.textclassifier.TextClassificationManagerService$Lifecycle
12-18 07:18:04.785  1000  1855  1855 D SystemServerTiming: OnBootPhase_600_com.android.server.NetworkScoreService$Lifecycle
12-18 07:18:04.785  1000  1855  1855 D SystemServerTiming: OnBootPhase_600_com.android.server.NetworkStatsServiceInitializer
12-18 07:18:04.785  1000  1855  1855 D SystemServerTiming: OnBootPhase_600_com.android.server.wifi.WifiService
12-18 07:18:04.785  1000  1855  1855 D SystemServerTiming: OnBootPhase_600_com.android.server.wifi.scanner.WifiScanningService
12-18 07:18:04.785  1000  1855  1855 D SystemServerTiming: OnBootPhase_600_com.android.server.wifi.p2p.WifiP2pService
12-18 07:18:04.785  1000  1855  1855 D SystemServerTiming: OnBootPhase_600_com.android.server.ConnectivityServiceInitializer
12-18 07:18:04.787  1000  1855  1855 D SystemServerTiming: OnBootPhase_600_com.android.server.notification.NotificationManagerService
12-18 07:18:04.790  1000  1855  1855 D NotificationService: Reset NAS setting and migrate to new default
12-18 07:18:04.791  1000  1855  1855 D NotificationAssistants: Approving default notification assistant for user 0
12-18 07:18:04.792  1000  1855  1855 I ConditionProviders:  Allowing condition provider android.ext.services/android.ext.services.notification.Assistant (userSet: true)
12-18 07:18:04.792  1000  1855  1855 D SystemServerTiming: OnBootPhase_600_com.android.server.storage.DeviceStorageMonitorService
12-18 07:18:04.792  1000  1855  1855 D SystemServerTiming: OnBootPhase_600_com.android.server.timedetector.TimeDetectorService$Lifecycle
12-18 07:18:04.792  1000  1855  1855 D SystemServerTiming: OnBootPhase_600_com.android.server.location.LocationManagerService$Lifecycle
12-18 07:18:04.808  1000  1855  1855 D TelephonyRegistry: listen oscl: mHasNotifySubscriptionInfoChangedOccurred==false no callback
12-18 07:18:04.850  1000  1855  1927 W ActivityManager: Slow operation: 118ms so far, now at startProcess: returned from zygote!
12-18 07:18:04.850  1000  1855  1927 W ActivityManager: Slow operation: 119ms so far, now at startProcess: done updating battery stats
12-18 07:18:04.850  1000  1855  1927 I am_proc_start: [0,2473,1037,WebViewLoader-armeabi-v7a,,]
12-18 07:18:04.850  1000  1855  1927 W ActivityManager: Slow operation: 119ms so far, now at startProcess: building log message
12-18 07:18:04.850  1000  1855  1927 I ActivityManager: Start proc 2473:WebViewLoader-armeabi-v7a/1037 [android.webkit.WebViewLibraryLoader$RelroFileCreator] for 
12-18 07:18:04.850  1000  1855  1927 W ActivityManager: Slow operation: 119ms so far, now at startProcess: starting to update pids map
12-18 07:18:04.851  1000  1855  1927 W ActivityManager: Slow operation: 119ms so far, now at startProcess: done updating pids map
12-18 07:18:04.851  1000  1855  1927 W ActivityManager: Slow operation: 116ms so far, now at startProcess: asking zygote to start proc
12-18 07:18:04.851  1000  1855  1927 W ActivityManager: com.android.inputdevices inode == 0 (b/152760674)
12-18 07:18:04.857  1000  1855  1927 W ActivityManager: Slow operation: 122ms so far, now at startProcess: returned from zygote!
12-18 07:18:04.858  1000  1855  1927 W ActivityManager: Slow operation: 123ms so far, now at startProcess: done updating battery stats
12-18 07:18:04.858  1000  1855  1927 I am_proc_start: [0,2474,1037,WebViewLoader-arm64-v8a,,]
12-18 07:18:04.858  1000  1855  1927 W ActivityManager: Slow operation: 123ms so far, now at startProcess: building log message
12-18 07:18:04.858  1000  1855  1927 I ActivityManager: Start proc 2474:WebViewLoader-arm64-v8a/1037 [android.webkit.WebViewLibraryLoader$RelroFileCreator] for 
12-18 07:18:04.858  1000  1855  1927 W ActivityManager: Slow operation: 123ms so far, now at startProcess: starting to update pids map
12-18 07:18:04.858  1000  1855  1927 W ActivityManager: Slow operation: 124ms so far, now at startProcess: done updating pids map
12-18 07:18:04.869  1000  1855  1916 W CarrierConfigManager: Error getting config for subId -1 ICarrierConfigLoader is null
12-18 07:18:04.869  1000  1855  1855 W SystemServiceManager: Service com.android.server.location.LocationManagerService$Lifecycle took 77 ms in onBootPhase
12-18 07:18:04.869  1000  1855  1855 D SystemServerTiming: OnBootPhase_600_com.android.server.timezonedetector.TimeZoneDetectorService$Lifecycle
12-18 07:18:04.869  1000  1855  1855 D SystemServerTiming: OnBootPhase_600_com.android.server.location.altitude.AltitudeService$Lifecycle
12-18 07:18:04.869  1000  1855  1855 D SystemServerTiming: OnBootPhase_600_com.android.server.timezonedetector.location.LocationTimeZoneManagerService$Lifecycle
12-18 07:18:04.869  1000  1855  1855 D SystemServerTiming: OnBootPhase_600_com.android.server.search.SearchManagerService$Lifecycle
12-18 07:18:04.870  1000  1855  1855 D SystemServerTiming: OnBootPhase_600_com.android.server.wallpaper.WallpaperManagerService$Lifecycle
12-18 07:18:04.870  1000  1855  1855 D WallpaperManagerService: Wallpaper_switch-user-0
12-18 07:18:04.870  1000  1855  1855 V WallpaperManagerService: bindWallpaperComponentLocked: componentName=null
12-18 07:18:04.870  1000  1855  1855 D WallpaperManagerService: WPMS.bindWallpaperComponentLocked-null
12-18 07:18:04.870  1000  1855  1855 V WallpaperManagerService: No default component; using image wallpaper
12-18 07:18:04.872  1000  1855  1855 D SystemServerTiming: OnBootPhase_600_com.android.server.wallpapereffectsgeneration.WallpaperEffectsGenerationManagerService
12-18 07:18:04.872  1000  1855  1855 D SystemServerTiming: OnBootPhase_600_com.android.server.audio.AudioService$Lifecycle
12-18 07:18:04.872  1000  1855  1855 D SystemServerTiming: OnBootPhase_600_com.android.server.soundtrigger_middleware.SoundTriggerMiddlewareService$Lifecycle
12-18 07:18:04.872  1000  1855  1855 D SystemServerTiming: OnBootPhase_600_com.android.server.DockObserver
12-18 07:18:04.873  1000  1855  1855 D SystemServerTiming: OnBootPhase_600_com.android.server.midi.MidiService$Lifecycle
12-18 07:18:04.873  1000  1855  1855 D SystemServerTiming: OnBootPhase_600_com.android.server.adb.AdbService$Lifecycle
12-18 07:18:04.873  1000  1855  1855 D SystemServerTiming: OnBootPhase_600_com.android.server.usb.UsbService$Lifecycle
12-18 07:18:04.873  1000  1855  1855 D SystemServerTiming: OnBootPhase_600_com.android.server.twilight.TwilightService
12-18 07:18:04.873  1000  1855  1855 D SystemServerTiming: OnBootPhase_600_com.android.server.display.color.ColorDisplayService
12-18 07:18:04.873  1000  1855  1855 D SystemServerTiming: OnBootPhase_600_com.android.server.job.JobSchedulerService
12-18 07:18:04.875  1000  1855  1855 D SystemServerTiming: OnBootPhase_600_com.android.server.soundtrigger.SoundTriggerService
12-18 07:18:04.875  1000  1855  1855 D SoundTriggerService: onBootPhase: 600 : false
12-18 07:18:04.876  1000  1855  1855 D TelephonyRegistry: listen oscl: mHasNotifySubscriptionInfoChangedOccurred==false no callback
12-18 07:18:04.876  1000  1855  1855 D SystemServerTiming: OnBootPhase_600_com.android.server.trust.TrustManagerService
12-18 07:18:04.877  1000  1855  1905 I am_proc_bound: [0,2474,WebViewLoader-arm64-v8a]
12-18 07:18:04.877  1000  1855  1905 D GameManagerService: User ID '0' does not have a Game Mode selected for package: 'android'
12-18 07:18:04.877  1000  1855  1905 D CompatibilityChangeReporter: Compat change id reported: 168419799; UID 1000; state: DISABLED
12-18 07:18:04.878  1000  1855  1905 D CompatibilityChangeReporter: Compat change id reported: 273564678; UID 1000; state: DISABLED
12-18 07:18:04.878  1000  1855  1905 I am_uid_active: 1037
12-18 07:18:04.878  1017   779   802 I keystore2: system/security/keystore2/src/authorization.rs:143 - on_lock_screen_event(r#UNLOCK, user_id=0, password.is_some()=false, unlocking_sids=Some([]))
12-18 07:18:04.879  1000  1855  2406 I am_proc_bound: [0,2473,WebViewLoader-armeabi-v7a]
12-18 07:18:04.879  1000  1855  2406 D GameManagerService: User ID '0' does not have a Game Mode selected for package: 'android'
12-18 07:18:04.880  1000  1855  1855 D SystemServerTiming: OnBootPhase_600_com.android.server.backup.BackupManagerService$Lifecycle
12-18 07:18:04.880  1000  1855  1855 D SystemServerTiming: OnBootPhase_600_com.android.server.appwidget.AppWidgetService
12-18 07:18:04.880  1000  1855  1855 D SystemServerTiming: OnBootPhase_600_com.android.server.voiceinteraction.VoiceInteractionManagerService
12-18 07:18:04.881  1000  1855  1855 D SystemServerTiming: OnBootPhase_600_com.android.server.GestureLauncherService
12-18 07:18:04.882  1000  1855  1855 D SystemServerTiming: OnBootPhase_600_com.android.server.SensorNotificationService
12-18 07:18:04.883  1000  1855  1855 D SystemServerTiming: OnBootPhase_600_com.android.server.emergency.EmergencyAffordanceService
12-18 07:18:04.884  1000  1855  1855 D TelephonyRegistry: listen oscl: mHasNotifySubscriptionInfoChangedOccurred==false no callback
12-18 07:18:04.884  1000  1855  1855 D SystemServerTiming: OnBootPhase_600_com.android.server.blob.BlobStoreManagerService
12-18 07:18:04.884  1000  1855  2406 W PackageManager: Invalid dex load report. loadingPackageName=null, uid=1037
12-18 07:18:04.886  1000  1855  1855 D SystemServerTiming: OnBootPhase_600_com.android.server.dreams.DreamManagerService
12-18 07:18:04.888  1000  1855  1855 D SystemServerTiming: OnBootPhase_600_com.android.server.print.PrintManagerService
12-18 07:18:04.888  1000  1855  1855 D SystemServerTiming: OnBootPhase_600_com.android.server.security.AttestationVerificationManagerService
12-18 07:18:04.888  1000  1855  1855 D SystemServerTiming: OnBootPhase_600_com.android.server.companion.CompanionDeviceManagerService
12-18 07:18:04.888  1000  1855  1855 D SystemServerTiming: OnBootPhase_600_com.android.server.companion.virtual.VirtualDeviceManagerService
12-18 07:18:04.888  1000  1855  1855 D SystemServerTiming: OnBootPhase_600_com.android.server.restrictions.RestrictionsManagerService
12-18 07:18:04.888  1000  1855  1855 D SystemServerTiming: OnBootPhase_600_com.android.server.media.MediaSessionService
12-18 07:18:04.888  1000  1855  1855 D SystemServerTiming: OnBootPhase_600_com.android.server.media.MediaResourceMonitorService
12-18 07:18:04.888  1000  1855  1855 D SystemServerTiming: OnBootPhase_600_com.android.server.biometrics.BiometricService
12-18 07:18:04.888  1000  1855  1855 D SystemServerTiming: OnBootPhase_600_com.android.server.biometrics.AuthService
12-18 07:18:04.888  1000  1855  1855 D SystemServerTiming: OnBootPhase_600_com.android.server.pm.ShortcutService$Lifecycle
12-18 07:18:04.889  1000  1855  1855 D SystemServerTiming: OnBootPhase_600_com.android.server.pm.LauncherAppsService
12-18 07:18:04.889  1000  1855  1855 D SystemServerTiming: OnBootPhase_600_com.android.server.pm.CrossProfileAppsService
12-18 07:18:04.889  1000  1855  1855 D SystemServerTiming: OnBootPhase_600_com.android.server.people.PeopleService
12-18 07:18:04.889  1000  1855  1855 D SystemServerTiming: OnBootPhase_600_com.android.server.media.metrics.MediaMetricsManagerService
12-18 07:18:04.889  1000  1855  1855 D SystemServerTiming: OnBootPhase_600_com.android.server.pm.BackgroundInstallControlService
12-18 07:18:04.889  1000  1855  1855 D SystemServerTiming: OnBootPhase_600_com.android.server.media.projection.MediaProjectionManagerService
12-18 07:18:04.889  1000  1855  1855 D SystemServerTiming: OnBootPhase_600_com.android.server.slice.SliceManagerService$Lifecycle
12-18 07:18:04.889  1000  1855  1855 D SystemServerTiming: OnBootPhase_600_com.android.server.stats.StatsCompanion$Lifecycle
12-18 07:18:04.892  1000  1855  2406 W PackageManager: Invalid dex load report. loadingPackageName=null, uid=1037
12-18 07:18:04.899  1000  1855  1855 D SystemServerTiming: OnBootPhase_600_com.android.server.scheduling.RebootReadinessManagerService$Lifecycle
12-18 07:18:04.899  1000  1855  1855 D SystemServerTiming: OnBootPhase_600_com.android.server.stats.pull.StatsPullAtomService
12-18 07:18:04.899  1000  1855  1855 D SystemServerTiming: OnBootPhase_600_com.android.server.stats.bootstrap.StatsBootstrapAtomService$Lifecycle
12-18 07:18:04.899  1000  1855  1855 D SystemServerTiming: OnBootPhase_600_com.android.server.incident.IncidentCompanionService
12-18 07:18:04.899  1000  1855  1855 D SystemServerTiming: OnBootPhase_600_com.android.server.sdksandbox.SdkSandboxManagerService$Lifecycle
12-18 07:18:04.899  1000  1855  1925 D StatsPullAtomService: Registering NetworkStats pullers with statsd
12-18 07:18:04.900  1000  1855  1855 D SystemServerTiming: OnBootPhase_600_com.android.server.adservices.AdServicesManagerService$Lifecycle
12-18 07:18:04.900  1000  1855  1855 D SystemServerTiming: OnBootPhase_600_com.android.server.ondevicepersonalization.OnDevicePersonalizationSystemService$Lifecycle
12-18 07:18:04.900  1000  1855  1855 D SystemServerTiming: OnBootPhase_600_com.android.server.autofill.AutofillManagerService
12-18 07:18:04.901  1000  1855  1855 D SystemServerTiming: OnBootPhase_600_com.android.server.selectiontoolbar.SelectionToolbarManagerService
12-18 07:18:04.901  1000  1855  1855 D SystemServerTiming: OnBootPhase_600_com.android.server.clipboard.ClipboardService
12-18 07:18:04.901  1000  1855  1855 D SystemServerTiming: OnBootPhase_600_com.android.server.appbinding.AppBindingService$Lifecycle
12-18 07:18:04.902  1000  1855  1855 D SystemServerTiming: OnBootPhase_600_com.android.server.tracing.TracingServiceProxy
12-18 07:18:04.902  1000  1855  1855 D SystemServerTiming: OnBootPhase_600_com.android.server.policy.PermissionPolicyService
12-18 07:18:04.902  1000  1855  1855 D SystemServerTiming: OnBootPhase_600_com.android.server.pm.StagingManager$Lifecycle
12-18 07:18:04.902  1000  1855  1855 D SystemServerTiming: OnBootPhase_600_com.android.server.app.GameManagerService$Lifecycle
12-18 07:18:04.902  1000  1855  1855 D SystemServerTiming: OnBootPhase_600_com.android.safetycenter.SafetyCenterService
12-18 07:18:04.902  1000  1855  1855 D SystemServerTiming: OnBootPhase_600_com.android.server.appsearch.AppSearchModule$Lifecycle
12-18 07:18:04.902  1000  1855  1855 D SystemServerTiming: OnBootPhase_600_com.android.server.compos.IsolatedCompilationService
12-18 07:18:04.902  1000  1855  1855 D SystemServerTiming: OnBootPhase_600_com.android.server.media.MediaCommunicationService
12-18 07:18:04.902  1000  1855  1855 D SystemServerTiming: OnBootPhase_600_com.android.server.compat.overrides.AppCompatOverridesService$Lifecycle
12-18 07:18:04.902  1000  1855  1855 D SystemServerTiming: OnBootPhase_600_com.android.server.healthconnect.HealthConnectManagerService
12-18 07:18:04.902  1000  1855  1855 D SystemServerTiming: StartNetworkStack
12-18 07:18:04.906  1000  1855  1855 I am_uid_running: 1073
12-18 07:18:04.907  1000  1855  2465 D CompatibilityChangeReporter: Compat change id reported: 135634846; UID 10051; state: DISABLED
12-18 07:18:04.908  1000  1855  1855 D CompatibilityChangeReporter: Compat change id reported: 135634846; UID 1073; state: DISABLED
12-18 07:18:04.908  1000  1855  1855 D CompatibilityChangeReporter: Compat change id reported: 177438394; UID 1073; state: DISABLED
12-18 07:18:04.908  1000  1855  2465 D CompatibilityChangeReporter: Compat change id reported: 177438394; UID 10051; state: DISABLED
12-18 07:18:04.908  1000  1855  1855 D CompatibilityChangeReporter: Compat change id reported: 135772972; UID 1073; state: DISABLED
12-18 07:18:04.908  1000  1855  2465 D CompatibilityChangeReporter: Compat change id reported: 135772972; UID 10051; state: DISABLED
12-18 07:18:04.908  1000  1855  1855 D CompatibilityChangeReporter: Compat change id reported: 135754954; UID 1073; state: ENABLED
12-18 07:18:04.909  1000  1855  2465 D CompatibilityChangeReporter: Compat change id reported: 135754954; UID 10051; state: ENABLED
12-18 07:18:04.909  1000  1855  2465 D CompatibilityChangeReporter: Compat change id reported: 207557677; UID 10051; state: ENABLED
12-18 07:18:04.909  1000  1855  1925 I netstats_mobile_sample: [0,0,0,0,0,0,0,0,1702883884906]
12-18 07:18:04.909  1000  1855  1927 W ActivityManager: com.android.cellbroadcastservice inode == 0 (b/152760674)
12-18 07:18:04.910  1000  1855  1855 D SystemServerTiming: StartTethering
12-18 07:18:04.910  1000  1855  1925 I netstats_wifi_sample: [0,0,0,0,0,0,0,0,1702883884906]
12-18 07:18:04.913  1000  1855  2406 I ActivityManager: Process WebViewLoader-arm64-v8a (pid 2474) has died: psvc PER 
12-18 07:18:04.913  1000  1855  2406 I am_proc_died: [0,2474,WebViewLoader-arm64-v8a,-700,0]
12-18 07:18:04.915  1000  1855  2406 D OomAdjuster: Not killing cached processes
12-18 07:18:04.921  1000  1855  2406 I am_low_memory: 4
12-18 07:18:04.922  1000  1855  1855 D SystemServerTiming: MakeCountryDetectionServiceReady
12-18 07:18:04.922  1000  1855  1855 D SystemServerTiming: MakeNetworkTimeUpdateReady
12-18 07:18:04.923  1000  1855  1927 I am_proc_start: [0,2510,1073,com.android.networkstack.process,service,{com.android.networkstack/com.android.server.NetworkStackService}]
12-18 07:18:04.924  1000  1855  1927 I ActivityManager: Start proc 2510:com.android.networkstack.process/1073 for service {com.android.networkstack/com.android.server.NetworkStackService}
12-18 07:18:04.925  1000  1855  1855 D SystemServerTiming: MakeInputManagerServiceReady
12-18 07:18:04.927  1000  1855  1980 D CompatibilityChangeReporter: Compat change id reported: 265195908; UID 10066; state: ENABLED
12-18 07:18:04.927  1000  1855  1980 D CompatibilityChangeReporter: Compat change id reported: 265195908; UID 1073; state: ENABLED
12-18 07:18:04.929  1000  1855  1968 I ActivityManager: Process WebViewLoader-armeabi-v7a (pid 2473) has died: psvc PER 
12-18 07:18:04.929  1000  1855  1968 I am_proc_died: [0,2473,WebViewLoader-armeabi-v7a,-700,0]
12-18 07:18:04.930  1000  1855  1925 I netstats_mobile_sample: [0,0,0,0,0,0,0,0,1702883884930]
12-18 07:18:04.930  1000  1855  1925 I netstats_wifi_sample: [0,0,0,0,0,0,0,0,1702883884930]
12-18 07:18:04.930  1000  1855  1968 I am_uid_stopped: 1037
12-18 07:18:04.931  1000  1855  1968 I am_low_memory: 3
12-18 07:18:04.932  1000  1855  1917 D DisplayManagerService: Drop pending events for gone uid 1037
12-18 07:18:04.934  1000  1855  1855 I configuration_changed: 16384
12-18 07:18:04.935  1000  1855  1855 I ActivityTaskManager: Config changes=4000 {1.0 ?mcc0mnc [en_US] ldltr sw800dp w800dp h1333dp 240dpi xlrg long widecg port finger qwerty/v/v -nav/h winConfig={ mBounds=Rect(0, 0 - 1200, 2000) mAppBounds=Rect(0, 0 - 1200, 2000) mMaxBounds=Rect(0, 0 - 1200, 2000) mDisplayRotation=ROTATION_0 mWindowingMode=fullscreen mDisplayWindowingMode=fullscreen mActivityType=undefined mAlwaysOnTop=undefined mRotation=ROTATION_0} s.10 fontWeightAdjustment=0}
12-18 07:18:04.936  1000  1855  1855 I WindowManager: Override config changes=4000 {1.0 ?mcc0mnc [en_US] ldltr sw800dp w800dp h1333dp 240dpi xlrg long widecg port finger qwerty/v/v -nav/h winConfig={ mBounds=Rect(0, 0 - 1200, 2000) mAppBounds=Rect(0, 0 - 1200, 2000) mMaxBounds=Rect(0, 0 - 1200, 2000) mDisplayRotation=ROTATION_0 mWindowingMode=fullscreen mDisplayWindowingMode=fullscreen mActivityType=undefined mAlwaysOnTop=undefined mRotation=ROTATION_0} s.10 fontWeightAdjustment=0} for displayId=0
12-18 07:18:04.938  1000  1855  1925 I netstats_mobile_sample: [0,0,0,0,0,0,0,0,1702883884938]
12-18 07:18:04.938  1000  1855  1925 I netstats_wifi_sample: [0,0,0,0,0,0,0,0,1702883884938]
12-18 07:18:04.941 10057  2356  2403 V WindowManagerShell: Display changed: 0
12-18 07:18:04.943  1000  1855  1855 D SystemServerTiming: MakeTelephonyRegistryReady
12-18 07:18:04.944  1000  1855  1855 D TelephonyRegistry: systemRunning register for intents
12-18 07:18:04.944  1000  1855  1855 D SystemServerTiming: MakeMediaRouterServiceReady
12-18 07:18:04.945  1000  1855  1855 I MR2ServiceImpl: switchUser | user: 0
12-18 07:18:04.945  1000  1855  1855 D SystemServerTiming: IncidentDaemonReady
12-18 07:18:04.946  1000  1855  1855 D SystemServerTiming: MakeIncrementalServiceReady
12-18 07:18:04.947  1000  1855  1855 D SystemServerTiming: OdsignStatsLogger
12-18 07:18:04.947  1000  1855  1855 D SystemServerTiming: getCurrentUser
12-18 07:18:04.947  1000  1855  1855 I ActivityManager: Current user:0
12-18 07:18:04.947  1000  1855  1855 D SystemServerTiming: ActivityManagerStartApps
12-18 07:18:04.947  1000  1855  1855 I ssm_user_starting: 0
12-18 07:18:04.947  1000  1855  1855 D SystemServerTimingAsync: ssm.StartUser-0
12-18 07:18:04.947  1000  1855  1855 I SystemServiceManager: Calling onStartUser 0
12-18 07:18:04.948  1000  1855  1855 D SystemServerTimingAsync: ssm.onStartUser-0_com.android.server.security.FileIntegrityService
12-18 07:18:04.948  1000  1855  1855 D SystemServerTimingAsync: ssm.onStartUser-0_com.android.server.pm.Installer
12-18 07:18:04.948  1000  1855  1855 D SystemServerTimingAsync: ssm.onStartUser-0_com.android.server.os.DeviceIdentifiersPolicyService
12-18 07:18:04.948  1000  1855  1855 D SystemServerTimingAsync: ssm.onStartUser-0_com.android.server.uri.UriGrantsManagerService$Lifecycle
12-18 07:18:04.948  1000  1855  1855 D SystemServerTimingAsync: ssm.onStartUser-0_com.android.server.powerstats.PowerStatsService
12-18 07:18:04.948  1000  1855  1855 D SystemServerTimingAsync: ssm.onStartUser-0_com.android.server.permission.access.AccessCheckingService
12-18 07:18:04.948  1000  1855  1855 D SystemServerTimingAsync: ssm.onStartUser-0_com.android.server.wm.ActivityTaskManagerService$Lifecycle
12-18 07:18:04.948  1000  1855  1855 D SystemServerTimingAsync: ssm.onStartUser-0_com.android.server.am.ActivityManagerService$Lifecycle
12-18 07:18:04.948  1000  1855  1855 D SystemServerTimingAsync: ssm.onStartUser-0_com.android.server.pm.DataLoaderManagerService
12-18 07:18:04.948  1000  1855  1855 D SystemServerTimingAsync: ssm.onStartUser-0_com.android.server.power.PowerManagerService
12-18 07:18:04.948  1000  1855  1855 D SystemServerTimingAsync: ssm.onStartUser-0_com.android.server.power.ThermalManagerService
12-18 07:18:04.948  1000  1855  1855 D SystemServerTimingAsync: ssm.onStartUser-0_com.android.server.power.hint.HintManagerService
12-18 07:18:04.948  1000  1855  1855 D SystemServerTimingAsync: ssm.onStartUser-0_com.android.server.recoverysystem.RecoverySystemService$Lifecycle
12-18 07:18:04.948  1000  1855  1855 D SystemServerTimingAsync: ssm.onStartUser-0_com.android.server.lights.LightsService
12-18 07:18:04.948  1000  1855  1855 D SystemServerTimingAsync: ssm.onStartUser-0_com.android.server.display.DisplayManagerService
12-18 07:18:04.948  1000  1855  1855 D SystemServerTimingAsync: ssm.onStartUser-0_com.android.server.pm.verify.domain.DomainVerificationService
12-18 07:18:04.949  1000  1855  1855 D SystemServerTimingAsync: ssm.onStartUser-0_com.android.server.pm.PackageInstallerService$Lifecycle
12-18 07:18:04.949  1000  1855  1855 D SystemServerTimingAsync: ssm.onStartUser-0_com.android.server.pm.UserManagerService$LifeCycle
12-18 07:18:04.949  1000  1855  1855 D SystemServerTimingAsync: ssm.onStartUser-0_com.android.server.om.OverlayManagerService
12-18 07:18:04.949  1000  1855  1968 I am_proc_bound: [0,2510,com.android.networkstack.process]
12-18 07:18:04.950  1000  1855  1968 D GameManagerService: User ID '0' does not have a Game Mode selected for package: 'com.android.networkstack'
12-18 07:18:04.951  1000  1855  1968 D CompatibilityChangeReporter: Compat change id reported: 168419799; UID 1073; state: DISABLED
12-18 07:18:04.953  1000  1855  1968 D CompatibilityChangeReporter: Compat change id reported: 273564678; UID 1073; state: DISABLED
12-18 07:18:04.954  1000  1855  1968 I am_uid_active: 1073
12-18 07:18:04.954  1000  1855  1925 I netstats_mobile_sample: [0,0,0,0,0,0,0,0,1702883884954]
12-18 07:18:04.954  1000  1855  1925 I netstats_wifi_sample: [0,0,0,0,0,0,0,0,1702883884954]
12-18 07:18:04.957  1000  1855  1855 I commit_sys_config_file: [overlays,7184]
12-18 07:18:04.958  1000  1855  1855 D SystemServerTimingAsync: ssm.onStartUser-0_com.android.server.resources.ResourcesManagerService
12-18 07:18:04.958  1000  1855  1855 D SystemServerTimingAsync: ssm.onStartUser-0_com.android.server.sensorprivacy.SensorPrivacyService
12-18 07:18:04.959  1000  1855  1925 I netstats_mobile_sample: [0,0,0,0,0,0,0,0,1702883884959]
12-18 07:18:04.959  1000  1855  1925 I netstats_wifi_sample: [0,0,0,0,0,0,0,0,1702883884959]
12-18 07:18:04.960  1000  1855  1855 D SystemServerTimingAsync: ssm.onStartUser-0_com.android.server.sensors.SensorService
12-18 07:18:04.960  1000  1855  1855 D SystemServerTimingAsync: ssm.onStartUser-0_com.android.server.SystemConfigService
12-18 07:18:04.960  1000  1855  1855 D SystemServerTimingAsync: ssm.onStartUser-0_com.android.server.BatteryService
12-18 07:18:04.960  1000  1855  1855 D SystemServerTimingAsync: ssm.onStartUser-0_com.android.server.usage.UsageStatsService
12-18 07:18:04.960  1000  1855  1855 D SystemServerTimingAsync: ssm.onStartUser-0_com.android.server.webkit.WebViewUpdateService
12-18 07:18:04.960  1000  1855  1855 D SystemServerTimingAsync: ssm.onStartUser-0_com.android.server.CachedDeviceStateService
12-18 07:18:04.960  1000  1855  1855 D SystemServerTimingAsync: ssm.onStartUser-0_com.android.server.BinderCallsStatsService$LifeCycle
12-18 07:18:04.960  1000  1855  1855 D SystemServerTimingAsync: ssm.onStartUser-0_com.android.server.LooperStatsService$Lifecycle
12-18 07:18:04.960  1000  1855  1855 D SystemServerTimingAsync: ssm.onStartUser-0_com.android.server.rollback.RollbackManagerService
12-18 07:18:04.960  1000  1855  1855 D SystemServerTimingAsync: ssm.onStartUser-0_com.android.server.os.NativeTombstoneManagerService
12-18 07:18:04.960  1000  1855  1855 D SystemServerTimingAsync: ssm.onStartUser-0_com.android.server.os.BugreportManagerService
12-18 07:18:04.961  1000  1855  1855 D SystemServerTimingAsync: ssm.onStartUser-0_com.android.server.gpu.GpuService
12-18 07:18:04.961  1000  1855  1855 D SystemServerTimingAsync: ssm.onStartUser-0_com.android.server.security.rkp.RemoteProvisioningService
12-18 07:18:04.961  1000  1855  1855 D SystemServerTimingAsync: ssm.onStartUser-0_com.android.server.security.KeyChainSystemService
12-18 07:18:04.961  1000  1855  1855 D SystemServerTimingAsync: ssm.onStartUser-0_com.android.server.BinaryTransparencyService
12-18 07:18:04.961  1000  1855  1855 D SystemServerTimingAsync: ssm.onStartUser-0_com.android.server.telecom.TelecomLoaderService
12-18 07:18:04.961  1000  1855  1855 D SystemServerTimingAsync: ssm.onStartUser-0_com.android.server.accounts.AccountManagerService$Lifecycle
12-18 07:18:04.961  1000  1855  1855 D SystemServerTimingAsync: ssm.onStartUser-0_com.android.server.content.ContentService$Lifecycle
12-18 07:18:04.961  1000  1855  1855 D SystemServerTimingAsync: ssm.onStartUser-0_com.android.server.deviceconfig.DeviceConfigInit$Lifecycle
12-18 07:18:04.961  1000  1855  1855 D SystemServerTimingAsync: ssm.onStartUser-0_com.android.server.DropBoxManagerService
12-18 07:18:04.961  1000  1855  1855 D SystemServerTimingAsync: ssm.onStartUser-0_com.android.role.RoleService
12-18 07:18:04.963  1000  1855  1925 I netstats_mobile_sample: [0,0,0,0,0,0,0,0,1702883884963]
12-18 07:18:04.964  1000  1855  1925 I netstats_wifi_sample: [0,0,0,0,0,0,0,0,1702883884963]
12-18 07:18:04.965  1000  1855  1919 I commit_sys_config_file: [input-state,3]
12-18 07:18:04.965  1000  1855  1925 D TelephonyRegistry: listen oscl: mHasNotifySubscriptionInfoChangedOccurred==false no callback
12-18 07:18:04.966  1000  1855  1925 D CountryDetector: Using custom country detector class: com.android.server.location.ComprehensiveCountryDetector
12-18 07:18:04.966  1000  1855  1925 E CountryDetector: Could not instantiate the custom country detector class
12-18 07:18:04.966  1000  1855  1925 D CountryDetector: Using default country detector
12-18 07:18:04.985  1000  1855  2507 I ActivityManager: Flag disabled. Ignoring finishAttachApplication from uid: 1073. pid: 2510
12-18 07:18:04.993  1000  1855  1990 I commit_sys_config_file: [settings-0-0,11]
12-18 07:18:04.995  1000  1855  1990 I commit_sys_config_file: [settings-2-0,2]
12-18 07:18:05.000  1000  1855  2507 D CompatibilityChangeReporter: Compat change id reported: 253665015; UID 1073; state: ENABLED
12-18 07:18:05.001  1000  1855  2507 D CompatibilityChangeReporter: Compat change id reported: 194532703; UID 1073; state: ENABLED
12-18 07:18:05.006  1000  1855  2507 I sysui_multi_action: [757,856,758,1,806,com.android.networkstack,857,connected_note_loud,858,4]
12-18 07:18:05.007  1000  1855  2507 I sysui_multi_action: [757,856,758,1,806,com.android.networkstack,857,connected_note,858,3]
12-18 07:18:05.025  1000  1855  2406 I sysui_multi_action: [757,856,758,1,806,com.android.networkstack.tethering,857,TETHERING_STATUS,858,2]
12-18 07:18:05.029  1000  1855  2406 D CompatibilityChangeReporter: Compat change id reported: 161145287; UID 1073; state: ENABLED
12-18 07:18:05.034  1073  2510  2510 W CarrierConfigManager: Error getting config for subId -1 ICarrierConfigLoader is null
12-18 07:18:05.047  1000  1855  2406 D CompatibilityChangeReporter: Compat change id reported: 182478738; UID 1073; state: ENABLED
12-18 07:18:05.051  1000  1855  1918 I commit_sys_config_file: [notification-policy,1370]
12-18 07:18:05.081  1000  1855  1951 W BroadcastLoopers: Found previously unknown looper Thread[PackageManager,5,main]
12-18 07:18:05.137  1000  1855  1968 I sysui_multi_action: [757,1243,758,4,806,org.chromium.webview_shell,1241,android.permission.ACCESS_FINE_LOCATION]
12-18 07:18:05.140  1000  1855  1855 W SystemServiceManager: Service com.android.role.RoleService took 178 ms in onStartUser-0
12-18 07:18:05.140  1000  1855  1855 D SystemServerTimingAsync: ssm.onStartUser-0_com.android.server.vibrator.VibratorManagerService$Lifecycle
12-18 07:18:05.140  1000  1855  1855 D SystemServerTimingAsync: ssm.onStartUser-0_com.android.server.tare.InternalResourceService
12-18 07:18:05.140  1000  1855  1855 D SystemServerTimingAsync: ssm.onStartUser-0_com.android.server.alarm.AlarmManagerService
12-18 07:18:05.141  1000  1855  1855 D SystemServerTimingAsync: ssm.onStartUser-0_com.android.server.devicestate.DeviceStateManagerService
12-18 07:18:05.141  1000  1855  1855 D SystemServerTimingAsync: ssm.onStartUser-0_com.android.server.camera.CameraServiceProxy
12-18 07:18:05.141  1000  1855  1855 D SystemServerTimingAsync: ssm.onStartUser-0_com.android.server.bluetooth.BluetoothService
12-18 07:18:05.143  1000  1855  2010 I am_uid_running: 1002
12-18 07:18:05.144  1000  1855  2010 D CompatibilityChangeReporter: Compat change id reported: 135634846; UID 1002; state: DISABLED
12-18 07:18:05.144  1000  1855  1927 W ActivityManager: com.android.bluetooth inode == 0 (b/152760674)
12-18 07:18:05.149  1000  1855  1855 D SystemServerTimingAsync: ssm.onStartUser-0_com.android.server.connectivity.IpConnectivityMetrics
12-18 07:18:05.149  1000  1855  1855 D SystemServerTimingAsync: ssm.onStartUser-0_com.android.server.net.watchlist.NetworkWatchlistService$Lifecycle
12-18 07:18:05.149  1000  1855  1855 D SystemServerTimingAsync: ssm.onStartUser-0_com.android.server.PinnerService
12-18 07:18:05.150  1000  1855  1855 D SystemServerTimingAsync: ssm.onStartUser-0_com.android.server.integrity.AppIntegrityManagerService
12-18 07:18:05.150  1000  1855  1855 D SystemServerTimingAsync: ssm.onStartUser-0_com.android.server.logcat.LogcatManagerService
12-18 07:18:05.150  1000  1855  1855 D SystemServerTimingAsync: ssm.onStartUser-0_com.android.server.inputmethod.InputMethodManagerService$Lifecycle
12-18 07:18:05.150  1000  1855  1855 D SystemServerTimingAsync: ssm.onStartUser-0_com.android.server.accessibility.AccessibilityManagerService$Lifecycle
12-18 07:18:05.150  1000  1855  1855 D SystemServerTimingAsync: ssm.onStartUser-0_com.android.server.StorageManagerService$Lifecycle
12-18 07:18:05.151  1000  1855  1855 V StorageManagerService: Package com.android.cts.priv.ctsshim does not have legacy storage
12-18 07:18:05.151  1000  1855  1855 V StorageManagerService: Package com.android.uwb.resources does not have legacy storage
12-18 07:18:05.151  1000  1855  1927 I am_proc_start: [0,2551,1002,com.android.bluetooth,service,{com.android.bluetooth/com.android.bluetooth.btservice.AdapterService}]
12-18 07:18:05.151  1000  1855  1855 V StorageManagerService: Package com.android.adservices.api does not have legacy storage
12-18 07:18:05.151  1000  1855  1855 V StorageManagerService: Package com.android.providers.telephony does not have legacy storage
12-18 07:18:05.151  1000  1855  1927 I ActivityManager: Start proc 2551:com.android.bluetooth/1002 for service {com.android.bluetooth/com.android.bluetooth.btservice.AdapterService}
12-18 07:18:05.151  1000  1855  1855 V StorageManagerService: Package com.android.dynsystem does not have legacy storage
12-18 07:18:05.151  1000  1855  1855 V StorageManagerService: Package com.android.healthconnect.controller does not have legacy storage
12-18 07:18:05.151  1000  1855  1855 V StorageManagerService: Package com.android.providers.calendar does not have legacy storage
12-18 07:18:05.151  1000  1855  1855 V StorageManagerService: Package com.android.providers.media does not have legacy storage
12-18 07:18:05.152  1000  1855  1855 V StorageManagerService: Package com.android.health.connect.backuprestore does not have legacy storage
12-18 07:18:05.152  1000  1855  1855 V StorageManagerService: Package com.android.virtualmachine.res does not have legacy storage
12-18 07:18:05.152  1000  1855  1855 V StorageManagerService: Package com.android.documentsui does not have legacy storage
12-18 07:18:05.152  1000  1855  1855 V StorageManagerService: Package com.android.externalstorage does not have legacy storage
12-18 07:18:05.152  1000  1855  1855 V StorageManagerService: Package com.android.htmlviewer does not have legacy storage
12-18 07:18:05.152  1000  1855  1855 V StorageManagerService: Package com.android.companiondevicemanager does not have legacy storage
12-18 07:18:05.152  1000  1855  1855 V StorageManagerService: Package com.android.mms.service does not have legacy storage
12-18 07:18:05.152  1000  1855  1855 V StorageManagerService: Package com.qualcomm.qti.qms.service.connectionsecurity does not have legacy storage
12-18 07:18:05.152  1000  1855  1855 V StorageManagerService: Package com.android.providers.downloads does not have legacy storage
12-18 07:18:05.152  1000  1855  1855 V StorageManagerService: Package com.android.messaging has legacy storage
12-18 07:18:05.152  1000  1855  1855 V StorageManagerService: Package com.android.federatedcompute.services does not have legacy storage
12-18 07:18:05.152  1000  1855  1855 V StorageManagerService: Package vendor.qti.hardware.cacert.server does not have legacy storage
12-18 07:18:05.152  1000  1855  1855 V StorageManagerService: Package vendor.qti.iwlan does not have legacy storage
12-18 07:18:05.152  1000  1855  1855 V StorageManagerService: Package vendor.qti.data.txpwradmin does not have legacy storage
12-18 07:18:05.152  1000  1855  1855 V StorageManagerService: Package com.android.safetycenter.resources does not have legacy storage
12-18 07:18:05.153  1000  1855  1855 V StorageManagerService: Package com.android.providers.downloads.ui does not have legacy storage
12-18 07:18:05.153  1000  1855  1855 V StorageManagerService: Package com.android.pacprocessor does not have legacy storage
12-18 07:18:05.153  1000  1855  1855 V StorageManagerService: Package com.android.simappdialog does not have legacy storage
