12-18 07:32:22.699  1000  2600  2600 W ResourcesCompat: java.lang.UnsupportedOperationException: Failed to resolve attribute at index 0: TypedValue{t=0x2/d=0x7f040113 a=-1}, theme={InheritanceMap=[id=0x7f1403eacom.android.settings:style/Theme.Settings.Home, id=0x7f1403eccom.android.settings:style/Theme.Settings.HomeBase, id=0x7f1403edcom.android.settings:style/Theme.Settings.NoActionBar, id=0x7f1403e8com.android.settings:style/Theme.Settings, id=0x7f1403eecom.android.settings:style/Theme.SettingsBase, id=0x7f1403efcom.android.settings:style/Theme.SettingsBase_v31, id=0x1030223android:style/Theme.DeviceDefault.Settings, id=0x103012bandroid:style/Theme.DeviceDefault.Light, id=0x1030237android:style/Theme.Material.Light, id=0x103000candroid:style/Theme.Light, id=0x1030005android:style/Theme], Themes=[com.android.settings:style/Theme.Settings.Home, forced, android:style/Theme.DeviceDefault.Light.DarkActionBar, forced]}
12-18 07:32:22.699  1000  2600  2600 W ResourcesCompat: 	at android.content.res.TypedArray.getColor(TypedArray.java:529)
12-18 07:32:22.699  1000  2600  2600 W ResourcesCompat: 	at androidx.core.content.res.ColorStateListInflaterCompat.inflate(ColorStateListInflaterCompat.java:159)
12-18 07:32:22.699  1000  2600  2600 W ResourcesCompat: 	at androidx.core.content.res.ColorStateListInflaterCompat.createFromXmlInner(ColorStateListInflaterCompat.java:124)
12-18 07:32:22.699  1000  2600  2600 W ResourcesCompat: 	at androidx.core.content.res.ColorStateListInflaterCompat.createFromXml(ColorStateListInflaterCompat.java:103)
12-18 07:32:22.699  1000  2600  2600 W ResourcesCompat: 	at androidx.core.content.res.ResourcesCompat.inflateColorStateList(ResourcesCompat.java:262)
12-18 07:32:22.699  1000  2600  2600 W ResourcesCompat: 	at androidx.core.content.res.ResourcesCompat.getColorStateList(ResourcesCompat.java:236)
12-18 07:32:22.699  1000  2600  2600 W ResourcesCompat: 	at androidx.core.content.ContextCompat.getColorStateList(ContextCompat.java:557)
12-18 07:32:22.699  1000  2600  2600 W ResourcesCompat: 	at androidx.appcompat.content.res.AppCompatResources.getColorStateList(AppCompatResources.java:48)
12-18 07:32:22.699  1000  2600  2600 W ResourcesCompat: 	at com.google.android.material.resources.MaterialResources.getColorStateList(MaterialResources.java:65)
12-18 07:32:22.699  1000  2600  2600 W ResourcesCompat: 	at com.google.android.material.card.MaterialCardViewHelper.loadFromAttributes(MaterialCardViewHelper.java:187)
12-18 07:32:22.699  1000  2600  2600 W ResourcesCompat: 	at com.google.android.material.card.MaterialCardView.<init>(MaterialCardView.java:183)
12-18 07:32:22.699  1000  2600  2600 W ResourcesCompat: 	at com.google.android.material.card.MaterialCardView.<init>(MaterialCardView.java:160)
12-18 07:32:22.699  1000  2600  2600 W ResourcesCompat: 	at java.lang.reflect.Constructor.newInstance0(Native Method)
12-18 07:32:22.699  1000  2600  2600 W ResourcesCompat: 	at java.lang.reflect.Constructor.newInstance(Constructor.java:343)
12-18 07:32:22.699  1000  2600  2600 W ResourcesCompat: 	at android.view.LayoutInflater.createView(LayoutInflater.java:866)
12-18 07:32:22.699  1000  2600  2600 W ResourcesCompat: 	at android.view.LayoutInflater.createViewFromTag(LayoutInflater.java:1018)
12-18 07:32:22.699  1000  2600  2600 W ResourcesCompat: 	at android.view.LayoutInflater.createViewFromTag(LayoutInflater.java:973)
12-18 07:32:22.699  1000  2600  2600 W ResourcesCompat: 	at android.view.LayoutInflater.rInflate(LayoutInflater.java:1135)
12-18 07:32:22.699  1000  2600  2600 W ResourcesCompat: 	at android.view.LayoutInflater.rInflateChildren(LayoutInflater.java:1096)
12-18 07:32:22.699  1000  2600  2600 W ResourcesCompat: 	at android.view.LayoutInflater.parseInclude(LayoutInflater.java:1275)
12-18 07:32:22.699  1000  2600  2600 W ResourcesCompat: 	at android.view.LayoutInflater.rInflate(LayoutInflater.java:1131)
12-18 07:32:22.699  1000  2600  2600 W ResourcesCompat: 	at android.view.LayoutInflater.rInflateChildren(LayoutInflater.java:1096)
12-18 07:32:22.699  1000  2600  2600 W ResourcesCompat: 	at android.view.LayoutInflater.parseInclude(LayoutInflater.java:1275)
12-18 07:32:22.699  1000  2600  2600 W ResourcesCompat: 	at android.view.LayoutInflater.rInflate(LayoutInflater.java:1131)
12-18 07:32:22.699  1000  2600  2600 W ResourcesCompat: 	at android.view.LayoutInflater.rInflateChildren(LayoutInflater.java:1096)
12-18 07:32:22.699  1000  2600  2600 W ResourcesCompat: 	at android.view.LayoutInflater.rInflate(LayoutInflater.java:1138)
12-18 07:32:22.699  1000  2600  2600 W ResourcesCompat: 	at android.view.LayoutInflater.rInflateChildren(LayoutInflater.java:1096)
12-18 07:32:22.699  1000  2600  2600 W ResourcesCompat: 	at android.view.LayoutInflater.rInflate(LayoutInflater.java:1138)
12-18 07:32:22.699  1000  2600  2600 W ResourcesCompat: 	at android.view.LayoutInflater.rInflateChildren(LayoutInflater.java:1096)
12-18 07:32:22.699  1000  2600  2600 W ResourcesCompat: 	at android.view.LayoutInflater.inflate(LayoutInflater.java:694)
12-18 07:32:22.699  1000  2600  2600 W ResourcesCompat: 	at android.view.LayoutInflater.inflate(LayoutInflater.java:538)
12-18 07:32:22.699  1000  2600  2600 W ResourcesCompat: 	at android.view.LayoutInflater.inflate(LayoutInflater.java:485)
12-18 07:32:22.699  1000  2600  2600 W ResourcesCompat: 	at com.android.internal.policy.PhoneWindow.setContentView(PhoneWindow.java:475)
12-18 07:32:22.699  1000  2600  2600 W ResourcesCompat: 	at android.app.Activity.setContentView(Activity.java:3679)
12-18 07:32:22.699  1000  2600  2600 W ResourcesCompat: 	at androidx.activity.ComponentActivity.setContentView(ComponentActivity.java:464)
12-18 07:32:22.699  1000  2600  2600 W ResourcesCompat: 	at com.android.settings.homepage.SettingsHomepageActivity.onCreate(SettingsHomepageActivity.java:199)
12-18 07:32:22.699  1000  2600  2600 W ResourcesCompat: 	at android.app.Activity.performCreate(Activity.java:8595)
12-18 07:32:22.699  1000  2600  2600 W ResourcesCompat: 	at android.app.Activity.performCreate(Activity.java:8573)
12-18 07:32:22.699  1000  2600  2600 W ResourcesCompat: 	at android.app.Instrumentation.callActivityOnCreate(Instrumentation.java:1456)
12-18 07:32:22.699  1000  2600  2600 W ResourcesCompat: 	at android.app.ActivityThread.performLaunchActivity(ActivityThread.java:3764)
12-18 07:32:22.699  1000  2600  2600 W ResourcesCompat: 	at android.app.ActivityThread.handleLaunchActivity(ActivityThread.java:3922)
12-18 07:32:22.699  1000  2600  2600 W ResourcesCompat: 	at android.app.servertransaction.LaunchActivityItem.execute(LaunchActivityItem.java:103)
12-18 07:32:22.699  1000  2600  2600 W ResourcesCompat: 	at android.app.servertransaction.TransactionExecutor.executeCallbacks(TransactionExecutor.java:139)
12-18 07:32:22.699  1000  2600  2600 W ResourcesCompat: 	at android.app.servertransaction.TransactionExecutor.execute(TransactionExecutor.java:96)
12-18 07:32:22.699  1000  2600  2600 W ResourcesCompat: 	at android.app.ActivityThread$H.handleMessage(ActivityThread.java:2443)
12-18 07:32:22.699  1000  2600  2600 W ResourcesCompat: 	at android.os.Handler.dispatchMessage(Handler.java:106)
12-18 07:32:22.699  1000  2600  2600 W ResourcesCompat: 	at android.os.Looper.loopOnce(Looper.java:205)
12-18 07:32:22.699  1000  2600  2600 W ResourcesCompat: 	at android.os.Looper.loop(Looper.java:294)
12-18 07:32:22.699  1000  2600  2600 W ResourcesCompat: 	at android.app.ActivityThread.main(ActivityThread.java:8177)
12-18 07:32:22.699  1000  2600  2600 W ResourcesCompat: 	at java.lang.reflect.Method.invoke(Native Method)
12-18 07:32:22.699  1000  2600  2600 W ResourcesCompat: 	at com.android.internal.os.RuntimeInit$MethodAndArgsCaller.run(RuntimeInit.java:552)
12-18 07:32:22.699  1000  2600  2600 W ResourcesCompat: 	at com.android.internal.os.ZygoteInit.main(ZygoteInit.java:971)
12-18 07:32:22.701 10054  2659  2659 D b/260135164: updateIconAlphaForHome - setIconsAlpha(1), isTaskbarPresent: true
12-18 07:32:22.703 10054  2659  3412 I jank_cuj_events_begin_request: [8,1702884742703116000,886223415911,886223416796,]
12-18 07:32:22.704  1000  2600  2600 W ResourcesCompat: Failed to inflate ColorStateList, leaving it to the framework
12-18 07:32:22.704  1000  2600  2600 W ResourcesCompat: java.lang.UnsupportedOperationException: Failed to resolve attribute at index 0: TypedValue{t=0x2/d=0x7f040113 a=-1}, theme={InheritanceMap=[id=0x7f1403eacom.android.settings:style/Theme.Settings.Home, id=0x7f1403eccom.android.settings:style/Theme.Settings.HomeBase, id=0x7f1403edcom.android.settings:style/Theme.Settings.NoActionBar, id=0x7f1403e8com.android.settings:style/Theme.Settings, id=0x7f1403eecom.android.settings:style/Theme.SettingsBase, id=0x7f1403efcom.android.settings:style/Theme.SettingsBase_v31, id=0x1030223android:style/Theme.DeviceDefault.Settings, id=0x103012bandroid:style/Theme.DeviceDefault.Light, id=0x1030237android:style/Theme.Material.Light, id=0x103000candroid:style/Theme.Light, id=0x1030005android:style/Theme], Themes=[com.android.settings:style/Theme.Settings.Home, forced, android:style/Theme.DeviceDefault.Light.DarkActionBar, forced]}
12-18 07:32:22.704  1000  2600  2600 W ResourcesCompat: 	at android.content.res.TypedArray.getColor(TypedArray.java:529)
12-18 07:32:22.704  1000  2600  2600 W ResourcesCompat: 	at androidx.core.content.res.ColorStateListInflaterCompat.inflate(ColorStateListInflaterCompat.java:159)
12-18 07:32:22.704  1000  2600  2600 W ResourcesCompat: 	at androidx.core.content.res.ColorStateListInflaterCompat.createFromXmlInner(ColorStateListInflaterCompat.java:124)
12-18 07:32:22.704  1000  2600  2600 W ResourcesCompat: 	at androidx.core.content.res.ColorStateListInflaterCompat.createFromXml(ColorStateListInflaterCompat.java:103)
12-18 07:32:22.704  1000  2600  2600 W ResourcesCompat: 	at androidx.core.content.res.ResourcesCompat.inflateColorStateList(ResourcesCompat.java:262)
12-18 07:32:22.704  1000  2600  2600 W ResourcesCompat: 	at androidx.core.content.res.ResourcesCompat.getColorStateList(ResourcesCompat.java:236)
12-18 07:32:22.704  1000  2600  2600 W ResourcesCompat: 	at androidx.core.content.ContextCompat.getColorStateList(ContextCompat.java:557)
12-18 07:32:22.704  1000  2600  2600 W ResourcesCompat: 	at androidx.appcompat.content.res.AppCompatResources.getColorStateList(AppCompatResources.java:48)
12-18 07:32:22.704  1000  2600  2600 W ResourcesCompat: 	at com.google.android.material.resources.MaterialResources.getColorStateList(MaterialResources.java:65)
12-18 07:32:22.704  1000  2600  2600 W ResourcesCompat: 	at com.google.android.material.card.MaterialCardViewHelper.loadFromAttributes(MaterialCardViewHelper.java:178)
12-18 07:32:22.704  1000  2600  2600 W ResourcesCompat: 	at com.google.android.material.card.MaterialCardView.<init>(MaterialCardView.java:183)
12-18 07:32:22.704  1000  2600  2600 W ResourcesCompat: 	at com.google.android.material.card.MaterialCardView.<init>(MaterialCardView.java:160)
12-18 07:32:22.704  1000  2600  2600 W ResourcesCompat: 	at java.lang.reflect.Constructor.newInstance0(Native Method)
12-18 07:32:22.704  1000  2600  2600 W ResourcesCompat: 	at java.lang.reflect.Constructor.newInstance(Constructor.java:343)
12-18 07:32:22.704  1000  2600  2600 W ResourcesCompat: 	at android.view.LayoutInflater.createView(LayoutInflater.java:866)
12-18 07:32:22.704  1000  2600  2600 W ResourcesCompat: 	at android.view.LayoutInflater.createViewFromTag(LayoutInflater.java:1018)
12-18 07:32:22.704  1000  2600  2600 W ResourcesCompat: 	at android.view.LayoutInflater.parseInclude(LayoutInflater.java:1245)
12-18 07:32:22.704  1000  2600  2600 W ResourcesCompat: 	at android.view.LayoutInflater.rInflate(LayoutInflater.java:1131)
12-18 07:32:22.704  1000  2600  2600 W ResourcesCompat: 	at android.view.LayoutInflater.rInflateChildren(LayoutInflater.java:1096)
12-18 07:32:22.704  1000  2600  2600 W ResourcesCompat: 	at android.view.LayoutInflater.parseInclude(LayoutInflater.java:1275)
12-18 07:32:22.704  1000  2600  2600 W ResourcesCompat: 	at android.view.LayoutInflater.rInflate(LayoutInflater.java:1131)
12-18 07:32:22.704  1000  2600  2600 W ResourcesCompat: 	at android.view.LayoutInflater.rInflateChildren(LayoutInflater.java:1096)
12-18 07:32:22.704  1000  2600  2600 W ResourcesCompat: 	at android.view.LayoutInflater.rInflate(LayoutInflater.java:1138)
12-18 07:32:22.704  1000  2600  2600 W ResourcesCompat: 	at android.view.LayoutInflater.rInflateChildren(LayoutInflater.java:1096)
12-18 07:32:22.704  1000  2600  2600 W ResourcesCompat: 	at android.view.LayoutInflater.rInflate(LayoutInflater.java:1138)
12-18 07:32:22.704  1000  2600  2600 W ResourcesCompat: 	at android.view.LayoutInflater.rInflateChildren(LayoutInflater.java:1096)
12-18 07:32:22.704  1000  2600  2600 W ResourcesCompat: 	at android.view.LayoutInflater.inflate(LayoutInflater.java:694)
12-18 07:32:22.704  1000  2600  2600 W ResourcesCompat: 	at android.view.LayoutInflater.inflate(LayoutInflater.java:538)
12-18 07:32:22.704  1000  2600  2600 W ResourcesCompat: 	at android.view.LayoutInflater.inflate(LayoutInflater.java:485)
12-18 07:32:22.704  1000  2600  2600 W ResourcesCompat: 	at com.android.internal.policy.PhoneWindow.setContentView(PhoneWindow.java:475)
12-18 07:32:22.704  1000  2600  2600 W ResourcesCompat: 	at android.app.Activity.setContentView(Activity.java:3679)
12-18 07:32:22.704  1000  2600  2600 W ResourcesCompat: 	at androidx.activity.ComponentActivity.setContentView(ComponentActivity.java:464)
12-18 07:32:22.704  1000  2600  2600 W ResourcesCompat: 	at com.android.settings.homepage.SettingsHomepageActivity.onCreate(SettingsHomepageActivity.java:199)
12-18 07:32:22.704  1000  2600  2600 W ResourcesCompat: 	at android.app.Activity.performCreate(Activity.java:8595)
12-18 07:32:22.704  1000  2600  2600 W ResourcesCompat: 	at android.app.Activity.performCreate(Activity.java:8573)
12-18 07:32:22.704  1000  2600  2600 W ResourcesCompat: 	at android.app.Instrumentation.callActivityOnCreate(Instrumentation.java:1456)
12-18 07:32:22.704  1000  2600  2600 W ResourcesCompat: 	at android.app.ActivityThread.performLaunchActivity(ActivityThread.java:3764)
12-18 07:32:22.704  1000  2600  2600 W ResourcesCompat: 	at android.app.ActivityThread.handleLaunchActivity(ActivityThread.java:3922)
12-18 07:32:22.704  1000  2600  2600 W ResourcesCompat: 	at android.app.servertransaction.LaunchActivityItem.execute(LaunchActivityItem.java:103)
12-18 07:32:22.704  1000  2600  2600 W ResourcesCompat: 	at android.app.servertransaction.TransactionExecutor.executeCallbacks(TransactionExecutor.java:139)
12-18 07:32:22.704  1000  2600  2600 W ResourcesCompat: 	at android.app.servertransaction.TransactionExecutor.execute(TransactionExecutor.java:96)
12-18 07:32:22.704  1000  2600  2600 W ResourcesCompat: 	at android.app.ActivityThread$H.handleMessage(ActivityThread.java:2443)
12-18 07:32:22.704  1000  2600  2600 W ResourcesCompat: 	at android.os.Handler.dispatchMessage(Handler.java:106)
12-18 07:32:22.704  1000  2600  2600 W ResourcesCompat: 	at android.os.Looper.loopOnce(Looper.java:205)
12-18 07:32:22.704  1000  2600  2600 W ResourcesCompat: 	at android.os.Looper.loop(Looper.java:294)
12-18 07:32:22.704  1000  2600  2600 W ResourcesCompat: 	at android.app.ActivityThread.main(ActivityThread.java:8177)
12-18 07:32:22.704  1000  2600  2600 W ResourcesCompat: 	at java.lang.reflect.Method.invoke(Native Method)
12-18 07:32:22.704  1000  2600  2600 W ResourcesCompat: 	at com.android.internal.os.RuntimeInit$MethodAndArgsCaller.run(RuntimeInit.java:552)
12-18 07:32:22.704  1000  2600  2600 W ResourcesCompat: 	at com.android.internal.os.ZygoteInit.main(ZygoteInit.java:971)
12-18 07:32:22.705  1000  2600  2600 W ResourcesCompat: Failed to inflate ColorStateList, leaving it to the framework
12-18 07:32:22.705  1000  2600  2600 W ResourcesCompat: java.lang.UnsupportedOperationException: Failed to resolve attribute at index 0: TypedValue{t=0x2/d=0x7f040113 a=-1}, theme={InheritanceMap=[id=0x7f1403eacom.android.settings:style/Theme.Settings.Home, id=0x7f1403eccom.android.settings:style/Theme.Settings.HomeBase, id=0x7f1403edcom.android.settings:style/Theme.Settings.NoActionBar, id=0x7f1403e8com.android.settings:style/Theme.Settings, id=0x7f1403eecom.android.settings:style/Theme.SettingsBase, id=0x7f1403efcom.android.settings:style/Theme.SettingsBase_v31, id=0x1030223android:style/Theme.DeviceDefault.Settings, id=0x103012bandroid:style/Theme.DeviceDefault.Light, id=0x1030237android:style/Theme.Material.Light, id=0x103000candroid:style/Theme.Light, id=0x1030005android:style/Theme], Themes=[com.android.settings:style/Theme.Settings.Home, forced, android:style/Theme.DeviceDefault.Light.DarkActionBar, forced]}
12-18 07:32:22.705  1000  2600  2600 W ResourcesCompat: 	at android.content.res.TypedArray.getColor(TypedArray.java:529)
12-18 07:32:22.705  1000  2600  2600 W ResourcesCompat: 	at androidx.core.content.res.ColorStateListInflaterCompat.inflate(ColorStateListInflaterCompat.java:159)
12-18 07:32:22.705  1000  2600  2600 W ResourcesCompat: 	at androidx.core.content.res.ColorStateListInflaterCompat.createFromXmlInner(ColorStateListInflaterCompat.java:124)
12-18 07:32:22.705  1000  2600  2600 W ResourcesCompat: 	at androidx.core.content.res.ColorStateListInflaterCompat.createFromXml(ColorStateListInflaterCompat.java:103)
12-18 07:32:22.705  1000  2600  2600 W ResourcesCompat: 	at androidx.core.content.res.ResourcesCompat.inflateColorStateList(ResourcesCompat.java:262)
12-18 07:32:22.705  1000  2600  2600 W ResourcesCompat: 	at androidx.core.content.res.ResourcesCompat.getColorStateList(ResourcesCompat.java:236)
12-18 07:32:22.705  1000  2600  2600 W ResourcesCompat: 	at androidx.core.content.ContextCompat.getColorStateList(ContextCompat.java:557)
12-18 07:32:22.705  1000  2600  2600 W ResourcesCompat: 	at androidx.appcompat.content.res.AppCompatResources.getColorStateList(AppCompatResources.java:48)
12-18 07:32:22.705  1000  2600  2600 W ResourcesCompat: 	at com.google.android.material.resources.MaterialResources.getColorStateList(MaterialResources.java:65)
12-18 07:32:22.705  1000  2600  2600 W ResourcesCompat: 	at com.google.android.material.card.MaterialCardViewHelper.loadFromAttributes(MaterialCardViewHelper.java:187)
12-18 07:32:22.705  1000  2600  2600 W ResourcesCompat: 	at com.google.android.material.card.MaterialCardView.<init>(MaterialCardView.java:183)
12-18 07:32:22.705  1000  2600  2600 W ResourcesCompat: 	at com.google.android.material.card.MaterialCardView.<init>(MaterialCardView.java:160)
12-18 07:32:22.705  1000  2600  2600 W ResourcesCompat: 	at java.lang.reflect.Constructor.newInstance0(Native Method)
12-18 07:32:22.705  1000  2600  2600 W ResourcesCompat: 	at java.lang.reflect.Constructor.newInstance(Constructor.java:343)
12-18 07:32:22.705  1000  2600  2600 W ResourcesCompat: 	at android.view.LayoutInflater.createView(LayoutInflater.java:866)
12-18 07:32:22.705  1000  2600  2600 W ResourcesCompat: 	at android.view.LayoutInflater.createViewFromTag(LayoutInflater.java:1018)
12-18 07:32:22.705  1000  2600  2600 W ResourcesCompat: 	at android.view.LayoutInflater.parseInclude(LayoutInflater.java:1245)
12-18 07:32:22.705  1000  2600  2600 W ResourcesCompat: 	at android.view.LayoutInflater.rInflate(LayoutInflater.java:1131)
12-18 07:32:22.705  1000  2600  2600 W ResourcesCompat: 	at android.view.LayoutInflater.rInflateChildren(LayoutInflater.java:1096)
12-18 07:32:22.705  1000  2600  2600 W ResourcesCompat: 	at android.view.LayoutInflater.parseInclude(LayoutInflater.java:1275)
12-18 07:32:22.705  1000  2600  2600 W ResourcesCompat: 	at android.view.LayoutInflater.rInflate(LayoutInflater.java:1131)
12-18 07:32:22.705  1000  2600  2600 W ResourcesCompat: 	at android.view.LayoutInflater.rInflateChildren(LayoutInflater.java:1096)
12-18 07:32:22.705  1000  2600  2600 W ResourcesCompat: 	at android.view.LayoutInflater.rInflate(LayoutInflater.java:1138)
12-18 07:32:22.705  1000  2600  2600 W ResourcesCompat: 	at android.view.LayoutInflater.rInflateChildren(LayoutInflater.java:1096)
12-18 07:32:22.705  1000  2600  2600 W ResourcesCompat: 	at android.view.LayoutInflater.rInflate(LayoutInflater.java:1138)
12-18 07:32:22.705  1000  2600  2600 W ResourcesCompat: 	at android.view.LayoutInflater.rInflateChildren(LayoutInflater.java:1096)
12-18 07:32:22.705  1000  2600  2600 W ResourcesCompat: 	at android.view.LayoutInflater.inflate(LayoutInflater.java:694)
12-18 07:32:22.705  1000  2600  2600 W ResourcesCompat: 	at android.view.LayoutInflater.inflate(LayoutInflater.java:538)
12-18 07:32:22.705  1000  2600  2600 W ResourcesCompat: 	at android.view.LayoutInflater.inflate(LayoutInflater.java:485)
12-18 07:32:22.705  1000  2600  2600 W ResourcesCompat: 	at com.android.internal.policy.PhoneWindow.setContentView(PhoneWindow.java:475)
12-18 07:32:22.705  1000  2600  2600 W ResourcesCompat: 	at android.app.Activity.setContentView(Activity.java:3679)
12-18 07:32:22.705  1000  2600  2600 W ResourcesCompat: 	at androidx.activity.ComponentActivity.setContentView(ComponentActivity.java:464)
12-18 07:32:22.705  1000  2600  2600 W ResourcesCompat: 	at com.android.settings.homepage.SettingsHomepageActivity.onCreate(SettingsHomepageActivity.java:199)
12-18 07:32:22.705  1000  2600  2600 W ResourcesCompat: 	at android.app.Activity.performCreate(Activity.java:8595)
12-18 07:32:22.705  1000  2600  2600 W ResourcesCompat: 	at android.app.Activity.performCreate(Activity.java:8573)
12-18 07:32:22.705  1000  2600  2600 W ResourcesCompat: 	at android.app.Instrumentation.callActivityOnCreate(Instrumentation.java:1456)
12-18 07:32:22.705  1000  2600  2600 W ResourcesCompat: 	at android.app.ActivityThread.performLaunchActivity(ActivityThread.java:3764)
12-18 07:32:22.705  1000  2600  2600 W ResourcesCompat: 	at android.app.ActivityThread.handleLaunchActivity(ActivityThread.java:3922)
12-18 07:32:22.705  1000  2600  2600 W ResourcesCompat: 	at android.app.servertransaction.LaunchActivityItem.execute(LaunchActivityItem.java:103)
12-18 07:32:22.705  1000  2600  2600 W ResourcesCompat: 	at android.app.servertransaction.TransactionExecutor.executeCallbacks(TransactionExecutor.java:139)
12-18 07:32:22.705  1000  2600  2600 W ResourcesCompat: 	at android.app.servertransaction.TransactionExecutor.execute(TransactionExecutor.java:96)
12-18 07:32:22.705  1000  2600  2600 W ResourcesCompat: 	at android.app.ActivityThread$H.handleMessage(ActivityThread.java:2443)
12-18 07:32:22.705  1000  2600  2600 W ResourcesCompat: 	at android.os.Handler.dispatchMessage(Handler.java:106)
12-18 07:32:22.705  1000  2600  2600 W ResourcesCompat: 	at android.os.Looper.loopOnce(Looper.java:205)
12-18 07:32:22.705  1000  2600  2600 W ResourcesCompat: 	at android.os.Looper.loop(Looper.java:294)
12-18 07:32:22.705  1000  2600  2600 W ResourcesCompat: 	at android.app.ActivityThread.main(ActivityThread.java:8177)
12-18 07:32:22.705  1000  2600  2600 W ResourcesCompat: 	at java.lang.reflect.Method.invoke(Native Method)
12-18 07:32:22.705  1000  2600  2600 W ResourcesCompat: 	at com.android.internal.os.RuntimeInit$MethodAndArgsCaller.run(RuntimeInit.java:552)
12-18 07:32:22.705  1000  2600  2600 W ResourcesCompat: 	at com.android.internal.os.ZygoteInit.main(ZygoteInit.java:971)
12-18 07:32:22.707  1000  2600  2600 D ActivityEmbeddingUtils: isEmbeddingActivityEnabled = true
12-18 07:32:22.713 10054  2659  2659 D b/260135164: updateIconAlphaForHome - setIconsAlpha(1), isTaskbarPresent: true
12-18 07:32:22.715  1000  2600  2600 E Settings: Error while retrieving application info for package com.android.settings.intelligence
12-18 07:32:22.715  1000  2600  2600 E Settings: android.content.pm.PackageManager$NameNotFoundException: com.android.settings.intelligence
12-18 07:32:22.715  1000  2600  2600 E Settings: 	at android.app.ApplicationPackageManager.getApplicationInfoAsUser(ApplicationPackageManager.java:507)
12-18 07:32:22.715  1000  2600  2600 E Settings: 	at android.app.ApplicationPackageManager.getApplicationInfo(ApplicationPackageManager.java:490)
12-18 07:32:22.715  1000  2600  2600 E Settings: 	at android.app.ApplicationPackageManager.getApplicationInfo(ApplicationPackageManager.java:484)
12-18 07:32:22.715  1000  2600  2600 E Settings: 	at com.android.settings.Utils.isPackageEnabled(Utils.java:1110)
12-18 07:32:22.715  1000  2600  2600 E Settings: 	at com.android.settings.search.SearchFeatureProvider.initSearchToolbar(SearchFeatureProvider.java:89)
12-18 07:32:22.715  1000  2600  2600 E Settings: 	at com.android.settings.homepage.SettingsHomepageActivity.initSearchBarView(SettingsHomepageActivity.java:344)
12-18 07:32:22.715  1000  2600  2600 E Settings: 	at com.android.settings.homepage.SettingsHomepageActivity.onCreate(SettingsHomepageActivity.java:209)
12-18 07:32:22.715  1000  2600  2600 E Settings: 	at android.app.Activity.performCreate(Activity.java:8595)
12-18 07:32:22.715  1000  2600  2600 E Settings: 	at android.app.Activity.performCreate(Activity.java:8573)
12-18 07:32:22.715  1000  2600  2600 E Settings: 	at android.app.Instrumentation.callActivityOnCreate(Instrumentation.java:1456)
12-18 07:32:22.715  1000  2600  2600 E Settings: 	at android.app.ActivityThread.performLaunchActivity(ActivityThread.java:3764)
12-18 07:32:22.715  1000  2600  2600 E Settings: 	at android.app.ActivityThread.handleLaunchActivity(ActivityThread.java:3922)
12-18 07:32:22.715  1000  2600  2600 E Settings: 	at android.app.servertransaction.LaunchActivityItem.execute(LaunchActivityItem.java:103)
12-18 07:32:22.715  1000  2600  2600 E Settings: 	at android.app.servertransaction.TransactionExecutor.executeCallbacks(TransactionExecutor.java:139)
12-18 07:32:22.715  1000  2600  2600 E Settings: 	at android.app.servertransaction.TransactionExecutor.execute(TransactionExecutor.java:96)
12-18 07:32:22.715  1000  2600  2600 E Settings: 	at android.app.ActivityThread$H.handleMessage(ActivityThread.java:2443)
12-18 07:32:22.715  1000  2600  2600 E Settings: 	at android.os.Handler.dispatchMessage(Handler.java:106)
12-18 07:32:22.715  1000  2600  2600 E Settings: 	at android.os.Looper.loopOnce(Looper.java:205)
12-18 07:32:22.715  1000  2600  2600 E Settings: 	at android.os.Looper.loop(Looper.java:294)
12-18 07:32:22.715  1000  2600  2600 E Settings: 	at android.app.ActivityThread.main(ActivityThread.java:8177)
12-18 07:32:22.715  1000  2600  2600 E Settings: 	at java.lang.reflect.Method.invoke(Native Method)
12-18 07:32:22.715  1000  2600  2600 E Settings: 	at com.android.internal.os.RuntimeInit$MethodAndArgsCaller.run(RuntimeInit.java:552)
12-18 07:32:22.715  1000  2600  2600 E Settings: 	at com.android.internal.os.ZygoteInit.main(ZygoteInit.java:971)
12-18 07:32:22.716  1000  2600  2600 E Settings: Error while retrieving application info for package com.android.settings.intelligence
12-18 07:32:22.716  1000  2600  2600 E Settings: android.content.pm.PackageManager$NameNotFoundException: com.android.settings.intelligence
12-18 07:32:22.716  1000  2600  2600 E Settings: 	at android.app.ApplicationPackageManager.getApplicationInfoAsUser(ApplicationPackageManager.java:507)
12-18 07:32:22.716  1000  2600  2600 E Settings: 	at android.app.ApplicationPackageManager.getApplicationInfo(ApplicationPackageManager.java:490)
12-18 07:32:22.716  1000  2600  2600 E Settings: 	at android.app.ApplicationPackageManager.getApplicationInfo(ApplicationPackageManager.java:484)
12-18 07:32:22.716  1000  2600  2600 E Settings: 	at com.android.settings.Utils.isPackageEnabled(Utils.java:1110)
12-18 07:32:22.716  1000  2600  2600 E Settings: 	at com.android.settings.search.SearchFeatureProvider.initSearchToolbar(SearchFeatureProvider.java:89)
12-18 07:32:22.716  1000  2600  2600 E Settings: 	at com.android.settings.homepage.SettingsHomepageActivity.initSearchBarView(SettingsHomepageActivity.java:349)
12-18 07:32:22.716  1000  2600  2600 E Settings: 	at com.android.settings.homepage.SettingsHomepageActivity.onCreate(SettingsHomepageActivity.java:209)
12-18 07:32:22.716  1000  2600  2600 E Settings: 	at android.app.Activity.performCreate(Activity.java:8595)
12-18 07:32:22.716  1000  2600  2600 E Settings: 	at android.app.Activity.performCreate(Activity.java:8573)
12-18 07:32:22.716  1000  2600  2600 E Settings: 	at android.app.Instrumentation.callActivityOnCreate(Instrumentation.java:1456)
12-18 07:32:22.716  1000  2600  2600 E Settings: 	at android.app.ActivityThread.performLaunchActivity(ActivityThread.java:3764)
12-18 07:32:22.716  1000  2600  2600 E Settings: 	at android.app.ActivityThread.handleLaunchActivity(ActivityThread.java:3922)
12-18 07:32:22.716  1000  2600  2600 E Settings: 	at android.app.servertransaction.LaunchActivityItem.execute(LaunchActivityItem.java:103)
12-18 07:32:22.716  1000  2600  2600 E Settings: 	at android.app.servertransaction.TransactionExecutor.executeCallbacks(TransactionExecutor.java:139)
12-18 07:32:22.716  1000  2600  2600 E Settings: 	at android.app.servertransaction.TransactionExecutor.execute(TransactionExecutor.java:96)
12-18 07:32:22.716  1000  2600  2600 E Settings: 	at android.app.ActivityThread$H.handleMessage(ActivityThread.java:2443)
12-18 07:32:22.716  1000  2600  2600 E Settings: 	at android.os.Handler.dispatchMessage(Handler.java:106)
12-18 07:32:22.716  1000  2600  2600 E Settings: 	at android.os.Looper.loopOnce(Looper.java:205)
12-18 07:32:22.716  1000  2600  2600 E Settings: 	at android.os.Looper.loop(Looper.java:294)
12-18 07:32:22.716  1000  2600  2600 E Settings: 	at android.app.ActivityThread.main(ActivityThread.java:8177)
12-18 07:32:22.716  1000  2600  2600 E Settings: 	at java.lang.reflect.Method.invoke(Native Method)
12-18 07:32:22.716  1000  2600  2600 E Settings: 	at com.android.internal.os.RuntimeInit$MethodAndArgsCaller.run(RuntimeInit.java:552)
12-18 07:32:22.716  1000  2600  2600 E Settings: 	at com.android.internal.os.ZygoteInit.main(ZygoteInit.java:971)
12-18 07:32:22.716  root  1138  1138 E ANDR-PERF-MPCTL: ANDR-PERF-MPCTL: internal_perf_lock_acq_verification() 386: Perflock Submit request limit reached.
12-18 07:32:22.718  1000  2600  2600 D AvatarViewMixin: Feature disabled by config. Skipping
12-18 07:32:22.722  1000  2600  2600 I wm_on_create_called: [161637224,com.android.settings.Settings,performCreate,70]
12-18 07:32:22.730  1000  1855  2410 W ActivityTaskManager: setResumedActivity on non-leaf task fragment Task{ede3381 #8 type=standard A=1000:com.android.settings.root}
12-18 07:32:22.731  1000  1855  2410 I wm_set_resumed_activity: [0,com.android.settings/.Settings,onParentChanged]
12-18 07:32:22.734  1000  1855  2410 I wm_task_moved: [8,8,0,1,2]
12-18 07:32:22.734  1000  1855  2410 I wm_create_activity: [0,243594859,8,com.android.settings/.Settings$NetworkDashboardActivity,NULL,NULL,NULL,0]
12-18 07:32:22.735  1000  1855  2410 I wm_restart_activity: [0,243594859,8,com.android.settings/.Settings$NetworkDashboardActivity]
12-18 07:32:22.735 10054  2659  2659 D b/260135164: updateIconAlphaForHome - setIconsAlpha(1), isTaskbarPresent: true
12-18 07:32:22.735  1000  1855  2410 I wm_set_resumed_activity: [0,com.android.settings/.Settings$NetworkDashboardActivity,minimalResumeActivityLocked - onActivityStateChanged]
12-18 07:32:22.736  1000  1855  2410 I ActivityTaskManager: START u0 {cmp=com.android.settings/.Settings$NetworkDashboardActivity (has extras)} with LAUNCH_MULTIPLE from uid 1000 (BAL_ALLOW_ALLOWLISTED_UID) result code=0
12-18 07:32:22.739  root  1138  1138 E ANDR-PERF-MPCTL: ANDR-PERF-MPCTL: internal_perf_lock_acq_verification() 386: Perflock Submit request limit reached.
12-18 07:32:22.740 10057  2356  2403 V WindowManagerShell: Transition requested: android.os.BinderProxy@678352e TransitionRequestInfo { type = OPEN, triggerTask = null, remoteTransition = null, displayChange = null }
12-18 07:32:22.749  1041  1179  1798 D audioserver: FGS Logger Transaction failed
12-18 07:32:22.749  1041  1179  1798 D audioserver: -129
12-18 07:32:22.752  1041  1066  1140 V DlbVolumeListener: effectCommand
12-18 07:32:22.752  1041  1066  1140 V DlbVolumeListener: effectCommand :: Command EFFECT_CMD_DISABLE
12-18 07:32:22.752  1000  2600  2600 D PrefCtrlListHelper: Could not find Context-only controller for pref: com.android.settings.network.TopLevelNetworkEntryPreferenceController
12-18 07:32:22.752  1041  1066  2302 V DlbVolumeListener: release(handle=0xb400007d92415530)
12-18 07:32:22.753  1041  1179  1476 W audioserver: Binder 0xb4000074aab95178 destroyed after setMinSchedulerPolicy before being parceled.
12-18 07:32:22.754  1000  2600  2600 D PrefCtrlListHelper: Could not find Context-only controller for pref: com.android.settings.communal.CommunalPreferenceController
12-18 07:32:22.754  1000  2600  2600 D PrefCtrlListHelper: Could not find Context-only controller for pref: com.android.settings.connecteddevice.TopLevelConnectedDevicesPreferenceController
12-18 07:32:22.754  1000  2600  2600 D PrefCtrlListHelper: Could not find Context-only controller for pref: com.android.settings.fuelgauge.TopLevelBatteryPreferenceController
12-18 07:32:22.754  1000  2600  2600 D PrefCtrlListHelper: Could not find Context-only controller for pref: com.android.settings.deviceinfo.TopLevelStoragePreferenceController
12-18 07:32:22.754  1000  2600  2600 D PrefCtrlListHelper: Could not find Context-only controller for pref: com.android.settings.display.TopLevelDisplayPreferenceController
12-18 07:32:22.755  1000  2600  2600 D PrefCtrlListHelper: Could not find Context-only controller for pref: com.android.settings.display.TopLevelWallpaperPreferenceController
12-18 07:32:22.755  1000  2600  2600 D PrefCtrlListHelper: Could not find Context-only controller for pref: com.android.settings.accessibility.TopLevelAccessibilityPreferenceController
12-18 07:32:22.755  1000  2600  2600 D PrefCtrlListHelper: Could not find Context-only controller for pref: com.android.settings.safetycenter.TopLevelSafetyCenterEntryPreferenceController
12-18 07:32:22.755  1000  2600  2600 D PrefCtrlListHelper: Could not find Context-only controller for pref: com.android.settings.security.TopLevelSecurityEntryPreferenceController
12-18 07:32:22.755  1000  2600  2600 D PrefCtrlListHelper: Could not find Context-only controller for pref: com.android.settings.privacy.TopLevelPrivacyEntryPreferenceController
12-18 07:32:22.756  1000  2600  2600 D PrefCtrlListHelper: Could not find Context-only controller for pref: com.android.settings.location.TopLevelLocationPreferenceController
12-18 07:32:22.756  1000  2600  2600 D PrefCtrlListHelper: Could not find Context-only controller for pref: com.android.settings.accounts.TopLevelAccountEntryPreferenceController
12-18 07:32:22.757  1000  2600  2600 D PrefCtrlListHelper: Could not find Context-only controller for pref: com.android.settings.deviceinfo.aboutphone.TopLevelAboutDevicePreferenceController
12-18 07:32:22.757  1000  2600  2600 D PrefCtrlListHelper: Could not find Context-only controller for pref: com.android.settings.support.SupportPreferenceController
12-18 07:32:22.758  1000  2600  2600 D HighlightableMenu: parsing highlightable menu from xml
12-18 07:32:22.758 10054  2659  2659 D b/260135164: updateIconAlphaForHome - setIconsAlpha(1), isTaskbarPresent: true
12-18 07:32:22.761  root  1138  1138 E ANDR-PERF-MPCTL: ANDR-PERF-MPCTL: internal_perf_lock_acq_verification() 386: Perflock Submit request limit reached.
12-18 07:32:22.763  1000  1855  2410 E UserRestrictionsUtils: Unknown restriction queried by uid 1000 (com.android.providers.settings et al): null
12-18 07:32:22.764  1000  2600  2600 W InstrumentedPrefFrag: Screen title missing for fragment com.android.settings.homepage.TopLevelSettings
12-18 07:32:22.766  1000  2600  2600 D ActivityEmbeddingUtils: isEmbeddingActivityEnabled = true
12-18 07:32:22.766  1000  2600  2600 D ActivityEmbeddingUtils: isEmbeddingActivityEnabled = true
12-18 07:32:22.766  1000  2600  2600 D ActivityEmbeddingUtils: isEmbeddingActivityEnabled = true
12-18 07:32:22.767  1000  2600  2600 D ActivityEmbeddingUtils: isEmbeddingActivityEnabled = true
12-18 07:32:22.768  1000  2600  2600 D ActivityEmbeddingUtils: isEmbeddingActivityEnabled = true
12-18 07:32:22.768  1000  2600  2600 D ActivityEmbeddingUtils: isEmbeddingActivityEnabled = true
12-18 07:32:22.777  1000  2600  2600 D TopLevelSettings: NO dashboard tiles for TopLevelSettings
12-18 07:32:22.777  1000  2600  2600 D TopLevelSettings: All preferences added, reporting fully drawn
12-18 07:32:22.779 10054  2659  2659 D b/260135164: updateIconAlphaForHome - setIconsAlpha(1), isTaskbarPresent: true
12-18 07:32:22.784  root  1138  1138 E ANDR-PERF-MPCTL: ANDR-PERF-MPCTL: internal_perf_lock_acq_verification() 386: Perflock Submit request limit reached.
12-18 07:32:22.785  1000  2600  2600 D ActivityEmbeddingUtils: isEmbeddingActivityEnabled = true
12-18 07:32:22.801  1000  2600  2600 D TopLevelHighlightMixin: Menu key: top_level_network
12-18 07:32:22.801  1000  2600  2600 D TopLevelHighlightMixin: onCreateAdapter, pref key: top_level_network
12-18 07:32:22.802 10054  2659  2659 D b/260135164: updateIconAlphaForHome - setIconsAlpha(1), isTaskbarPresent: true
12-18 07:32:22.804  1000  2600  2600 D HighlightableTopLevelAdapter: Highlight needed change: true
12-18 07:32:22.805  root  1138  1138 E ANDR-PERF-MPCTL: ANDR-PERF-MPCTL: internal_perf_lock_acq_verification() 386: Perflock Submit request limit reached.
12-18 07:32:22.810  1000  2600  2600 D BatteryBroadcastRcvr: updateBatteryStatus: action=android.intent.action.BATTERY_CHANGED
12-18 07:32:22.811  1000  2600  2600 D BatteryBroadcastRcvr: Battery changed: level: 99%| status: Charging slowly| chargingStatus: 0| health: 2
12-18 07:32:22.811  1000  2600  2600 D TopLvBatteryPrefControl: onBatteryChanged: type=0
12-18 07:32:22.813  1000  2600  2600 I wm_on_start_called: [161637224,com.android.settings.Settings,handleStartActivity,72]
12-18 07:32:22.814  1000  2600  2600 I snet_event_log: [120484087,-1,]
12-18 07:32:22.815  1000  2600  2600 I wm_on_resume_called: [161637224,com.android.settings.Settings,RESUME_ACTIVITY,0]
12-18 07:32:22.816  1000  2600  2600 W ElapsedTimeUtils: getElapsedTime: sSuwFinishedTimeStamp is null
12-18 07:32:22.817 radio  2588  2588 E RILJ    : getRadioServiceProxy: MODEM for slot1 is disabled [PHONE0]
12-18 07:32:22.817 radio  2588  2588 E RILJ    : getRadioServiceProxy: serviceProxy == null [PHONE0]
12-18 07:32:22.817 radio  2588  2588 E PhoneInterfaceManager: queryModemActivityInfo: Empty response
12-18 07:32:22.817  1000  1855  2406 W BatteryExternalStatsWorker: error reading modem stats:ERROR_INVALID_INFO_RECEIVED
12-18 07:32:22.818  1000  2600  2600 I sysui_multi_action: [757,35,758,1,833,0,1089,73]
12-18 07:32:22.818  1002  1068  2829 D bt_vendor: op for 7
12-18 07:32:22.818  1002  1068  2829 E bt_hwcfg: hw_lpm_set_wake_state state 2
12-18 07:32:22.818  1002  1068  2829 E bt_upio : BtWrite enable(1)
12-18 07:32:22.824 10054  2659  2659 D b/260135164: updateIconAlphaForHome - setIconsAlpha(1), isTaskbarPresent: true
12-18 07:32:22.828  root  1138  1138 E ANDR-PERF-MPCTL: ANDR-PERF-MPCTL: internal_perf_lock_acq_verification() 386: Perflock Submit request limit reached.
12-18 07:32:22.831  1000  2600  2600 D CompatibilityChangeReporter: Compat change id reported: 263076149; UID 1000; state: ENABLED
12-18 07:32:22.836  1000  2600  2600 D CategoryMixin: Skip categories update
12-18 07:32:22.840  1000  2600  2600 I wm_on_top_resumed_gained_called: [161637224,com.android.settings.Settings,topStateChangedWhenResumed]
12-18 07:32:22.840  1000  2600  2600 I wm_on_top_resumed_lost_called: [161637224,com.android.settings.Settings,topStateChangedWhenResumed]
12-18 07:32:22.845  1000  2600  2600 D ActivityEmbeddingUtils: isEmbeddingActivityEnabled = true
12-18 07:32:22.846 10054  2659  2659 D b/260135164: updateIconAlphaForHome - setIconsAlpha(1), isTaskbarPresent: true
12-18 07:32:22.849  root  1138  1138 E ANDR-PERF-MPCTL: ANDR-PERF-MPCTL: internal_perf_lock_acq_verification() 386: Perflock Submit request limit reached.
12-18 07:32:22.853  1000   778  1815 E android.system.suspend-service: Error opening kernel wakelock stats for: wakeup7 (../../devices/platform/soc/4ac0000.qcom,qupv3_0_geni_se/4a80000.i2c/i2c-0/0-0055/power_supply/mm8013c10-0/wakeup7): Permission denied
12-18 07:32:22.847  1000   778   778 I auditd  : type=1400 audit(0.0:472): avc:  denied  { read } for  comm="binder:778_4" name="wakeup7" dev="sysfs" ino=69027 scontext=u:r:system_suspend:s0 tcontext=u:object_r:sysfs:s0 tclass=dir permissive=0
12-18 07:32:22.853  1000   778  1815 E android.system.suspend-service: Error opening kernel wakelock stats for: wakeup12 (../../devices/platform/soc/4ac0000.qcom,qupv3_0_geni_se/4a84000.i2c/i2c-1/1-006b/power_supply/sgm41513/wakeup12): Permission denied
12-18 07:32:22.847  1000   778   778 W binder:778_4: type=1400 audit(0.0:472): avc:  denied  { read } for  name="wakeup7" dev="sysfs" ino=69027 scontext=u:r:system_suspend:s0 tcontext=u:object_r:sysfs:s0 tclass=dir permissive=0
12-18 07:32:22.847  1000   778   778 I auditd  : type=1400 audit(0.0:473): avc:  denied  { read } for  comm="binder:778_4" name="wakeup12" dev="sysfs" ino=74083 scontext=u:r:system_suspend:s0 tcontext=u:object_r:sysfs:s0 tclass=dir permissive=0
12-18 07:32:22.847  1000   778   778 W binder:778_4: type=1400 audit(0.0:473): avc:  denied  { read } for  name="wakeup12" dev="sysfs" ino=74083 scontext=u:r:system_suspend:s0 tcontext=u:object_r:sysfs:s0 tclass=dir permissive=0
12-18 07:32:22.864  1000  2600  2600 D SettingsActivity: Starting onCreate
12-18 07:32:22.869 10054  2659  2659 D b/260135164: updateIconAlphaForHome - setIconsAlpha(1), isTaskbarPresent: true
12-18 07:32:22.872  root  1138  1138 E ANDR-PERF-MPCTL: ANDR-PERF-MPCTL: internal_perf_lock_acq_verification() 386: Perflock Submit request limit reached.
12-18 07:32:22.873  1000  2600  2683 D BatteryInfo: time for getStats: 0ms
12-18 07:32:22.874  1000  2600  2683 D BatteryInfo: time for regular BatteryInfo: 1ms
12-18 07:32:22.874  1000  2600  2683 D BatteryInfo: time for getBatteryInfo: 0ms
12-18 07:32:22.883  1000  2600  2600 D SettingsActivity: Starting to set activity title
12-18 07:32:22.883  1000  2600  2600 D SettingsActivity: Done setting title
12-18 07:32:22.883  1000  2600  2600 D SettingsActivity: Switching to fragment com.android.settings.network.NetworkDashboardFragment
12-18 07:32:22.891 10054  2659  2659 D b/260135164: updateIconAlphaForHome - setIconsAlpha(1), isTaskbarPresent: true
12-18 07:32:22.895  root  1138  1138 E ANDR-PERF-MPCTL: ANDR-PERF-MPCTL: internal_perf_lock_acq_verification() 386: Perflock Submit request limit reached.
12-18 07:32:22.913  1000  2600  2600 D MobileNetworkDatabase: createDatabase.
12-18 07:32:22.913 10054  2659  2659 D b/260135164: updateIconAlphaForHome - setIconsAlpha(1), isTaskbarPresent: true
12-18 07:32:22.914  1000  2600  2600 W SettingsMetricsFeature: action(Pair<Integer, Object>... taggedData) is deprecated, Use action(int, int, int, String, int) instead.
12-18 07:32:22.914  1000  2600  2600 W ElapsedTimeUtils: getElapsedTime: sSuwFinishedTimeStamp is null
12-18 07:32:22.914  1000  2600  2600 I sysui_multi_action: [757,1964,758,4]
12-18 07:32:22.917  root  1138  1138 E ANDR-PERF-MPCTL: ANDR-PERF-MPCTL: internal_perf_lock_acq_verification() 386: Perflock Submit request limit reached.
12-18 07:32:22.918  1000  2600  2600 I TetheringManager: registerTetheringEventCallback:com.android.settings
12-18 07:32:22.919  1000  2600  2600 W ContextImpl: Calling a method in the system process without a qualified user: android.app.ContextImpl.startService:1899 android.content.ContextWrapper.startService:825 com.android.settings.network.NetworkDashboardFragment.buildPreferenceControllers:130 com.android.settings.network.NetworkDashboardFragment.createPreferenceControllers:91 com.android.settings.dashboard.DashboardFragment.onAttach:97 
12-18 07:32:22.922  1000  2600  2600 D PrefCtrlListHelper: Could not find Context-only controller for pref: com.android.settings.network.AirplaneModePreferenceController
12-18 07:32:22.923  1000  2600  2600 D PrefCtrlListHelper: Could not find Context-only controller for pref: com.android.settings.network.AllInOneTetherPreferenceController
12-18 07:32:22.923  1000  2600  2600 D PrefCtrlListHelper: Could not find Context-only controller for pref: com.android.settings.network.AdaptiveConnectivityPreferenceController
12-18 07:32:22.924  1000  2600  2600 D MobilePlanPrefContr: onCreate: mMobilePlanDialogMessage=null
12-18 07:32:22.926  1000  2600  2600 D BluetoothPan: Binding service...
12-18 07:32:22.926  1000  1855  1968 W BluetoothManagerService: Cannot bind profile: 5, not in supported profiles list
12-18 07:32:22.927  1000  2600  2600 D BluetoothPan: Binding service...
12-18 07:32:22.927  1000  1855  1968 W BluetoothManagerService: Cannot bind profile: 5, not in supported profiles list
12-18 07:32:22.929  1000  2600  2600 D SettingsActivity: MetricsCategory is 746
12-18 07:32:22.929  1000  1855  2406 E UserRestrictionsUtils: Unknown restriction queried by uid 1000 (com.android.providers.settings et al): null
12-18 07:32:22.930  1000  1855  2443 E UserRestrictionsUtils: Unknown restriction queried by uid 1000 (com.android.providers.settings et al): null
12-18 07:32:22.937 10054  2659  2659 D b/260135164: updateIconAlphaForHome - setIconsAlpha(1), isTaskbarPresent: true
12-18 07:32:22.938  root  1138  1138 E ANDR-PERF-MPCTL: ANDR-PERF-MPCTL: internal_perf_lock_acq_verification() 386: Perflock Submit request limit reached.
12-18 07:32:22.941  1000  2600  2600 D NetworkDashboardFrag: NO dashboard tiles for NetworkDashboardFrag
12-18 07:32:22.941  1000  2600  2600 D NetworkDashboardFrag: All preferences added, reporting fully drawn
12-18 07:32:22.944  1000  2600  2600 D SettingsActivity: Executed frag manager pendingTransactions
12-18 07:32:22.945  1000  2600  2600 D SettingsActivity: MetricsCategory is 746
12-18 07:32:22.945  1000  2600  2600 I wm_on_create_called: [243594859,com.android.settings.Settings$NetworkDashboardActivity,performCreate,100]
12-18 07:32:22.947  1000  1855  1990 I commit_sys_config_file: [settings-2-0,10]
12-18 07:32:22.957 10054  2659  2659 D b/260135164: updateIconAlphaForHome - setIconsAlpha(1), isTaskbarPresent: true
12-18 07:32:22.961  1000  1855  3416 D ConnectivityService: requestNetwork for uid/pid:1000/2600 activeRequest: null callbackRequest: 53 [NetworkRequest [ REQUEST id=54, [ Capabilities: INTERNET&NOT_RESTRICTED&TRUSTED&NOT_VCN_MANAGED Uid: 1000 RequestorUid: 1000 RequestorPkg: com.android.settings UnderlyingNetworks: Null] ]] callback flags: 0 order: 2147483647
12-18 07:32:22.961  root  1138  1138 E ANDR-PERF-MPCTL: ANDR-PERF-MPCTL: internal_perf_lock_acq_verification() 386: Perflock Submit request limit reached.
12-18 07:32:22.964  1000  2600  2600 D CompatibilityChangeReporter: Compat change id reported: 147600208; UID 1000; state: ENABLED
12-18 07:32:22.965  1000  1855  2282 D WifiNetworkFactory: got request NetworkRequest [ REQUEST id=54, [ Capabilities: INTERNET&NOT_RESTRICTED&TRUSTED&NOT_VCN_MANAGED Uid: 1000 RequestorUid: 1000 RequestorPkg: com.android.settings UnderlyingNetworks: Null] ]
12-18 07:32:22.965  1000  1855  2282 D UntrustedWifiNetworkFactory: got request NetworkRequest [ REQUEST id=54, [ Capabilities: INTERNET&NOT_RESTRICTED&TRUSTED&NOT_VCN_MANAGED Uid: 1000 RequestorUid: 1000 RequestorPkg: com.android.settings UnderlyingNetworks: Null] ]
12-18 07:32:22.965  1000  1855  2290 D ConnectivityService: NetReassign [no changes] [c 0] [a 0] [i 3]
12-18 07:32:22.965  1000  1855  2282 D OemPaidWifiNetworkFactory: got request NetworkRequest [ REQUEST id=54, [ Capabilities: INTERNET&NOT_RESTRICTED&TRUSTED&NOT_VCN_MANAGED Uid: 1000 RequestorUid: 1000 RequestorPkg: com.android.settings UnderlyingNetworks: Null] ]
12-18 07:32:22.966  1000  1855  2282 D MultiInternetWifiNetworkFactory: got request NetworkRequest [ REQUEST id=54, [ Capabilities: INTERNET&NOT_RESTRICTED&TRUSTED&NOT_VCN_MANAGED Uid: 1000 RequestorUid: 1000 RequestorPkg: com.android.settings UnderlyingNetworks: Null] ]
12-18 07:32:22.966  1000  2600  2600 I TetheringManager: registerTetheringEventCallback caller:com.android.settings
12-18 07:32:22.966 radio  2588  2588 D TelephonyNetworkFactory[0]: got request NetworkRequest [ REQUEST id=54, [ Capabilities: INTERNET&NOT_RESTRICTED&TRUSTED&NOT_VCN_MANAGED Uid: 1000 RequestorUid: 1000 RequestorPkg: com.android.settings UnderlyingNetworks: Null] ]
12-18 07:32:22.967  1000  2600  2600 I wm_on_start_called: [243594859,com.android.settings.Settings$NetworkDashboardActivity,handleStartActivity,20]
12-18 07:32:22.968  1000  2600  2600 I snet_event_log: [120484087,-1,]
12-18 07:32:22.968 radio  2588  2588 D TelephonyNetworkFactory[0]: onNeedNetworkFor [NetworkRequest [ REQUEST id=54, [ Capabilities: INTERNET&NOT_RESTRICTED&TRUSTED&NOT_VCN_MANAGED Uid: 1000 RequestorUid: 1000 RequestorPkg: com.android.settings UnderlyingNetworks: Null] ], mPriority=20, state=UNSATISFIED, mAttachedDataNetwork=null, isMetered=true, created time=07:32:22.966, evaluation result=null] shouldApply false
12-18 07:32:22.970  1000  2600  2600 I wm_on_resume_called: [243594859,com.android.settings.Settings$NetworkDashboardActivity,RESUME_ACTIVITY,1]
12-18 07:32:22.974  1000  1855  2290 D ConnectivityService: NetReassign [no changes] [c 0] [a 0] [i 2]
12-18 07:32:22.975  1000  2600  2600 W ElapsedTimeUtils: getElapsedTime: sSuwFinishedTimeStamp is null
12-18 07:32:22.975  1000  2600  2600 I sysui_multi_action: [757,746,758,1,833,0,1089,69]
12-18 07:32:22.976  1000  1855  2449 D ConnectivityService: requestNetwork for uid/pid:1000/2600 activeRequest: null callbackRequest: 56 [NetworkRequest [ REQUEST id=57, [ Capabilities: INTERNET&NOT_RESTRICTED&TRUSTED&NOT_VCN_MANAGED Uid: 1000 RequestorUid: 1000 RequestorPkg: com.android.settings UnderlyingNetworks: Null] ]] callback flags: 0 order: 2147483647
