12-18 07:18:34.105  1000  1528  1595 I qcc_sdk : registerClient - created threadpool
12-18 07:18:34.105  1000  1528  1594 E qcc_sdk : initQccVHandle - qccsdkservice service not available yet
12-18 07:18:34.105  1000  1528  1594 E qcc_sdk : registerClient failed to init IPC
12-18 07:18:34.105  1000  1528  1594 E qcc_sdk : modem_microdumpstats: SPC registration failed - waiting for 5 seconds before retrying
12-18 07:18:34.105  1000  1528  1594 I qcc_sdk : modem_microdumpstats: Resetting client ptr
12-18 07:18:34.106  1000  1528  1595 I qcc_sdk : initQccVHandle - getting new instance of qcc client binder
12-18 07:18:34.106  1000  1528  1595 E qcc_sdk : initQccVHandle - qccsdkservice service not available yet
12-18 07:18:34.107  1000  1528  1595 E qcc_sdk : registerClient failed to init IPC
12-18 07:18:34.107  1000  1528  1595 E qcc_sdk : modem.utils.qtr.modem_kpis: SPC registration failed - waiting for 5 seconds before retrying
12-18 07:18:34.107  1000  1528  1595 I qcc_sdk : modem.utils.qtr.modem_kpis: Resetting client ptr
12-18 07:18:34.108  1000  1528  1629 I qcc_sdk : registerClient: called
12-18 07:18:34.108  1000  1528  1629 I qcc_sdk : registerClient - created threadpool
12-18 07:18:34.108  1000  1528  1629 I qcc_sdk : initQccVHandle - getting new instance of qcc client binder
12-18 07:18:34.109  1000  1528  1629 E qcc_sdk : initQccVHandle - qccsdkservice service not available yet
12-18 07:18:34.109  1000  1528  1629 E qcc_sdk : registerClient failed to init IPC
12-18 07:18:34.109  1000  1528  1629 E qcc_sdk : cpustats: SPC registration failed - waiting for 5 seconds before retrying
12-18 07:18:34.109  1000  1528  1629 I qcc_sdk : cpustats: Resetting client ptr
12-18 07:18:34.320  1000  1855  1990 I commit_sys_config_file: [settings-0-0,15]
12-18 07:18:34.831  1000  1855  1990 I commit_sys_config_file: [settings-1-0,11]
12-18 07:18:35.132  1000  1855  1980 D OomAdjuster: Not killing cached processes
12-18 07:18:35.151  1000  1855  1925 I am_pss  : [3331,10005,android.process.acore,16440320,12058624,0,120885248,0,19,13]
12-18 07:18:35.162  1000  1855  1925 I am_pss  : [3174,10012,com.android.documentsui,13358080,10027008,0,112799744,0,19,9]
12-18 07:18:35.173  1000  1855  1925 I am_pss  : [2362,10069,com.android.permissioncontroller,21603328,15388672,0,125509632,0,6,9]
12-18 07:18:35.183  1000  1855  1925 I am_pss  : [3514,10073,com.android.cellbroadcastreceiver.module,18392064,15609856,0,113397760,0,19,8]
12-18 07:18:35.194  1000  1855  1925 I am_pss  : [3766,1000,com.android.localtransport,5516288,3018752,0,95330304,0,19,8]
12-18 07:18:35.204  1000  1855  1925 I am_pss  : [3576,10006,com.android.cellbroadcastreceiver,6547456,921600,3108864,94441472,0,19,7]
12-18 07:18:35.211  1000  1855  1925 I am_pss  : [3726,10044,com.qualcomm.qti.qms.service.connectionsecurity,7939072,5574656,0,95911936,0,19,6]
12-18 07:18:35.221  1000  1855  1925 I am_pss  : [3269,10007,android.process.media,15042560,11636736,0,114278400,0,10,8]
12-18 07:18:35.230  1000  1855  1925 I am_pss  : [3304,10021,com.android.externalstorage,5812224,221184,2953216,94863360,0,19,7]
12-18 07:18:35.239  1000  1855  1925 I am_pss  : [3705,10011,com.android.statementservice,9465856,6766592,0,103038976,0,19,7]
12-18 07:18:35.249  1000  1855  1925 I am_pss  : [3688,2000,com.android.shell,5800960,3416064,0,94310400,0,19,8]
12-18 07:18:35.260  1000  1855  1925 I am_pss  : [3670,10070,com.android.rkpdapp,8655872,5988352,0,101998592,0,19,9]
12-18 07:18:35.269  1000  1855  1925 I am_pss  : [3218,10027,com.android.printspooler,6337536,933888,2920448,93274112,0,19,8]
12-18 07:18:35.280  1000  1855  1925 I am_pss  : [3653,10014,com.android.packageinstaller,7418880,5070848,0,95334400,0,19,9]
12-18 07:18:35.291  1000  1855  1925 I am_pss  : [3612,1000,com.android.dynsystem:dynsystem,5663744,3022848,0,95293440,0,19,8]
12-18 07:18:35.300  1000  1855  1925 I am_pss  : [2999,10042,com.qualcomm.qti.smq,7200768,4837376,0,95174656,0,19,7]
12-18 07:18:35.309  1000  1855  1925 I am_pss  : [3551,1000,com.android.dynsystem,5462016,3018752,0,93466624,0,19,7]
12-18 07:18:35.323  1000  1855  1925 I am_pss  : [2600,1000,com.android.settings,34199552,23015424,0,154906624,0,19,12]
12-18 07:18:35.333  1000  1855  1925 I am_pss  : [3228,10053,com.android.provision,7401472,192512,3710976,100233216,0,19,7]
12-18 07:18:35.343  1000  1855  1925 I am_pss  : [2933,10074,com.android.devicelockcontroller,12388352,9482240,0,107855872,0,19,8]
12-18 07:18:35.352  1000  1855  1925 I am_pss  : [3339,10020,com.android.managedprovisioning,9771008,7278592,0,99909632,0,19,8]
12-18 07:18:35.363  1000  1855  1925 I am_pss  : [2837,10052,com.android.inputmethod.latin,16066560,11558912,0,122433536,0,7,8]
12-18 07:18:35.372  1000  1855  1925 I am_pss  : [2849,10066,android.ext.services,9075712,5332992,0,106000384,0,5,8]
12-18 07:18:35.382  1000  1855  1925 I am_pss  : [3481,10038,com.android.traceur,9202688,6774784,0,98623488,0,19,8]
12-18 07:18:35.393  1000  1855  1925 I am_pss  : [3176,1000,com.android.keychain,9152512,6696960,0,98164736,0,19,9]
12-18 07:18:35.403  1000  1855  1925 I am_pss  : [3103,10041,com.qualcomm.timeservice,5190656,2805760,0,92930048,0,19,8]
12-18 07:18:36.494  1000  2600  2600 D BatteryUsageBroadcastReceiver: onReceive:android.intent.action.BATTERY_LEVEL_CHANGED
12-18 07:18:36.499  1000  2600  2600 D BatteryUsageBroadcastReceiver: fetch data because of event: ACTION_BATTERY_LEVEL_CHANGED
12-18 07:18:36.503  1000  1855  2449 D CompatibilityChangeReporter: Compat change id reported: 161145287; UID 1000; state: ENABLED
12-18 07:18:37.831  1000  1855  1991 D ActivityManager: freezing 3103 com.qualcomm.timeservice
12-18 07:18:37.833  1000  1855  1991 I am_freeze: [3103,com.qualcomm.timeservice]
12-18 07:18:37.881  1000  1855  1991 I am_compact: [3103,com.qualcomm.timeservice,ANON,89300,40108,48464,0,-2580,0,-2580,2564,47,SOME,0,999,19,3884,-788]
12-18 07:18:38.014  1000  1304  1310 E Diag-Router: diag: failed to create control node for slate_adsp
12-18 07:18:38.014  1000  1304  1309 E Diag-Router: diag: failed to create control node for slate_apps
12-18 07:18:38.015  1000  1304  1309 E Diag-Router: diag: diag_glinkpkt_open_thread: Glinkpkt_open failed for perif: 12 with err: -1, retry_cnt: 8
12-18 07:18:38.015  1000  1304  1310 E Diag-Router: diag: diag_glinkpkt_open_thread: Glinkpkt_open failed for perif: 13 with err: -1, retry_cnt: 8
12-18 07:18:38.050  1000  1855  1991 D ActivityManager: freezing 3174 com.android.documentsui
12-18 07:18:38.054  1000  1855  1991 I am_freeze: [3174,com.android.documentsui]
12-18 07:18:38.121  1000  1855  1991 I am_compact: [3174,com.android.documentsui,ANON,106872,56248,49864,0,-5652,0,-5652,5588,65,SOME,0,905,19,4672,-1576]
12-18 07:18:38.966  1000  1855  1991 D ActivityManager: freezing 3481 com.android.traceur
12-18 07:18:38.968  1000  1855  1991 I am_freeze: [3481,com.android.traceur]
12-18 07:18:39.011  1000  1855  1991 I am_compact: [3481,com.android.traceur,ANON,95176,45728,48692,0,-3068,0,-3068,3020,42,SOME,0,999,19,6248,-916]
12-18 07:18:39.106  1000  1528  1594 I qcc_sdk : registerClient: called
12-18 07:18:39.106  1000  1528  1594 I qcc_sdk : registerClient - created threadpool
12-18 07:18:39.106  1000  1528  1594 I qcc_sdk : initQccVHandle - getting new instance of qcc client binder
12-18 07:18:39.107  1000  1528  1594 E qcc_sdk : initQccVHandle - qccsdkservice service not available yet
12-18 07:18:39.107  1000  1528  1595 I qcc_sdk : registerClient: called
12-18 07:18:39.107  1000  1528  1595 I qcc_sdk : registerClient - created threadpool
12-18 07:18:39.107  1000  1528  1594 E qcc_sdk : registerClient failed to init IPC
12-18 07:18:39.107  1000  1528  1594 E qcc_sdk : modem_microdumpstats: SPC registration failed - waiting for 5 seconds before retrying
12-18 07:18:39.107  1000  1528  1595 I qcc_sdk : initQccVHandle - getting new instance of qcc client binder
12-18 07:18:39.107  1000  1528  1594 I qcc_sdk : modem_microdumpstats: Resetting client ptr
12-18 07:18:39.108  1000  1528  1595 E qcc_sdk : initQccVHandle - qccsdkservice service not available yet
12-18 07:18:39.108  1000  1528  1595 E qcc_sdk : registerClient failed to init IPC
12-18 07:18:39.108  1000  1528  1595 E qcc_sdk : modem.utils.qtr.modem_kpis: SPC registration failed - waiting for 5 seconds before retrying
12-18 07:18:39.108  1000  1528  1595 I qcc_sdk : modem.utils.qtr.modem_kpis: Resetting client ptr
12-18 07:18:39.109  1000  1528  1629 I qcc_sdk : registerClient: called
12-18 07:18:39.109  1000  1528  1629 I qcc_sdk : registerClient - created threadpool
12-18 07:18:39.109  1000  1528  1629 I qcc_sdk : initQccVHandle - getting new instance of qcc client binder
12-18 07:18:39.110  1000  1528  1629 E qcc_sdk : initQccVHandle - qccsdkservice service not available yet
12-18 07:18:39.110  1000  1528  1629 E qcc_sdk : registerClient failed to init IPC
12-18 07:18:39.110  1000  1528  1629 E qcc_sdk : cpustats: SPC registration failed - waiting for 5 seconds before retrying
12-18 07:18:39.110  1000  1528  1629 I qcc_sdk : cpustats: Resetting client ptr
12-18 07:18:39.190  1000  1855  1991 D ActivityManager: freezing 3425 com.android.providers.calendar
12-18 07:18:39.192  1000  1855  1991 I am_freeze: [3425,com.android.providers.calendar]
12-18 07:18:39.239  1000  1855  1991 I am_compact: [3425,com.android.providers.calendar,ANON,98456,48504,49208,0,-3820,0,-3820,3796,47,SOME,0,915,19,7164,-1076]
12-18 07:18:39.239  1000  1855  1991 D ActivityManager: freezing 3514 com.android.cellbroadcastreceiver.module
12-18 07:18:39.240  1000  1855  1991 I am_freeze: [3514,com.android.cellbroadcastreceiver.module]
12-18 07:18:39.292  1000  1855  1991 I am_compact: [3514,com.android.cellbroadcastreceiver.module,ANON,108884,58396,49724,0,-4360,0,-4360,4296,50,SOME,0,915,19,8240,-1200]
12-18 07:18:39.449  1000  1855  1991 D ActivityManager: freezing 3766 com.android.localtransport
12-18 07:18:39.450  1000  1855  1991 I am_freeze: [3766,com.android.localtransport]
12-18 07:18:39.451  1000  1855  1991 D ActivityManager: freezing 3612 com.android.dynsystem:dynsystem
12-18 07:18:39.452  1000  1855  1991 I am_freeze: [3612,com.android.dynsystem:dynsystem]
12-18 07:18:39.453  1000  1855  1991 D ActivityManager: freezing 3551 com.android.dynsystem
12-18 07:18:39.454  1000  1855  1991 I am_freeze: [3551,com.android.dynsystem]
12-18 07:18:39.455  1000  1855  1991 D ActivityManager: freezing 3176 com.android.keychain
12-18 07:18:39.456  1000  1855  1991 I am_freeze: [3176,com.android.keychain]
12-18 07:18:39.496  1000  1855  1991 I am_compact: [3766,com.android.localtransport,ANON,92016,42764,48492,0,-2820,0,-2820,2780,39,SOME,0,925,19,9440,-848]
12-18 07:18:39.537  1000  1855  1991 I am_compact: [3612,com.android.dynsystem:dynsystem,ANON,92200,42972,48472,0,-2860,0,-2860,2820,38,SOME,0,965,19,10288,-820]
12-18 07:18:39.537  1000  1855  1991 D ActivityManager: freezing 2999 com.qualcomm.qti.smq
12-18 07:18:39.538  1000  1855  1991 I am_freeze: [2999,com.qualcomm.qti.smq]
12-18 07:18:39.578  1000  1855  1991 I am_compact: [3551,com.android.dynsystem,ANON,89276,40044,48484,0,-2812,0,-2812,2772,39,SOME,0,975,19,11108,-780]
12-18 07:18:39.616  1000  1855  1991 I am_compact: [3176,com.android.keychain,ANON,94580,45336,48496,0,-2868,0,-2868,2812,38,SOME,0,999,19,11888,-872]
12-18 07:18:39.655  1000  1855  1991 I am_compact: [2999,com.qualcomm.qti.smq,ANON,91116,41876,48492,0,-2880,0,-2880,2840,38,SOME,0,975,19,12760,-840]
12-18 07:18:39.699  1000  1855  1991 D ActivityManager: freezing 3670 com.android.rkpdapp
12-18 07:18:39.701  1000  1855  1991 I am_freeze: [3670,com.android.rkpdapp]
12-18 07:18:39.756  1000  1855  1991 I am_compact: [3670,com.android.rkpdapp,ANON,98484,48148,49576,0,-4516,0,-4516,4452,53,SOME,0,955,19,13600,-1272]
12-18 07:18:39.802  1000  1855  1991 D ActivityManager: freezing 3705 com.android.statementservice
12-18 07:18:39.805  1000  1855  1991 I am_freeze: [3705,com.android.statementservice]
12-18 07:18:39.862  1000  1855  1991 I am_compact: [3705,com.android.statementservice,ANON,98700,48384,49492,0,-4540,0,-4540,4484,57,SOME,0,945,19,14872,-1360]
12-18 07:18:39.863  1000  1855  1991 D ActivityManager: freezing 3726 com.qualcomm.qti.qms.service.connectionsecurity
12-18 07:18:39.864  1000  1855  1991 I am_freeze: [3726,com.qualcomm.qti.qms.service.connectionsecurity]
12-18 07:18:39.902  1000  1855  1991 I am_compact: [3726,com.qualcomm.qti.qms.service.connectionsecurity,ANON,91584,42348,48492,0,-2896,0,-2896,2856,39,SOME,0,935,19,16232,-820]
12-18 07:18:40.426  1000  1855  1992 D OomAdjuster: Not killing cached processes
12-18 07:18:40.990 u0_a7  3269  3290 W System  : A resource failed to call close. 
12-18 07:18:43.016  1000  1304  1309 E Diag-Router: diag: failed to create control node for slate_apps
12-18 07:18:43.016  1000  1304  1310 E Diag-Router: diag: failed to create control node for slate_adsp
12-18 07:18:43.016  1000  1304  1310 E Diag-Router: diag: diag_glinkpkt_open_thread: Glinkpkt_open failed for perif: 13 with err: -1, retry_cnt: 9
12-18 07:18:43.016  1000  1304  1309 E Diag-Router: diag: diag_glinkpkt_open_thread: Glinkpkt_open failed for perif: 12 with err: -1, retry_cnt: 9
12-18 07:18:43.891 10052  2837  2846 W putmethod.latin: Cleared Reference was only reachable from finalizer (only reported once)
12-18 07:18:44.109  1000  1528  1594 I qcc_sdk : registerClient: called
12-18 07:18:44.109  1000  1528  1595 I qcc_sdk : registerClient: called
12-18 07:18:44.109  1000  1528  1595 I qcc_sdk : registerClient - created threadpool
12-18 07:18:44.109  1000  1528  1594 I qcc_sdk : registerClient - created threadpool
12-18 07:18:44.109  1000  1528  1595 I qcc_sdk : initQccVHandle - getting new instance of qcc client binder
12-18 07:18:44.110  1000  1528  1595 E qcc_sdk : initQccVHandle - qccsdkservice service not available yet
12-18 07:18:44.110  1000  1528  1595 E qcc_sdk : registerClient failed to init IPC
12-18 07:18:44.110  1000  1528  1629 I qcc_sdk : registerClient: called
12-18 07:18:44.110  1000  1528  1629 I qcc_sdk : registerClient - created threadpool
12-18 07:18:44.110  1000  1528  1629 I qcc_sdk : initQccVHandle - getting new instance of qcc client binder
12-18 07:18:44.110  1000  1528  1595 E qcc_sdk : modem.utils.qtr.modem_kpis: SPC registration failed - waiting for 5 seconds before retrying
12-18 07:18:44.111  1000  1528  1595 I qcc_sdk : modem.utils.qtr.modem_kpis: Resetting client ptr
12-18 07:18:44.111  1000  1528  1629 E qcc_sdk : initQccVHandle - qccsdkservice service not available yet
12-18 07:18:44.111  1000  1528  1629 E qcc_sdk : registerClient failed to init IPC
12-18 07:18:44.112  1000  1528  1629 E qcc_sdk : cpustats: SPC registration failed - waiting for 5 seconds before retrying
12-18 07:18:44.112  1000  1528  1629 I qcc_sdk : cpustats: Resetting client ptr
12-18 07:18:44.112  1000  1528  1594 I qcc_sdk : initQccVHandle - getting new instance of qcc client binder
12-18 07:18:44.112  1000  1528  1594 E qcc_sdk : initQccVHandle - qccsdkservice service not available yet
12-18 07:18:44.113  1000  1528  1594 E qcc_sdk : registerClient failed to init IPC
12-18 07:18:44.113  1000  1528  1594 E qcc_sdk : modem_microdumpstats: SPC registration failed - waiting for 5 seconds before retrying
12-18 07:18:44.113  1000  1528  1594 I qcc_sdk : modem_microdumpstats: Resetting client ptr
12-18 07:18:45.157  1000  1855  1991 D ActivityManager: freezing 3331 android.process.acore
12-18 07:18:45.160  1000  1855  1991 I am_freeze: [3331,android.process.acore]
12-18 07:18:45.238  1000  1855  1991 I am_compact: [3331,android.process.acore,ANON,114460,62176,51488,0,-7332,0,-7332,7212,77,SOME,0,905,19,17052,-2312]
12-18 07:18:46.521  1000  1855  1991 D ActivityManager: freezing 2600 com.android.settings
12-18 07:18:46.524  1000  1855  1991 I am_freeze: [2600,com.android.settings]
12-18 07:18:46.600  1000  1855  1991 I am_compact: [2600,com.android.settings,ANON,149104,96688,51544,0,-7532,0,-7532,7412,74,SOME,0,905,19,19364,-1896]
12-18 07:18:48.017  1000  1304  1310 E Diag-Router: diag: failed to create control node for slate_adsp
12-18 07:18:48.017  1000  1304  1309 E Diag-Router: diag: failed to create control node for slate_apps
12-18 07:18:48.017  1000  1304  1309 E Diag-Router: diag: diag_glinkpkt_open_thread: Glinkpkt_open failed for perif: 12 with err: -1, retry_cnt: 10
12-18 07:18:48.017  1000  1304  1310 E Diag-Router: diag: diag_glinkpkt_open_thread: Glinkpkt_open failed for perif: 13 with err: -1, retry_cnt: 10
12-18 07:18:49.112  1000  1528  1595 I qcc_sdk : registerClient: called
12-18 07:18:49.112  1000  1528  1595 I qcc_sdk : registerClient - created threadpool
12-18 07:18:49.112  1000  1528  1595 I qcc_sdk : initQccVHandle - getting new instance of qcc client binder
12-18 07:18:49.112  1000  1528  1629 I qcc_sdk : registerClient: called
12-18 07:18:49.112  1000  1528  1629 I qcc_sdk : registerClient - created threadpool
12-18 07:18:49.113  1000  1528  1594 I qcc_sdk : registerClient: called
12-18 07:18:49.113  1000  1528  1595 E qcc_sdk : initQccVHandle - qccsdkservice service not available yet
12-18 07:18:49.113  1000  1528  1595 E qcc_sdk : registerClient failed to init IPC
12-18 07:18:49.113  1000  1528  1594 I qcc_sdk : registerClient - created threadpool
12-18 07:18:49.113  1000  1528  1594 I qcc_sdk : initQccVHandle - getting new instance of qcc client binder
12-18 07:18:49.113  1000  1528  1595 E qcc_sdk : modem.utils.qtr.modem_kpis: SPC registration failed - waiting for 5 seconds before retrying
12-18 07:18:49.113  1000  1528  1595 I qcc_sdk : modem.utils.qtr.modem_kpis: Resetting client ptr
12-18 07:18:49.114  1000  1528  1594 E qcc_sdk : initQccVHandle - qccsdkservice service not available yet
12-18 07:18:49.114  1000  1528  1594 E qcc_sdk : registerClient failed to init IPC
12-18 07:18:49.114  1000  1528  1594 E qcc_sdk : modem_microdumpstats: SPC registration failed - waiting for 5 seconds before retrying
12-18 07:18:49.114  1000  1528  1594 I qcc_sdk : modem_microdumpstats: Resetting client ptr
12-18 07:18:49.114  1000  1528  1629 I qcc_sdk : initQccVHandle - getting new instance of qcc client binder
12-18 07:18:49.115  1000  1528  1629 E qcc_sdk : initQccVHandle - qccsdkservice service not available yet
12-18 07:18:49.115  1000  1528  1629 E qcc_sdk : registerClient failed to init IPC
12-18 07:18:49.115  1000  1528  1629 E qcc_sdk : cpustats: SPC registration failed - waiting for 5 seconds before retrying
12-18 07:18:49.115  1000  1528  1629 I qcc_sdk : cpustats: Resetting client ptr
12-18 07:18:50.447  1000  1855  1991 D ActivityManager: freezing 2362 com.android.permissioncontroller
12-18 07:18:50.450  1000  1855  1991 I am_freeze: [2362,com.android.permissioncontroller]
12-18 07:18:50.555  1000  1855  1991 I am_compact: [2362,com.android.permissioncontroller,ANON,120392,65424,54008,0,-9692,0,-9692,9548,103,SOME,0,905,19,21260,-3712]
12-18 07:18:50.812  1000  1855  2279 W BestClock: java.time.DateTimeException: Missing network time fix
12-18 07:18:50.822  1000  1855  2279 W BestClock: java.time.DateTimeException: Missing network time fix
12-18 07:18:50.823  1000  1855  2279 I netstats_mobile_sample: [0,0,0,0,0,0,0,0,1702883930822]
12-18 07:18:50.823  1000  1855  2279 I netstats_wifi_sample: [0,0,0,0,0,0,0,0,1702883930822]
12-18 07:18:52.183 10057  2356  3982 D PowerUI : can't show warning due to - plugged: true status unknown: false
12-18 07:18:53.019  1000  1304  1310 E Diag-Router: diag: failed to create control node for slate_adsp
12-18 07:18:53.019  1000  1304  1309 E Diag-Router: diag: failed to create control node for slate_apps
12-18 07:18:53.020  1000  1304  1310 E Diag-Router: diag: diag_glinkpkt_open_thread: Glinkpkt_open failed for perif: 13 with err: -1, retry_cnt: 11
12-18 07:18:53.020  1000  1304  1309 E Diag-Router: diag: diag_glinkpkt_open_thread: Glinkpkt_open failed for perif: 12 with err: -1, retry_cnt: 11
12-18 07:18:53.953 radio  1489  1489 E QMCT_SERVICE: |QMCT_SERVICE|264| Qms Out of Sync with Modem [264]
12-18 07:18:58.022  1000  1304  1310 E Diag-Router: diag: failed to create control node for slate_adsp
12-18 07:18:58.022  1000  1304  1309 E Diag-Router: diag: failed to create control node for slate_apps
12-18 07:18:58.022  1000  1304  1309 E Diag-Router: diag: diag_glinkpkt_open_thread: Glinkpkt_open failed for perif: 12 with err: -1, retry_cnt: 12
12-18 07:18:58.022  1000  1304  1310 E Diag-Router: diag: diag_glinkpkt_open_thread: Glinkpkt_open failed for perif: 13 with err: -1, retry_cnt: 12
12-18 07:19:00.953  1000  1855  1944 V DisplayPowerController2[0]: Brightness [0.05] reason changing to: 'manual [ dim ]', previous reason: 'manual'.
12-18 07:19:00.954  1000  1855  1944 I DisplayPowerController2[0]: BrightnessEvent: disp=0, physDisp=local:4630947252063890817, brt=0.05, initBrt=0.39763778, rcmdBrt=NaN, preBrt=NaN, lux=0.0, preLux=0.0, hbmMax=1.0, hbmMode=off, rbcStrength=0, thrmMax=1.0, powerFactor=1.0, wasShortTermModelActive=false, flags=, reason=manual [ dim ], autoBrightness=false, strategy=InvalidBrightnessStrategy
12-18 07:19:00.956  1000  1855  1944 I sysui_multi_action: [757,1696,758,6,759,2]
12-18 07:19:03.022  1000  1304  1310 E Diag-Router: diag: failed to create control node for slate_adsp
12-18 07:19:03.022  1000  1304  1309 E Diag-Router: diag: failed to create control node for slate_apps
12-18 07:19:03.022  1000  1304  1310 E Diag-Router: diag: diag_glinkpkt_open_thread: Glinkpkt_open failed for perif: 13 with err: -1, retry_cnt: 13
12-18 07:19:03.022  1000  1304  1309 E Diag-Router: diag: diag_glinkpkt_open_thread: Glinkpkt_open failed for perif: 12 with err: -1, retry_cnt: 13
12-18 07:19:03.828  1000  1855  2347 D ActivityManager: sync unfroze 2362 com.android.permissioncontroller for 6
12-18 07:19:03.828  1000  1855  1991 I am_unfreeze: [2362,com.android.permissioncontroller,6]
12-18 07:19:03.831  1000  1855  2347 D OomAdjuster: Not killing cached processes
12-18 07:19:03.845 10069  2362  3668 I PermissionControllerServiceImpl: Updating user sensitive for user 0
12-18 07:19:03.856  1000  1855  1925 I am_pss  : [1855,1000,system,189454336,164261888,0,349245440,0,0,22]
12-18 07:19:07.772  1002  1068  2829 D bt_vendor: op for 7
12-18 07:19:07.773  1002  1068  2829 E bt_hwcfg: hw_lpm_set_wake_state state 2
12-18 07:19:07.773  1002  1068  2829 E bt_upio : BtWrite enable(1)
12-18 07:19:07.950  1000  1855  1944 I PowerGroup: Powering off display group due to timeout (groupId= 0, uid= 1000, millisSinceLastUserActivity=60005, lastUserActivityEvent=other)...
12-18 07:19:07.952  1000  1855  1944 I PowerManagerService: Going to sleep due to timeout (uid 1000, screenOffTimeout=60000, activityTimeoutWM=-1, maxDimRatio=0.20000005, maxDimDur=7000)...
12-18 07:19:07.957  1000  1855  1944 I power_sleep_requested: 0
12-18 07:19:07.962  1000  1855  2016 D CompatibilityChangeReporter: Compat change id reported: 156215187; UID 10052; state: DISABLED
12-18 07:19:07.974  1000  1855  2449 D CompatibilityChangeReporter: Compat change id reported: 171306433; UID 10057; state: ENABLED
12-18 07:19:07.974  1000  1855  2449 D CompatibilityChangeReporter: Compat change id reported: 218533173; UID 10057; state: ENABLED
12-18 07:19:07.978  1000  1855  1925 I am_pss  : [2356,10057,com.android.systemui,109684736,89497600,0,262561792,0,0,14]
12-18 07:19:07.987  1000  1855  1925 I am_pss  : [3269,10007,android.process.media,14636032,11227136,0,114020352,0,10,8]
12-18 07:19:07.998 10057  2356  2356 I vol.VolumeDialogImpl: mDialog.dismiss() reason: volume_controller from: com.android.systemui.volume.VolumeDialogImpl$7.onDismissRequested:3
12-18 07:19:07.998  1000  1855  1925 I am_pss  : [3140,10063,com.android.providers.media.module,27613184,22204416,0,137355264,0,0,9]
12-18 07:19:08.006  1000  1855  1925 I am_pss  : [3331,10005,android.process.acore,13944832,2187264,7385088,110981120,0,19,7]
12-18 07:19:08.007  1000  1855  1944 I AdrenoGLES-0: QUALCOMM build                   : 64bab644ca, I204cbc9b5e
12-18 07:19:08.007  1000  1855  1944 I AdrenoGLES-0: Build Date                       : 11/20/23
12-18 07:19:08.007  1000  1855  1944 I AdrenoGLES-0: OpenGL ES Shader Compiler Version: EV031.36.08.26
12-18 07:19:08.007  1000  1855  1944 I AdrenoGLES-0: Local Branch                     : 
12-18 07:19:08.007  1000  1855  1944 I AdrenoGLES-0: Remote Branch                    : refs/tags/AU_LINUX_ANDROID_LA.VENDOR.1.0.11.00.00.766.892
12-18 07:19:08.007  1000  1855  1944 I AdrenoGLES-0: Remote Branch                    : NONE
12-18 07:19:08.007  1000  1855  1944 I AdrenoGLES-0: Reconstruct Branch               : NOTHING
12-18 07:19:08.007  1000  1855  1944 I AdrenoGLES-0: Build Config                     : S P 12.1.1 AArch64
12-18 07:19:08.007  1000  1855  1944 I AdrenoGLES-0: Driver Path                      : /vendor/lib64/egl/libGLESv2_adreno.so
12-18 07:19:08.007  1000  1855  1944 I AdrenoGLES-0: Driver Version                   : 0615.77
12-18 07:19:08.017  1000  1855  1925 I am_pss  : [3514,10073,com.android.cellbroadcastreceiver.module,18235392,11046912,4399104,109084672,0,19,7]
12-18 07:19:08.023  1000  1304  1309 E Diag-Router: diag: failed to create control node for slate_apps
12-18 07:19:08.023  1000  1304  1309 E Diag-Router: diag: diag_glinkpkt_open_thread: Glinkpkt_open failed for perif: 12 with err: -1, retry_cnt: 14
12-18 07:19:08.023  1000  1304  1310 E Diag-Router: diag: failed to create control node for slate_adsp
12-18 07:19:08.023  1000  1304  1310 E Diag-Router: diag: diag_glinkpkt_open_thread: Glinkpkt_open failed for perif: 13 with err: -1, retry_cnt: 14
12-18 07:19:08.025  1000  1855  1944 I AdrenoGLES-0: PFP: 0x016ee206, ME: 0x00000000
12-18 07:19:08.027  1000  1855  1925 I am_pss  : [2551,1002,com.android.bluetooth,28647424,24891392,0,129970176,0,0,8]
12-18 07:19:08.037  1000  1855  1925 I am_pss  : [2588,1001,com.android.phone,31680512,25354240,0,144384000,0,0,8]
12-18 07:19:08.044  1000  1855  1925 I am_pss  : [2582,10043,.qms,6050816,3604480,0,95428608,0,0,6]
12-18 07:19:08.052  1000  1855  1925 I am_pss  : [2586,1068,com.android.se,5670912,3223552,0,94982144,0,0,6]
12-18 07:19:08.065  1000  1855  1925 I am_pss  : [2565,10045,.qtidataservices,7974912,5066752,0,102780928,0,0,6]
12-18 07:19:08.074  1000  1855  1925 I am_pss  : [2510,1073,com.android.networkstack.process,10105856,7041024,0,106754048,0,0,8]
12-18 07:19:08.097  1000  1855  1944 V DisplayPowerController2[0]: Brightness [0.39763778] reason changing to: 'manual', previous reason: 'manual [ dim ]'.
12-18 07:19:08.098  1000  1855  1944 I DisplayPowerController2[0]: BrightnessEvent: disp=0, physDisp=local:4630947252063890817, brt=0.39763778, initBrt=0.05, rcmdBrt=NaN, preBrt=NaN, lux=0.0, preLux=0.0, hbmMax=1.0, hbmMode=off, rbcStrength=0, thrmMax=1.0, powerFactor=1.0, wasShortTermModelActive=false, flags=, reason=manual, autoBrightness=false, strategy=InvalidBrightnessStrategy
12-18 07:19:08.098  1000  1855  1944 I sysui_multi_action: [757,1696,758,6,759,0]
12-18 07:19:08.099  1000  1855  1919 D DisplayManagerService: Ignore redundant display event 0/4 to 10053/3228
12-18 07:19:08.283 10057  2356  2413 I jank_cuj_events_end_request: [55,1702883948282472000,91802777047,91802780849]
12-18 07:19:08.300 10054  2659  2659 D b/260135164: updateIconAlphaForHome - setIconsAlpha(1), isTaskbarPresent: true
12-18 07:19:08.325  1000  1855  1926 I am_uid_idle: 10053
12-18 07:19:08.511  1000  1855  1944 I DisplayPowerController2[0]: Blocking screen off
12-18 07:19:08.512  1000  1855  1944 I DisplayPowerController2[0]: Unblocked screen off after 1 ms
12-18 07:19:08.516  1000  1855  1944 D ActivityTaskManager: Top Process State changed to PROCESS_STATE_TOP_SLEEPING
12-18 07:19:08.521 10057  2356  2403 V WindowManagerShell: Transition requested: android.os.BinderProxy@c04cc7f TransitionRequestInfo { type = SLEEP, triggerTask = null, remoteTransition = null, displayChange = null }
12-18 07:19:08.522  1000  1855  1916 V WindowManager: Sent Transition #5 createdAt=12-18 07:19:08.518 via request=TransitionRequestInfo { type = SLEEP, triggerTask = null, remoteTransition = null, displayChange = null }
12-18 07:19:08.523  1000  1855  1916 V WindowManager:     startWCT=null
12-18 07:19:08.523  1000  1855  1944 I wm_pause_activity: [0,207675883,com.android.launcher3/.uioverrides.QuickstepLauncher,userLeaving=false,sleep]
12-18 07:19:08.524  1000  1855  1916 V WindowManager:     info={id=5 t=SLEEP f=0x0 trk=0 r=[] c=[]}
12-18 07:19:08.525  1000  1088  1088 I sensors-hal: activate:209, android.sensor.device_orientation/272 en=0
12-18 07:19:08.526 10054  2659  2659 I wm_on_top_resumed_lost_called: [207675883,com.android.launcher3.uioverrides.QuickstepLauncher,topStateChangedWhenResumed]
12-18 07:19:08.527  1000  1088  1088 I sensors-hal: activate:220, android.sensor.device_orientation/272 en=0 completed
12-18 07:19:08.531  1000  1855  2443 W Transition: Transition already started id=5 state=2
12-18 07:19:08.532 10054  2659  2659 D b/260135164: updateIconAlphaForHome - setIconsAlpha(1), isTaskbarPresent: true
12-18 07:19:08.532  1000  1855  1933 W KernelCpuProcStringReader: File not found. It's normal if not implemented: /proc/uid_concurrent_policy_time
12-18 07:19:08.532 10054  2659  2659 I wm_on_paused_called: [207675883,com.android.launcher3.uioverrides.QuickstepLauncher,performPause,3]
12-18 07:19:08.532 10057  2356  2403 V WindowManagerShell: onTransitionReady android.os.BinderProxy@c04cc7f: {id=5 t=SLEEP f=0x0 trk=0 r=[] c=[]}
12-18 07:19:08.533 10057  2356  2403 V WindowManagerShell: No transition roots in (#5)android.os.BinderProxy@c04cc7f@0 so abort
12-18 07:19:08.533  1000  1855  2449 I wm_add_to_stopping: [0,207675883,com.android.launcher3/.uioverrides.QuickstepLauncher,completePauseLocked]
12-18 07:19:08.534  1000  1855  1944 E libEGL  : call to OpenGL ES API with no current context (logged once per thread)
12-18 07:19:08.534  1000  1855  1944 I DisplayBrightnessStrategySelector: Changing the DisplayBrightnessStrategy from InvalidBrightnessStrategy toScreenOffBrightnessStrategy for display 0
12-18 07:19:08.535 10057  2356  2403 V WindowManagerShell: Transition animation finished (aborted=true), notifying core (#5)android.os.BinderProxy@c04cc7f@0
12-18 07:19:08.537  1000  1855  1944 V DisplayPowerController2[0]: Brightness [0.0] reason changing to: 'screen_off', previous reason: 'manual'.
12-18 07:19:08.537 10057  2356  2356 D CentralSurfaces: updateQsExpansionEnabled - QS Expand enabled: true
12-18 07:19:08.537  1000  1855  1944 I DisplayPowerController2[0]: BrightnessEvent: disp=0, physDisp=local:4630947252063890817, brt=0.0, initBrt=0.39763778, rcmdBrt=NaN, preBrt=NaN, lux=0.0, preLux=0.0, hbmMax=1.0, hbmMode=off, rbcStrength=0, thrmMax=1.0, powerFactor=1.0, wasShortTermModelActive=false, flags=, reason=screen_off, autoBrightness=false, strategy=ScreenOffBrightnessStrategy
12-18 07:19:08.537  1000  1855  1916 I sysui_multi_action: [757,803,799,window_time_0,802,61]
12-18 07:19:08.538  1000  1192  1192 D SurfaceFlinger: Setting power mode 0 on display 4630947252063890817
12-18 07:19:08.539  1000  1126  1126 I SDM     : DisplayBase::SetDisplayState: Set state = 0, display 32-0, teardown = 0
12-18 07:19:08.541  1000  1855  1919 I wm_stop_activity: [0,207675883,com.android.launcher3/.uioverrides.QuickstepLauncher]
12-18 07:19:08.542  1000  1855  1916 V WindowManager: Finish Transition #5: created at 12-18 07:19:08.518 collect-started=0.375ms request-sent=0.539ms started=1.196ms ready=1.183ms sent=2.227ms finished=22.825ms
12-18 07:19:08.542 10057  2356  2403 V WindowManagerShell: Track 0 became idle
12-18 07:19:08.543  1000  1855  1920 I input_focus: [Requesting to set focus to null window,reason=UpdateInputWindows]
12-18 07:19:08.543 10057  2356  2403 V WindowManagerShell: All active transition animations finished
12-18 07:19:08.543  1000  1855  1919 D DisplayManagerService: Ignore redundant display event 0/4 to 10053/3228
12-18 07:19:08.543  1000  1855  1919 I DisplayDeviceRepository: Display device changed state: "Built-in Screen", OFF
12-18 07:19:08.547  1000  1855  1919 I InputManager-JNI: Viewport [0] to add: local:4630947252063890817, isActive: false
12-18 07:19:08.549  1000  1855  2008 I InputReader: Reconfiguring input devices, changes=DISPLAY_INFO
12-18 07:19:08.549  1000  1855  2008 I InputReader: Disabling NVTCapacitivePen (device 6) because the associated viewport is not active
12-18 07:19:08.549  1000  1855  2008 I InputReader: Device reconfigured: id=6, name='NVTCapacitivePen', size 12001x20001, orientation 0, mode 0, display id 0
12-18 07:19:08.550  1000  1855  2008 I InputReader: Disabling NVTCapacitiveTouchScreen (device 5) because the associated viewport is not active
12-18 07:19:08.550  1000  1855  2008 I InputReader: Device reconfigured: id=5, name='NVTCapacitiveTouchScreen', size 12001x20001, orientation 0, mode 0, display id 0
12-18 07:19:08.550  1000  1855  1920 I wm_wallpaper_surface: [0,0,Window{10060b5 u0 com.android.launcher3/com.android.launcher3.uioverrides.QuickstepLauncher}]
12-18 07:19:08.551  1000  1855  1920 W SurfaceControl: Invalid layer stack -1
12-18 07:19:08.551  1000  1855  1920 I DisplayDevice: [0] Layerstack set to -1 for local:4630947252063890817
12-18 07:19:08.553 radio  2588  2588 E RILJ    : getRadioServiceProxy: MODEM for slot1 is disabled [PHONE0]
12-18 07:19:08.553 radio  2588  2588 E RILJ    : getRadioServiceProxy: serviceProxy == null [PHONE0]
12-18 07:19:08.556 radio  2588  2588 E RILJ    : getRadioServiceProxy: NETWORK for slot1 is disabled [PHONE0]
12-18 07:19:08.556 radio  2588  2588 E RILJ    : getRadioServiceProxy: serviceProxy == null [PHONE0]
12-18 07:19:08.557 radio  2588  2588 D NetworkTypeController: [0] LegacyState: process EVENT_PHYSICAL_CHANNEL_CONFIG_NOTIF_CHANGED
12-18 07:19:08.557 radio  2588  2588 D NetworkTypeController: [0] Reset timers since NR is not allowed.
12-18 07:19:08.557 radio  2588  2588 D NetworkTypeController: [0] DefaultState: process EVENT_PHYSICAL_CHANNEL_CONFIG_NOTIF_CHANGED
12-18 07:19:08.557 radio  2588  2588 D NetworkTypeController: [0] mIsPhysicalChannelConfigOn changed to: false
12-18 07:19:08.558 radio  2588  2588 D NetworkTypeController: [0] Reset timers since physical channel config indications are off.
12-18 07:19:08.562 10054  2659  2689 I ImeTracker: com.android.launcher3:43f7f12d: onRequestHide at ORIGIN_CLIENT_HIDE_SOFT_INPUT reason HIDE_SOFT_INPUT
12-18 07:19:08.563  1000  1855  2410 I ImeTracker: com.android.launcher3:43f7f12d: onCancelled at PHASE_SERVER_SHOULD_HIDE
12-18 07:19:08.563 10054  2659  2659 I wm_on_stop_called: [207675883,com.android.launcher3.uioverrides.QuickstepLauncher,STOP_ACTIVITY_ITEM,4]
12-18 07:19:08.827  1000  1192  1192 D SurfaceFlinger: Finished setting power mode 0 on display 4630947252063890817
12-18 07:19:08.828  1000  1855  2337 D SurfaceControl: Excessive delay in setPowerMode()
12-18 07:19:08.830  1000  1084  1084 I QTI PowerHAL: Power setMode: 7 to: 0
12-18 07:19:08.831  1000  1855  1919 I DisplayDeviceRepository: Display device changed state: "Built-in Screen", OFF
12-18 07:19:08.832  1000  1084  1084 I QTI PowerHAL: Got set_interactive hint
12-18 07:19:08.833  1000   778   787 E android.system.suspend-service: error writing zygote_kwl to /sys/power/wake_unlock: Invalid argument
12-18 07:19:08.834  1000   778   787 I android.system.suspend-service: automatic system suspend enabled
12-18 07:19:08.846  1000  1855  1919 D DisplayManagerService: Ignore redundant display event 0/2 to 10053/3228
12-18 07:19:08.846  1000  1855  1944 I PowerGroup: Sleeping power group (groupId=0, uid=1000, reason=timeout)...
12-18 07:19:08.847  1000  1855  1944 I PowerManagerService: Sleeping (uid 1000)...
12-18 07:19:08.849  1000  1855  2007 I input_focus: [Focus leaving 10060b5 com.android.launcher3/com.android.launcher3.uioverrides.QuickstepLauncher (server),reason=NO_WINDOW]
12-18 07:19:08.850  1000  1855  1855 I screen_toggled: 0
12-18 07:19:08.850  1000  1855  1855 I sysui_multi_action: [757,804,799,screen_timeout,801,60,802,1]
12-18 07:19:08.852  1000  1088  1088 I sensors-hal: batch:242, android.sensor.wake_gesture/232, period=1000000, max_latency=0
12-18 07:19:08.852  1000  1088  1088 I sensors-hal: set_config:60, sample_period_ns is adjusted to 0 based on min/max delay_ns
12-18 07:19:08.852  1000  1088  1088 I sensors-hal: batch:251, android.sensor.wake_gesture/232, period=1000000, max_latency=0 request completed
12-18 07:19:08.852  1000  1088  1088 I sensors-hal: activate:209, android.sensor.wake_gesture/232 en=1
12-18 07:19:08.860  1000  1088  1088 I sensors-hal: activate:220, android.sensor.wake_gesture/232 en=1 completed
12-18 07:19:08.861  1000  1855  1855 I sysui_multi_action: [757,1594,758,4,759,-2147483648,1359,63180]
12-18 07:19:08.861  1000  1855  1855 I sysui_multi_action: [757,198,758,2,759,3,1359,901,1695,2]
12-18 07:19:08.861  1000  1855  1855 I power_screen_state: [0,3,0,0,901]
12-18 07:19:08.861  1000  1855  1855 I power_screen_broadcast_send: 1
12-18 07:19:08.865  1000  1088  4013 I sensors-hal: ssc_conn_resp_cb:662, resp_value = 0
12-18 07:19:08.869  1041  1066  1140 D AHAL: AudioDevice: SetParameters: 1362: enter: screen_state=off
12-18 07:19:08.869  1041  1066  1140 D AHAL: AudioVoice: VoiceSetParameters: 86: Enter params: screen_state=off
12-18 07:19:08.869  1041  1066  1140 D AHAL: AudioVoice: VoiceSetParameters: 307: Exit ret: 0
12-18 07:19:08.869  1041  1066  1140 D AHAL: hfp: hfp_set_parameters: 510: enter
12-18 07:19:08.869  1041  1066  1140 D AHAL: FM: fm_set_parameters: 262: Enter
12-18 07:19:08.869  1041  1066  1140 D AHAL: FM: fm_set_parameters: 320: exit
12-18 07:19:08.869  1041  1066  1140 D AHAL: AudioDevice: SetParameters: 1375: audio_cust_set_parameters: screen_state=off
12-18 07:19:08.869  1041  1066  1140 D AHAL: AudioCust: audio_cust_set_parameters: 86: Enter
12-18 07:19:08.869 10057  2356  2356 D CentralSurfaces: updateQsExpansionEnabled - QS Expand enabled: true
12-18 07:19:08.869  1041  1066  1140 D AHAL: AudioCust: audio_cust_set_parameters: 167: Exit
12-18 07:19:08.870  1041  1066  1140 D AHAL: AudioDevice: SetParameters: 1442:  - screen = off
12-18 07:19:08.870  1041  1066  1140 I PAL: ResourceManager: setParameter: 8230: Screen State:0
12-18 07:19:08.870  1041  1066  1140 D AHAL: AudioDevice: SetParameters: 1966: exit: screen_state=off
12-18 07:19:08.874  1000  1088  1088 I sensors-hal: activate:209, android.sensor.accelerometer/11 en=0
12-18 07:19:08.875  1000  1088  1088 I sensors-hal: activate:220, android.sensor.accelerometer/11 en=0 completed
12-18 07:19:08.876  1000  1855  1855 I PowerManagerService: onFlip(): Face up.
12-18 07:19:08.881  1000  1855  1926 D OomAdjuster: Not killing cached processes
12-18 07:19:08.881 10043  2582  2582 I txpwradmin: Received action android.intent.action.SCREEN_OFF
12-18 07:19:08.887 10057  2356  2356 I vol.VolumeDialogImpl: mDialog.dismiss() reason: screen_off from: com.android.systemui.volume.VolumeDialogImpl$7.onScreenOff:4
12-18 07:19:08.899  1000  1855  1855 I battery_saving_stats: [0,1,0,62656,0,0,62656,0,0]
12-18 07:19:08.907  1000  1855  1916 I power_screen_broadcast_done: [0,45,1]
12-18 07:19:09.159 10057  2356  2413 I jank_cuj_events_end_request: [55,1702883949159002000,92679314026,92679318245]
12-18 07:19:09.635  1000  1855  1926 I am_uid_idle: 10027
12-18 07:19:10.783  1002  1068  2758 D bt_vendor: op for 7
12-18 07:19:10.784  1002  1068  2758 E bt_hwcfg: hw_lpm_set_wake_state state 1
12-18 07:19:10.784  1002  1068  2758 E bt_upio : BtWrite enable(0)
12-18 07:19:12.992  1000  1855  2443 I wm_set_keyguard_shown: [0,1,0,0,0,setKeyguardShown]
12-18 07:19:13.006 10054  2659  3412 I jank_cuj_events_begin_request: [60,1702883953005882000,96526187149,96526190899,]
12-18 07:19:13.008 10054  2659  2659 D b/260135164: updateIconAlphaForHome - setIconsAlpha(1), isTaskbarPresent: true
12-18 07:19:13.010 10057  2356  2356 D SbStateController: setState: requested state KEYGUARD!= upcomingState: SHADE. This usually means the status bar state transition was interrupted before the upcoming state could be applied.
12-18 07:19:13.013 10057  2356  2356 I sysui_multi_action: [757,111,758,1]
12-18 07:19:13.013 10057  2356  2356 I sysui_multi_action: [757,126,758,1,759,126,927,0,928,0,1593,0]
12-18 07:19:13.013 10057  2356  2356 I sysui_multi_action: [757,113,758,1,759,113,927,1,928,1,1593,0]
12-18 07:19:13.013 10057  2356  2356 I sysui_multi_action: [757,119,758,1,759,119,927,2,928,0,1593,0]
12-18 07:19:13.013 10057  2356  2356 I sysui_multi_action: [757,118,758,1,759,118,927,3,928,0,1593,0]
12-18 07:19:13.013 10057  2356  2356 I sysui_multi_action: [757,0,758,1,759,0,927,4,1593,0]
12-18 07:19:13.013 10057  2356  2356 I sysui_multi_action: [757,112,758,1,759,112,927,5,928,0,1593,0]
12-18 07:19:13.014 10057  2356  2356 D CentralSurfaces: updateQsExpansionEnabled - QS Expand enabled: true
12-18 07:19:13.021 10057  2356  2356 D CentralSurfaces: Received new disable state: enaihbcrso.qingr (unchanged)
12-18 07:19:13.023  1000  1304  1310 E Diag-Router: diag: failed to create control node for slate_adsp
12-18 07:19:13.023  1000  1304  1309 E Diag-Router: diag: failed to create control node for slate_apps
12-18 07:19:13.023  1000  1304  1310 E Diag-Router: diag: diag_glinkpkt_open_thread: Glinkpkt_open failed for perif: 13 with err: -1, retry_cnt: 15
12-18 07:19:13.023  1000  1304  1309 E Diag-Router: diag: diag_glinkpkt_open_thread: Glinkpkt_open failed for perif: 12 with err: -1, retry_cnt: 15
12-18 07:19:13.024 10057  2356  2356 D CentralSurfaces: Received new disable state: enaihbcrso.qingr (unchanged)
12-18 07:19:13.025 10057  2356  2356 D CentralSurfaces: Received new disable state: enaihbcrso.qingr (unchanged)
12-18 07:19:13.026 10057  2356  2356 D CentralSurfaces: Received new disable state: enaihbcrso.qingr (unchanged)
12-18 07:19:13.026 10057  2356  2356 D CentralSurfaces: Received new disable state: enaihbcrso.qingr (unchanged)
12-18 07:19:13.026 10057  2356  2356 I sysui_multi_action: [757,196,758,1,759,0]
12-18 07:19:13.026 10057  2356  2356 I sysui_status_bar_state: [1,1,0,0,0,1]
12-18 07:19:13.030  1000  1855  2449 D SystemServerTiming: getUserSwitchability-0
12-18 07:19:13.030  1000  1855  2449 D SystemServerTiming: TM.isInCall
12-18 07:19:13.030  1000  1855  2449 D SystemServerTiming: hasUserRestriction-DISALLOW_USER_SWITCH
12-18 07:19:13.030  1000  1855  2449 D SystemServerTiming: getInt-ALLOW_USER_SWITCHING_WHEN_SYSTEM_USER_LOCKED
12-18 07:19:13.030  1000  1855  2449 D SystemServerTiming: isUserUnlocked-USER_SYSTEM
12-18 07:19:13.047  1000  1855  1919 I user_activity_timeout_override: 10000
12-18 07:19:13.049  1000  1855  1920 I input_focus: [Focus request e0e9191 NotificationShade,reason=UpdateInputWindows]
12-18 07:19:13.068 10057  2356  2438 E OpenGLRenderer: Unable to match the desired swap behavior.
12-18 07:19:13.101 10057  2356  2356 D CentralSurfaces: Received new disable state: Old: enaihbcrso.qingr | New: enaiHbcRso.qingr (changed: HR.)
12-18 07:19:13.101 10057  2356  2356 W View    : requestLayout() improperly called by com.android.keyguard.CarrierText{4c7bcad V.ED..... ......ID 36,0-1068,36 #7f0a036c app:id/keyguard_carrier_text} during layout: running second layout pass
12-18 07:19:13.103 10054  2659  2659 I OverviewComponentObserver: updateOverviewTargets: mIsHomeDisabled=true, isDefaultHomeNull=false, mIsDefaultHome=true
12-18 07:19:13.146  1000  1855  1920 I wm_wallpaper_surface: [0,1,Window{e0e9191 u0 NotificationShade}]
12-18 07:19:13.156  1000  1855  2443 D SystemServerTiming: getUserSwitchability-0
12-18 07:19:13.157  1000  1855  2443 D SystemServerTiming: TM.isInCall
12-18 07:19:13.157  1000  1855  2443 D SystemServerTiming: hasUserRestriction-DISALLOW_USER_SWITCH
12-18 07:19:13.157  1000  1855  2443 D SystemServerTiming: getInt-ALLOW_USER_SWITCHING_WHEN_SYSTEM_USER_LOCKED
12-18 07:19:13.157  1000  1855  2443 D SystemServerTiming: isUserUnlocked-USER_SYSTEM
12-18 07:19:13.161  1000  1855  3445 D SystemServerTiming: getUserSwitchability-0
12-18 07:19:13.162  1000  1855  3445 D SystemServerTiming: TM.isInCall
12-18 07:19:13.162  1000  1855  2443 D SystemServerTiming: getUserSwitchability-0
12-18 07:19:13.162  1000  1855  2443 D SystemServerTiming: TM.isInCall
12-18 07:19:13.162  1000  1855  3445 D SystemServerTiming: hasUserRestriction-DISALLOW_USER_SWITCH
12-18 07:19:13.162  1000  1855  3445 D SystemServerTiming: getInt-ALLOW_USER_SWITCHING_WHEN_SYSTEM_USER_LOCKED
12-18 07:19:13.163  1000  1855  2443 D SystemServerTiming: hasUserRestriction-DISALLOW_USER_SWITCH
12-18 07:19:13.163  1000  1855  2443 D SystemServerTiming: getInt-ALLOW_USER_SWITCHING_WHEN_SYSTEM_USER_LOCKED
12-18 07:19:13.163  1000  1855  3445 D SystemServerTiming: isUserUnlocked-USER_SYSTEM
12-18 07:19:13.163  1000  1855  2443 D SystemServerTiming: isUserUnlocked-USER_SYSTEM
12-18 07:19:13.167  1000  1855  2007 I input_focus: [Focus entering e0e9191 NotificationShade (server),reason=Window became focusable. Previous reason: NOT_VISIBLE]
12-18 07:19:13.225 10057  2356  2356 D BiometricsRepositoryImpl: currentUser authFlags changed, new value: AuthenticationFlags(userId=0, flag=0)
12-18 07:19:13.226 10057  2356  2356 D BiometricsRepositoryImpl: currentUser authFlags changed, new value: AuthenticationFlags(userId=0, flag=0)
12-18 07:19:13.230 10054  2659  3412 I jank_cuj_events_end_request: [60,1702883953230492000,96750797097,96750801420]
12-18 07:19:13.234 10057  2356  2356 D BiometricsRepositoryImpl: currentUser authFlags changed, new value: AuthenticationFlags(userId=0, flag=0)
12-18 07:19:13.235 10057  2356  2356 D BiometricsRepositoryImpl: currentUser authFlags changed, new value: AuthenticationFlags(userId=0, flag=0)
12-18 07:19:13.240 10057  2356  2356 D BiometricsRepositoryImpl: currentUser authFlags changed, new value: AuthenticationFlags(userId=0, flag=0)
12-18 07:19:13.241 10057  2356  2356 D BiometricsRepositoryImpl: currentUser authFlags changed, new value: AuthenticationFlags(userId=0, flag=0)
12-18 07:19:13.242 10057  2356  2437 D ControlsListingControllerImpl: Subscribing callback, service count: 0
12-18 07:19:13.246 10057  2356  2437 D ControlsListingControllerImpl: Subscribing callback, service count: 0
12-18 07:19:13.250 10057  2356  2437 D ControlsListingControllerImpl: Subscribing callback, service count: 0
12-18 07:19:13.975  1000  1855  2347 D OomAdjuster: Not killing cached processes
12-18 07:19:18.024  1000  1304  1309 E Diag-Router: diag: failed to create control node for slate_apps
12-18 07:19:18.024  1000  1304  1309 E Diag-Router: diag: diag_glinkpkt_open_thread: Glinkpkt_open failed for perif: 12 with err: -1, retry_cnt: 16
12-18 07:19:18.024  1000  1304  1310 E Diag-Router: diag: failed to create control node for slate_adsp
12-18 07:19:18.024  1000  1304  1310 E Diag-Router: diag: diag_glinkpkt_open_thread: Glinkpkt_open failed for perif: 13 with err: -1, retry_cnt: 16
12-18 07:19:23.026  1000  1304  1310 E Diag-Router: diag: failed to create control node for slate_adsp
12-18 07:19:23.026  1000  1304  1309 E Diag-Router: diag: failed to create control node for slate_apps
12-18 07:19:23.026  1000  1304  1310 E Diag-Router: diag: diag_glinkpkt_open_thread: Glinkpkt_open failed for perif: 13 with err: -1, retry_cnt: 17
12-18 07:19:23.026  1000  1304  1309 E Diag-Router: diag: diag_glinkpkt_open_thread: Glinkpkt_open failed for perif: 12 with err: -1, retry_cnt: 17
12-18 07:19:24.033  1000  1855  1991 D ActivityManager: freezing 2362 com.android.permissioncontroller
12-18 07:19:24.035  1000  1855  1991 I am_freeze: [2362,com.android.permissioncontroller]
12-18 07:19:24.113  1000  1855  1991 I am_compact: [2362,com.android.permissioncontroller,ANON,116548,65928,49652,2760,-5932,0,-5932,5836,77,FULL,74075,905,19,22804,-1564]
12-18 07:19:24.182 10057  2356  4019 D PowerUI : can't show warning due to - plugged: true status unknown: false
12-18 07:19:27.788  1000  1855  1926 I am_uid_idle: 10041
12-18 07:19:28.029  1000  1304  1309 E Diag-Router: diag: failed to create control node for slate_apps
12-18 07:19:28.029  1000  1304  1310 E Diag-Router: diag: failed to create control node for slate_adsp
12-18 07:19:28.029  1000  1304  1310 E Diag-Router: diag: diag_glinkpkt_open_thread: Glinkpkt_open failed for perif: 13 with err: -1, retry_cnt: 18
12-18 07:19:28.029  1000  1304  1309 E Diag-Router: diag: diag_glinkpkt_open_thread: Glinkpkt_open failed for perif: 12 with err: -1, retry_cnt: 18
12-18 07:19:28.049  1000  1855  1926 I am_uid_idle: 10012
12-18 07:19:28.820  1000  1855  1926 I am_uid_idle: 10005
12-18 07:19:28.961  1000  1855  1926 I am_uid_idle: 10038
12-18 07:19:29.118  1000  1855  1926 I am_uid_idle: 10074
12-18 07:19:29.139  1000  1855  1926 I am_uid_idle: 10020
12-18 07:19:29.161  1000  1855  1926 I am_uid_idle: 10007
12-18 07:19:29.188  1000  1855  1926 I am_uid_idle: 10009
12-18 07:19:29.194  1000  1855  1926 I am_uid_idle: 10073
12-18 07:19:29.454  1000  1855  1926 I am_uid_idle: 10042
12-18 07:19:29.629  1000  1855  1926 I am_uid_idle: 10014
12-18 07:19:29.697  1000  1855  1926 I am_uid_idle: 10070
12-18 07:19:29.756  1000  1855  1926 I am_uid_idle: 2000
12-18 07:19:29.802  1000  1855  1926 I am_uid_idle: 10011
12-18 07:19:29.856  1000  1855  1926 I am_uid_idle: 10044
12-18 07:19:33.032  1000  1304  1309 E Diag-Router: diag: failed to create control node for slate_apps
12-18 07:19:33.032  1000  1304  1310 E Diag-Router: diag: failed to create control node for slate_adsp
12-18 07:19:33.032  1000  1304  1310 E Diag-Router: diag: diag_glinkpkt_open_thread: Glinkpkt_open failed for perif: 13 with err: -1, retry_cnt: 19
12-18 07:19:33.032  1000  1304  1309 E Diag-Router: diag: diag_glinkpkt_open_thread: Glinkpkt_open failed for perif: 12 with err: -1, retry_cnt: 19
12-18 07:19:52.178 10057  2356  4020 D PowerUI : can't show warning due to - plugged: true status unknown: false
12-18 07:20:13.989  1000  1855  1926 I am_uid_idle: 10069
12-18 07:20:52.177 10057  2356  4021 D PowerUI : can't show warning due to - plugged: true status unknown: false
