12-18 07:32:34.741  root  1138  1138 E ANDR-PERF-MPCTL: ANDR-PERF-MPCTL: internal_perf_lock_acq_verification() 386: Perflock Submit request limit reached.
12-18 07:32:34.745  1000  1855  1916 V WindowManager: Finish Transition #10: created at 12-18 07:32:33.945 collect-started=0.128ms request-sent=10.14ms started=15.298ms ready=51.082ms sent=230.427ms finished=798.526ms
12-18 07:32:34.747  1000  2600  2646 E FrameEvents: addRelease: Did not find frame.
12-18 07:32:34.749 10057  2356  2403 V WindowManagerShell: Track 0 became idle
12-18 07:32:34.749  1000  1855  1919 I wm_stop_activity: [0,181213786,com.android.settings/.SubSettings]
12-18 07:32:34.749 10057  2356  2403 V WindowManagerShell: All active transition animations finished
12-18 07:32:34.758 10057  2356  2403 I ImeTracker: com.android.settings:6a6497c2: onShown
12-18 07:32:34.764  root  1138  1138 E ANDR-PERF-MPCTL: ANDR-PERF-MPCTL: internal_perf_lock_acq_verification() 386: Perflock Submit request limit reached.
12-18 07:32:34.765  1000  2600  4153 I WifiPickerTracker: Scanning stopped
12-18 07:32:34.765  1000  2600  2600 I wm_on_stop_called: [181213786,com.android.settings.SubSettings,STOP_ACTIVITY_ITEM,2]
12-18 07:32:34.769 radio  2588  2588 D TelephonyNetworkFactory[0]: onReleaseNetworkFor [NetworkRequest [ REQUEST id=63, [ Capabilities: INTERNET&NOT_RESTRICTED&TRUSTED&NOT_VCN_MANAGED Uid: 1000 RequestorUid: 1000 RequestorPkg: com.android.settings UnderlyingNetworks: Null] ], mPriority=20, state=UNSATISFIED, mAttachedDataNetwork=null, isMetered=true, created time=07:32:34.769, evaluation result=null] applied false
12-18 07:32:34.770  1000  2600  4085 E FrameEvents: addRelease: Did not find frame.
12-18 07:32:34.781  1000  2600  2676 D OpenGLRenderer: endAllActiveAnimators on 0xb400007a339b3610 (RippleDrawable) with handle 0xb400007b3390c1a0
12-18 07:32:34.786  root  1138  1138 E ANDR-PERF-MPCTL: ANDR-PERF-MPCTL: internal_perf_lock_acq_verification() 386: Perflock Submit request limit reached.
12-18 07:32:34.894  root  1138  1138 E ANDR-PERF-MPCTL: ANDR-PERF-MPCTL: internal_perf_lock_acq_verification() 386: Perflock Submit request limit reached.
12-18 07:32:35.561  1000  1855  2007 I input_interaction: Interaction with: 51d9737 com.android.settings/com.android.settings.Settings (server), PointerEventDispatcher0 (server), 
12-18 07:32:35.567  1000  1855  1919 I wm_set_keyguard_occluded: [0,0,0,setOccluded]
12-18 07:32:35.568 10057  2356  2425 D KeyguardService: setOccluded(false)
12-18 07:32:35.568 10057  2356  2425 D KeyguardViewMediator: setOccluded(false)
12-18 07:32:35.568  1000  1855  1920 I input_focus: [Focus request 51d9737 com.android.settings/com.android.settings.Settings,reason=UpdateInputWindows]
12-18 07:32:35.568 10057  2356  2356 D KeyguardViewMediator: handleSetOccluded(false)
12-18 07:32:35.568 10057  2356  2356 I sysui_keyguard: [0,0]
12-18 07:32:35.569 10057  2356  2413 I jank_cuj_events_cancel_request: [23,1702884755569018000,899089321270,899089323458]
12-18 07:32:35.605  1000  1855  2007 I input_focus: [Focus leaving f572add com.android.settings/com.android.settings.SubSettings (server),reason=setFocusedWindow]
12-18 07:32:35.605  1000  1855  2007 I input_focus: [Focus entering 51d9737 com.android.settings/com.android.settings.Settings (server),reason=setFocusedWindow]
12-18 07:32:35.624  1000  2600  2600 W WindowOnBackDispatcher: sendCancelIfRunning: isInProgress=falsecallback=ImeCallback=ImeOnBackInvokedCallback@145965428 Callback=android.window.IOnBackInvokedCallback$Stub$Proxy@f398a4c
12-18 07:32:35.625  1000  1855  3824 D CoreBackPreview: Window{f572add u0 com.android.settings/com.android.settings.SubSettings}: Setting back callback OnBackInvokedCallbackInfo{mCallback=android.window.IOnBackInvokedCallback$Stub$Proxy@3ca5714, mPriority=-1, mIsAnimationCallback=false}
12-18 07:32:35.625  1000  1855  3824 D CoreBackPreview: Window{51d9737 u0 com.android.settings/com.android.settings.Settings}: Setting back callback OnBackInvokedCallbackInfo{mCallback=android.window.IOnBackInvokedCallback$Stub$Proxy@1275bbd, mPriority=0, mIsAnimationCallback=false}
12-18 07:32:35.629  1000  1855  2410 I ImeTracker: com.android.settings:562b9ee1: onRequestHide at ORIGIN_SERVER_HIDE_INPUT reason HIDE_UNSPECIFIED_WINDOW
12-18 07:32:35.638  1000  2600  2600 W WindowOnBackDispatcher: sendCancelIfRunning: isInProgress=falsecallback=ImeCallback=ImeOnBackInvokedCallback@145965428 Callback=android.window.IOnBackInvokedCallback$Stub$Proxy@f398a4c
12-18 07:32:35.642  1000  1855  3824 D CoreBackPreview: Window{51d9737 u0 com.android.settings/com.android.settings.Settings}: Setting back callback OnBackInvokedCallbackInfo{mCallback=android.window.IOnBackInvokedCallback$Stub$Proxy@a7fd080, mPriority=-1, mIsAnimationCallback=false}
12-18 07:32:35.642 10054  2659  3412 I jank_cuj_events_begin_request: [60,1702884755642559000,899162862468,899162865072,]
12-18 07:32:35.847 10054  2659  3412 I jank_cuj_events_end_request: [60,1702884755846980000,899367284656,899367287676]
12-18 07:32:36.004 10057  2356  2403 I ImeTracker: com.android.settings:562b9ee1: onHidden
12-18 07:32:36.163  1000  1855  3824 D WifiNl80211Manager: Scan result ready event
12-18 07:32:36.164  1000  1855  3824 D WifiNative: Scan result ready event
12-18 07:32:36.185  1000  1855  2286 D WificondScannerImpl: Filtering out 3 scan results.
12-18 07:32:36.205  1000  1855  2282 D WifiOpenNetworkNotifier: Notification with state=1 was cleared for recommended network: "BOE-S01SZ-Guest"
12-18 07:32:36.206  1000  1855  1855 I sysui_multi_action: [757,128,758,5,759,8,793,3212,794,0,795,3212,796,17303299,797,com.android.wifi,806,android,857,NETWORK_AVAILABLE,858,2,947,0,1500,3008,1688,1]
12-18 07:32:36.207  1000  1855  1855 I notification_canceled: [0|android|17303299|com.android.wifi|1000,8,3212,3212,0,-1,-1,NULL]
12-18 07:32:36.210  1000  1855  1855 D CompatibilityChangeReporter: Compat change id reported: 175319604; UID 1000; state: ENABLED
12-18 07:32:36.213  1000  1855  1855 D CompatibilityChangeReporter: Compat change id reported: 195579280; UID 1000; state: ENABLED
12-18 07:32:36.221  1000  1855  3824 I WifiService: startScan uid=1000
12-18 07:32:36.962  1000  1855  3478 E TaskPersister: File error accessing recents directory (directory doesn't exist?).
12-18 07:32:37.266  1000  1855  2007 I input_interaction: Interaction with: f572add com.android.settings/com.android.settings.SubSettings (server), PointerEventDispatcher0 (server), 
12-18 07:32:37.272  1041  1066  2302 D AHAL: AudioStream: astream_out_standby: 659: enter: stream (0xb400007db241b0a0), usecase(1: low-latency-playback)
12-18 07:32:37.273  1041  1066  2302 D AHAL: AudioStream: Standby: 2034: Enter
12-18 07:32:37.273  1041  1066  2302 I PAL: API: pal_stream_stop: 312: Enter. Stream handle :0xb400007da241f130K
12-18 07:32:37.273  1041  1066  2302 D AGM: graph: graph_stop: 936 entry graph_handle 0x47534c
12-18 07:32:37.275  1000  1855  1919 I wm_set_resumed_activity: [0,com.android.settings/.SubSettings,setFocusedTask-alreadyTop]
12-18 07:32:37.276  1000  1855  1920 I input_focus: [Focus request f572add com.android.settings/com.android.settings.SubSettings,reason=UpdateInputWindows]
12-18 07:32:37.282  1041  1066  2302 D AGM: graph: graph_stop: 981 exit, ret 0
12-18 07:32:37.283  1041  1066  2302 E PAL: ResourceManager: voteSleepMonitor: 1401: ioctl device is not open
12-18 07:32:37.283  1041  1066  2302 I PAL: API: pal_stream_stop: 348: Exit. status 0
12-18 07:32:37.283  1041  1066  2302 I PAL: API: pal_stream_close: 211: Enter. Stream handle :0xb400007da241f130K
12-18 07:32:37.283  1041  1066  2302 I AGM: API: agm_session_aif_connect: 603 disconnecting aifid:22 with session id=117
12-18 07:32:37.283  1041  1066  2302 D AGM: graph: graph_stop: 936 entry graph_handle 0x47534c
12-18 07:32:37.283  1041  1066  2302 D AGM: metadata: metadata_print: 79 *************************Metadata*************************
12-18 07:32:37.283  1041  1066  2302 D AGM: metadata: metadata_print: 80 GKV size:4
12-18 07:32:37.283  1041  1066  2302 D AGM: metadata: metadata_print: 83 key:0xa1000000, value:0xa100000e 
12-18 07:32:37.283  1041  1066  2302 D AGM: metadata: metadata_print: 83 key:0xab000000, value:0x1 
12-18 07:32:37.283  1041  1066  2302 D AGM: metadata: metadata_print: 83 key:0xa2000000, value:0xa2000001 
12-18 07:32:37.283  1041  1066  2302 D AGM: metadata: metadata_print: 83 key:0xac000000, value:0xac000002 
12-18 07:32:37.283  1041  1066  2302 D AGM: metadata: metadata_print: 87 
12-18 07:32:37.283  1041  1066  2302 D AGM: metadata: CKV count:3
12-18 07:32:37.283  1041  1066  2302 D AGM: metadata: metadata_print: 90 key:0xa4000000, value:0x0 
12-18 07:32:37.283  1041  1066  2302 D AGM: metadata: metadata_print: 90 key:0xd2000000, value:0x0 
12-18 07:32:37.283  1041  1066  2302 D AGM: metadata: metadata_print: 90 key:0xf0000000, value:0x1 
12-18 07:32:37.283  1041  1066  2302 D AGM: metadata: metadata_print: 92 
12-18 07:32:37.283  1041  1066  2302 D AGM: metadata: metadata_print: 94 Property ID:134217744
12-18 07:32:37.283  1041  1066  2302 D AGM: metadata: metadata_print: 95 property count:3
12-18 07:32:37.283  1041  1066  2302 D AGM: metadata: metadata_print: 98 Property Values: 
12-18 07:32:37.283  1041  1066  2302 D AGM: metadata: metadata_print: 100 0x3 
12-18 07:32:37.283  1041  1066  2302 D AGM: metadata: metadata_print: 100 0x2 
12-18 07:32:37.283  1041  1066  2302 D AGM: metadata: metadata_print: 100 0x5 
12-18 07:32:37.283  1041  1066  2302 D AGM: metadata: metadata_print: 102 
12-18 07:32:37.283  1041  1066  2302 D AGM: metadata: metadata_print: 103 ****************Metadata Done***************************
12-18 07:32:37.283  1041  1066  2302 D AGM: metadata: 
12-18 07:32:37.283  1041  1066  2302 I gsl     : gsl_graph_close_sgids_and_connections:2056 num_sgid= 3
12-18 07:32:37.283  1041  1066  2302 I gsl     : gsl_graph_close_sgids_and_connections:2057 sg list:
12-18 07:32:37.283  1041  1066  2302 I gsl     : gsl_graph_close_sgids_and_connections:2059 b0000002
12-18 07:32:37.283  1041  1066  2302 I gsl     : gsl_graph_close_sgids_and_connections:2059 b0000025
12-18 07:32:37.283  1041  1066  2302 I gsl     : gsl_graph_close_sgids_and_connections:2059 b0000024
12-18 07:32:37.283  1041  1066  2302 I gsl     : gsl_print_sg_conn_info:180 num_sg_conn = 3
12-18 07:32:37.283  1041  1066  2302 I gsl     : gsl_print_sg_conn_info:182 sg b0000025 has 1 children:
12-18 07:32:37.283  1041  1066  2302 I gsl     : gsl_print_sg_conn_info:185 b0000002, 
12-18 07:32:37.283  1041  1066  2302 I gsl     : gsl_print_sg_conn_info:182 sg b0000024 has 1 children:
12-18 07:32:37.283  1041  1066  2302 I gsl     : gsl_print_sg_conn_info:185 b0000025, 
12-18 07:32:37.283  1041  1066  2302 I gsl     : gsl_print_sg_conn_info:182 sg b0000023 has 1 children:
12-18 07:32:37.283  1041  1066  2302 I gsl     : gsl_print_sg_conn_info:185 b0000024, 
12-18 07:32:37.286  1041  1066  2302 D AGM: graph: graph_stop: 981 exit, ret 0
12-18 07:32:37.315  1000  1855  2007 I input_focus: [Focus leaving 51d9737 com.android.settings/com.android.settings.Settings (server),reason=setFocusedWindow]
12-18 07:32:37.316  1000  1855  2007 I input_focus: [Focus entering f572add com.android.settings/com.android.settings.SubSettings (server),reason=setFocusedWindow]
12-18 07:32:37.341  1000  1855  3824 I ImeTracker: com.android.settings:57efcf63: onRequestShow at ORIGIN_SERVER_START_INPUT reason ATTACH_NEW_INPUT
12-18 07:32:37.352 10052  2837  2837 I LatinIME: Starting input. Cursor position = 0,0
12-18 07:32:37.365 10054  2659  3412 I jank_cuj_events_begin_request: [60,1702884757364804000,900885107467,900885109603,]
12-18 07:32:37.369 10052  2837  2914 E OpenGLRenderer: Unable to match the desired swap behavior.
12-18 07:32:37.370  1000  1855  2410 D CoreBackPreview: Window{f572add u0 com.android.settings/com.android.settings.SubSettings}: Setting back callback OnBackInvokedCallbackInfo{mCallback=android.window.IOnBackInvokedCallback$Stub$Proxy@190f62, mPriority=0, mIsAnimationCallback=false}
12-18 07:32:37.371  1000  2600  2600 I ImeTracker: com.android.settings:a4d19387: onRequestShow at ORIGIN_CLIENT_SHOW_SOFT_INPUT reason SHOW_SOFT_INPUT
12-18 07:32:37.372  1000  2600  2600 D InputMethodManager: showSoftInput() view=android.widget.EditText{42beaa2 VFED..CL. .F.P..ID 18,29-728,101 #7f0a042c app:id/password aid=1073741824} flags=0 reason=SHOW_SOFT_INPUT
12-18 07:32:37.385 10057  2356  2403 I ImeTracker: com.android.settings:a4d19387: onCancelled at PHASE_WM_ANIMATION_CREATE
12-18 07:32:37.470 10054  2659  3412 I jank_cuj_events_end_request: [60,1702884757469760000,900990066530,900990070853]
12-18 07:32:37.541  root  1138  1138 E ANDR-PERF-MPCTL: ANDR-PERF-MPCTL: internal_perf_lock_acq_verification() 386: Perflock Submit request limit reached.
12-18 07:32:37.562  root  1138  1138 E ANDR-PERF-MPCTL: ANDR-PERF-MPCTL: internal_perf_lock_acq_verification() 386: Perflock Submit request limit reached.
12-18 07:32:37.584  root  1138  1138 E ANDR-PERF-MPCTL: ANDR-PERF-MPCTL: internal_perf_lock_acq_verification() 386: Perflock Submit request limit reached.
12-18 07:32:37.607  root  1138  1138 E ANDR-PERF-MPCTL: ANDR-PERF-MPCTL: internal_perf_lock_acq_verification() 386: Perflock Submit request limit reached.
12-18 07:32:37.629  root  1138  1138 E ANDR-PERF-MPCTL: ANDR-PERF-MPCTL: internal_perf_lock_acq_verification() 386: Perflock Submit request limit reached.
12-18 07:32:37.651  root  1138  1138 E ANDR-PERF-MPCTL: ANDR-PERF-MPCTL: internal_perf_lock_acq_verification() 386: Perflock Submit request limit reached.
12-18 07:32:37.669 10057  2356  2403 I ImeTracker: com.android.settings:57efcf63: onShown
12-18 07:32:37.672  root  1138  1138 E ANDR-PERF-MPCTL: ANDR-PERF-MPCTL: internal_perf_lock_acq_verification() 386: Perflock Submit request limit reached.
12-18 07:32:37.695  root  1138  1138 E ANDR-PERF-MPCTL: ANDR-PERF-MPCTL: internal_perf_lock_acq_verification() 386: Perflock Submit request limit reached.
12-18 07:32:37.716  root  1138  1138 E ANDR-PERF-MPCTL: ANDR-PERF-MPCTL: internal_perf_lock_acq_verification() 386: Perflock Submit request limit reached.
12-18 07:32:37.871  root  1138  1138 E ANDR-PERF-MPCTL: ANDR-PERF-MPCTL: internal_perf_lock_acq_verification() 386: Perflock Submit request limit reached.
12-18 07:32:38.101  1041  1066  2302 I AGM: device: device_set_metadata: 691 Setting device metadata for TDM-LPAIF_VA-RX-PRIMARY
12-18 07:32:38.101  1041  1066  2302 D AGM: metadata: metadata_print: 79 *************************Metadata*************************
12-18 07:32:38.101  1041  1066  2302 D AGM: metadata: metadata_print: 80 GKV size:0
12-18 07:32:38.101  1041  1066  2302 D AGM: metadata: metadata_print: 87 
12-18 07:32:38.101  1041  1066  2302 D AGM: metadata: CKV count:0
12-18 07:32:38.102  1041  1066  2302 D AGM: metadata: metadata_print: 92 
12-18 07:32:38.102  1041  1066  2302 D AGM: metadata: metadata_print: 94 Property ID:134217744
12-18 07:32:38.102  1041  1066  2302 D AGM: metadata: metadata_print: 95 property count:2
12-18 07:32:38.102  1041  1066  2302 D AGM: metadata: metadata_print: 98 Property Values: 
12-18 07:32:38.103  1041  1066  2302 D AGM: metadata: metadata_print: 100 0x2 
12-18 07:32:38.103  1041  1066  2302 D AGM: metadata: metadata_print: 100 0x5 
12-18 07:32:38.103  1041  1066  2302 D AGM: metadata: metadata_print: 102 
12-18 07:32:38.103  1041  1066  2302 D AGM: metadata: metadata_print: 103 ****************Metadata Done***************************
12-18 07:32:38.103  1041  1066  2302 D AGM: metadata: 
12-18 07:32:38.104  1041  1066  2302 I AGM: session: session_obj_set_sess_aif_metadata: 1753 Setting metadata for sess aif id 22
12-18 07:32:38.104  1041  1066  2302 D AGM: metadata: metadata_print: 79 *************************Metadata*************************
12-18 07:32:38.105  1041  1066  2302 D AGM: metadata: metadata_print: 80 GKV size:0
12-18 07:32:38.105  1041  1066  2302 D AGM: metadata: metadata_print: 87 
12-18 07:32:38.105  1041  1066  2302 D AGM: metadata: CKV count:0
12-18 07:32:38.105  1041  1066  2302 D AGM: metadata: metadata_print: 92 
12-18 07:32:38.105  1041  1066  2302 D AGM: metadata: metadata_print: 94 Property ID:134217744
12-18 07:32:38.105  1041  1066  2302 D AGM: metadata: metadata_print: 95 property count:1
12-18 07:32:38.105  1041  1066  2302 D AGM: metadata: metadata_print: 98 Property Values: 
12-18 07:32:38.105  1041  1066  2302 D AGM: metadata: metadata_print: 100 0x3 
12-18 07:32:38.106  1041  1066  2302 D AGM: metadata: metadata_print: 102 
12-18 07:32:38.106  1041  1066  2302 D AGM: metadata: metadata_print: 103 ****************Metadata Done***************************
12-18 07:32:38.106  1041  1066  2302 D AGM: metadata: 
12-18 07:32:38.106  1041  1066  2302 I AGM: session: session_obj_set_sess_aif_metadata: 1773 Exit
12-18 07:32:38.106  1041  1066  2302 D AGM: session: session_close: 1263 enter
12-18 07:32:38.106  1041  1066  2302 D AGM: graph: graph_close: 772 entry handle 0x47534c
12-18 07:32:38.107  1041  1066  2302 I gsl     : gsl_graph_close_sgids_and_connections:2056 num_sgid= 1
12-18 07:32:38.107  1041  1066  2302 I gsl     : gsl_graph_close_sgids_and_connections:2057 sg list:
12-18 07:32:38.107  1041  1066  2302 I gsl     : gsl_graph_close_sgids_and_connections:2059 b0000023
12-18 07:32:38.107  1041  1066  2302 I gsl     : gsl_print_sg_conn_info:180 num_sg_conn = 0
12-18 07:32:38.111  1041  1066  2302 D AGM: graph: graph_close: 792 exit, ret 0
12-18 07:32:38.112  1041  1066  2302 D AGM: session: session_close: 1312 exit, ret 0
12-18 07:32:38.113  1041  1066  2302 I PAL: ResourceManager: freeFrontEndIds: 6198: stream type 1, freeing 117
12-18 07:32:38.114  1041  1066  2302 I PAL: Device: close: 436: Enter. deviceCount 1 for device id 3 (PAL_DEVICE_OUT_SPEAKER)
12-18 07:32:38.114  1041  1066  2302 I PAL: Device: close: 448: Exit. deviceCount 0 for device id 3 (PAL_DEVICE_OUT_SPEAKER), exit status 0
12-18 07:32:38.115  1041  1066  2302 I PAL: ResourceManager: GetConcurrencyInfo: 4434: stream type 1 Tx conc 0, Rx conc 0, concurrency allowed
12-18 07:32:38.115  1041  1066  2302 I PAL: ResourceManager: GetConcurrencyInfo: 4434: stream type 1 Tx conc 0, Rx conc 0, concurrency allowed
12-18 07:32:38.115  1041  1066  2302 I PAL: ResourceManager: GetConcurrencyInfo: 4434: stream type 1 Tx conc 0, Rx conc 0, concurrency allowed
12-18 07:32:38.115  1041  1066  2302 I PAL: ResourceManager: deregisterStream: 2685: stream type 1
12-18 07:32:38.115  1041  1066  2302 I PAL: ResourceManager: getActiveStream_l: 5100: no active streams found for device 3 ret -2
12-18 07:32:38.116  1041  1066  2302 I PAL: API: pal_stream_close: 246: Exit. status 0
12-18 07:32:38.116  1041  1066  2302 D AHAL: AudioStream: Standby: 2115: Exit ret: 0
12-18 07:32:38.116  1041  1066  2302 D AHAL: AudioStream: astream_out_standby: 667: Exit ret: 0
12-18 07:32:38.384  root  1138  1138 E ANDR-PERF-MPCTL: ANDR-PERF-MPCTL: internal_perf_lock_acq_verification() 386: Perflock Submit request limit reached.
12-18 07:32:38.409  1000  1855  2007 I input_interaction: Interaction with: e43c577 Taskbar (server), PointerEventDispatcher0 (server), 
12-18 07:32:38.448  root  1138  1138 E ANDR-PERF-MPCTL: ANDR-PERF-MPCTL: internal_perf_lock_acq_verification() 386: Perflock Submit request limit reached.
12-18 07:32:38.470  root  1138  1138 E ANDR-PERF-MPCTL: ANDR-PERF-MPCTL: internal_perf_lock_acq_verification() 386: Perflock Submit request limit reached.
12-18 07:32:38.492  root  1138  1138 E ANDR-PERF-MPCTL: ANDR-PERF-MPCTL: internal_perf_lock_acq_verification() 386: Perflock Submit request limit reached.
12-18 07:32:38.515  root  1138  1138 E ANDR-PERF-MPCTL: ANDR-PERF-MPCTL: internal_perf_lock_acq_verification() 386: Perflock Submit request limit reached.
12-18 07:32:38.525  1041  1179  1179 W AudioFlinger: The package name(android) provided does not correspond to the uid 1041
12-18 07:32:38.529  1000  1151  1151 D vendor.qti.vibrator: Vibrator on for timeoutMs: 20
12-18 07:32:38.529  1000  1151  4241 D vendor.qti.vibrator: Starting on on another thread
12-18 07:32:38.531  1041  1066  2302 I EffectsFactory: EffectCreate() create_effect
12-18 07:32:38.532  1041  1066  2302 V DlbVolumeListener: Create Dolby Listener Effect.
12-18 07:32:38.532  1041  1066  2302 V DlbVolumeListener: create CREATED_CONTEXT 0xb400007d924174d0 sessionId 137 ioId 13
12-18 07:32:38.532  1041  1066  2302 I DlbVolumeListener: create() Created effect System Listener
12-18 07:32:38.532  1041  1066  2302 V DlbVolumeListener: effectGetDescriptor
12-18 07:32:38.532  1041  1066  2302 I DlbVolumeListener: effectGetDescriptor() Returning descriptor for System Listener
12-18 07:32:38.532  1041  1066  2302 V DlbVolumeListener: effectGetDescriptor
12-18 07:32:38.533  1041  1066  2302 I DlbVolumeListener: effectGetDescriptor() Returning descriptor for System Listener
12-18 07:32:38.533  1041  1066  2302 V DlbVolumeListener: effectCommand
12-18 07:32:38.533  1041  1066  2302 V DlbVolumeListener: effectCommand :: Command EFFECT_CMD_INIT
12-18 07:32:38.534  1041  1066  2302 V DlbVolumeListener: effectCommand
12-18 07:32:38.534  1041  1066  2302 D DlbVolumeListener: effectCommand :: Command EFFECT_CMD_OFFLOAD offload=0 ioHandle=13
12-18 07:32:38.534  1041  1066  1139 V DlbVolumeListener: effectCommand
12-18 07:32:38.534  1041  1066  1139 V DlbVolumeListener: effectCommand :: Command EFFECT_CMD_SET_CONFIG
12-18 07:32:38.536  1041  1066  1139 V DlbVolumeListener: effectCommand
12-18 07:32:38.536  1041  1066  1139 V DlbVolumeListener: effectCommand :: Command EFFECT_CMD_SET_CONFIG
12-18 07:32:38.536  1041  1066  1139 V DlbVolumeListener: effectCommand
12-18 07:32:38.538  root  1138  1138 E ANDR-PERF-MPCTL: ANDR-PERF-MPCTL: internal_perf_lock_acq_verification() 386: Perflock Submit request limit reached.
12-18 07:32:38.539  1041  1179  1179 D audioserver: FGS Logger Transaction failed
12-18 07:32:38.540  1041  1179  1179 D audioserver: -129
12-18 07:32:38.541  1000  1855  2016 D CompatibilityChangeReporter: Compat change id reported: 210923482; UID 1000; state: ENABLED
12-18 07:32:38.542  1041  1066  2302 V DlbVolumeListener: effectCommand
12-18 07:32:38.542  1041  1066  2302 V DlbVolumeListener: effectCommand :: Command EFFECT_CMD_ENABLE
12-18 07:32:38.543  root  1138  1138 E ANDR-PERF-MPCTL: ANDR-PERF-MPCTL: internal_perf_lock_acq_verification() 386: Perflock Submit request limit reached.
12-18 07:32:38.543  1041  1066  4070 E AHAL: AudioExtn: audio_extn_perf_lock_acquire: 897: Failed to acquire perf lock, err: -1
12-18 07:32:38.543  1041  1066  4070 D AHAL: AudioStream: AutoPerfLock: 130: (Acquired) perf_lock_handle: 0xffffffff, count: 1
12-18 07:32:38.543  1041  1066  4070 I AHAL: AudioStream: Open: 2626: Enter: OutPrimary usecase(1: low-latency-playback)
12-18 07:32:38.543  1041  1066  4070 D AHAL: AudioStream: Open: 2632: no_of_devices 1
12-18 07:32:38.543  1041  1066  4070 D AHAL: AudioStream: Open: 2687: halInputFormat 1 halOutputFormat 1 palformat 1
12-18 07:32:38.543  1041  1066  4070 I PAL: ResourceManager: getParameter: 8147: get parameter for HIFI PCM Filter
12-18 07:32:38.543  1041  1066  4070 D AHAL: AudioCust: audio_cust_set_paldevice_custkey: 173: custom_key: 
12-18 07:32:38.543  1041  1066  4070 E AHAL: AudioStream: mmi_test : audio_cust_set_paldevice_custkey !
12-18 07:32:38.543  1041  1066  4070 D AHAL: AudioStream: Open: 2752: channels 2 samplerate 48000 format id 1, stream type 1  stream bitwidth 16
12-18 07:32:38.543  1041  1066  4070 D AHAL: AudioStream: Open: 2753: msample_rate 0 mchannels 0 mNoOfOutDevices 1
12-18 07:32:38.543  1041  1066  4070 I PAL: API: pal_stream_open: 160: Enter, stream type:1
12-18 07:32:38.543  1041  1066  4070 I PAL: ResourceManager: isStreamSupported: 2398: config suppported
12-18 07:32:38.543  1041  1066  4070 I PAL: ResourceManager: getActiveStream_l: 5100: no active streams found for device 3 ret -2
12-18 07:32:38.543  1041  1066  4070 I PAL: Device: setDeviceAttributes: 302: DeviceAttributes for Device Id 3 updated
12-18 07:32:38.543  1041  1066  4070 I PAL: ResourceManager: allocateFrontEndIds: 5992: allocateFrontEndIds: front end 117
12-18 07:32:38.543  1041  1066  4070 I PAL: PayloadBuilder: populateStreamKV: 2545: stream type 1
12-18 07:32:38.543  1041  1066  4070 I PAL: PayloadBuilder: getSelectorValues: 2373: Direction: 1
12-18 07:32:38.543  1041  1066  4070 I PAL: PayloadBuilder: getSelectorValues: 2389: Instance: 1
12-18 07:32:38.543  1041  1066  4070 I PAL: PayloadBuilder: findKVs: 2263: key: 0xa1000000 value: 0xa100000e
12-18 07:32:38.544  1041  1066  4070 I PAL: PayloadBuilder: findKVs: 2263: key: 0xab000000 value: 0x1
12-18 07:32:38.544  1041  1066  4070 I PAL: PayloadBuilder: populateDeviceKV: 2659: Enter device id:3
12-18 07:32:38.544  1041  1066  4070 I PAL: PayloadBuilder: findKVs: 2276: key: 0xa2000000 value: 0xa2000001
12-18 07:32:38.544  1041  1066  4070 I PAL: PayloadBuilder: populateDeviceKV: 2687: Exit device id:3, status 0
12-18 07:32:38.544  1041  1066  4070 I PAL: PayloadBuilder: populateDevicePPKV: 2801: Rx device id:3
12-18 07:32:38.544  1041  1066  4070 I PAL: PayloadBuilder: getSelectorValues: 2443: stream type: 1
12-18 07:32:38.544  1041  1066  4070 I PAL: PayloadBuilder: findKVs: 2263: key: 0xa2000000 value: 0xa2000001
12-18 07:32:38.544  1041  1066  4070 I PAL: PayloadBuilder: findKVs: 2263: key: 0xac000000 value: 0xac000002
12-18 07:32:38.544  1041  1066  4070 I PAL: PayloadBuilder: populateDevicePPCkv: 2942: SpeakerProt Status[0], RAS Status[0]
12-18 07:32:38.544  1041  1066  4070 I PAL: SessionAlsaUtils: open: 466: SessionAlsaUtils::open enter
12-18 07:32:38.544  1041  1066  4070 I PAL: ResourceManager: setAwinicSpkMode: 4940: Awinic set spk mode enter!
12-18 07:32:38.544  1041  1066  4070 I PAL: ResourceManager: setAwinicSpkMode: 4941: Awinic sAsst.type,1 !
12-18 07:32:38.544  1041  1066  4070 I PAL: PayloadBuilder: populateAwCalKeyVector: 3185: Awinic populateAwCalKeyVector enter
12-18 07:32:38.544  1041  1066  4070 I PAL: PayloadBuilder: populateAwCalKeyVector: 3219: Awinic set aw spk mode 1
12-18 07:32:38.544  1041  1066  4070 I AGM: device: device_set_metadata: 691 Setting device metadata for TDM-LPAIF_VA-RX-PRIMARY
12-18 07:32:38.544  1041  1066  4070 D AGM: metadata: metadata_print: 79 *************************Metadata*************************
12-18 07:32:38.544  1041  1066  4070 D AGM: metadata: metadata_print: 80 GKV size:1
12-18 07:32:38.544  1041  1066  4070 D AGM: metadata: metadata_print: 83 key:0xa2000000, value:0xa2000001 
12-18 07:32:38.544  1041  1066  4070 D AGM: metadata: metadata_print: 87 
12-18 07:32:38.544  1041  1066  4070 D AGM: metadata: CKV count:0
12-18 07:32:38.544  1041  1066  4070 D AGM: metadata: metadata_print: 92 
12-18 07:32:38.544  1041  1066  4070 D AGM: metadata: metadata_print: 94 Property ID:134217744
12-18 07:32:38.544  1041  1066  4070 D AGM: metadata: metadata_print: 95 property count:2
12-18 07:32:38.544  1041  1066  4070 D AGM: metadata: metadata_print: 98 Property Values: 
12-18 07:32:38.544  1041  1066  4070 D AGM: metadata: metadata_print: 100 0x2 
12-18 07:32:38.544  1041  1066  4070 D AGM: metadata: metadata_print: 100 0x5 
12-18 07:32:38.544  1041  1066  4070 D AGM: metadata: metadata_print: 102 
12-18 07:32:38.544  1041  1066  4070 D AGM: metadata: metadata_print: 103 ****************Metadata Done***************************
12-18 07:32:38.544  1041  1066  4070 D AGM: metadata: 
12-18 07:32:38.544  1041  1066  4070 D agm_server_wrapper: Aif id 22 already added to session list of 117
12-18 07:32:38.544  1041  1066  4070 I AGM: session: session_obj_set_sess_aif_metadata: 1753 Setting metadata for sess aif id 22
12-18 07:32:38.544  1041  1066  4070 D AGM: metadata: metadata_print: 79 *************************Metadata*************************
12-18 07:32:38.544  1041  1066  4070 D AGM: metadata: metadata_print: 80 GKV size:2
12-18 07:32:38.544  1041  1066  4070 D AGM: metadata: metadata_print: 83 key:0xa2000000, value:0xa2000001 
12-18 07:32:38.544  1041  1066  4070 D AGM: metadata: metadata_print: 83 key:0xac000000, value:0xac000002 
12-18 07:32:38.544  1041  1066  4070 D AGM: metadata: metadata_print: 87 
12-18 07:32:38.544  1041  1066  4070 D AGM: metadata: CKV count:2
12-18 07:32:38.544  1041  1066  4070 D AGM: metadata: metadata_print: 90 key:0xd2000000, value:0x0 
12-18 07:32:38.544  1041  1066  4070 D AGM: metadata: metadata_print: 90 key:0xf0000000, value:0x1 
12-18 07:32:38.544  1041  1066  4070 D AGM: metadata: metadata_print: 92 
12-18 07:32:38.544  1041  1066  4070 D AGM: metadata: metadata_print: 94 Property ID:134217744
12-18 07:32:38.544  1041  1066  4070 D AGM: metadata: metadata_print: 95 property count:1
12-18 07:32:38.544  1041  1066  4070 D AGM: metadata: metadata_print: 98 Property Values: 
12-18 07:32:38.544  1041  1066  4070 D AGM: metadata: metadata_print: 100 0x3 
12-18 07:32:38.544  1041  1066  4070 D AGM: metadata: metadata_print: 102 
12-18 07:32:38.544  1041  1066  4070 D AGM: metadata: metadata_print: 103 ****************Metadata Done***************************
12-18 07:32:38.544  1041  1066  4070 D AGM: metadata: 
12-18 07:32:38.544  1041  1066  4070 I AGM: session: session_obj_set_sess_aif_metadata: 1773 Exit
12-18 07:32:38.544  1041  1066  4070 D agm_server_wrapper: Aif id 22 already added to session list of 117
12-18 07:32:38.544  1041  1066  4070 I AGM: API: agm_session_aif_connect: 603 connecting aifid:22 with session id=117
12-18 07:32:38.544  1041  1066  4070 I PAL: SessionAlsaUtils: setDeviceMediaConfig: 971: TDM-LPAIF_VA-RX-PRIMARY rate ch fmt data_fmt 48000 4 10 1
12-18 07:32:38.544  1041  1066  4070 E PAL: Device: open: 404: open: Snd device is speaker
12-18 07:32:38.544  1041  1066  4070 E PAL: Device: open: 418: open: Snd device now is speaker
12-18 07:32:38.544  1041  1066  4070 D audio_route: Apply path: speaker
12-18 07:32:38.545  1041  1066  4070 I PAL: Device: open: 426: Exit. deviceCount 1 for device id 3 (PAL_DEVICE_OUT_SPEAKER), exit status: 0
12-18 07:32:38.545  1041  1066  4070 I PAL: ResourceManager: GetConcurrencyInfo: 4434: stream type 1 Tx conc 0, Rx conc 0, concurrency allowed
12-18 07:32:38.545  1041  1066  4070 I PAL: ResourceManager: GetConcurrencyInfo: 4434: stream type 1 Tx conc 0, Rx conc 0, concurrency allowed
12-18 07:32:38.545  1041  1066  4070 I PAL: ResourceManager: GetConcurrencyInfo: 4434: stream type 1 Tx conc 0, Rx conc 0, concurrency allowed
12-18 07:32:38.545  1041  1066  4070 I PAL: API: pal_stream_open: 196: Exit. Value of stream_handle 0xb400007da241f970K, status 0
12-18 07:32:38.545  1041  1066  4070 D AHAL: AudioStream: GetBufferSize: 2581: type 1
12-18 07:32:38.545  1041  1066  4070 D AHAL: AudioStream: Open: 2887: fragment_size_ 768 fragments_ 2
12-18 07:32:38.545  1041  1066  4070 D AHAL: AudioStream: Open: 2917: Exit ret: 0
12-18 07:32:38.545  1041  1066  4070 D AHAL: AudioStream: ~AutoPerfLock: 140: (release) perf_lock_handle: 0xffffffff, count: 1
12-18 07:32:38.545  1041  1066  4070 D AHAL: AudioStream: ~AutoPerfLock: 144: Releasing perf_lock_handle: 0xffffffff
12-18 07:32:38.545  1041  1066  4070 E AHAL: AudioExtn: audio_extn_perf_lock_release: 908: Perf lock release error
12-18 07:32:38.545  root  1138  1138 E ANDR-PERF-MPCTL: ANDR-PERF-MPCTL: internal_perf_lock_acq_verification() 386: Perflock Submit request limit reached.
12-18 07:32:38.545  1041  1066  4070 E AHAL: AudioExtn: audio_extn_perf_lock_acquire: 897: Failed to acquire perf lock, err: -1
12-18 07:32:38.545  1041  1066  4070 D AHAL: AudioStream: AutoPerfLock: 130: (Acquired) perf_lock_handle: 0xffffffff, count: 1
12-18 07:32:38.545  1041  1066  4070 I PAL: API: pal_stream_start: 260: Enter. Stream handle 0xb400007da241f970K
12-18 07:32:38.545  1041  1066  4070 I PAL: SessionAlsaUtils: setDeviceMediaConfig: 971: TDM-LPAIF_VA-RX-PRIMARY rate ch fmt data_fmt 48000 4 10 1
12-18 07:32:38.545  1041  1066  4070 E PAL: ResourceManager: voteSleepMonitor: 1401: ioctl device is not open
12-18 07:32:38.547  1041  1066  4070 D agm_client_wrapper: agm_session_open called with handle = bfe6ae60 , *handle = 0
12-18 07:32:38.549  1000  1151  4241 D vendor.qti.vibrator: Notifying on complete
12-18 07:32:38.550  1000  1151  1151 D vendor.qti.vibrator: QTI Vibrator off
12-18 07:32:38.552  1041  1066  4070 D AGM: graph: graph_open: 561 entry
12-18 07:32:38.552  1041  1066  4070 D AGM: metadata: metadata_print: 79 *************************Metadata*************************
12-18 07:32:38.552  1041  1066  4070 D AGM: metadata: metadata_print: 80 GKV size:4
12-18 07:32:38.552  1041  1066  4070 D AGM: metadata: metadata_print: 83 key:0xa1000000, value:0xa100000e 
12-18 07:32:38.552  1041  1066  4070 D AGM: metadata: metadata_print: 83 key:0xab000000, value:0x1 
12-18 07:32:38.552  1041  1066  4070 D AGM: metadata: metadata_print: 83 key:0xa2000000, value:0xa2000001 
12-18 07:32:38.552  1041  1066  4070 D AGM: metadata: metadata_print: 83 key:0xac000000, value:0xac000002 
12-18 07:32:38.552  1041  1066  4070 D AGM: metadata: metadata_print: 87 
12-18 07:32:38.552  1041  1066  4070 D AGM: metadata: CKV count:3
12-18 07:32:38.552  1041  1066  4070 D AGM: metadata: metadata_print: 90 key:0xa4000000, value:0xf 
12-18 07:32:38.552  1041  1066  4070 D AGM: metadata: metadata_print: 90 key:0xd2000000, value:0x0 
12-18 07:32:38.552  1041  1066  4070 D AGM: metadata: metadata_print: 90 key:0xf0000000, value:0x1 
12-18 07:32:38.552  1041  1066  4070 D AGM: metadata: metadata_print: 92 
12-18 07:32:38.552  1041  1066  4070 D AGM: metadata: metadata_print: 94 Property ID:134217744
12-18 07:32:38.552  1041  1066  4070 D AGM: metadata: metadata_print: 95 property count:4
12-18 07:32:38.552  1041  1066  4070 D AGM: metadata: metadata_print: 98 Property Values: 
12-18 07:32:38.552  1041  1066  4070 D AGM: metadata: metadata_print: 100 0x1 
12-18 07:32:38.552  1041  1066  4070 D AGM: metadata: metadata_print: 100 0x3 
12-18 07:32:38.552  1041  1066  4070 D AGM: metadata: metadata_print: 100 0x2 
12-18 07:32:38.552  1041  1066  4070 D AGM: metadata: metadata_print: 100 0x5 
12-18 07:32:38.552  1041  1066  4070 D AGM: metadata: metadata_print: 102 
12-18 07:32:38.552  1041  1066  4070 D AGM: metadata: metadata_print: 103 ****************Metadata Done***************************
12-18 07:32:38.552  1041  1066  4070 D AGM: metadata: 
12-18 07:32:38.552  1041  1066  4070 E ACDB    : AcdbCmdGetGraphAlias:4153 Error[19]: Graph Alias chunk data does not exist. Is it enabled?.
12-18 07:32:38.552  1041  1066  4070 E gsl     : gsl_get_graph_alias:2198 acdb get graph alias failed 19, len 255
12-18 07:32:38.552  1041  1066  4070 D AGM: graph: print_graph_alias: 2239 gsl_get_graph_alias failed: ret = 19
12-18 07:32:38.552  1041  1066  4070 D AGM: graph: graph_open: 641 miid 40bd mid 7001000 tag c0000002
12-18 07:32:38.552  1041  1066  4070 D AGM: graph: graph_open: 689 miid 42e4 mid 700100e tag c0000004
12-18 07:32:38.552  1041  1066  4070 D AGM: graph: graph_open: 641 miid 40c4 mid 7001019 tag c0000006
12-18 07:32:38.552  1041  1066  4070 D AGM: graph: graph_open: 641 miid 40bf mid 7001005 tag c000000e
12-18 07:32:38.552  1041  1066  4070 D AGM: graph: graph_open: 641 miid 40c0 mid 7001003 tag c0000010
12-18 07:32:38.552  1041  1066  4070 D AGM: graph: graph_open: 641 miid 4165 mid 7001032 tag c0000013
12-18 07:32:38.552  1041  1066  4070 I GPR:    : __gpr_cmd_register_v2:902 GPR Register: Source Port is 8208 heap_index: 0
12-18 07:32:38.552  1041  1066  4070 I gsl     : gsl_graph_open_sgids_and_connections:2725 num_sgid= 4
12-18 07:32:38.552  1041  1066  4070 I gsl     : gsl_graph_open_sgids_and_connections:2726 sg list:
12-18 07:32:38.552  1041  1066  4070 I gsl     : gsl_graph_open_sgids_and_connections:2728 b0000002
12-18 07:32:38.553  1041  1066  4070 I gsl     : gsl_graph_open_sgids_and_connections:2728 b0000025
12-18 07:32:38.553  1041  1066  4070 I gsl     : gsl_graph_open_sgids_and_connections:2728 b0000024
12-18 07:32:38.553  1041  1066  4070 I gsl     : gsl_graph_open_sgids_and_connections:2728 b0000023
12-18 07:32:38.553  1041  1066  4070 I gsl     : gsl_print_sg_conn_info:180 num_sg_conn = 3
12-18 07:32:38.553  1041  1066  4070 I gsl     : gsl_print_sg_conn_info:182 sg b0000025 has 1 children:
12-18 07:32:38.553  1041  1066  4070 I gsl     : gsl_print_sg_conn_info:185 b0000002, 
12-18 07:32:38.553  1041  1066  4070 I gsl     : gsl_print_sg_conn_info:182 sg b0000024 has 1 children:
12-18 07:32:38.553  1041  1066  4070 I gsl     : gsl_print_sg_conn_info:185 b0000025, 
12-18 07:32:38.553  1041  1066  4070 I gsl     : gsl_print_sg_conn_info:182 sg b0000023 has 1 children:
12-18 07:32:38.553  1041  1066  4070 I gsl     : gsl_print_sg_conn_info:185 b0000024, 
12-18 07:32:38.558 media   554  1290 I audioadsprpcd: vendor/qcom/proprietary/adsprpc/src/apps_std_imp.c:984: Successfully opened file /vendor/dsp/adsp/CFCM.so.1
12-18 07:32:38.559  root  1138  1138 E ANDR-PERF-MPCTL: ANDR-PERF-MPCTL: internal_perf_lock_acq_verification() 386: Perflock Submit request limit reached.
12-18 07:32:38.562 media   554  1290 I audioadsprpcd: vendor/qcom/proprietary/adsprpc/src/apps_std_imp.c:984: Successfully opened file /vendor/dsp/adsp/SAPlusCmnModule.so.1
12-18 07:32:38.563  1000  1855  2016 D CompatibilityChangeReporter: Compat change id reported: 171228096; UID 1000; state: ENABLED
12-18 07:32:38.574  1041  1066  4070 E ACDB    : AcdbCmdGetProcSubgraphCalDataPersist:8416 Error[19]: No calibration found
12-18 07:32:38.574  1041  1066  4070 E ACDB    : AcdbCmdGetProcSubgraphCalDataPersist:8416 Error[19]: No calibration found
12-18 07:32:38.574  1041  1066  4070 E ACDB    : AcdbCmdGetProcSubgraphCalDataPersist:8416 Error[19]: No calibration found
12-18 07:32:38.574  1041  1066  4070 E ACDB    : AcdbCmdGetProcSubgraphCalDataPersist:8416 Error[19]: No calibration found
12-18 07:32:38.574  1041  1066  4070 D AGM: graph: graph_open: 720 graph_handle 0x47534c
12-18 07:32:38.574  1041  1066  4070 D AGM: graph: graph_open: 755 exit, ret 0
12-18 07:32:38.574  1041  1066  4070 D agm_client_wrapper: agm_session_open Received handle = 0x7cbfe6ae60 , *handle = b400007dd2416490
12-18 07:32:38.574  1041  1066  4070 D PLUGIN: pcm: agm_pcm_hw_params: 469 agm_pcm_hw_params: mode: 0
12-18 07:32:38.574  1041  1066  4070 I PAL: Session: updateCustomPayload: 404: customPayloadSize = 32
12-18 07:32:38.574  1041  1066  4070 D AGM: graph: graph_set_config: 1115 entry graph_handle 0x47534c
12-18 07:32:38.575  1041  1066  4070 D AGM: graph: graph_set_config: 1123 exit, graph handle 0x47534c, ret 0
12-18 07:32:38.575  1041  1066  4070 D AGM: graph: graph_prepare: 816 entry graph_handle 0x47534c
12-18 07:32:38.575  1041  1066  4070 D AGM: graph_module: configure_pcm_shared_mem_ep: 1604 entry mod tag c0000002 miid 40bd mid 7001000
12-18 07:32:38.575  1041  1066  4070 D AGM: graph_module: configure_pcm_shared_mem_ep: 1680 exit, ret 0
12-18 07:32:38.575  1041  1066  4070 D AGM: graph_module: configure_hw_ep_media_config: 664 entry mod tag c0000004 miid 42e4 mid 700100e
12-18 07:32:38.575  1041  1066  4070 D AGM: graph_module: configure_hw_ep_media_config: 694 rate 48000 bw 32 ch 4, data_fmt 1
12-18 07:32:38.575  1041  1066  4070 D AGM: graph_module: configure_hw_ep_media_config: 704 exit, ret 0
12-18 07:32:38.576  1041  1066  4070 D AGM: graph_module: configure_tdm_ep: 480 exit, ret 0
12-18 07:32:38.576  1041  1066  4070 D AGM: graph_module: configure_output_media_format: 790 entry mod tag c000000e miid 40bf mid 7001005
12-18 07:32:38.577  1041  1066  4070 D AGM: graph_module: configure_output_media_format: 921 exit, ret 0
12-18 07:32:38.577  1041  1066  4070 D AGM: graph_module: configure_output_media_format: 790 entry mod tag c0000010 miid 40c0 mid 7001003
12-18 07:32:38.577  1041  1066  4070 D AGM: graph_module: configure_output_media_format: 921 exit, ret 0
12-18 07:32:38.577  1041  1066  4070 D AGM: graph_module: configure_spr: 1804 SPR module IID 4165
12-18 07:32:38.577  1041  1066  4070 D AGM: graph_module: configure_spr: 1827 HW EP module IID 42e4
12-18 07:32:38.577  1041  1066  4070 D AGM: graph: configure_buffer_params: 195 Enter
12-18 07:32:38.578  1041  1066  4070 D AGM: graph: configure_buffer_params: 258 Playback sess buf_sz 768 num_bufs 2
12-18 07:32:38.578  1041  1066  4070 E AGM: graph: configure_buffer_params: 291 Unsupported buffer mode : 0, Default to Blocking
12-18 07:32:38.578  1041  1066  4070 D AGM: graph: configure_buffer_params: 311 exit, ret 0
12-18 07:32:38.580  1041  1066  4070 D AGM: graph: graph_prepare: 894 exit, ret 0
12-18 07:32:38.580  1041  1066  4070 D AGM: graph: graph_start: 908 entry graph_handle 0x47534c
12-18 07:32:38.582  1000  1855  2016 D CoreBackPreview: Window{c9dee22 u0 Select input method}: Setting back callback OnBackInvokedCallbackInfo{mCallback=android.window.WindowOnBackInvokedDispatcher$OnBackInvokedCallbackWrapper@1431f7a, mPriority=0, mIsAnimationCallback=false}
12-18 07:32:38.583  root  1138  1138 E ANDR-PERF-MPCTL: ANDR-PERF-MPCTL: internal_perf_lock_acq_verification() 386: Perflock Submit request limit reached.
12-18 07:32:38.590  1041  1066  4070 D AGM: graph: graph_start: 920 exit, ret 0
12-18 07:32:38.594  1000  1855  1920 I input_focus: [Focus request c9dee22 Select input method,reason=UpdateInputWindows]
12-18 07:32:38.606  root  1138  1138 E ANDR-PERF-MPCTL: ANDR-PERF-MPCTL: internal_perf_lock_acq_verification() 386: Perflock Submit request limit reached.
12-18 07:32:38.619  1000  1855  4242 E OpenGLRenderer: Unable to match the desired swap behavior.
12-18 07:32:38.626  1000  1855  2007 I input_focus: [Focus leaving f572add com.android.settings/com.android.settings.SubSettings (server),reason=Waiting for window because NO_WINDOW]
12-18 07:32:38.648  root  1138  1138 E ANDR-PERF-MPCTL: ANDR-PERF-MPCTL: internal_perf_lock_acq_verification() 386: Perflock Submit request limit reached.
12-18 07:32:38.671  root  1138  1138 E ANDR-PERF-MPCTL: ANDR-PERF-MPCTL: internal_perf_lock_acq_verification() 386: Perflock Submit request limit reached.
12-18 07:32:38.697  1041  1066  4070 I gsl     : gsl_graph_send_persist_cal:863 Skipping persist cal for SG_ID -1342177278: already started
12-18 07:32:38.698  1041  1066  4070 I gsl     : gsl_graph_send_persist_cal:863 Skipping persist cal for SG_ID -1342177243: already started
12-18 07:32:38.698  1041  1066  4070 I gsl     : gsl_graph_send_persist_cal:863 Skipping persist cal for SG_ID -1342177244: already started
12-18 07:32:38.698  1041  1066  4070 I gsl     : gsl_graph_send_persist_cal:863 Skipping persist cal for SG_ID -1342177245: already started
12-18 07:32:38.698  1041  1066  4070 I PAL: API: pal_stream_start: 297: Exit. status 0
12-18 07:32:38.698  1041  1066  4070 I AHAL: AudioStream: configurePalOutputStream: 3161: notify GEF client of device config
12-18 07:32:38.698  1041  1066  4070 D generic_effect_ar: gef_device_config_cb: stream type=6 sample_rate=48000 device=2
12-18 07:32:38.698  1041  1066  4070 D AHAL: AudioStream: ~AutoPerfLock: 140: (release) perf_lock_handle: 0xffffffff, count: 1
12-18 07:32:38.698  1041  1066  4070 D AHAL: AudioStream: ~AutoPerfLock: 144: Releasing perf_lock_handle: 0xffffffff
12-18 07:32:38.698  1041  1066  4070 E AHAL: AudioExtn: audio_extn_perf_lock_release: 908: Perf lock release error
12-18 07:32:38.698  root  1138  1138 E ANDR-PERF-MPCTL: ANDR-PERF-MPCTL: internal_perf_lock_acq_verification() 386: Perflock Submit request limit reached.
12-18 07:32:38.717  root  1138  1138 E ANDR-PERF-MPCTL: ANDR-PERF-MPCTL: internal_perf_lock_acq_verification() 386: Perflock Submit request limit reached.
12-18 07:32:38.730  1000  1855  3445 D WifiNl80211Manager: Scan result ready event
12-18 07:32:38.730  1000  1855  3445 D WifiNative: Scan result ready event
12-18 07:32:38.739  root  1138  1138 E ANDR-PERF-MPCTL: ANDR-PERF-MPCTL: internal_perf_lock_acq_verification() 386: Perflock Submit request limit reached.
12-18 07:32:38.750  1000  1855  2286 D WificondScannerImpl: Filtering out 6 scan results.
12-18 07:32:38.761  1000  1855  2007 I input_focus: [Focus entering c9dee22 Select input method (server),reason=Window became focusable. Previous reason: NOT_VISIBLE]
12-18 07:32:38.762  root  1138  1138 E ANDR-PERF-MPCTL: ANDR-PERF-MPCTL: internal_perf_lock_acq_verification() 386: Perflock Submit request limit reached.
12-18 07:32:38.783  root  1138  1138 E ANDR-PERF-MPCTL: ANDR-PERF-MPCTL: internal_perf_lock_acq_verification() 386: Perflock Submit request limit reached.
12-18 07:32:38.805  root  1138  1138 E ANDR-PERF-MPCTL: ANDR-PERF-MPCTL: internal_perf_lock_acq_verification() 386: Perflock Submit request limit reached.
12-18 07:32:38.829  root  1138  1138 E ANDR-PERF-MPCTL: ANDR-PERF-MPCTL: internal_perf_lock_acq_verification() 386: Perflock Submit request limit reached.
12-18 07:32:38.851  root  1138  1138 E ANDR-PERF-MPCTL: ANDR-PERF-MPCTL: internal_perf_lock_acq_verification() 386: Perflock Submit request limit reached.
12-18 07:32:38.873  root  1138  1138 E ANDR-PERF-MPCTL: ANDR-PERF-MPCTL: internal_perf_lock_acq_verification() 386: Perflock Submit request limit reached.
12-18 07:32:38.882  1041  1179  1798 D audioserver: FGS Logger Transaction failed
12-18 07:32:38.883  1041  1179  1798 D audioserver: -129
12-18 07:32:38.887  1041  1066  2302 V DlbVolumeListener: effectCommand
12-18 07:32:38.887  1041  1066  2302 V DlbVolumeListener: effectCommand :: Command EFFECT_CMD_DISABLE
12-18 07:32:38.888  1041  1066  2302 V DlbVolumeListener: release(handle=0xb400007d924174d0)
12-18 07:32:38.889  1041  1179  1476 W audioserver: Binder 0xb4000074aab9aa28 destroyed after setMinSchedulerPolicy before being parceled.
12-18 07:32:38.895  root  1138  1138 E ANDR-PERF-MPCTL: ANDR-PERF-MPCTL: internal_perf_lock_acq_verification() 386: Perflock Submit request limit reached.
12-18 07:32:38.916  root  1138  1138 E ANDR-PERF-MPCTL: ANDR-PERF-MPCTL: internal_perf_lock_acq_verification() 386: Perflock Submit request limit reached.
12-18 07:32:38.941  root  1138  1138 E ANDR-PERF-MPCTL: ANDR-PERF-MPCTL: internal_perf_lock_acq_verification() 386: Perflock Submit request limit reached.
12-18 07:32:38.963  root  1138  1138 E ANDR-PERF-MPCTL: ANDR-PERF-MPCTL: internal_perf_lock_acq_verification() 386: Perflock Submit request limit reached.
12-18 07:32:38.986  root  1138  1138 E ANDR-PERF-MPCTL: ANDR-PERF-MPCTL: internal_perf_lock_acq_verification() 386: Perflock Submit request limit reached.
12-18 07:32:39.574  1000  1855  2007 I input_interaction: Interaction with: c9dee22 Select input method (server), PointerEventDispatcher0 (server), 
12-18 07:32:39.648  1000  1855  2016 W WindowOnBackDispatcher: sendCancelIfRunning: isInProgress=falsecallback=android.view.ViewRootImpl$$ExternalSyntheticLambda17@5020fa5
12-18 07:32:39.649  1000  1855  2016 D CoreBackPreview: Window{c9dee22 u0 Select input method}: Setting back callback null
12-18 07:32:39.649 10052  2837  2837 D CompatibilityChangeReporter: Compat change id reported: 150939131; UID 10052; state: ENABLED
12-18 07:32:39.667  1000  1855  4242 D OpenGLRenderer: endAllActiveAnimators on 0xb400007a338dbb90 (RippleDrawable) with handle 0xb400007b33a46e70
12-18 07:32:39.668  1000  1855  2016 W InputManager-JNI: Input channel object 'c9dee22 Select input method (client)' was disposed without first being removed with the input manager!
12-18 07:32:39.668 10052  2837  2837 D CompatibilityChangeReporter: Compat change id reported: 210923482; UID 10052; state: DISABLED
12-18 07:32:39.669 10052  2837  2837 D CompatibilityChangeReporter: Compat change id reported: 37756858; UID 10052; state: ENABLED
12-18 07:32:39.670  root  1138  1138 E ANDR-PERF-MPCTL: ANDR-PERF-MPCTL: internal_perf_lock_acq_verification() 386: Perflock Submit request limit reached.
12-18 07:32:39.681  1000  1855  1920 I input_focus: [Focus request f572add com.android.settings/com.android.settings.SubSettings,reason=UpdateInputWindows]
12-18 07:32:39.694  1000  1855  1919 V WindowManager: Unknown focus tokens, dropping reportFocusChanged
12-18 07:32:39.694 10052  2837  2837 D CompatibilityChangeReporter: Compat change id reported: 183155436; UID 10052; state: DISABLED
12-18 07:32:39.696 10052  2837  2837 W RichInputMethodSubtype: Can't find emoji subtype
12-18 07:32:39.696 10052  2837  2837 W RichInputMethodSubtype: No input method subtype found; returning placeholder subtype: Multi-lingual subtype: android.view.inputmethod.InputMethodSubtype@d78b2ed0, zz
12-18 07:32:39.696  root  1138  1138 E ANDR-PERF-MPCTL: ANDR-PERF-MPCTL: internal_perf_lock_acq_verification() 386: Perflock Submit request limit reached.
12-18 07:32:39.718  root  1138  1138 E ANDR-PERF-MPCTL: ANDR-PERF-MPCTL: internal_perf_lock_acq_verification() 386: Perflock Submit request limit reached.
12-18 07:32:39.721  1000  1855  2007 I input_focus: [Focus entering f572add com.android.settings/com.android.settings.SubSettings (server),reason=setFocusedWindow]
12-18 07:32:39.721  1000  2600  2600 W WindowOnBackDispatcher: sendCancelIfRunning: isInProgress=falsecallback=ImeCallback=ImeOnBackInvokedCallback@145965428 Callback=android.window.IOnBackInvokedCallback$Stub$Proxy@21857e5
12-18 07:32:39.722  1000  1855  2449 D CoreBackPreview: Window{f572add u0 com.android.settings/com.android.settings.SubSettings}: Setting back callback OnBackInvokedCallbackInfo{mCallback=android.window.IOnBackInvokedCallback$Stub$Proxy@482c630, mPriority=-1, mIsAnimationCallback=false}
12-18 07:32:39.723  1000  1855  2449 D CoreBackPreview: Window{f572add u0 com.android.settings/com.android.settings.SubSettings}: Setting back callback OnBackInvokedCallbackInfo{mCallback=android.window.IOnBackInvokedCallback$Stub$Proxy@d3132a9, mPriority=0, mIsAnimationCallback=false}
12-18 07:32:39.739  root  1138  1138 E ANDR-PERF-MPCTL: ANDR-PERF-MPCTL: internal_perf_lock_acq_verification() 386: Perflock Submit request limit reached.
12-18 07:32:39.762  root  1138  1138 E ANDR-PERF-MPCTL: ANDR-PERF-MPCTL: internal_perf_lock_acq_verification() 386: Perflock Submit request limit reached.
