12-18 07:18:05.674  1000  1855  1916 V WindowManager: Sent Transition #1 createdAt=12-18 07:18:05.186
12-18 07:18:05.674  1000  1855  1916 V WindowManager:     startWCT=WindowContainerTransaction { changes = {} hops = [] errorCallbackToken=null taskFragmentOrganizer=null }
12-18 07:18:05.674  1000  1855  1916 V WindowManager:     info=null
12-18 07:18:05.675  1000  1855  1916 V WindowManager: Finish Transition #1: created at 12-18 07:18:05.186 collect-started=0.082ms request-sent=7.248ms started=92.234ms ready=185.585ms sent=482.662ms finished=487.992ms
12-18 07:18:05.677  1000  1855  1919 D ActivityManagerTiming: FinishBooting
12-18 07:18:05.677  1000  1855  1919 I boot_progress_enable_screen: 29197
12-18 07:18:05.678  1000  1855  1919 I screen_toggled: 1
12-18 07:18:05.681  1000  1855  1919 W KeyguardServiceDelegate: onScreenTurningOn(): no keyguard service!
12-18 07:18:05.685  1000  1855  1990 I commit_sys_config_file: [settings-2-0,9]
12-18 07:18:05.701  1000  1855  2506 D CompatibilityChangeReporter: Compat change id reported: 161145287; UID 1002; state: ENABLED
12-18 07:18:05.753 10057  2356  2700 I sysui_multi_action: [757,213,758,4,759,-1]
12-18 07:18:05.758 radio  2588  2588 I service_manager_stats: [100,35,29278]
12-18 07:18:05.892  1000  1855  1855 I notification_enqueue: [1000,1855,android,27,NULL,-1,Notification(channel=USB shortcut=null contentView=null vibrate=null sound=null tick defaults=0x0 flags=0x802 color=0x00000000 vis=PUBLIC),0]
12-18 07:18:05.893  1000  1855  2449 I StatusBarManagerService: registerStatusBar bar=com.android.internal.statusbar.IStatusBar$Stub$Proxy@198cad0
12-18 07:18:05.894  1000  1855  1855 I MR2ServiceImpl: addProviderRoutes | provider: com.android.server.media/.SystemMediaRoute2Provider, routes: [DEVICE_ROUTE | Phone]
12-18 07:18:05.895  1000  1855  1855 D WallpaperManagerService: WPMS.onServiceConnected-ComponentInfo{com.android.systemui/com.android.systemui.wallpapers.ImageWallpaper}
12-18 07:18:05.895  1000  1855  1855 D WallpaperManagerService: WPMS.attachServiceLocked
12-18 07:18:05.943  1000  1855  1990 I commit_sys_config_file: [settings-2-0,5]
12-18 07:18:05.944 10057  2356  2356 W CarrierConfigManager: Error getting config for subId -1 ICarrierConfigLoader is null
12-18 07:18:05.955 10057  2356  2356 W CarrierConfigManager: Error getting config for subId -1 ICarrierConfigLoader is null
12-18 07:18:05.965  1000  1855  1855 I PackageWatchdog: Syncing health check requests for packages: {}
12-18 07:18:05.965  1000  1855  1855 I ExplicitHealthCheckController: Service not ready to get health check supported packages. Binding...
12-18 07:18:05.967  1000  1855  1855 I ExplicitHealthCheckController: Explicit health check service is bound
12-18 07:18:05.974  1000  1855  2449 D CompatibilityChangeReporter: Compat change id reported: 182478738; UID 10057; state: ENABLED
12-18 07:18:05.976  1000  1855  2507 D TelephonyRegistry: listen oscl: mHasNotifySubscriptionInfoChangedOccurred==false no callback
12-18 07:18:06.000  1000  1855  1855 D WallpaperManagerService: WPMS.onServiceConnected-ComponentInfo{com.android.systemui/com.android.systemui.wallpapers.ImageWallpaper}
12-18 07:18:06.000  1000  1855  1855 D WallpaperManagerService: WPMS.attachServiceLocked
12-18 07:18:06.000  1000  1855  1855 D WallpaperManagerService: WPMS.connectLocked-ComponentInfo{com.android.systemui/com.android.systemui.wallpapers.ImageWallpaper}
12-18 07:18:06.002  1000  1855  1855 D WallpaperManagerService: WPMS.saveSettingsLocked-0
12-18 07:18:06.013  1000  1855  1855 I notification_enqueue: [1000,1855,android,19,NULL,-1,Notification(channel=PHYSICAL_KEYBOARD shortcut=null contentView=null vibrate=null sound=null defaults=0x0 flags=0x810 color=0x00000000 vis=PRIVATE),0]
12-18 07:18:06.049  1000  1855  2279 I netstats_mobile_sample: [0,0,0,0,0,0,0,0,1702883886048]
12-18 07:18:06.049  1000  1855  2279 I netstats_wifi_sample: [0,0,0,0,0,0,0,0,1702883886048]
12-18 07:18:06.073  1000  1855  1855 I sysui_multi_action: [757,856,758,1,806,com.android.server.telecom,857,TelecomMissedCalls,858,3]
12-18 07:18:06.074  1000  1855  1855 I sysui_multi_action: [757,856,758,1,806,com.android.server.telecom,857,TelecomIncomingCalls,858,5]
12-18 07:18:06.074  1000  1855  1855 I sysui_multi_action: [757,856,758,1,806,com.android.server.telecom,857,TelecomCallBlocking,858,2]
12-18 07:18:06.075  1000  1855  1855 I sysui_multi_action: [757,856,758,1,806,com.android.server.telecom,857,TelecomBackgroundAudioProcessing,858,2]
12-18 07:18:06.075  1000  1855  1855 I sysui_multi_action: [757,856,758,1,806,com.android.server.telecom,857,TelecomDisconnectedCalls,858,3]
12-18 07:18:06.076  1000  1855  1855 I sysui_multi_action: [757,856,758,1,806,com.android.server.telecom,857,TelecomInCallServiceCrash,858,3]
12-18 07:18:06.077  1000  1855  1855 I sysui_multi_action: [757,856,758,1,806,com.android.server.telecom,857,TelecomCallStreaming,858,3]
12-18 07:18:06.089  1000  1855  2769 I Telecom : BluetoothRouteManager: getBluetoothAudioConnectedDevice: no service available.
12-18 07:18:06.089  1000  1855  1855 I Telecom : SystemStateHelper: Registering broadcast receiver: android.content.IntentFilter@eee99e3: TS.init@AAA
12-18 07:18:06.089  1000  1855  1855 I Telecom : SystemStateHelper: Registering broadcast receiver: android.content.IntentFilter@70cdfe0: TS.init@AAA
12-18 07:18:06.104  1000  1855  2770 I Telecom : Logging.Events: Non-call EVENT: AUDIO_ROUTE, Entering state QuiescentEarpieceRoute
12-18 07:18:06.105  1000  1855  2770 I Telecom : BluetoothRouteManager: getBluetoothAudioConnectedDevice: no service available.
12-18 07:18:06.117  1000  1855  2771 I Telecom : CallAudioModeStateMachine: Audio focus entering UNFOCUSED state
12-18 07:18:06.119  1000  1855  2771 I Telecom : CallAudioModeStateMachine: Message received: null.: TS.init->CAMSM.pM_1@AAA
12-18 07:18:06.123  1000  1855  1855 I Telecom : MissedCallNotifierImpl: reloadFromDatabase: Boot not yet complete -- call log db may not be available. Deferring loading until boot complete for user 0: TS.init@AAA
12-18 07:18:06.126  1000  1855  1855 I Telecom : Class: TelecomSystem.INSTANCE being set
12-18 07:18:06.129  1000  1855  1855 W CarrierConfigManager: Error getting config for subId -1 ICarrierConfigLoader is null
12-18 07:18:06.129  1000  1855  1855 I Telecom : PhoneAccountRegistrar: getSimCallManager: SimCallManager for subId -1 queried, returning: null: TSI.gSCM(a)@AAE
12-18 07:18:06.129  1000  1855  2506 I configuration_changed: 1280
12-18 07:18:06.130  1000  1855  2506 I ActivityTaskManager: Config changes=500 {1.0 ?mcc0mnc [en_US] ldltr sw800dp w800dp h1309dp 240dpi xlrg widecg port finger qwerty/v/v -nav/h winConfig={ mBounds=Rect(0, 0 - 1200, 2000) mAppBounds=Rect(0, 0 - 1200, 2000) mMaxBounds=Rect(0, 0 - 1200, 2000) mDisplayRotation=ROTATION_0 mWindowingMode=fullscreen mDisplayWindowingMode=fullscreen mActivityType=undefined mAlwaysOnTop=undefined mRotation=ROTATION_0} s.14 fontWeightAdjustment=0}
12-18 07:18:06.131  1000  1855  1855 I sysui_multi_action: [757,1501,758,1,793,2048,794,0,795,2048,796,27,806,android,857,USB,858,1,947,0,1500,0]
12-18 07:18:06.131  1000  1855  1855 I sysui_multi_action: [757,804,799,note_interruptive,801,0,802,1]
12-18 07:18:06.135  1000  1855  2506 I WindowManager: Override config changes=500 {1.0 ?mcc0mnc [en_US] ldltr sw800dp w800dp h1309dp 240dpi xlrg widecg port finger qwerty/v/v -nav/h winConfig={ mBounds=Rect(0, 0 - 1200, 2000) mAppBounds=Rect(0, 0 - 1200, 2000) mMaxBounds=Rect(0, 0 - 1200, 2000) mDisplayRotation=ROTATION_0 mWindowingMode=fullscreen mDisplayWindowingMode=fullscreen mActivityType=undefined mAlwaysOnTop=undefined mRotation=ROTATION_0} s.14 fontWeightAdjustment=0} for displayId=0
12-18 07:18:06.137  1000  1855  1855 W NotificationHistory: Attempted to add notif for locked/gone/disabled user 0
12-18 07:18:06.142 10057  2356  2403 V WindowManagerShell: Display changed: 0
12-18 07:18:06.145  1000  1855  1855 I sysui_multi_action: [757,1501,758,1,793,1177,794,0,795,1177,796,19,806,android,857,PHYSICAL_KEYBOARD,858,2,947,0,1500,0]
12-18 07:18:06.145  1000  1855  1855 I sysui_multi_action: [757,804,799,note_interruptive,801,0,802,1]
12-18 07:18:06.147  1000  1855  1855 W NotificationHistory: Attempted to add notif for locked/gone/disabled user 0
12-18 07:18:06.157  1000  1855  1855 W WindowMagnificationMgr: requestConnection duplicated request: connect=false, mConnectionState=DISCONNECTED
12-18 07:18:06.158  1000  1855  1855 D SystemServerTiming: ManagedServices.unbindOtherUserServices_current0
12-18 07:18:06.158  1000  1855  1855 D SystemServerTiming: ManagedServices.unbindOtherUserServices_current0
12-18 07:18:06.158  1000  1855  1855 D SystemServerTiming: ManagedServices.unbindOtherUserServices_current0
12-18 07:18:06.159  1000  1855  1855 V NotificationAssistants: enabling notification assistant for 0: ComponentInfo{android.ext.services/android.ext.services.notification.Assistant}
12-18 07:18:06.159  1000  1855  1855 V NotificationAssistants: Not registering ComponentInfo{android.ext.services/android.ext.services.notification.Assistant} is already bound
12-18 07:18:06.159  1073  2510  2549 W CarrierConfigManager: Error getting config for subId -1 ICarrierConfigLoader is null
12-18 07:18:06.195  1000  1855  1916 V WindowManager: Sent Transition #2 createdAt=12-18 07:18:06.135
12-18 07:18:06.196  1000  1855  1916 V WindowManager:     startWCT=WindowContainerTransaction { changes = {} hops = [] errorCallbackToken=null taskFragmentOrganizer=null }
12-18 07:18:06.197  1000  1855  1916 V WindowManager:     info=null
12-18 07:18:06.199  1000  1855  1916 V WindowManager: Finish Transition #2: created at 12-18 07:18:06.135 collect-started=0.092ms request-sent=0.311ms started=13.928ms ready=14.695ms sent=59.416ms finished=62.846ms
12-18 07:18:06.201 10057  2356  2452 W ActivityThread: Failed to find provider info for com.android.contacts (user not unlocked)
12-18 07:18:06.246  1000  1855  1855 I Telecom : WiredHeadsetManager: ACTION_HEADSET_PLUG event, plugged in: false, : WHC.oADA@AAc
12-18 07:18:06.248  1000  1855  1855 I MediaSessionStack: addSession to bottom of stack | record: com.android.server.telecom/HeadsetMediaButton (userId=0)
12-18 07:18:06.249  1000  1855  1855 I MediaSessionStack: removeSession | record: com.android.server.telecom/HeadsetMediaButton (userId=0)
12-18 07:18:06.254  1000  1855  1855 I notification_autogrouped: -1|android|27|null|1000
12-18 07:18:06.254  1000  1855  1855 I notification_autogrouped: -1|android|19|null|1000
12-18 07:18:06.255  1000  1855  1855 I AutofillManagerService: Updating for user 0: disabled=false
12-18 07:18:06.256  1000  1855  2297 I notification_adjusted: [-1|android|19|null|1000,key_group_key,ranker_group]
12-18 07:18:06.256  1000  1855  2297 I notification_adjusted: [-1|android|27|null|1000,key_group_key,ranker_group]
12-18 07:18:06.270  1000  1855  1855 D TelephonyRegistry: notifyCellLocationForSubscriber: subId=2147483647 cellIdentity=null
12-18 07:18:06.273  1000  1855  1855 I notification_enqueue: [1000,1855,android,2147483647,ranker_group,-1,Notification(channel=PHYSICAL_KEYBOARD shortcut=null contentView=null vibrate=null sound=null defaults=0x0 flags=0x702 color=0x00000000 groupKey=ranker_group vis=PRIVATE),0]
12-18 07:18:06.274  1000  1855  1990 I commit_sys_config_file: [settings-0-0,9]
12-18 07:18:06.278  1000  1855  1855 W Looper  : Drained
12-18 07:18:06.292  1000  1855  1968 I sysui_multi_action: [757,856,758,1,806,com.android.systemui,857,ALR,858,4]
12-18 07:18:06.293  1000  1855  1968 I sysui_multi_action: [757,856,758,1,806,com.android.systemui,857,INS,858,1]
12-18 07:18:06.293  1000  1855  1968 I sysui_multi_action: [757,856,758,1,806,com.android.systemui,857,STP,858,3]
12-18 07:18:06.293  1000  1855  1968 I sysui_multi_action: [757,856,758,1,806,com.android.systemui,857,DSK,858,2]
12-18 07:18:06.294  1000  1855  1968 I sysui_multi_action: [757,856,758,1,806,com.android.systemui,857,SCN_HEADSUP,858,4]
12-18 07:18:06.294  1000  1855  1968 I sysui_multi_action: [757,856,758,1,806,com.android.systemui,857,BAT,858,5]
12-18 07:18:06.294  1000  1855  1968 I sysui_multi_action: [757,856,758,1,806,com.android.systemui,857,HNT,858,3]
12-18 07:18:06.295  1000  1855  1855 I notification_cancel_all: [1000,1855,com.android.systemui,0,0,0,20,NULL]
12-18 07:18:06.317  1000  1855  1918 I commit_sys_config_file: [notification-policy,2636]
12-18 07:18:06.341 10057  2356  2700 I sysui_multi_action: [757,213,758,4,759,2]
12-18 07:18:06.346 10057  2356  2403 E SingleInstanceRemoteListener: Failed remote call on null listener
12-18 07:18:06.346 10057  2356  2403 E SingleInstanceRemoteListener: Failed remote call on null listener
12-18 07:18:06.352  1000  1855  1968 D SystemServerTiming: getUserSwitchability-0
12-18 07:18:06.352  1000  1855  1968 D SystemServerTiming: TM.isInCall
12-18 07:18:06.354  1000  1855  1968 D SystemServerTiming: hasUserRestriction-DISALLOW_USER_SWITCH
12-18 07:18:06.354  1000  1855  1968 D SystemServerTiming: getInt-ALLOW_USER_SWITCHING_WHEN_SYSTEM_USER_LOCKED
12-18 07:18:06.354  1000  1855  1968 D SystemServerTiming: isUserUnlocked-USER_SYSTEM
12-18 07:18:06.358 10057  2356  2790 D PowerUI : can't show warning due to - plugged: true status unknown: false
12-18 07:18:06.365  1000  1855  1990 I commit_sys_config_file: [settings-2-0,9]
12-18 07:18:06.365  1000  1855  2506 I commit_sys_config_file: [overlays,8593]
12-18 07:18:06.374  1000  1855  1916 I configuration_changed: -2147483648
12-18 07:18:06.375  1000  1855  1916 I ActivityTaskManager: Config changes=80000000 {1.0 ?mcc0mnc [en_US] ldltr sw800dp w800dp h1309dp 240dpi xlrg widecg port finger qwerty/v/v -nav/h winConfig={ mBounds=Rect(0, 0 - 1200, 2000) mAppBounds=Rect(0, 0 - 1200, 2000) mMaxBounds=Rect(0, 0 - 1200, 2000) mDisplayRotation=ROTATION_0 mWindowingMode=fullscreen mDisplayWindowingMode=fullscreen mActivityType=undefined mAlwaysOnTop=undefined mRotation=ROTATION_0} as.2 s.26 fontWeightAdjustment=0}
12-18 07:18:06.383  1000  1855  1916 I WindowManager: Override config changes=80000000 {1.0 ?mcc0mnc [en_US] ldltr sw800dp w800dp h1309dp 240dpi xlrg widecg port finger qwerty/v/v -nav/h winConfig={ mBounds=Rect(0, 0 - 1200, 2000) mAppBounds=Rect(0, 0 - 1200, 2000) mMaxBounds=Rect(0, 0 - 1200, 2000) mDisplayRotation=ROTATION_0 mWindowingMode=fullscreen mDisplayWindowingMode=fullscreen mActivityType=undefined mAlwaysOnTop=undefined mRotation=ROTATION_0} as.2 s.26 fontWeightAdjustment=0} for displayId=0
12-18 07:18:06.386  1000  1855  1916 I wm_relaunch_resume_activity: [0,187407426,5,com.android.settings/.FallbackHome,80000000]
12-18 07:18:06.388 10057  2356  2403 V WindowManagerShell: Display changed: 0
12-18 07:18:06.388  1000  2600  2600 I wm_on_top_resumed_lost_called: [187407426,com.android.settings.FallbackHome,pausing]
12-18 07:18:06.388  1000  2600  2600 I wm_on_paused_called: [187407426,com.android.settings.FallbackHome,performPause,0]
12-18 07:18:06.389  1000  2600  2600 I wm_on_stop_called: [187407426,com.android.settings.FallbackHome,handleRelaunchActivity,1]
12-18 07:18:06.392  1000  1855  2507 D CoreBackPreview: Window{d4c25a8 u0 com.android.settings/com.android.settings.FallbackHome}: Setting back callback null
12-18 07:18:06.392  1000  2600  2600 I wm_on_destroy_called: [187407426,com.android.settings.FallbackHome,performDestroy,2]
12-18 07:18:06.392  1000  1855  1919 I DisplayDeviceRepository: Display device changed: DisplayDeviceInfo{"Built-in Screen": uniqueId="local:4630947252063890817", 1200 x 2000, modeId 1, renderFrameRate 45.0, defaultModeId 1, supportedModes [{id=1, width=1200, height=2000, fps=90.0, alternativeRefreshRates=[], supportedHdrTypes=[]}], colorMode 0, supportedColorModes [0, 7, 9, 11, 12], hdrCapabilities HdrCapabilities{mSupportedHdrTypes=[], mMaxLuminance=500.0, mMaxAverageLuminance=500.0, mMinLuminance=0.0}, allmSupported false, gameContentTypeSupported false, density 240, 204.563 x 203.2 dpi, appVsyncOff 1000000, presDeadline 17111111, touch INTERNAL, rotation 0, type INTERNAL, address {port=129, model=0x40446dfd6cd6ed}, deviceProductInfo DeviceProductInfo{name=, manufacturerPnpId=QCM, productId=1, modelYear=null, manufactureDate=ManufactureDate{week=27, year=2006}, connectionToSinkType=0}, state ON, committedState ON, frameRateOverride , brightnessMinimum 0.0, brightnessMaximum 1.0, brightnessDefault 0.39763778, hdrSdrRatio NaN, FLAG_ALLOWED_TO_BE_DEFAULT_DISPLAY, FLAG_ROTATES_WITH_CONTENT, FLAG_SECURE, FLAG_SUPPORTS_PROTECTED_BUFFERS, FLAG_TRUSTED, installOrientation 0, displayShape DisplayShape{ spec=-1159814459 displayWidth=1200 displayHeight=2000 physicalPixelDisplaySizeRatio=1.0 rotation=0 offsetX=0 offsetY=0 scale=1.0}}
12-18 07:18:06.397  1000  1855  1920 I input_focus: [Requesting to set focus to null window,reason=UpdateInputWindows]
12-18 07:18:06.401  1073  2510  2549 W CarrierConfigManager: Error getting config for subId -1 ICarrierConfigLoader is null
12-18 07:18:06.405  1000  2600  2794 I jank_cuj_events_cancel_request: [69,1702883886398312000,29918611758,29918612800]
12-18 07:18:06.405  1000  2600  2794 I jank_cuj_events_end_request: [69,1702883886398348000,29918644362,29918644935]
12-18 07:18:06.414  1000  2600  2600 I wm_on_create_called: [187407426,com.android.settings.FallbackHome,performCreate,12]
12-18 07:18:06.415  1000  1855  1925 W BroadcastLoopers: Found previously unknown looper Thread[android.bg,5,main]
12-18 07:18:06.416  1000  2600  2600 I wm_on_start_called: [187407426,com.android.settings.FallbackHome,handleStartActivity,0]
12-18 07:18:06.416  1000  1855  1925 W VoiceInteractionManager: no available voice recognition services found for user 0
12-18 07:18:06.417  1000  2600  2600 I wm_on_resume_called: [187407426,com.android.settings.FallbackHome,RESUME_ACTIVITY,0]
12-18 07:18:06.417  1000  2600  2600 I wm_on_top_resumed_gained_called: [187407426,com.android.settings.FallbackHome,topWhenResuming]
12-18 07:18:06.418  1000  1855  1904 W WindowManager: Failed looking up window session=Session{ff7658e 2600:1000} callers=com.android.server.wm.WindowManagerService.windowForClientLocked:6034 com.android.server.wm.Session.updateRequestedVisibleTypes:690 android.view.IWindowSession$Stub.onTransact:1034 
12-18 07:18:06.422  1000  1855  2507 D CoreBackPreview: Window{ace1e14 u0 com.android.settings/com.android.settings.FallbackHome}: Setting back callback OnBackInvokedCallbackInfo{mCallback=android.window.IOnBackInvokedCallback$Stub$Proxy@b790780, mPriority=-1, mIsAnimationCallback=false}
12-18 07:18:06.427  1000  1855  1920 I input_focus: [Focus request ace1e14 com.android.settings/com.android.settings.FallbackHome,reason=UpdateInputWindows]
12-18 07:18:06.440  1000  1855  2506 I WindowManager: finishDrawing of relaunch: Window{ace1e14 u0 com.android.settings/com.android.settings.FallbackHome} 53ms
12-18 07:18:06.452  1000  1855  1916 V WindowManager: Sent Transition #3 createdAt=12-18 07:18:06.383
12-18 07:18:06.452  1000  1855  1916 V WindowManager:     startWCT=WindowContainerTransaction { changes = {} hops = [] errorCallbackToken=null taskFragmentOrganizer=null }
12-18 07:18:06.452  1000  1855  1916 V WindowManager:     info=null
12-18 07:18:06.461  1000  1855  1916 V WindowManager: Finish Transition #3: created at 12-18 07:18:06.383 collect-started=0.075ms request-sent=0.276ms started=4.988ms ready=5.843ms sent=67.559ms finished=77.366ms
12-18 07:18:06.567  1000  1855  1968 D CoreBackPreview: Window{e0e9191 u0 NotificationShade}: Setting back callback OnBackInvokedCallbackInfo{mCallback=android.window.IOnBackInvokedCallback$Stub$Proxy@964c504, mPriority=0, mIsAnimationCallback=false}
12-18 07:18:06.628  1000  1855  1990 I commit_sys_config_file: [settings-2-0,6]
12-18 07:18:06.629  1000  1855  2506 D CoreBackPreview: Window{591c97e u0 StatusBar}: Setting back callback OnBackInvokedCallbackInfo{mCallback=android.window.IOnBackInvokedCallback$Stub$Proxy@59aa8e9, mPriority=0, mIsAnimationCallback=false}
12-18 07:18:06.732  1000  1855  2506 D CoreBackPreview: Window{2a732c8 u0 Wired Charging Animation}: Setting back callback OnBackInvokedCallbackInfo{mCallback=android.window.IOnBackInvokedCallback$Stub$Proxy@ab33a88, mPriority=0, mIsAnimationCallback=false}
12-18 07:18:06.926  1000  1855  1968 D SystemServerTiming: getUserSwitchability-0
12-18 07:18:06.926  1000  1855  1968 D SystemServerTiming: TM.isInCall
12-18 07:18:06.926  1000  1855  1968 D SystemServerTiming: hasUserRestriction-DISALLOW_USER_SWITCH
12-18 07:18:06.926  1000  1855  1968 D SystemServerTiming: getInt-ALLOW_USER_SWITCHING_WHEN_SYSTEM_USER_LOCKED
12-18 07:18:06.927  1000  1855  1968 D SystemServerTiming: isUserUnlocked-USER_SYSTEM
12-18 07:18:06.966  1000  1855  2010 W BroadcastLoopers: Found previously unknown looper Thread[BluetoothManagerService,5,main]
12-18 07:18:07.002  1000  1192  1293 I sf_stop_bootanim: 30523
12-18 07:18:07.003  1000  1855  1919 I wm_boot_animation_done: 30524
12-18 07:18:07.004  1000  1855  1919 D ActivityManagerTiming: FinishBooting
12-18 07:18:07.006  1000  1855  1919 I ActivityManager: About to commit checkpoint
12-18 07:18:07.007  1000  1855  1919 I SystemServiceManager: Starting phase 1000
12-18 07:18:07.007  1000  1855  1919 D ActivityManagerTiming: OnBootPhase_1000
12-18 07:18:07.007  1000  1855  1919 D ActivityManagerTiming: OnBootPhase_1000_com.android.server.security.FileIntegrityService
12-18 07:18:07.007  1000  1855  1919 D ActivityManagerTiming: OnBootPhase_1000_com.android.server.pm.Installer
12-18 07:18:07.007  1000  1855  1919 D ActivityManagerTiming: OnBootPhase_1000_com.android.server.os.DeviceIdentifiersPolicyService
12-18 07:18:07.007  1000  1855  1919 D ActivityManagerTiming: OnBootPhase_1000_com.android.server.uri.UriGrantsManagerService$Lifecycle
12-18 07:18:07.007  1000  1855  1919 D ActivityManagerTiming: OnBootPhase_1000_com.android.server.powerstats.PowerStatsService
12-18 07:18:07.007  1000  1855  1919 E PowerStatsService: Failed to start PowerStatsService loggers
12-18 07:18:07.007  1000  1855  1919 D ActivityManagerTiming: OnBootPhase_1000_com.android.server.permission.access.AccessCheckingService
12-18 07:18:07.007  1000  1855  1919 D ActivityManagerTiming: OnBootPhase_1000_com.android.server.wm.ActivityTaskManagerService$Lifecycle
12-18 07:18:07.007  1000  1855  1919 D ActivityManagerTiming: OnBootPhase_1000_com.android.server.am.ActivityManagerService$Lifecycle
12-18 07:18:07.007  1000  1855  1919 D ActivityManagerTiming: OnBootPhase_1000_com.android.server.pm.DataLoaderManagerService
12-18 07:18:07.007  1000  1855  1919 D ActivityManagerTiming: OnBootPhase_1000_com.android.server.power.PowerManagerService
12-18 07:18:07.008  1000  1855  1919 D ActivityManagerTiming: OnBootPhase_1000_com.android.server.power.ThermalManagerService
12-18 07:18:07.008  1000  1855  1919 D ActivityManagerTiming: OnBootPhase_1000_com.android.server.power.hint.HintManagerService
12-18 07:18:07.011  1000  1855  2007 I input_focus: [Focus entering ace1e14 com.android.settings/com.android.settings.FallbackHome (server),reason=setFocusedWindow]
12-18 07:18:07.012  1000  1855  1919 D ActivityManagerTiming: OnBootPhase_1000_com.android.server.recoverysystem.RecoverySystemService$Lifecycle
12-18 07:18:07.012  1000  1855  1919 D ActivityManagerTiming: OnBootPhase_1000_com.android.server.lights.LightsService
12-18 07:18:07.012  1000  1855  1919 D ActivityManagerTiming: OnBootPhase_1000_com.android.server.display.DisplayManagerService
12-18 07:18:07.012  1000  1855  1919 I LogicalDisplayMapper: Requesting Transition to state: 0, from state=-1, interactive=true, mBootCompleted=true
12-18 07:18:07.012  1000  1855  1919 I LogicalDisplayMapper: Applying layout: [{dispId: 0(ON), displayGroupName: , addr: {port=129, model=0x40446dfd6cd6ed}, mThermalBrightnessThrottlingMapId: null, mRefreshRateZoneId: null, mLeadDisplayId: -1, mThermalRefreshRateThrottlingMapId: null}], Previous layout: [{dispId: 0(ON), displayGroupName: , addr: {port=129, model=0x40446dfd6cd6ed}, mThermalBrightnessThrottlingMapId: null, mRefreshRateZoneId: null, mLeadDisplayId: -1, mThermalRefreshRateThrottlingMapId: null}]
12-18 07:18:07.012  1000  1855  1919 D ActivityManagerTiming: OnBootPhase_1000_com.android.server.pm.verify.domain.DomainVerificationService
12-18 07:18:07.013  1000  1855  1919 D ActivityManagerTiming: OnBootPhase_1000_com.android.server.pm.PackageInstallerService$Lifecycle
12-18 07:18:07.013  1000  1855  1919 D ActivityManagerTiming: OnBootPhase_1000_com.android.server.pm.UserManagerService$LifeCycle
12-18 07:18:07.013  1000  1855  1919 D ActivityManagerTiming: OnBootPhase_1000_com.android.server.om.OverlayManagerService
12-18 07:18:07.013  1000  1855  1919 D ActivityManagerTiming: OnBootPhase_1000_com.android.server.resources.ResourcesManagerService
12-18 07:18:07.013  1000  1855  1919 D ActivityManagerTiming: OnBootPhase_1000_com.android.server.sensorprivacy.SensorPrivacyService
12-18 07:18:07.013  1000  1855  1919 D ActivityManagerTiming: OnBootPhase_1000_com.android.server.sensors.SensorService
12-18 07:18:07.013  1000  1855  1919 D ActivityManagerTiming: OnBootPhase_1000_com.android.server.SystemConfigService
12-18 07:18:07.013  1000  1855  1919 D ActivityManagerTiming: OnBootPhase_1000_com.android.server.BatteryService
12-18 07:18:07.013  1000  1855  1919 D ActivityManagerTiming: OnBootPhase_1000_com.android.server.usage.UsageStatsService
12-18 07:18:07.014  1000  1855  1919 D ActivityManagerTiming: OnBootPhase_1000_com.android.server.webkit.WebViewUpdateService
12-18 07:18:07.014  1000  1855  1919 D ActivityManagerTiming: OnBootPhase_1000_com.android.server.CachedDeviceStateService
12-18 07:18:07.014  1000  1855  1919 D ActivityManagerTiming: OnBootPhase_1000_com.android.server.BinderCallsStatsService$LifeCycle
12-18 07:18:07.014  1000  1855  1919 D ActivityManagerTiming: OnBootPhase_1000_com.android.server.LooperStatsService$Lifecycle
12-18 07:18:07.014  1000  1855  1919 D ActivityManagerTiming: OnBootPhase_1000_com.android.server.rollback.RollbackManagerService
12-18 07:18:07.015  1000  1855  1919 D ActivityManagerTiming: OnBootPhase_1000_com.android.server.os.NativeTombstoneManagerService
12-18 07:18:07.015  1000  1855  1919 D ActivityManagerTiming: OnBootPhase_1000_com.android.server.os.BugreportManagerService
12-18 07:18:07.015  1000  1855  1919 D ActivityManagerTiming: OnBootPhase_1000_com.android.server.gpu.GpuService
12-18 07:18:07.015  1000  1855  1919 D ActivityManagerTiming: OnBootPhase_1000_com.android.server.security.rkp.RemoteProvisioningService
12-18 07:18:07.015  1000  1855  1919 D ActivityManagerTiming: OnBootPhase_1000_com.android.server.security.KeyChainSystemService
12-18 07:18:07.015  1000  1855  1919 D ActivityManagerTiming: OnBootPhase_1000_com.android.server.BinaryTransparencyService
12-18 07:18:07.015  1000  1855  1919 I TransparencyService: Boot completed. Getting VBMeta Digest.
12-18 07:18:07.015  1000  1855  1919 D TransparencyService: VBMeta Digest: 66b88a1c6f51592754fa562d8814c366021d9c83aae01f0f4ad32beccff00d70
12-18 07:18:07.015  1000  1855  2506 D CompatibilityChangeReporter: Compat change id reported: 214016041; UID 1000; state: ENABLED
12-18 07:18:07.015  1000  1855  1919 I TransparencyService: Boot completed. Collecting biometric system properties.
12-18 07:18:07.016  1000  1855  1919 I TransparencyService: Scheduling measurements to be taken.
12-18 07:18:07.016  1000  1855  1919 I TransparencyService: Scheduling binary content-digest computation job
12-18 07:18:07.016  1000  1855  1944 I DisplayBrightnessStrategySelector: Changing the DisplayBrightnessStrategy from OverrideBrightnessStrategy toInvalidBrightnessStrategy for display 0
12-18 07:18:07.016  1000  1855  1944 V DisplayPowerController2[0]: Brightness [0.39763778] reason changing to: 'manual', previous reason: 'override'.
12-18 07:18:07.017  1000  1855  1944 I DisplayPowerController2[0]: BrightnessEvent: disp=0, physDisp=local:4630947252063890817, brt=0.39763778, initBrt=0.39763778, rcmdBrt=NaN, preBrt=NaN, lux=0.0, preLux=0.0, hbmMax=1.0, hbmMode=off, rbcStrength=0, thrmMax=1.0, powerFactor=1.0, wasShortTermModelActive=false, flags=, reason=manual, autoBrightness=false, strategy=InvalidBrightnessStrategy
12-18 07:18:07.017  1000  1855  1919 D TransparencyService: Job 1740526926 to measure binaries was scheduled successfully.
12-18 07:18:07.018  1000  1855  1919 D TransparencyService: Registering APK & Non-Staged APEX updates...
12-18 07:18:07.019  1000  1855  1919 D TransparencyService: Registering APEX updates...
12-18 07:18:07.020  1000  1855  1985 D RollbackManager: mRollbackLifetimeDurationInMillis=1209600000
12-18 07:18:07.020  1000  1855  1919 D ActivityManagerTiming: OnBootPhase_1000_com.android.server.telecom.TelecomLoaderService
12-18 07:18:07.020  1000  1855  1919 D ActivityManagerTiming: OnBootPhase_1000_com.android.server.accounts.AccountManagerService$Lifecycle
12-18 07:18:07.020  1000  1855  1919 D ActivityManagerTiming: OnBootPhase_1000_com.android.server.content.ContentService$Lifecycle
12-18 07:18:07.020  1000  1855  1919 D ActivityManagerTiming: OnBootPhase_1000_com.android.server.deviceconfig.DeviceConfigInit$Lifecycle
12-18 07:18:07.020  1000  1855  1919 D ActivityManagerTiming: OnBootPhase_1000_com.android.server.DropBoxManagerService
12-18 07:18:07.020  1000  1855  1919 D ActivityManagerTiming: OnBootPhase_1000_com.android.role.RoleService
12-18 07:18:07.020  1000  1855  1919 D ActivityManagerTiming: OnBootPhase_1000_com.android.server.vibrator.VibratorManagerService$Lifecycle
12-18 07:18:07.020  1000  1855  1919 D ActivityManagerTiming: OnBootPhase_1000_com.android.server.tare.InternalResourceService
12-18 07:18:07.021  1000  1855  1919 D ActivityManagerTiming: OnBootPhase_1000_com.android.server.alarm.AlarmManagerService
12-18 07:18:07.021  1000  1855  1919 D ActivityManagerTiming: OnBootPhase_1000_com.android.server.devicestate.DeviceStateManagerService
12-18 07:18:07.021  1000  1855  1919 D ActivityManagerTiming: OnBootPhase_1000_com.android.server.camera.CameraServiceProxy
12-18 07:18:07.023  1000  1855  1919 D ActivityManagerTiming: OnBootPhase_1000_com.android.server.bluetooth.BluetoothService
12-18 07:18:07.023  1000  1855  1919 D ActivityManagerTiming: OnBootPhase_1000_com.android.server.connectivity.IpConnectivityMetrics
12-18 07:18:07.023  1000  1855  1919 D ActivityManagerTiming: OnBootPhase_1000_com.android.server.net.watchlist.NetworkWatchlistService$Lifecycle
12-18 07:18:07.023  1000  1855  1919 D ActivityManagerTiming: OnBootPhase_1000_com.android.server.PinnerService
12-18 07:18:07.023  1000  1855  1919 D ActivityManagerTiming: OnBootPhase_1000_com.android.server.integrity.AppIntegrityManagerService
12-18 07:18:07.023  1000  1855  1919 D ActivityManagerTiming: OnBootPhase_1000_com.android.server.logcat.LogcatManagerService
12-18 07:18:07.023  1000  1855  1919 D ActivityManagerTiming: OnBootPhase_1000_com.android.server.inputmethod.InputMethodManagerService$Lifecycle
12-18 07:18:07.023  1000  1855  1919 D ActivityManagerTiming: OnBootPhase_1000_com.android.server.accessibility.AccessibilityManagerService$Lifecycle
12-18 07:18:07.023  1000  1855  1980 D AppStandbyController: Loaded headless system app cache in 5 ms: appIdleEnabled=false
12-18 07:18:07.023  1000  1855  1919 D ActivityManagerTiming: OnBootPhase_1000_com.android.server.StorageManagerService$Lifecycle
12-18 07:18:07.023  1000  1855  1919 D ActivityManagerTiming: OnBootPhase_1000_com.android.server.usage.StorageStatsService$Lifecycle
12-18 07:18:07.023  1000  1855  1919 D ActivityManagerTiming: OnBootPhase_1000_com.android.server.UiModeManagerService
12-18 07:18:07.023  1000  1855  1919 D ActivityManagerTiming: OnBootPhase_1000_com.android.server.locales.LocaleManagerService
12-18 07:18:07.023  1000  1855  1919 D ActivityManagerTiming: OnBootPhase_1000_com.android.server.grammaticalinflection.GrammaticalInflectionService
12-18 07:18:07.023  1000  1855  1919 D ActivityManagerTiming: OnBootPhase_1000_com.android.server.apphibernation.AppHibernationService
12-18 07:18:07.024  1000  1855  1919 D ActivityManagerTiming: OnBootPhase_1000_com.android.server.locksettings.LockSettingsService$Lifecycle
12-18 07:18:07.024  1000  1855  1919 D ActivityManagerTiming: OnBootPhase_1000_com.android.server.PersistentDataBlockService
12-18 07:18:07.024  1000  1855  1919 D ActivityManagerTiming: OnBootPhase_1000_com.android.server.testharness.TestHarnessModeService
12-18 07:18:07.024  1000  1855  1919 D TestHarnessModeService: Completing Test Harness Mode setup.
12-18 07:18:07.025  1000  1855  2830 I HibernationStateDiskStore: No hibernation file on disk for file /data/system/hibernation/states
12-18 07:18:07.026  1000  1855  2020 D StorageManagerService: Thinking about reset, mBootCompleted=true, mDaemonConnected=true
12-18 07:18:07.026  1000  1855  2020 I StorageSessionController: Started resetting external storage service...
12-18 07:18:07.026  1000  1855  2020 I StorageSessionController: Finished resetting external storage service
12-18 07:18:07.026  1000  1855  2020 I StorageManagerService: Resetting vold...
12-18 07:18:07.028  1000  1855  2020 I StorageManagerService: Reset vold
12-18 07:18:07.029  root   750   750 I vold    : onUserAdded: 0
12-18 07:18:07.029  1000  1855  2506 I am_uid_running: 10052
12-18 07:18:07.031  1000  1855  2506 D CompatibilityChangeReporter: Compat change id reported: 135634846; UID 10052; state: DISABLED
12-18 07:18:07.032  1000  1855  2506 D CompatibilityChangeReporter: Compat change id reported: 177438394; UID 10052; state: DISABLED
12-18 07:18:07.032  1000  1855  2506 D CompatibilityChangeReporter: Compat change id reported: 135772972; UID 10052; state: DISABLED
12-18 07:18:07.032  1000  1855  1919 D ActivityManagerTiming: OnBootPhase_1000_com.android.server.oemlock.OemLockService
12-18 07:18:07.032  1000  1855  1919 D ActivityManagerTiming: OnBootPhase_1000_com.android.server.DeviceIdleController
12-18 07:18:07.032  1000  1855  1919 D ActivityManagerTiming: OnBootPhase_1000_com.android.server.devicepolicy.DevicePolicyManagerService$Lifecycle
12-18 07:18:07.032  1000  1855  1919 D ActivityManagerTiming: OnBootPhase_1000_com.android.server.texttospeech.TextToSpeechManagerService
12-18 07:18:07.032  1000  1855  1919 D ActivityManagerTiming: OnBootPhase_1000_com.android.server.ambientcontext.AmbientContextManagerService
12-18 07:18:07.032  1000  1855  1919 D ActivityManagerTiming: OnBootPhase_1000_com.android.server.wearable.WearableSensingManagerService
12-18 07:18:07.032  1000  1855  1919 D ActivityManagerTiming: OnBootPhase_1000_com.android.server.speech.SpeechRecognitionManagerService
12-18 07:18:07.032  1000  1855  1919 D ActivityManagerTiming: OnBootPhase_1000_com.android.server.searchui.SearchUiManagerService
12-18 07:18:07.032  1000  1855  1919 D ActivityManagerTiming: OnBootPhase_1000_com.android.server.smartspace.SmartspaceManagerService
12-18 07:18:07.032  1000  1855  1919 D ActivityManagerTiming: OnBootPhase_1000_com.android.server.graphics.fonts.FontManagerService$Lifecycle
12-18 07:18:07.032  1000  1855  1919 D ActivityManagerTiming: OnBootPhase_1000_com.android.server.textservices.TextServicesManagerService$Lifecycle
12-18 07:18:07.032  1000  1855  1919 D ActivityManagerTiming: OnBootPhase_1000_com.android.server.textclassifier.TextClassificationManagerService$Lifecycle
12-18 07:18:07.032  1000  1855  2506 D CompatibilityChangeReporter: Compat change id reported: 135754954; UID 10052; state: ENABLED
12-18 07:18:07.032  1000  1855  1919 D ActivityManagerTiming: OnBootPhase_1000_com.android.server.NetworkScoreService$Lifecycle
12-18 07:18:07.032  1000  1855  1919 D ActivityManagerTiming: OnBootPhase_1000_com.android.server.NetworkStatsServiceInitializer
12-18 07:18:07.032  1000  1855  1919 D ActivityManagerTiming: OnBootPhase_1000_com.android.server.wifi.WifiService
12-18 07:18:07.033  1000  1855  1919 D ActivityManagerTiming: OnBootPhase_1000_com.android.server.wifi.scanner.WifiScanningService
12-18 07:18:07.033  1000  1855  1919 D ActivityManagerTiming: OnBootPhase_1000_com.android.server.wifi.p2p.WifiP2pService
12-18 07:18:07.033  1000  1855  1919 D ActivityManagerTiming: OnBootPhase_1000_com.android.server.ConnectivityServiceInitializer
12-18 07:18:07.034  1000  1855  1927 D CompatibilityChangeReporter: Compat change id reported: 143937733; UID 10052; state: ENABLED
12-18 07:18:07.035  1000  1855  1927 W ActivityManager: com.android.inputmethod.latin inode == 0 (b/152760674)
12-18 07:18:07.036  1000  1855  1919 D ActivityManagerTiming: OnBootPhase_1000_com.android.server.notification.NotificationManagerService
12-18 07:18:07.036  1000  1855  1919 D ActivityManagerTiming: OnBootPhase_1000_com.android.server.storage.DeviceStorageMonitorService
12-18 07:18:07.036  1000  1855  1919 D ActivityManagerTiming: OnBootPhase_1000_com.android.server.timedetector.TimeDetectorService$Lifecycle
12-18 07:18:07.036  1000  1855  1919 D ActivityManagerTiming: OnBootPhase_1000_com.android.server.location.LocationManagerService$Lifecycle
12-18 07:18:07.036  1000  1855  1919 D ActivityManagerTiming: OnBootPhase_1000_com.android.server.timezonedetector.TimeZoneDetectorService$Lifecycle
12-18 07:18:07.036  1000  1855  1919 D ActivityManagerTiming: OnBootPhase_1000_com.android.server.location.altitude.AltitudeService$Lifecycle
12-18 07:18:07.036  1000  1855  1919 D ActivityManagerTiming: OnBootPhase_1000_com.android.server.timezonedetector.location.LocationTimeZoneManagerService$Lifecycle
12-18 07:18:07.036  1000  1855  1919 D ActivityManagerTiming: OnBootPhase_1000_com.android.server.search.SearchManagerService$Lifecycle
12-18 07:18:07.036  1000  1855  1919 D ActivityManagerTiming: OnBootPhase_1000_com.android.server.wallpaper.WallpaperManagerService$Lifecycle
12-18 07:18:07.037  1000  1855  1919 D ActivityManagerTiming: OnBootPhase_1000_com.android.server.wallpapereffectsgeneration.WallpaperEffectsGenerationManagerService
12-18 07:18:07.037  1000  1855  1919 D ActivityManagerTiming: OnBootPhase_1000_com.android.server.audio.AudioService$Lifecycle
12-18 07:18:07.037  1000  1855  1919 D ActivityManagerTiming: OnBootPhase_1000_com.android.server.soundtrigger_middleware.SoundTriggerMiddlewareService$Lifecycle
12-18 07:18:07.037  1000  1855  1919 D ActivityManagerTiming: OnBootPhase_1000_com.android.server.DockObserver
12-18 07:18:07.037  1000  1855  1919 D ActivityManagerTiming: OnBootPhase_1000_com.android.server.midi.MidiService$Lifecycle
12-18 07:18:07.037  1000  1855  1919 D ActivityManagerTiming: OnBootPhase_1000_com.android.server.adb.AdbService$Lifecycle
12-18 07:18:07.037  1000  1855  1919 D ActivityManagerTiming: OnBootPhase_1000_com.android.server.usb.UsbService$Lifecycle
12-18 07:18:07.037  1000  1855  1919 D ActivityManagerTiming: OnBootPhase_1000_com.android.server.twilight.TwilightService
12-18 07:18:07.039  1000  1855  1919 D ActivityManagerTiming: OnBootPhase_1000_com.android.server.display.color.ColorDisplayService
12-18 07:18:07.039  1000  1855  1919 D ActivityManagerTiming: OnBootPhase_1000_com.android.server.job.JobSchedulerService
12-18 07:18:07.039  1000  1855  1919 D ActivityManagerTiming: OnBootPhase_1000_com.android.server.soundtrigger.SoundTriggerService
12-18 07:18:07.039  1000  1855  1919 D SoundTriggerService: onBootPhase: 1000 : false
12-18 07:18:07.040  1000  1855  1919 D ActivityManagerTiming: OnBootPhase_1000_com.android.server.trust.TrustManagerService
12-18 07:18:07.040  1000  1855  1919 D ActivityManagerTiming: OnBootPhase_1000_com.android.server.backup.BackupManagerService$Lifecycle
12-18 07:18:07.040  1000  1855  1919 D ActivityManagerTiming: OnBootPhase_1000_com.android.server.appwidget.AppWidgetService
12-18 07:18:07.040  1000  1855  1919 D ActivityManagerTiming: OnBootPhase_1000_com.android.server.voiceinteraction.VoiceInteractionManagerService
12-18 07:18:07.041  1000  1855  1919 D ActivityManagerTiming: OnBootPhase_1000_com.android.server.GestureLauncherService
12-18 07:18:07.041  1000  1855  1919 D ActivityManagerTiming: OnBootPhase_1000_com.android.server.SensorNotificationService
12-18 07:18:07.041  1000  1855  1916 I UsbDeviceManager: Setting USB config to 
12-18 07:18:07.041  1000  1855  1916 D UsbDeviceManager: setUsbConfig(4) request:1
12-18 07:18:07.045  1000  1855  1919 D CompatibilityChangeReporter: Compat change id reported: 168936375; UID 1000; state: ENABLED
12-18 07:18:07.048  1000  1855  1916 D UsbDeviceManager: Clear notification
12-18 07:18:07.049  1000  1855  1919 D CompatibilityChangeReporter: Compat change id reported: 73144566; UID 1000; state: ENABLED
12-18 07:18:07.049  1000  1855  1919 D ActivityManagerTiming: OnBootPhase_1000_com.android.server.emergency.EmergencyAffordanceService
12-18 07:18:07.049  1000  1855  1919 D ActivityManagerTiming: OnBootPhase_1000_com.android.server.blob.BlobStoreManagerService
12-18 07:18:07.050  1000  1855  1916 D UsbDeviceManager: push notification:Charging this device via USB
12-18 07:18:07.051  1000  1855  1919 D ActivityManagerTiming: OnBootPhase_1000_com.android.server.dreams.DreamManagerService
12-18 07:18:07.051  1000  1855  1919 D ActivityManagerTiming: OnBootPhase_1000_com.android.server.print.PrintManagerService
12-18 07:18:07.051  1000  1855  1919 D ActivityManagerTiming: OnBootPhase_1000_com.android.server.security.AttestationVerificationManagerService
12-18 07:18:07.051  1000  1855  1919 D ActivityManagerTiming: OnBootPhase_1000_com.android.server.companion.CompanionDeviceManagerService
12-18 07:18:07.052  1000  1855  1919 I CDM_CompanionDeviceManagerService: Scheduling the Association Removal job
12-18 07:18:07.052  1000  1855  1990 I commit_sys_config_file: [settings-2-0,19]
12-18 07:18:07.053  1000  1855  1919 D ActivityManagerTiming: OnBootPhase_1000_com.android.server.companion.virtual.VirtualDeviceManagerService
12-18 07:18:07.054  1000  1855  1919 D ActivityManagerTiming: OnBootPhase_1000_com.android.server.restrictions.RestrictionsManagerService
12-18 07:18:07.054  1000  1855  1919 D ActivityManagerTiming: OnBootPhase_1000_com.android.server.media.MediaSessionService
12-18 07:18:07.055  1000  1855  1919 D ActivityManagerTiming: OnBootPhase_1000_com.android.server.media.MediaResourceMonitorService
12-18 07:18:07.055  1000  1855  1919 D ActivityManagerTiming: OnBootPhase_1000_com.android.server.biometrics.BiometricService
12-18 07:18:07.055  1000  1855  1919 D ActivityManagerTiming: OnBootPhase_1000_com.android.server.biometrics.AuthService
12-18 07:18:07.055  1000  1855  1919 D ActivityManagerTiming: OnBootPhase_1000_com.android.server.pm.ShortcutService$Lifecycle
12-18 07:18:07.056  1000  1855  1919 D ActivityManagerTiming: OnBootPhase_1000_com.android.server.pm.LauncherAppsService
12-18 07:18:07.056  1000  1855  1919 D ActivityManagerTiming: OnBootPhase_1000_com.android.server.pm.CrossProfileAppsService
12-18 07:18:07.056  1000  1855  1919 D ActivityManagerTiming: OnBootPhase_1000_com.android.server.people.PeopleService
12-18 07:18:07.056  1000  1855  1919 D ActivityManagerTiming: OnBootPhase_1000_com.android.server.media.metrics.MediaMetricsManagerService
12-18 07:18:07.056  1000  1855  1919 D ActivityManagerTiming: OnBootPhase_1000_com.android.server.pm.BackgroundInstallControlService
12-18 07:18:07.056  1000  1855  1919 D ActivityManagerTiming: OnBootPhase_1000_com.android.server.media.projection.MediaProjectionManagerService
12-18 07:18:07.056  1000  1855  1919 D ActivityManagerTiming: OnBootPhase_1000_com.android.server.slice.SliceManagerService$Lifecycle
12-18 07:18:07.057  1000  1855  1919 D ActivityManagerTiming: OnBootPhase_1000_com.android.server.stats.StatsCompanion$Lifecycle
12-18 07:18:07.057  1000  1855  1919 D ActivityManagerTiming: OnBootPhase_1000_com.android.server.scheduling.RebootReadinessManagerService$Lifecycle
12-18 07:18:07.057  1000  1855  1919 D ActivityManagerTiming: OnBootPhase_1000_com.android.server.stats.pull.StatsPullAtomService
12-18 07:18:07.057  1000  1855  1919 D ActivityManagerTiming: OnBootPhase_1000_com.android.server.stats.bootstrap.StatsBootstrapAtomService$Lifecycle
12-18 07:18:07.057  1000  1855  1919 D ActivityManagerTiming: OnBootPhase_1000_com.android.server.incident.IncidentCompanionService
12-18 07:18:07.057  1000  1855  1919 D ActivityManagerTiming: OnBootPhase_1000_com.android.server.sdksandbox.SdkSandboxManagerService$Lifecycle
12-18 07:18:07.057  1000  1855  1919 D ActivityManagerTiming: OnBootPhase_1000_com.android.server.adservices.AdServicesManagerService$Lifecycle
12-18 07:18:07.057  1000  1855  1919 D ActivityManagerTiming: OnBootPhase_1000_com.android.server.ondevicepersonalization.OnDevicePersonalizationSystemService$Lifecycle
12-18 07:18:07.057  1000  1855  1919 D ActivityManagerTiming: OnBootPhase_1000_com.android.server.autofill.AutofillManagerService
12-18 07:18:07.057  1000  1855  1919 D ActivityManagerTiming: OnBootPhase_1000_com.android.server.selectiontoolbar.SelectionToolbarManagerService
12-18 07:18:07.057  1000  1855  1919 D ActivityManagerTiming: OnBootPhase_1000_com.android.server.clipboard.ClipboardService
12-18 07:18:07.057  1000  1855  1919 D ActivityManagerTiming: OnBootPhase_1000_com.android.server.appbinding.AppBindingService$Lifecycle
12-18 07:18:07.057  1000  1855  1919 D ActivityManagerTiming: OnBootPhase_1000_com.android.server.tracing.TracingServiceProxy
12-18 07:18:07.057  1000  1855  1919 D ActivityManagerTiming: OnBootPhase_1000_com.android.server.policy.PermissionPolicyService
12-18 07:18:07.057  1000  1855  1919 D ActivityManagerTiming: OnBootPhase_1000_com.android.server.pm.StagingManager$Lifecycle
12-18 07:18:07.057  1000  1855  1855 I sysui_multi_action: [757,128,758,5,759,8,793,2974,794,0,795,2974,796,27,806,android,857,USB,858,1,946,ranker_group,947,0,1500,926,1688,1]
12-18 07:18:07.057  1000  1855  1855 I notification_canceled: [-1|android|27|null|1000,8,2974,2974,0,-1,-1,NULL]
12-18 07:18:07.058  1000  1855  1919 D ActivityManagerTiming: OnBootPhase_1000_com.android.server.app.GameManagerService$Lifecycle
12-18 07:18:07.058  1000  1855  1919 D GameManagerService: onBootCompleted
12-18 07:18:07.060  1000  1855  1927 I am_proc_start: [0,2837,10052,com.android.inputmethod.latin,service,{com.android.inputmethod.latin/com.android.inputmethod.latin.LatinIME}]
12-18 07:18:07.060  1000  1855  1855 I notification_enqueue: [1000,1855,android,32,NULL,-1,Notification(channel=USB shortcut=null contentView=null vibrate=null sound=null tick defaults=0x0 flags=0x802 color=0x00000000 vis=PUBLIC),0]
12-18 07:18:07.060  1000  1855  1919 D ActivityManagerTiming: OnBootPhase_1000_com.android.safetycenter.SafetyCenterService
12-18 07:18:07.060  1000  1855  1927 I ActivityManager: Start proc 2837:com.android.inputmethod.latin/u0a52 for service {com.android.inputmethod.latin/com.android.inputmethod.latin.LatinIME}
12-18 07:18:07.061  1000  1855  1919 I sysui_multi_action: [757,859,758,6,806,android,860,safety_center_channels]
12-18 07:18:07.063  1000  1855  1855 D CompatibilityChangeReporter: Compat change id reported: 175319604; UID 1000; state: ENABLED
12-18 07:18:07.063  1000  1855  1919 I sysui_multi_action: [757,856,758,1,806,android,857,safety_center_information,858,2]
12-18 07:18:07.064  1000  1855  1855 D CompatibilityChangeReporter: Compat change id reported: 195579280; UID 1000; state: ENABLED
12-18 07:18:07.064  1000  1855  1919 I sysui_multi_action: [757,856,758,1,806,android,857,safety_center_recommendation,858,3]
12-18 07:18:07.065  1000  1855  1855 D CompatibilityChangeReporter: Compat change id reported: 175319604; UID 10057; state: ENABLED
12-18 07:18:07.065  1000  1855  1919 I sysui_multi_action: [757,856,758,1,806,android,857,safety_center_critical_warning,858,4]
12-18 07:18:07.065  1000  1855  1855 D CompatibilityChangeReporter: Compat change id reported: 195579280; UID 10057; state: ENABLED
12-18 07:18:07.066  1000  1855  1919 D ActivityManagerTiming: OnBootPhase_1000_com.android.server.appsearch.AppSearchModule$Lifecycle
12-18 07:18:07.067  1000  1855  1919 D ActivityManagerTiming: OnBootPhase_1000_com.android.server.compos.IsolatedCompilationService
12-18 07:18:07.068  1000  1855  1855 I sysui_multi_action: [757,1501,758,1,793,18,794,0,795,18,796,32,806,android,857,USB,858,1,947,0,1500,0]
12-18 07:18:07.068  1000  1855  1855 I sysui_multi_action: [757,804,799,note_interruptive,801,0,802,1]
12-18 07:18:07.068  1000  1855  1919 D ActivityManagerTiming: OnBootPhase_1000_com.android.server.media.MediaCommunicationService
12-18 07:18:07.068  1000  1855  1919 D ActivityManagerTiming: OnBootPhase_1000_com.android.server.compat.overrides.AppCompatOverridesService$Lifecycle
12-18 07:18:07.069  1000  1855  1855 W NotificationHistory: Attempted to add notif for locked/gone/disabled user 0
12-18 07:18:07.070  1000  1855  1919 D ActivityManagerTiming: OnBootPhase_1000_com.android.server.healthconnect.HealthConnectManagerService
12-18 07:18:07.070  1000  1855  1919 D ActivityManagerTiming: OnBootPhase_1000_com.android.server.devicelock.DeviceLockService
12-18 07:18:07.070  1000  1855  1855 I notification_enqueue: [1000,1855,android,2147483647,ranker_group,-1,Notification(channel=PHYSICAL_KEYBOARD shortcut=null contentView=null vibrate=null sound=null defaults=0x0 flags=0x710 color=0x00000000 groupKey=ranker_group vis=PRIVATE),1]
12-18 07:18:07.071  1000  1855  1919 D DeviceLockService: onBootPhase: 1000
12-18 07:18:07.071  1000  1855  1919 V ActivityManagerTiming: TotalBootTime took to complete: 11344ms
12-18 07:18:07.072  1000  1855  1855 I notification_autogrouped: -1|android|32|null|1000
12-18 07:18:07.072  1000  1855  1919 D SystemServerInitThreadPool: Shutdown requested
12-18 07:18:07.072  1000  1855  1919 D SystemServerTiming: WaitInitThreadPoolShutdown
12-18 07:18:07.072  1000  1855  2297 I notification_adjusted: [-1|android|32|null|1000,key_group_key,ranker_group]
12-18 07:18:07.073  1000  1855  1919 D SystemServerInitThreadPool: Shutdown successful
