02-27 02:17:02.326  1000  1855  1967 W WindowManager: 	at android.view.IWindow$Stub$Proxy.insetsControlChanged(IWindow.java:479)
02-27 02:17:02.326  1000  1855  1967 W WindowManager: 	at com.android.server.wm.WindowState.notifyInsetsControlChanged(WindowState.java:3802)
02-27 02:17:02.326  1000  1855  1967 W WindowManager: 	at com.android.server.wm.InsetsStateController.lambda$notifyPendingInsetsControlChanged$3(InsetsStateController.java:343)
02-27 02:17:02.326  1000  1855  1967 W WindowManager: 	at com.android.server.wm.InsetsStateController.$r8$lambda$8yykPRG1GyNq_J17QvL9d5xANMc(InsetsStateController.java:0)
02-27 02:17:02.326  1000  1855  1967 W WindowManager: 	at com.android.server.wm.InsetsStateController$$ExternalSyntheticLambda2.run(R8$$SyntheticClass:0)
02-27 02:17:02.326  1000  1855  1967 W WindowManager: 	at com.android.server.wm.WindowAnimator.executeAfterPrepareSurfacesRunnables(WindowAnimator.java:294)
02-27 02:17:02.326  1000  1855  1967 W WindowManager: 	at com.android.server.wm.RootWindowContainer.performSurfacePlacementNoTrace(RootWindowContainer.java:811)
02-27 02:17:02.326  1000  1855  1967 W WindowManager: 	at com.android.server.wm.RootWindowContainer.performSurfacePlacement(RootWindowContainer.java:756)
02-27 02:17:02.326  1000  1855  1967 W WindowManager: 	at com.android.server.wm.WindowSurfacePlacer.performSurfacePlacementLoop(WindowSurfacePlacer.java:177)
02-27 02:17:02.326  1000  1855  1967 W WindowManager: 	at com.android.server.wm.WindowSurfacePlacer.performSurfacePlacement(WindowSurfacePlacer.java:126)
02-27 02:17:02.326  1000  1855  1967 W WindowManager: 	at com.android.server.wm.WindowSurfacePlacer.performSurfacePlacement(WindowSurfacePlacer.java:115)
02-27 02:17:02.326  1000  1855  1967 W WindowManager: 	at com.android.server.wm.WindowState.setupWindowForRemoveOnExit(WindowState.java:2538)
02-27 02:17:02.326  1000  1855  1967 W WindowManager: 	at com.android.server.wm.WindowState.removeIfPossible(WindowState.java:2498)
02-27 02:17:02.326  1000  1855  1967 W WindowManager: 	at com.android.server.wm.WindowState$DeathRecipient.binderDied(WindowState.java:2929)
02-27 02:17:02.326  1000  1855  1967 W WindowManager: 	at android.os.IBinder$DeathRecipient.binderDied(IBinder.java:319)
02-27 02:17:02.326  1000  1855  1967 W WindowManager: 	at android.os.BinderProxy.sendDeathNotice(BinderProxy.java:704)
02-27 02:17:02.327  1000  1855  2406 W ActivityTaskManager: Force remove immediately ActivityRecord{9a26368 u0 com.android.settings/.Settings t8} state=RESUMED
02-27 02:17:02.327  1041  1066  4070 I gsl     : gsl_graph_send_persist_cal:863 Skipping persist cal for SG_ID -1342177278: already started
02-27 02:17:02.327  1041  1066  4070 I gsl     : gsl_graph_send_persist_cal:863 Skipping persist cal for SG_ID -1342177243: already started
02-27 02:17:02.328  1041  1066  4070 I gsl     : gsl_graph_send_persist_cal:863 Skipping persist cal for SG_ID -1342177244: already started
02-27 02:17:02.328  1041  1066  4070 I gsl     : gsl_graph_send_persist_cal:863 Skipping persist cal for SG_ID -1342177245: already started
02-27 02:17:02.328  1000  1855  2406 I wm_destroy_activity: [0,161637224,8,com.android.settings/.Settings,removeImmediately]
02-27 02:17:02.328  1041  1066  4070 I PAL: API: pal_stream_start: 297: Exit. status 0
02-27 02:17:02.328  1041  1066  4070 I AHAL: AudioStream: configurePalOutputStream: 3161: notify GEF client of device config
02-27 02:17:02.328  1041  1066  4070 D generic_effect_ar: gef_device_config_cb: stream type=6 sample_rate=48000 device=2
02-27 02:17:02.328  1041  1066  4070 D AHAL: AudioStream: ~AutoPerfLock: 140: (release) perf_lock_handle: 0xffffffff, count: 1
02-27 02:17:02.328  1041  1066  4070 D AHAL: AudioStream: ~AutoPerfLock: 144: Releasing perf_lock_handle: 0xffffffff
02-27 02:17:02.328  1041  1066  4070 E AHAL: AudioExtn: audio_extn_perf_lock_release: 908: Perf lock release error
02-27 02:17:02.331  1000  1855  2406 W ActivityTaskManager: Force remove immediately ActivityRecord{acd1a5a u0 com.android.settings/.SubSettings t8 f}} state=STOPPING
02-27 02:17:02.331  1000  1855  2406 I wm_destroy_activity: [0,181213786,8,com.android.settings/.SubSettings,removeImmediately]
02-27 02:17:02.332  1000  1855  2406 W WindowManager: removeAppToken: Attempted to remove non-existing token: Token{2f7d48b ActivityRecord{acd1a5a u0 com.android.settings/.SubSettings t8 f} isExiting}}
02-27 02:17:02.333  1000  1855  2406 W ActivityTaskManager: Force remove immediately ActivityRecord{c28c3a u0 com.android.settings/.SubSettings t8 f}} state=PAUSING
02-27 02:17:02.333  1000  1855  2406 I wm_destroy_activity: [0,12749882,8,com.android.settings/.SubSettings,removeImmediately]
02-27 02:17:02.336  1000  1855  2406 I wm_resume_activity: [0,207675883,7,com.android.launcher3/.uioverrides.QuickstepLauncher]
02-27 02:17:02.337  1000  1855  2406 I wm_task_removed: [8,8,0,removeChild, last child = TaskFragment{9ba9a9 mode=multi-window} in Task{ede3381 #8 type=standard A=1000:com.android.settings.root}]
02-27 02:17:02.337 10054  2659  2659 I wm_on_restart_called: [207675883,com.android.launcher3.uioverrides.QuickstepLauncher,performRestart,0]
02-27 02:17:02.338 10054  2659  2659 I wm_on_start_called: [207675883,com.android.launcher3.uioverrides.QuickstepLauncher,handleStartActivity,0]
02-27 02:17:02.341  1000  1855  1919 V WindowManager: Unknown focus tokens, dropping reportFocusChanged
02-27 02:17:02.342  1000  1192  1192 E BpTransactionCompletedListener: Failed to transact (-32)
02-27 02:17:02.342  1000  1855  2504 W ActivityManager: Scheduling restart of crashed service com.android.settings/.SettingsDumpService in 52740ms for start-requested
02-27 02:17:02.342  1000  1855  2504 I am_schedule_service_restart: [0,com.android.settings/.SettingsDumpService,52740]
02-27 02:17:02.343 10054  2659  2659 D b/260135164: updateIconAlphaForHome - setIconsAlpha(1), isTaskbarPresent: true
02-27 02:17:02.348  root  1138  1138 E ANDR-PERF-MPCTL: ANDR-PERF-MPCTL: internal_perf_lock_acq_verification() 386: Perflock Submit request limit reached.
02-27 02:17:02.349  1000  1855  1919 W ActivityManager: setHasOverlayUi called on unknown pid: 2600
02-27 02:17:02.350 10054  2659  2659 D b/260135164: updateIconAlphaForHome - setIconsAlpha(0), isTaskbarPresent: true
02-27 02:17:02.351 10054  2659  2659 I wm_on_resume_called: [207675883,com.android.launcher3.uioverrides.QuickstepLauncher,RESUME_ACTIVITY,13]
02-27 02:17:02.356  1000  1855  1920 I input_focus: [Focus request 10060b5 com.android.launcher3/com.android.launcher3.uioverrides.QuickstepLauncher,reason=UpdateInputWindows]
02-27 02:17:02.358 10054  2659  3217 E OpenGLRenderer: Unable to match the desired swap behavior.
02-27 02:17:02.372 10054  2659  2659 D b/260135164: updateIconAlphaForHome - setIconsAlpha(1), isTaskbarPresent: true
02-27 02:17:02.376  1000  1855  1920 I wm_wallpaper_surface: [0,1,Window{10060b5 u0 com.android.launcher3/com.android.launcher3.uioverrides.QuickstepLauncher}]
02-27 02:17:02.380  1000  1855  1916 V WindowManager: Sent Transition #14 createdAt=02-27 02:17:02.148 via request=TransitionRequestInfo { type = OPEN, triggerTask = null, remoteTransition = null, displayChange = null }
02-27 02:17:02.380  1000  1855  1916 V WindowManager:     startWCT=WindowContainerTransaction { changes = {} hops = [] errorCallbackToken=null taskFragmentOrganizer=null }
02-27 02:17:02.381  1000  1855  1916 V WindowManager:     info={id=14 t=OPEN f=0x0 trk=0 r=[0@Point(0, 0)] c=[{WCT{RemoteToken{4bc108f Task{26df3e8 #1 type=home}}} m=TO_FRONT f=SHOW_WALLPAPER|MOVE_TO_TOP leash=Surface(name=Task=1)/@0xe90b452 sb=Rect(0, 0 - 1200, 2000) eb=Rect(0, 0 - 1200, 2000) d=0},{null m=TO_FRONT f=IS_WALLPAPER leash=Surface(name=WallpaperWindowToken{54d17ad token=android.os.Binder@aa2ccc4})/@0xb0afa9f sb=Rect(0, 0 - 1200, 2000) eb=Rect(0, 0 - 1200, 2000) d=0}]}
02-27 02:17:02.382 10057  2356  2403 V WindowManagerShell: onTransitionReady android.os.BinderProxy@2feebb2: {id=14 t=OPEN f=0x0 trk=0 r=[0@Point(0, 0)] c=[{WCT{android.window.IWindowContainerToken$Stub$Proxy@26c10fe} m=TO_FRONT f=SHOW_WALLPAPER|MOVE_TO_TOP leash=Surface(name=Task=1)/@0x6c703 sb=Rect(0, 0 - 1200, 2000) eb=Rect(0, 0 - 1200, 2000) d=0},{null m=TO_FRONT f=IS_WALLPAPER leash=Surface(name=WallpaperWindowToken{54d17ad token=android.os.Binder@aa2ccc4})/@0x2d7d680 sb=Rect(0, 0 - 1200, 2000) eb=Rect(0, 0 - 1200, 2000) d=0}]}
02-27 02:17:02.382 10057  2356  2403 V WindowManagerShell: Playing animation for (#14)android.os.BinderProxy@2feebb2@0
02-27 02:17:02.383 10057  2356  2403 V WindowManagerShell:  try handler com.android.wm.shell.transition.DefaultMixedHandler@cf12ba4
02-27 02:17:02.383 10057  2356  2403 V WindowManagerShell:  try handler com.android.wm.shell.keyguard.KeyguardTransitionHandler@2d3bd0d
02-27 02:17:02.383 10057  2356  2403 V WindowManagerShell:  try handler com.android.wm.shell.activityembedding.ActivityEmbeddingController@ccfa4c2
02-27 02:17:02.383 10057  2356  2403 V WindowManagerShell:  try handler com.android.wm.shell.recents.RecentsTransitionHandler@8a872d3
02-27 02:17:02.383 10057  2356  2403 V ShellRecents: RecentsTransitionHandler.startAnimation: no controller found
02-27 02:17:02.383 10057  2356  2403 V WindowManagerShell:  try handler com.android.wm.shell.pip.PipTransition@4e75e10
02-27 02:17:02.384 10057  2356  2403 V WindowManagerShell:  try handler com.android.wm.shell.splitscreen.StageCoordinator@58c1d09
02-27 02:17:02.384 10057  2356  2403 V WindowManagerShell:  try handler com.android.wm.shell.transition.RemoteTransitionHandler@b774b0e
02-27 02:17:02.384 10057  2356  2403 V WindowManagerShell: Transition doesn't have explicit remote, search filters for match for {id=14 t=OPEN f=0x0 trk=0 r=[0@Point(0, 0)] c=[{WCT{android.window.IWindowContainerToken$Stub$Proxy@26c10fe} m=TO_FRONT f=SHOW_WALLPAPER|MOVE_TO_TOP leash=Surface(name=Task=1)/@0x6c703 sb=Rect(0, 0 - 1200, 2000) eb=Rect(0, 0 - 1200, 2000) d=0},{null m=TO_FRONT f=IS_WALLPAPER leash=Surface(name=WallpaperWindowToken{54d17ad token=android.os.Binder@aa2ccc4})/@0x2d7d680 sb=Rect(0, 0 - 1200, 2000) eb=Rect(0, 0 - 1200, 2000) d=0}]}
02-27 02:17:02.385 10057  2356  2403 V WindowManagerShell:  Checking filter Pair{{types=[] flags=0x0] notFlags=0x100 checks=[{atype=home independent=true modes=[OPEN,TO_FRONT] flags=NONE mustBeTask=false order=TOP topActivity=ComponentInfo{com.android.launcher3/com.android.launcher3.uioverrides.QuickstepLauncher}},{atype=standard independent=true modes=[CLOSE,TO_BACK] flags=NONE mustBeTask=false order=ANY topActivity=null}]} RemoteTransition { remoteTransition = android.window.IRemoteTransition$Stub$Proxy@57d692f, appThread = android.app.IApplicationThread$Stub$Proxy@5cc4b3c, debugName = QuickstepLaunchHome }}
02-27 02:17:02.386 10057  2356  2403 V WindowManagerShell:  Delegate animation for #14 to null
02-27 02:17:02.386 10057  2356  2403 V WindowManagerShell:  try handler com.android.wm.shell.transition.DefaultTransitionHandler@35080c5
02-27 02:17:02.386 10057  2356  2403 V WindowManagerShell: start default transition animation, info = {id=14 t=OPEN f=0x0 trk=0 r=[0@Point(0, 0)] c=[{WCT{android.window.IWindowContainerToken$Stub$Proxy@26c10fe} m=TO_FRONT f=SHOW_WALLPAPER|MOVE_TO_TOP leash=Surface(name=Task=1)/@0x6c703 sb=Rect(0, 0 - 1200, 2000) eb=Rect(0, 0 - 1200, 2000) d=0},{null m=TO_FRONT f=IS_WALLPAPER leash=Surface(name=WallpaperWindowToken{54d17ad token=android.os.Binder@aa2ccc4})/@0x2d7d680 sb=Rect(0, 0 - 1200, 2000) eb=Rect(0, 0 - 1200, 2000) d=0}]}
02-27 02:17:02.387 10054  2659  3217 E OpenGLRenderer: Unable to match the desired swap behavior.
02-27 02:17:02.389 10057  2356  2403 V WindowManagerShell: loadAnimation: anim=android.view.animation.AnimationSet@5ecb375 animAttr=0x10 type=OPEN isEntrance=true
02-27 02:17:02.389  root  1138  1138 E ANDR-PERF-MPCTL: ANDR-PERF-MPCTL: internal_perf_lock_acq_verification() 386: Perflock Submit request limit reached.
02-27 02:17:02.393 10057  2356  2403 V WindowManagerShell:  animated by com.android.wm.shell.transition.DefaultTransitionHandler@35080c5
02-27 02:17:02.398 10054  2659  2659 D b/260135164: updateIconAlphaForHome - setIconsAlpha(1), isTaskbarPresent: true
02-27 02:17:02.408 10054  2659  2659 D b/260135164: updateIconAlphaForHome - setIconsAlpha(1), isTaskbarPresent: true
02-27 02:17:02.413  1000  1855  2007 I input_focus: [Focus entering 10060b5 com.android.launcher3/com.android.launcher3.uioverrides.QuickstepLauncher (server),reason=Window became focusable. Previous reason: NOT_VISIBLE]
02-27 02:17:02.413  root  1138  1138 E ANDR-PERF-MPCTL: ANDR-PERF-MPCTL: internal_perf_lock_acq_verification() 386: Perflock Submit request limit reached.
02-27 02:17:02.418  1000  1855  2507 I ImeTracker: com.android.launcher3:982e2a0f: onRequestHide at ORIGIN_SERVER_HIDE_INPUT reason HIDE_UNSPECIFIED_WINDOW
02-27 02:17:02.419  1000  1855  2507 I ImeTracker: com.android.launcher3:982e2a0f: onCancelled at PHASE_SERVER_SHOULD_HIDE
02-27 02:17:02.431 10054  2659  2659 D b/260135164: updateIconAlphaForHome - setIconsAlpha(1), isTaskbarPresent: true
02-27 02:17:02.434  root  1138  1138 E ANDR-PERF-MPCTL: ANDR-PERF-MPCTL: internal_perf_lock_acq_verification() 386: Perflock Submit request limit reached.
02-27 02:17:02.453 10054  2659  2659 D b/260135164: updateIconAlphaForHome - setIconsAlpha(1), isTaskbarPresent: true
02-27 02:17:02.457  root  1138  1138 E ANDR-PERF-MPCTL: ANDR-PERF-MPCTL: internal_perf_lock_acq_verification() 386: Perflock Submit request limit reached.
02-27 02:17:02.475 10054  2659  2659 D b/260135164: updateIconAlphaForHome - setIconsAlpha(1), isTaskbarPresent: true
02-27 02:17:02.477  root  1138  1138 E ANDR-PERF-MPCTL: ANDR-PERF-MPCTL: internal_perf_lock_acq_verification() 386: Perflock Submit request limit reached.
02-27 02:17:02.487  1041  1179  1798 D audioserver: FGS Logger Transaction failed
02-27 02:17:02.488  1041  1179  1798 D audioserver: -129
02-27 02:17:02.491  1041  1066  2302 V DlbVolumeListener: effectCommand
02-27 02:17:02.491  1041  1066  2302 V DlbVolumeListener: effectCommand :: Command EFFECT_CMD_DISABLE
02-27 02:17:02.492  1041  1066  2302 V DlbVolumeListener: release(handle=0xb400007d924169d0)
02-27 02:17:02.493  1041  1179  1476 W audioserver: Binder 0xb4000074aab99a58 destroyed after setMinSchedulerPolicy before being parceled.
02-27 02:17:02.498 10054  2659  2659 D b/260135164: updateIconAlphaForHome - setIconsAlpha(1), isTaskbarPresent: true
02-27 02:17:02.500  root  1138  1138 E ANDR-PERF-MPCTL: ANDR-PERF-MPCTL: internal_perf_lock_acq_verification() 386: Perflock Submit request limit reached.
02-27 02:17:02.521 10054  2659  2659 D b/260135164: updateIconAlphaForHome - setIconsAlpha(1), isTaskbarPresent: true
02-27 02:17:02.522  root  1138  1138 E ANDR-PERF-MPCTL: ANDR-PERF-MPCTL: internal_perf_lock_acq_verification() 386: Perflock Submit request limit reached.
02-27 02:17:02.542 10054  2659  2659 D b/260135164: updateIconAlphaForHome - setIconsAlpha(1), isTaskbarPresent: true
02-27 02:17:02.544  root  1138  1138 E ANDR-PERF-MPCTL: ANDR-PERF-MPCTL: internal_perf_lock_acq_verification() 386: Perflock Submit request limit reached.
02-27 02:17:02.566 10054  2659  2659 D b/260135164: updateIconAlphaForHome - setIconsAlpha(1), isTaskbarPresent: true
02-27 02:17:02.567  root  1138  1138 E ANDR-PERF-MPCTL: ANDR-PERF-MPCTL: internal_perf_lock_acq_verification() 386: Perflock Submit request limit reached.
02-27 02:17:02.587 10054  2659  2659 D b/260135164: updateIconAlphaForHome - setIconsAlpha(1), isTaskbarPresent: true
02-27 02:17:02.590  root  1138  1138 E ANDR-PERF-MPCTL: ANDR-PERF-MPCTL: internal_perf_lock_acq_verification() 386: Perflock Submit request limit reached.
02-27 02:17:02.610 10054  2659  2659 D b/260135164: updateIconAlphaForHome - setIconsAlpha(1), isTaskbarPresent: true
02-27 02:17:02.611  root  1138  1138 E ANDR-PERF-MPCTL: ANDR-PERF-MPCTL: internal_perf_lock_acq_verification() 386: Perflock Submit request limit reached.
02-27 02:17:02.631 10054  2659  2659 D b/260135164: updateIconAlphaForHome - setIconsAlpha(1), isTaskbarPresent: true
02-27 02:17:02.634  root  1138  1138 E ANDR-PERF-MPCTL: ANDR-PERF-MPCTL: internal_perf_lock_acq_verification() 386: Perflock Submit request limit reached.
02-27 02:17:02.654 10054  2659  2659 D b/260135164: updateIconAlphaForHome - setIconsAlpha(1), isTaskbarPresent: true
02-27 02:17:02.656  root  1138  1138 E ANDR-PERF-MPCTL: ANDR-PERF-MPCTL: internal_perf_lock_acq_verification() 386: Perflock Submit request limit reached.
02-27 02:17:02.656 10057  2356  2403 V WindowManagerShell: Transition animation finished (aborted=false), notifying core (#14)android.os.BinderProxy@2feebb2@0
02-27 02:17:02.660  1000  1855  1916 V WindowManager: Finish Transition #14: created at 02-27 02:17:02.148 collect-started=0.067ms request-sent=5.4ms started=7.922ms ready=192.032ms sent=231.146ms finished=511.012ms
02-27 02:17:02.663 10057  2356  2403 V WindowManagerShell: Track 0 became idle
02-27 02:17:02.664 10057  2356  2403 V WindowManagerShell: All active transition animations finished
02-27 02:17:02.675  1000  1192  1192 E BpTransactionCompletedListener: Failed to transact (-32)
02-27 02:17:02.680  root  1138  1138 E ANDR-PERF-MPCTL: ANDR-PERF-MPCTL: internal_perf_lock_acq_verification() 386: Perflock Submit request limit reached.
02-27 02:17:02.698  1000  1855  1919 W ActivityTaskManager: Activity top resumed state loss timeout for ActivityRecord{9a26368 u0 com.android.settings/.Settings t-1 f}}
02-27 02:17:02.701  root  1138  1138 E ANDR-PERF-MPCTL: ANDR-PERF-MPCTL: internal_perf_lock_acq_verification() 386: Perflock Submit request limit reached.
02-27 02:17:03.162  1000  1855  2007 I input_interaction: Interaction with: 10060b5 com.android.launcher3/com.android.launcher3.uioverrides.QuickstepLauncher (server), 110461d com.android.systemui.wallpapers.ImageWallpaper (server), PointerEventDispatcher0 (server), 
02-27 02:17:03.164 10054  2659  3412 I jank_cuj_events_begin_request: [25,1709000223163923000,913633309129,913633312097,]
02-27 02:17:03.165 10054  2659  3412 I jank_cuj_events_begin_request: [67,1709000223164102000,913633486316,913633488816,]
02-27 02:17:03.223 10054  2659  3412 I jank_cuj_events_cancel_request: [25,1709000223223165000,913692549858,913692552097]
02-27 02:17:03.223 10054  2659  3412 I jank_cuj_events_cancel_request: [67,1709000223223252000,913692632879,913692634702]
02-27 02:17:03.235  1041  1179  4356 W AudioFlinger: The package name(android) provided does not correspond to the uid 1041
02-27 02:17:03.243  1041  1066  1139 I EffectsFactory: EffectCreate() create_effect
02-27 02:17:03.243  1000  1855  2504 I wm_task_created: 9
02-27 02:17:03.243  1041  1066  1139 V DlbVolumeListener: Create Dolby Listener Effect.
02-27 02:17:03.243  1041  1066  1139 V DlbVolumeListener: create CREATED_CONTEXT 0xb400007d92417370 sessionId 161 ioId 13
02-27 02:17:03.243  1041  1066  1139 I DlbVolumeListener: create() Created effect System Listener
02-27 02:17:03.244  1041  1066  1139 V DlbVolumeListener: effectGetDescriptor
02-27 02:17:03.245  1041  1066  1139 I DlbVolumeListener: effectGetDescriptor() Returning descriptor for System Listener
02-27 02:17:03.245  1041  1066  1139 V DlbVolumeListener: effectGetDescriptor
02-27 02:17:03.245  1041  1066  1139 I DlbVolumeListener: effectGetDescriptor() Returning descriptor for System Listener
02-27 02:17:03.246  1000  1855  2504 I wm_set_resumed_activity: [0,com.android.launcher3/.uioverrides.QuickstepLauncher,addChildTask]
02-27 02:17:03.246  1041  1066  1139 V DlbVolumeListener: effectCommand
02-27 02:17:03.246  1041  1066  1139 V DlbVolumeListener: effectCommand :: Command EFFECT_CMD_INIT
02-27 02:17:03.246  1041  1066  1139 V DlbVolumeListener: effectCommand
02-27 02:17:03.246  1041  1066  1139 D DlbVolumeListener: effectCommand :: Command EFFECT_CMD_OFFLOAD offload=0 ioHandle=13
02-27 02:17:03.247  1041  1066  1139 V DlbVolumeListener: effectCommand
02-27 02:17:03.247  1041  1066  1139 V DlbVolumeListener: effectCommand :: Command EFFECT_CMD_SET_CONFIG
02-27 02:17:03.248  1041  1066  2302 V DlbVolumeListener: effectCommand
02-27 02:17:03.248  1041  1066  2302 V DlbVolumeListener: effectCommand :: Command EFFECT_CMD_SET_CONFIG
02-27 02:17:03.249  1041  1066  2302 V DlbVolumeListener: effectCommand
02-27 02:17:03.250  1000  1855  2504 I wm_task_moved: [9,9,0,1,2]
02-27 02:17:03.250  1000  1855  2504 I wm_task_to_front: [0,9,0]
02-27 02:17:03.251  1000  1855  2504 I wm_create_task: [0,9,9,0]
02-27 02:17:03.251  1041  1179  4356 D audioserver: FGS Logger Transaction failed
02-27 02:17:03.251  1000  1855  2504 I wm_create_activity: [0,49751276,9,com.android.settings/.Settings,android.intent.action.MAIN,NULL,NULL,270532608]
02-27 02:17:03.251  1041  1179  4356 D audioserver: -129
02-27 02:17:03.251  1000  1855  2504 I wm_task_moved: [9,9,0,1,2]
02-27 02:17:03.256  1000  1855  2504 I wm_pause_activity: [0,207675883,com.android.launcher3/.uioverrides.QuickstepLauncher,userLeaving=true,pauseBackTasks]
02-27 02:17:03.257  1041  1066  1139 V DlbVolumeListener: effectCommand
02-27 02:17:03.258  1041  1066  1139 V DlbVolumeListener: effectCommand :: Command EFFECT_CMD_ENABLE
02-27 02:17:03.261  1000  1855  2504 I ActivityTaskManager: START u0 {act=android.intent.action.MAIN cat=[android.intent.category.LAUNCHER] flg=0x10200000 cmp=com.android.settings/.Settings bnds=[754,774][908,1011]} with LAUNCH_MULTIPLE from uid 10054 (BAL_ALLOW_ALLOWLISTED_COMPONENT) result code=0
02-27 02:17:03.266 10054  2659  2659 I wm_on_top_resumed_gained_called: [207675883,com.android.launcher3.uioverrides.QuickstepLauncher,topStateChangedWhenResumed]
02-27 02:17:03.266  1000  1855  1919 D CompatibilityChangeReporter: Compat change id reported: 177438394; UID 1000; state: DISABLED
02-27 02:17:03.266 10054  2659  2659 I wm_on_top_resumed_lost_called: [207675883,com.android.launcher3.uioverrides.QuickstepLauncher,topStateChangedWhenResumed]
02-27 02:17:03.267  1000  1855  1919 D CompatibilityChangeReporter: Compat change id reported: 135772972; UID 1000; state: DISABLED
02-27 02:17:03.267  1000  1855  1919 D CompatibilityChangeReporter: Compat change id reported: 135754954; UID 1000; state: ENABLED
02-27 02:17:03.267 10057  2356  2403 V WindowManagerShell: Transition requested: android.os.BinderProxy@de26c57 TransitionRequestInfo { type = OPEN, triggerTask = TaskInfo{userId=0 taskId=9 displayId=0 isRunning=true baseIntent=Intent { act=android.intent.action.MAIN cat=[android.intent.category.LAUNCHER] flg=0x10200000 cmp=com.android.settings/.Settings } baseActivity=ComponentInfo{com.android.settings/com.android.settings.homepage.SettingsHomepageActivity} topActivity=ComponentInfo{com.android.settings/com.android.settings.homepage.SettingsHomepageActivity} origActivity=ComponentInfo{com.android.settings/com.android.settings.Settings} realActivity=ComponentInfo{com.android.settings/com.android.settings.homepage.SettingsHomepageActivity} numActivities=1 lastActiveTime=913729 supportsMultiWindow=true resizeMode=1 isResizeable=true minWidth=-1 minHeight=-1 defaultMinSize=220 token=WCT{android.window.IWindowContainerToken$Stub$Proxy@8b4d344} topActivityType=1 pictureInPictureParams=null shouldDockBigOverlays=false launchIntoPipHostTaskId=-1 lastParentTaskIdBeforePip=-1 displayCutoutSafeInsets=null topActivityInfo=ActivityInfo{7f4dc2d com.android.settings.Settings} launchCookies=[android.os.BinderProxy@625a562] positionInParent=Point(0, 0) parentTaskId=-1 isFocused=false isVisible=false isVisibleRequested=false isSleeping=false topActivityInSizeCompat=false topActivityEligibleForLetterboxEducation= false topActivityLetterboxed= false isFromDoubleTap= false topActivityLetterboxVerticalPosition= -1 topActivityLetterboxHorizontalPosition= -1 topActivityLetterboxWidth=-1 topActivityLetterboxHeight=-1 locusId=null displayAreaFeatureId=1 cameraCompatControlState=hidden}, remoteTransition = RemoteTransition { remoteTransition = android.window.IRemoteTransition$Stub$Proxy@23776f3, appThread = android.app.IApplicationThread$Stub$Proxy@acddfb0, debugName = QuickstepLaunch }, displayChange = null }
02-27 02:17:03.268 10057  2356  2403 V WindowManagerShell: RemoteTransition directly requested for android.os.BinderProxy@de26c57: RemoteTransition { remoteTransition = android.window.IRemoteTransition$Stub$Proxy@23776f3, appThread = android.app.IApplicationThread$Stub$Proxy@acddfb0, debugName = QuickstepLaunch }
02-27 02:17:03.279  root  1013  1013 D Zygote  : Forked child process 4419
02-27 02:17:03.279  1000  1855  1927 I am_proc_start: [0,4419,1000,com.android.settings,next-top-activity,{com.android.settings/com.android.settings.Settings}]
02-27 02:17:03.279  1000  1855  1927 I ActivityManager: Start proc 4419:com.android.settings/1000 for next-top-activity {com.android.settings/com.android.settings.Settings}
02-27 02:17:03.282 10054  2659  2659 D b/260135164: updateIconAlphaForHome - setIconsAlpha(0), isTaskbarPresent: true
02-27 02:17:03.284 10054  2659  2659 D b/260135164: updateIconAlphaForHome - setIconsAlpha(1), isTaskbarPresent: true
02-27 02:17:03.286 10054  2659  2659 I wm_on_paused_called: [207675883,com.android.launcher3.uioverrides.QuickstepLauncher,performPause,8]
02-27 02:17:03.289 10057  2356  2438 E OpenGLRenderer: Unable to match the desired swap behavior.
02-27 02:17:03.289  1000  1855  2504 I wm_add_to_stopping: [0,207675883,com.android.launcher3/.uioverrides.QuickstepLauncher,makeInvisible]
02-27 02:17:03.289  1000  1855  1916 I sysui_multi_action: [757,803,799,window_time_0,802,1]
02-27 02:17:03.291  1000  4419  4419 I ndroid.settings: Using CollectorTypeCC GC.
02-27 02:17:03.297  1000  1192  1192 I BpBinder: onLastStrongRef automatically unlinking death recipients: 
02-27 02:17:03.299  1000  1855  2007 I input_focus: [Focus leaving 10060b5 com.android.launcher3/com.android.launcher3.uioverrides.QuickstepLauncher (server),reason=NO_WINDOW]
02-27 02:17:03.300  1000  4419  4419 E ndroid.settings: Not starting debugger since process cannot load the jdwp agent.
02-27 02:17:03.301  root  1138  1138 E ANDR-PERF-MPCTL: ANDR-PERF-MPCTL: internal_perf_lock_acq_verification() 386: Perflock Submit request limit reached.
02-27 02:17:03.305 10054  2659  2659 D b/260135164: updateIconAlphaForHome - setIconsAlpha(1), isTaskbarPresent: true
02-27 02:17:03.309  1000  1855  1916 V WindowManager: Sent Transition #15 createdAt=02-27 02:17:03.240 via request=TransitionRequestInfo { type = OPEN, triggerTask = TaskInfo{userId=0 taskId=9 displayId=0 isRunning=true baseIntent=Intent { act=android.intent.action.MAIN cat=[android.intent.category.LAUNCHER] flg=0x10200000 cmp=com.android.settings/.Settings } baseActivity=ComponentInfo{com.android.settings/com.android.settings.homepage.SettingsHomepageActivity} topActivity=ComponentInfo{com.android.settings/com.android.settings.homepage.SettingsHomepageActivity} origActivity=ComponentInfo{com.android.settings/com.android.settings.Settings} realActivity=ComponentInfo{com.android.settings/com.android.settings.homepage.SettingsHomepageActivity} numActivities=1 lastActiveTime=913729 supportsMultiWindow=true resizeMode=1 isResizeable=true minWidth=-1 minHeight=-1 defaultMinSize=220 token=WCT{RemoteToken{47be1a2 Task{b02d0b5 #9 type=standard A=1000:com.android.settings.root}}} topActivityType=1 pictureInPictureParams=null shouldDockBigOverlays=false launchIntoPipHostTaskId=-1 lastParentTaskIdBeforePip=-1 displayCutoutSafeInsets=null topActivityInfo=ActivityInfo{cca9e33 com.android.settings.Settings} launchCookies=[android.os.BinderProxy@ceb15f0] positionInParent=Point(0, 0) parentTaskId=-1 isFocused=false isVisible=false isVisibleRequested=false isSleeping=false topActivityInSizeCompat=false topActivityEligibleForLetterboxEducation= false topActivityLetterboxed= false isFromDoubleTap= false topActivityLetterboxVerticalPosition= -1 topActivityLetterboxHorizontalPosition= -1 topActivityLetterboxWidth=-1 topActivityLetterboxHeight=-1 locusId=null displayAreaFeatureId=1 cameraCompatControlState=hidden}, remoteTransition = RemoteTransition { remoteTransition = android.window.IRemoteTransition$Stub$Proxy@867a769, appThread = android.app.IApplicationThread$Stub$Proxy@d5a75ee, debugName = QuickstepLaunch }, displayChange = null }
02-27 02:17:03.310  1000  1855  1916 V WindowManager:     startWCT=WindowContainerTransaction { changes = {} hops = [] errorCallbackToken=null taskFragmentOrganizer=null }
02-27 02:17:03.310  1000  1855  1916 V WindowManager:     info={id=15 t=OPEN f=0x0 trk=0 r=[0@Point(0, 0)] c=[{WCT{RemoteToken{47be1a2 Task{b02d0b5 #9 type=standard A=1000:com.android.settings.root}}} m=OPEN f=NONE leash=Surface(name=Task=9)/@0xbdf2584 sb=Rect(0, 0 - 1200, 2000) eb=Rect(0, 0 - 1200, 2000) d=0},{WCT{RemoteToken{4bc108f Task{26df3e8 #1 type=home}}} m=TO_BACK f=SHOW_WALLPAPER leash=Surface(name=Task=1)/@0xe90b452 sb=Rect(0, 0 - 1200, 2000) eb=Rect(0, 0 - 1200, 2000) d=0}]}
02-27 02:17:03.311 10057  2356  2403 V WindowManagerShell: onTransitionReady android.os.BinderProxy@de26c57: {id=15 t=OPEN f=0x0 trk=0 r=[0@Point(0, 0)] c=[{WCT{android.window.IWindowContainerToken$Stub$Proxy@2ac02e3} m=OPEN f=NONE leash=Surface(name=Task=9)/@0x5159574 sb=Rect(0, 0 - 1200, 2000) eb=Rect(0, 0 - 1200, 2000) d=0},{WCT{android.window.IWindowContainerToken$Stub$Proxy@ab094e0} m=TO_BACK f=SHOW_WALLPAPER leash=Surface(name=Task=1)/@0x9722a9d sb=Rect(0, 0 - 1200, 2000) eb=Rect(0, 0 - 1200, 2000) d=0}]}
02-27 02:17:03.311 10057  2356  2403 V WindowManagerShell: Playing animation for (#15)android.os.BinderProxy@de26c57@0
02-27 02:17:03.311 10057  2356  2403 V WindowManagerShell:  try firstHandler com.android.wm.shell.transition.DefaultMixedHandler@cf12ba4
02-27 02:17:03.311 10057  2356  2403 V WindowManagerShell:  Delegate animation for #15 to RemoteTransition { remoteTransition = android.window.IRemoteTransition$Stub$Proxy@23776f3, appThread = android.app.IApplicationThread$Stub$Proxy@acddfb0, debugName = QuickstepLaunch }
02-27 02:17:03.313 10057  2356  2403 V WindowManagerShell:  animated by firstHandler
02-27 02:17:03.317  1000  1855  2443 I am_proc_bound: [0,4419,com.android.settings]
02-27 02:17:03.319 10054  2659  2659 D b/260135164: updateIconAlphaForHome - setIconsAlpha(1), isTaskbarPresent: true
02-27 02:17:03.320 10054  2659  3412 I jank_cuj_events_begin_request: [8,1709000223320415000,913789797254,913789798087,]
02-27 02:17:03.322  1000  1855  2443 I wm_restart_activity: [0,49751276,9,com.android.settings/.Settings]
02-27 02:17:03.323  root  1138  1138 E ANDR-PERF-MPCTL: ANDR-PERF-MPCTL: internal_perf_lock_acq_verification() 386: Perflock Submit request limit reached.
02-27 02:17:03.326  1000  1855  2443 I wm_set_resumed_activity: [0,com.android.settings/.Settings,minimalResumeActivityLocked - onActivityStateChanged]
02-27 02:17:03.329  1000  4419  4419 D CompatibilityChangeReporter: Compat change id reported: 171979766; UID 1000; state: ENABLED
02-27 02:17:03.329  1000  4419  4419 D CompatibilityChangeReporter: Compat change id reported: 242716250; UID 1000; state: ENABLED
02-27 02:17:03.335  1000  4419  4419 D nativeloader: Configuring clns-shared-6 for other apk /system/framework/org.apache.http.legacy.jar. target_sdk_version=34, uses_libraries=ALL, library_path=/system/system_ext/priv-app/Settings/lib/arm64:/system/lib64, permitted_path=/data:/mnt/expand:/data/user_de/0/com.android.settings:/system/system_ext/priv-app/Settings:/system/lib64
02-27 02:17:03.336  1000  4419  4419 D ApplicationLoaders: Returning zygote-cached class loader: /system_ext/framework/androidx.window.extensions.jar
02-27 02:17:03.336  1000  4419  4419 D ApplicationLoaders: Returning zygote-cached class loader: /system_ext/framework/androidx.window.sidecar.jar
02-27 02:17:03.341  1000  4419  4419 D nativeloader: Configuring clns-shared-7 for other apk /system/system_ext/priv-app/Settings/Settings.apk. target_sdk_version=34, uses_libraries=, library_path=/system/system_ext/priv-app/Settings/lib/arm64:/system/lib64, permitted_path=/data:/mnt/expand:/data/user_de/0/com.android.settings:/system/system_ext/priv-app/Settings:/system/lib64
02-27 02:17:03.341 10054  2659  2659 D b/260135164: updateIconAlphaForHome - setIconsAlpha(1), isTaskbarPresent: true
02-27 02:17:03.345  root  1138  1138 E ANDR-PERF-MPCTL: ANDR-PERF-MPCTL: internal_perf_lock_acq_verification() 386: Perflock Submit request limit reached.
02-27 02:17:03.349  1000  4419  4419 V GraphicsEnvironment: Currently set values for:
02-27 02:17:03.349  1000  4419  4419 V GraphicsEnvironment:   angle_gl_driver_selection_pkgs=[]
02-27 02:17:03.349  1000  4419  4419 V GraphicsEnvironment:   angle_gl_driver_selection_values=[]
02-27 02:17:03.350  1000  4419  4419 V GraphicsEnvironment: ANGLE GameManagerService for com.android.settings: false
02-27 02:17:03.350  1000  4419  4419 V GraphicsEnvironment: com.android.settings is not listed in per-application setting
02-27 02:17:03.350  1000  4419  4419 V GraphicsEnvironment: Neither updatable production driver nor prerelease driver is supported.
02-27 02:17:03.354  1000  4419  4419 D CompatibilityChangeReporter: Compat change id reported: 183155436; UID 1000; state: ENABLED
02-27 02:17:03.355  1000  4419  4419 D BatteryStateDatabase: initialize battery states database
02-27 02:17:03.355  1000  4419  4419 W BatteryUsageContentProvider: create content provider from null
02-27 02:17:03.356  1000  4419  4419 D SettingsSliceProvider: init
02-27 02:17:03.356  1000  4419  4419 D SettingsSliceProvider: onCreateSliceProvider
02-27 02:17:03.361  1000  4419  4419 D SpaEnvironment: reset
02-27 02:17:03.364 10054  2659  2659 D b/260135164: updateIconAlphaForHome - setIconsAlpha(1), isTaskbarPresent: true
02-27 02:17:03.367  root  1138  1138 E ANDR-PERF-MPCTL: ANDR-PERF-MPCTL: internal_perf_lock_acq_verification() 386: Perflock Submit request limit reached.
02-27 02:17:03.370  1000  4419  4419 D ActivityEmbeddingUtils: isEmbeddingActivityEnabled = true
02-27 02:17:03.373  1000  1855  2443 I ActivityManager: Flag disabled. Ignoring finishAttachApplication from uid: 1000. pid: 4419
02-27 02:17:03.386 10054  2659  2659 D b/260135164: updateIconAlphaForHome - setIconsAlpha(1), isTaskbarPresent: true
02-27 02:17:03.386  1000  4419  4419 D ActivityEmbeddingUtils: isEmbeddingActivityEnabled = true
02-27 02:17:03.391  root  1138  1138 E ANDR-PERF-MPCTL: ANDR-PERF-MPCTL: internal_perf_lock_acq_verification() 386: Perflock Submit request limit reached.
02-27 02:17:03.395  1000  4419  4419 D CompatibilityChangeReporter: Compat change id reported: 171228096; UID 1000; state: ENABLED
02-27 02:17:03.402  1000  4419  4419 D CompatibilityChangeReporter: Compat change id reported: 210923482; UID 1000; state: ENABLED
02-27 02:17:03.407  1000  4419  4419 W ResourcesCompat: Failed to inflate ColorStateList, leaving it to the framework
02-27 02:17:03.407  1000  4419  4419 W ResourcesCompat: java.lang.UnsupportedOperationException: Failed to resolve attribute at index 0: TypedValue{t=0x2/d=0x7f040113 a=-1}, theme={InheritanceMap=[id=0x7f1403eacom.android.settings:style/Theme.Settings.Home, id=0x7f1403eccom.android.settings:style/Theme.Settings.HomeBase, id=0x7f1403edcom.android.settings:style/Theme.Settings.NoActionBar, id=0x7f1403e8com.android.settings:style/Theme.Settings, id=0x7f1403eecom.android.settings:style/Theme.SettingsBase, id=0x7f1403efcom.android.settings:style/Theme.SettingsBase_v31, id=0x1030223android:style/Theme.DeviceDefault.Settings, id=0x103012bandroid:style/Theme.DeviceDefault.Light, id=0x1030237android:style/Theme.Material.Light, id=0x103000candroid:style/Theme.Light, id=0x1030005android:style/Theme], Themes=[com.android.settings:style/Theme.Settings.Home, forced, android:style/Theme.DeviceDefault.Light.DarkActionBar, forced]}
02-27 02:17:03.407  1000  4419  4419 W ResourcesCompat: 	at android.content.res.TypedArray.getColor(TypedArray.java:529)
02-27 02:17:03.407  1000  4419  4419 W ResourcesCompat: 	at androidx.core.content.res.ColorStateListInflaterCompat.inflate(ColorStateListInflaterCompat.java:159)
02-27 02:17:03.407  1000  4419  4419 W ResourcesCompat: 	at androidx.core.content.res.ColorStateListInflaterCompat.createFromXmlInner(ColorStateListInflaterCompat.java:124)
02-27 02:17:03.407  1000  4419  4419 W ResourcesCompat: 	at androidx.core.content.res.ColorStateListInflaterCompat.createFromXml(ColorStateListInflaterCompat.java:103)
02-27 02:17:03.407  1000  4419  4419 W ResourcesCompat: 	at androidx.core.content.res.ResourcesCompat.inflateColorStateList(ResourcesCompat.java:262)
02-27 02:17:03.407  1000  4419  4419 W ResourcesCompat: 	at androidx.core.content.res.ResourcesCompat.getColorStateList(ResourcesCompat.java:236)
02-27 02:17:03.407  1000  4419  4419 W ResourcesCompat: 	at androidx.core.content.ContextCompat.getColorStateList(ContextCompat.java:557)
02-27 02:17:03.407  1000  4419  4419 W ResourcesCompat: 	at androidx.appcompat.content.res.AppCompatResources.getColorStateList(AppCompatResources.java:48)
02-27 02:17:03.407  1000  4419  4419 W ResourcesCompat: 	at com.google.android.material.resources.MaterialResources.getColorStateList(MaterialResources.java:65)
02-27 02:17:03.407  1000  4419  4419 W ResourcesCompat: 	at com.google.android.material.card.MaterialCardViewHelper.loadFromAttributes(MaterialCardViewHelper.java:178)
02-27 02:17:03.407  1000  4419  4419 W ResourcesCompat: 	at com.google.android.material.card.MaterialCardView.<init>(MaterialCardView.java:183)
02-27 02:17:03.407  1000  4419  4419 W ResourcesCompat: 	at com.google.android.material.card.MaterialCardView.<init>(MaterialCardView.java:160)
02-27 02:17:03.407  1000  4419  4419 W ResourcesCompat: 	at java.lang.reflect.Constructor.newInstance0(Native Method)
02-27 02:17:03.407  1000  4419  4419 W ResourcesCompat: 	at java.lang.reflect.Constructor.newInstance(Constructor.java:343)
02-27 02:17:03.407  1000  4419  4419 W ResourcesCompat: 	at android.view.LayoutInflater.createView(LayoutInflater.java:866)
02-27 02:17:03.407  1000  4419  4419 W ResourcesCompat: 	at android.view.LayoutInflater.createViewFromTag(LayoutInflater.java:1018)
02-27 02:17:03.407  1000  4419  4419 W ResourcesCompat: 	at android.view.LayoutInflater.createViewFromTag(LayoutInflater.java:973)
02-27 02:17:03.407  1000  4419  4419 W ResourcesCompat: 	at android.view.LayoutInflater.rInflate(LayoutInflater.java:1135)
02-27 02:17:03.407  1000  4419  4419 W ResourcesCompat: 	at android.view.LayoutInflater.rInflateChildren(LayoutInflater.java:1096)
02-27 02:17:03.407  1000  4419  4419 W ResourcesCompat: 	at android.view.LayoutInflater.parseInclude(LayoutInflater.java:1275)
02-27 02:17:03.407  1000  4419  4419 W ResourcesCompat: 	at android.view.LayoutInflater.rInflate(LayoutInflater.java:1131)
02-27 02:17:03.407  1000  4419  4419 W ResourcesCompat: 	at android.view.LayoutInflater.rInflateChildren(LayoutInflater.java:1096)
02-27 02:17:03.407  1000  4419  4419 W ResourcesCompat: 	at android.view.LayoutInflater.parseInclude(LayoutInflater.java:1275)
02-27 02:17:03.407  1000  4419  4419 W ResourcesCompat: 	at android.view.LayoutInflater.rInflate(LayoutInflater.java:1131)
02-27 02:17:03.407  1000  4419  4419 W ResourcesCompat: 	at android.view.LayoutInflater.rInflateChildren(LayoutInflater.java:1096)
02-27 02:17:03.407  1000  4419  4419 W ResourcesCompat: 	at android.view.LayoutInflater.rInflate(LayoutInflater.java:1138)
02-27 02:17:03.407  1000  4419  4419 W ResourcesCompat: 	at android.view.LayoutInflater.rInflateChildren(LayoutInflater.java:1096)
02-27 02:17:03.407  1000  4419  4419 W ResourcesCompat: 	at android.view.LayoutInflater.rInflate(LayoutInflater.java:1138)
02-27 02:17:03.407  1000  4419  4419 W ResourcesCompat: 	at android.view.LayoutInflater.rInflateChildren(LayoutInflater.java:1096)
02-27 02:17:03.407  1000  4419  4419 W ResourcesCompat: 	at android.view.LayoutInflater.inflate(LayoutInflater.java:694)
02-27 02:17:03.407  1000  4419  4419 W ResourcesCompat: 	at android.view.LayoutInflater.inflate(LayoutInflater.java:538)
02-27 02:17:03.407  1000  4419  4419 W ResourcesCompat: 	at android.view.LayoutInflater.inflate(LayoutInflater.java:485)
02-27 02:17:03.407  1000  4419  4419 W ResourcesCompat: 	at com.android.internal.policy.PhoneWindow.setContentView(PhoneWindow.java:475)
02-27 02:17:03.407  1000  4419  4419 W ResourcesCompat: 	at android.app.Activity.setContentView(Activity.java:3679)
02-27 02:17:03.407  1000  4419  4419 W ResourcesCompat: 	at androidx.activity.ComponentActivity.setContentView(ComponentActivity.java:464)
02-27 02:17:03.407  1000  4419  4419 W ResourcesCompat: 	at com.android.settings.homepage.SettingsHomepageActivity.onCreate(SettingsHomepageActivity.java:199)
02-27 02:17:03.407  1000  4419  4419 W ResourcesCompat: 	at android.app.Activity.performCreate(Activity.java:8595)
02-27 02:17:03.407  1000  4419  4419 W ResourcesCompat: 	at android.app.Activity.performCreate(Activity.java:8573)
02-27 02:17:03.407  1000  4419  4419 W ResourcesCompat: 	at android.app.Instrumentation.callActivityOnCreate(Instrumentation.java:1456)
02-27 02:17:03.407  1000  4419  4419 W ResourcesCompat: 	at android.app.ActivityThread.performLaunchActivity(ActivityThread.java:3764)
02-27 02:17:03.407  1000  4419  4419 W ResourcesCompat: 	at android.app.ActivityThread.handleLaunchActivity(ActivityThread.java:3922)
02-27 02:17:03.407  1000  4419  4419 W ResourcesCompat: 	at android.app.servertransaction.LaunchActivityItem.execute(LaunchActivityItem.java:103)
02-27 02:17:03.407  1000  4419  4419 W ResourcesCompat: 	at android.app.servertransaction.TransactionExecutor.executeCallbacks(TransactionExecutor.java:139)
02-27 02:17:03.407  1000  4419  4419 W ResourcesCompat: 	at android.app.servertransaction.TransactionExecutor.execute(TransactionExecutor.java:96)
02-27 02:17:03.407  1000  4419  4419 W ResourcesCompat: 	at android.app.ActivityThread$H.handleMessage(ActivityThread.java:2443)
02-27 02:17:03.407  1000  4419  4419 W ResourcesCompat: 	at android.os.Handler.dispatchMessage(Handler.java:106)
02-27 02:17:03.407  1000  4419  4419 W ResourcesCompat: 	at android.os.Looper.loopOnce(Looper.java:205)
02-27 02:17:03.407  1000  4419  4419 W ResourcesCompat: 	at android.os.Looper.loop(Looper.java:294)
02-27 02:17:03.407  1000  4419  4419 W ResourcesCompat: 	at android.app.ActivityThread.main(ActivityThread.java:8177)
02-27 02:17:03.407  1000  4419  4419 W ResourcesCompat: 	at java.lang.reflect.Method.invoke(Native Method)
02-27 02:17:03.407  1000  4419  4419 W ResourcesCompat: 	at com.android.internal.os.RuntimeInit$MethodAndArgsCaller.run(RuntimeInit.java:552)
02-27 02:17:03.407  1000  4419  4419 W ResourcesCompat: 	at com.android.internal.os.ZygoteInit.main(ZygoteInit.java:971)
02-27 02:17:03.408  1000  4419  4419 W ResourcesCompat: Failed to inflate ColorStateList, leaving it to the framework
02-27 02:17:03.408  1000  4419  4419 W ResourcesCompat: java.lang.UnsupportedOperationException: Failed to resolve attribute at index 0: TypedValue{t=0x2/d=0x7f040113 a=-1}, theme={InheritanceMap=[id=0x7f1403eacom.android.settings:style/Theme.Settings.Home, id=0x7f1403eccom.android.settings:style/Theme.Settings.HomeBase, id=0x7f1403edcom.android.settings:style/Theme.Settings.NoActionBar, id=0x7f1403e8com.android.settings:style/Theme.Settings, id=0x7f1403eecom.android.settings:style/Theme.SettingsBase, id=0x7f1403efcom.android.settings:style/Theme.SettingsBase_v31, id=0x1030223android:style/Theme.DeviceDefault.Settings, id=0x103012bandroid:style/Theme.DeviceDefault.Light, id=0x1030237android:style/Theme.Material.Light, id=0x103000candroid:style/Theme.Light, id=0x1030005android:style/Theme], Themes=[com.android.settings:style/Theme.Settings.Home, forced, android:style/Theme.DeviceDefault.Light.DarkActionBar, forced]}
02-27 02:17:03.408  1000  4419  4419 W ResourcesCompat: 	at android.content.res.TypedArray.getColor(TypedArray.java:529)
02-27 02:17:03.408  1000  4419  4419 W ResourcesCompat: 	at androidx.core.content.res.ColorStateListInflaterCompat.inflate(ColorStateListInflaterCompat.java:159)
02-27 02:17:03.408  1000  4419  4419 W ResourcesCompat: 	at androidx.core.content.res.ColorStateListInflaterCompat.createFromXmlInner(ColorStateListInflaterCompat.java:124)
02-27 02:17:03.408  1000  4419  4419 W ResourcesCompat: 	at androidx.core.content.res.ColorStateListInflaterCompat.createFromXml(ColorStateListInflaterCompat.java:103)
02-27 02:17:03.408  1000  4419  4419 W ResourcesCompat: 	at androidx.core.content.res.ResourcesCompat.inflateColorStateList(ResourcesCompat.java:262)
02-27 02:17:03.408  1000  4419  4419 W ResourcesCompat: 	at androidx.core.content.res.ResourcesCompat.getColorStateList(ResourcesCompat.java:236)
02-27 02:17:03.408  1000  4419  4419 W ResourcesCompat: 	at androidx.core.content.ContextCompat.getColorStateList(ContextCompat.java:557)
02-27 02:17:03.408  1000  4419  4419 W ResourcesCompat: 	at androidx.appcompat.content.res.AppCompatResources.getColorStateList(AppCompatResources.java:48)
02-27 02:17:03.408  1000  4419  4419 W ResourcesCompat: 	at com.google.android.material.resources.MaterialResources.getColorStateList(MaterialResources.java:65)
02-27 02:17:03.408  1000  4419  4419 W ResourcesCompat: 	at com.google.android.material.card.MaterialCardViewHelper.loadFromAttributes(MaterialCardViewHelper.java:187)
02-27 02:17:03.408  1000  4419  4419 W ResourcesCompat: 	at com.google.android.material.card.MaterialCardView.<init>(MaterialCardView.java:183)
02-27 02:17:03.408  1000  4419  4419 W ResourcesCompat: 	at com.google.android.material.card.MaterialCardView.<init>(MaterialCardView.java:160)
02-27 02:17:03.408  1000  4419  4419 W ResourcesCompat: 	at java.lang.reflect.Constructor.newInstance0(Native Method)
02-27 02:17:03.408  1000  4419  4419 W ResourcesCompat: 	at java.lang.reflect.Constructor.newInstance(Constructor.java:343)
02-27 02:17:03.408  1000  4419  4419 W ResourcesCompat: 	at android.view.LayoutInflater.createView(LayoutInflater.java:866)
02-27 02:17:03.408  1000  4419  4419 W ResourcesCompat: 	at android.view.LayoutInflater.createViewFromTag(LayoutInflater.java:1018)
02-27 02:17:03.408  1000  4419  4419 W ResourcesCompat: 	at android.view.LayoutInflater.createViewFromTag(LayoutInflater.java:973)
02-27 02:17:03.408  1000  4419  4419 W ResourcesCompat: 	at android.view.LayoutInflater.rInflate(LayoutInflater.java:1135)
02-27 02:17:03.408  1000  4419  4419 W ResourcesCompat: 	at android.view.LayoutInflater.rInflateChildren(LayoutInflater.java:1096)
02-27 02:17:03.408  1000  4419  4419 W ResourcesCompat: 	at android.view.LayoutInflater.parseInclude(LayoutInflater.java:1275)
02-27 02:17:03.408  1000  4419  4419 W ResourcesCompat: 	at android.view.LayoutInflater.rInflate(LayoutInflater.java:1131)
02-27 02:17:03.408  1000  4419  4419 W ResourcesCompat: 	at android.view.LayoutInflater.rInflateChildren(LayoutInflater.java:1096)
02-27 02:17:03.408  1000  4419  4419 W ResourcesCompat: 	at android.view.LayoutInflater.parseInclude(LayoutInflater.java:1275)
02-27 02:17:03.408  1000  4419  4419 W ResourcesCompat: 	at android.view.LayoutInflater.rInflate(LayoutInflater.java:1131)
02-27 02:17:03.408  1000  4419  4419 W ResourcesCompat: 	at android.view.LayoutInflater.rInflateChildren(LayoutInflater.java:1096)
02-27 02:17:03.408  1000  4419  4419 W ResourcesCompat: 	at android.view.LayoutInflater.rInflate(LayoutInflater.java:1138)
02-27 02:17:03.408  1000  4419  4419 W ResourcesCompat: 	at android.view.LayoutInflater.rInflateChildren(LayoutInflater.java:1096)
02-27 02:17:03.408  1000  4419  4419 W ResourcesCompat: 	at android.view.LayoutInflater.rInflate(LayoutInflater.java:1138)
02-27 02:17:03.408  1000  4419  4419 W ResourcesCompat: 	at android.view.LayoutInflater.rInflateChildren(LayoutInflater.java:1096)
02-27 02:17:03.408  1000  4419  4419 W ResourcesCompat: 	at android.view.LayoutInflater.inflate(LayoutInflater.java:694)
02-27 02:17:03.408  1000  4419  4419 W ResourcesCompat: 	at android.view.LayoutInflater.inflate(LayoutInflater.java:538)
02-27 02:17:03.408  1000  4419  4419 W ResourcesCompat: 	at android.view.LayoutInflater.inflate(LayoutInflater.java:485)
02-27 02:17:03.408  1000  4419  4419 W ResourcesCompat: 	at com.android.internal.policy.PhoneWindow.setContentView(PhoneWindow.java:475)
02-27 02:17:03.408  1000  4419  4419 W ResourcesCompat: 	at android.app.Activity.setContentView(Activity.java:3679)
02-27 02:17:03.408  1000  4419  4419 W ResourcesCompat: 	at androidx.activity.ComponentActivity.setContentView(ComponentActivity.java:464)
02-27 02:17:03.408  1000  4419  4419 W ResourcesCompat: 	at com.android.settings.homepage.SettingsHomepageActivity.onCreate(SettingsHomepageActivity.java:199)
02-27 02:17:03.408  1000  4419  4419 W ResourcesCompat: 	at android.app.Activity.performCreate(Activity.java:8595)
02-27 02:17:03.408  1000  4419  4419 W ResourcesCompat: 	at android.app.Activity.performCreate(Activity.java:8573)
02-27 02:17:03.408  1000  4419  4419 W ResourcesCompat: 	at android.app.Instrumentation.callActivityOnCreate(Instrumentation.java:1456)
02-27 02:17:03.408  1000  4419  4419 W ResourcesCompat: 	at android.app.ActivityThread.performLaunchActivity(ActivityThread.java:3764)
02-27 02:17:03.408  1000  4419  4419 W ResourcesCompat: 	at android.app.ActivityThread.handleLaunchActivity(ActivityThread.java:3922)
02-27 02:17:03.408  1000  4419  4419 W ResourcesCompat: 	at android.app.servertransaction.LaunchActivityItem.execute(LaunchActivityItem.java:103)
02-27 02:17:03.408  1000  4419  4419 W ResourcesCompat: 	at android.app.servertransaction.TransactionExecutor.executeCallbacks(TransactionExecutor.java:139)
02-27 02:17:03.408  1000  4419  4419 W ResourcesCompat: 	at android.app.servertransaction.TransactionExecutor.execute(TransactionExecutor.java:96)
02-27 02:17:03.408  1000  4419  4419 W ResourcesCompat: 	at android.app.ActivityThread$H.handleMessage(ActivityThread.java:2443)
02-27 02:17:03.408  1000  4419  4419 W ResourcesCompat: 	at android.os.Handler.dispatchMessage(Handler.java:106)
