02-27 02:17:02.076  root  1138  1138 E ANDR-PERF-MPCTL: ANDR-PERF-MPCTL: internal_perf_lock_acq_verification() 386: Perflock Submit request limit reached.
02-27 02:17:02.099  root  1138  1138 E ANDR-PERF-MPCTL: ANDR-PERF-MPCTL: internal_perf_lock_acq_verification() 386: Perflock Submit request limit reached.
02-27 02:17:02.121  root  1138  1138 E ANDR-PERF-MPCTL: ANDR-PERF-MPCTL: internal_perf_lock_acq_verification() 386: Perflock Submit request limit reached.
02-27 02:17:02.140  1000  2600  2600 D ActivityEmbeddingUtils: isEmbeddingActivityEnabled = true
02-27 02:17:02.140  1000  2600  2600 D ActivityEmbeddingUtils: isEmbeddingActivityEnabled = true
02-27 02:17:02.140  1000  2600  2600 D ActivityEmbeddingUtils: isEmbeddingActivityEnabled = true
02-27 02:17:02.140  1000  2600  2600 D ActivityEmbeddingUtils: isEmbeddingActivityEnabled = true
02-27 02:17:02.141  1000  2600  2600 D ActivityEmbeddingUtils: isEmbeddingActivityEnabled = true
02-27 02:17:02.141  1000  2600  2600 D ActivityEmbeddingUtils: isEmbeddingActivityEnabled = true
02-27 02:17:02.142  1000  2600  2600 D ActivityEmbeddingUtils: isEmbeddingActivityEnabled = true
02-27 02:17:02.142  1000  2600  2600 D ActivityEmbeddingUtils: isEmbeddingActivityEnabled = true
02-27 02:17:02.142  1000  2600  2600 D ActivityEmbeddingUtils: isEmbeddingActivityEnabled = true
02-27 02:17:02.142  1000  2600  2600 D ActivityEmbeddingUtils: isEmbeddingActivityEnabled = true
02-27 02:17:02.142  1000  2600  2600 D ActivityEmbeddingUtils: isEmbeddingActivityEnabled = true
02-27 02:17:02.143  1000  2600  2600 D ActivityEmbeddingUtils: isEmbeddingActivityEnabled = true
02-27 02:17:02.143  1000  2600  2600 D ActivityEmbeddingUtils: isEmbeddingActivityEnabled = true
02-27 02:17:02.143  root  1138  1138 E ANDR-PERF-MPCTL: ANDR-PERF-MPCTL: internal_perf_lock_acq_verification() 386: Perflock Submit request limit reached.
02-27 02:17:02.144  1000  2600  2600 D HighlightableTopLevelAdapter: Request highlight position 12
02-27 02:17:02.144  1000  2600  2600 D HighlightableTopLevelAdapter: Is highlight needed: true
02-27 02:17:02.145  1000  2600  2600 W ElapsedTimeUtils: getElapsedTime: sSuwFinishedTimeStamp is null
02-27 02:17:02.145  1000  2600  2600 I sysui_multi_action: [757,830,758,4,833,35,854,top_level_emergency]
02-27 02:17:02.149  1000  1855  3824 I wm_destroy_activity: [0,243594859,8,com.android.settings/.Settings$NetworkDashboardActivity,finish-imm:finish-activity-op]
02-27 02:17:02.149  1041  1179  4356 D AF::TrackHandle: OpPlayAudio: track:59 usage:13 not muted
02-27 02:17:02.150  1000  1855  3824 I wm_finish_activity: [0,181213786,8,com.android.settings/.SubSettings,finish-activity-op]
02-27 02:17:02.150  1000  1855  3824 I wm_set_resumed_activity: [0,com.android.settings/.Settings,startPausingLocked - onActivityStateChanged]
02-27 02:17:02.150  1000  1855  3824 I wm_pause_activity: [0,181213786,com.android.settings/.SubSettings,userLeaving=false,finish]
02-27 02:17:02.151  1000  1855  3824 I wm_destroy_activity: [0,243594859,8,com.android.settings/.Settings$NetworkDashboardActivity,finish-imm:deleteTaskFragment]
02-27 02:17:02.151  1000  1855  3824 W ActivityTaskManager: Duplicate finish request for r=ActivityRecord{acd1a5a u0 com.android.settings/.SubSettings t8 f}}
02-27 02:17:02.155  1000  1855  2300 I AudioTrack: createTrack_l(0): AUDIO_OUTPUT_FLAG_FAST successful; frameCount 0 -> 4512
02-27 02:17:02.155 10057  2356  2403 V WindowManagerShell: Transition requested: android.os.BinderProxy@2feebb2 TransitionRequestInfo { type = OPEN, triggerTask = null, remoteTransition = null, displayChange = null }
02-27 02:17:02.157  1041  1179  4356 W AudioFlinger: The package name(android) provided does not correspond to the uid 1041
02-27 02:17:02.160  1000  1855  2442 I wm_task_moved: [8,8,0,1,2]
02-27 02:17:02.161  1000  1855  2442 I wm_create_activity: [0,12749882,8,com.android.settings/.SubSettings,android.intent.action.MAIN,NULL,NULL,0]
02-27 02:17:02.162  1041  1066  1139 I EffectsFactory: EffectCreate() create_effect
02-27 02:17:02.162  1041  1066  1139 V DlbVolumeListener: Create Dolby Listener Effect.
02-27 02:17:02.162  1041  1066  1139 V DlbVolumeListener: create CREATED_CONTEXT 0xb400007d924169d0 sessionId 161 ioId 13
02-27 02:17:02.162  1041  1066  1139 I DlbVolumeListener: create() Created effect System Listener
02-27 02:17:02.162  1041  1066  1139 V DlbVolumeListener: effectGetDescriptor
02-27 02:17:02.162  1041  1066  1139 I DlbVolumeListener: effectGetDescriptor() Returning descriptor for System Listener
02-27 02:17:02.162  1000  1855  2442 I ActivityTaskManager: START u0 {act=android.intent.action.MAIN cmp=com.android.settings/.SubSettings (has extras)} with LAUNCH_MULTIPLE from uid 1000 (BAL_ALLOW_ALLOWLISTED_UID) result code=0
02-27 02:17:02.163  1041  1066  1139 V DlbVolumeListener: effectGetDescriptor
02-27 02:17:02.163  1041  1066  1139 I DlbVolumeListener: effectGetDescriptor() Returning descriptor for System Listener
02-27 02:17:02.163  1041  1066  1139 V DlbVolumeListener: effectCommand
02-27 02:17:02.163  1041  1066  1139 V DlbVolumeListener: effectCommand :: Command EFFECT_CMD_INIT
02-27 02:17:02.164  1041  1066  1139 V DlbVolumeListener: effectCommand
02-27 02:17:02.164  1041  1066  1139 D DlbVolumeListener: effectCommand :: Command EFFECT_CMD_OFFLOAD offload=0 ioHandle=13
02-27 02:17:02.164  1041  1066  1139 V DlbVolumeListener: effectCommand
02-27 02:17:02.164  1041  1066  1139 V DlbVolumeListener: effectCommand :: Command EFFECT_CMD_SET_CONFIG
02-27 02:17:02.165  1041  1066  1139 V DlbVolumeListener: effectCommand
02-27 02:17:02.165  1041  1066  1139 V DlbVolumeListener: effectCommand :: Command EFFECT_CMD_SET_CONFIG
02-27 02:17:02.166  1041  1066  1139 V DlbVolumeListener: effectCommand
02-27 02:17:02.167  root  1138  1138 E ANDR-PERF-MPCTL: ANDR-PERF-MPCTL: internal_perf_lock_acq_verification() 386: Perflock Submit request limit reached.
02-27 02:17:02.168  1041  1179  4356 D audioserver: FGS Logger Transaction failed
02-27 02:17:02.168  1041  1179  4356 D audioserver: -129
02-27 02:17:02.171  1041  1066  2302 V DlbVolumeListener: effectCommand
02-27 02:17:02.171  1041  1066  2302 V DlbVolumeListener: effectCommand :: Command EFFECT_CMD_ENABLE
02-27 02:17:02.172  root  1138  1138 E ANDR-PERF-MPCTL: ANDR-PERF-MPCTL: internal_perf_lock_acq_verification() 386: Perflock Submit request limit reached.
02-27 02:17:02.172  1041  1066  4070 E AHAL: AudioExtn: audio_extn_perf_lock_acquire: 897: Failed to acquire perf lock, err: -1
02-27 02:17:02.172  1041  1066  4070 D AHAL: AudioStream: AutoPerfLock: 130: (Acquired) perf_lock_handle: 0xffffffff, count: 1
02-27 02:17:02.172  1041  1066  4070 I AHAL: AudioStream: Open: 2626: Enter: OutPrimary usecase(1: low-latency-playback)
02-27 02:17:02.172  1041  1066  4070 D AHAL: AudioStream: Open: 2632: no_of_devices 1
02-27 02:17:02.172  1041  1066  4070 D AHAL: AudioStream: Open: 2687: halInputFormat 1 halOutputFormat 1 palformat 1
02-27 02:17:02.172  1041  1066  4070 I PAL: ResourceManager: getParameter: 8147: get parameter for HIFI PCM Filter
02-27 02:17:02.172  1041  1066  4070 D AHAL: AudioCust: audio_cust_set_paldevice_custkey: 173: custom_key: 
02-27 02:17:02.172  1041  1066  4070 E AHAL: AudioStream: mmi_test : audio_cust_set_paldevice_custkey !
02-27 02:17:02.172  1041  1066  4070 D AHAL: AudioStream: Open: 2752: channels 2 samplerate 48000 format id 1, stream type 1  stream bitwidth 16
02-27 02:17:02.172  1041  1066  4070 D AHAL: AudioStream: Open: 2753: msample_rate 0 mchannels 0 mNoOfOutDevices 1
02-27 02:17:02.172  1041  1066  4070 I PAL: API: pal_stream_open: 160: Enter, stream type:1
02-27 02:17:02.172  1041  1066  4070 I PAL: ResourceManager: isStreamSupported: 2398: config suppported
02-27 02:17:02.172  1041  1066  4070 I PAL: ResourceManager: getActiveStream_l: 5100: no active streams found for device 3 ret -2
02-27 02:17:02.172  1041  1066  4070 I PAL: Device: setDeviceAttributes: 302: DeviceAttributes for Device Id 3 updated
02-27 02:17:02.172  1041  1066  4070 I PAL: ResourceManager: allocateFrontEndIds: 5992: allocateFrontEndIds: front end 117
02-27 02:17:02.172  1041  1066  4070 I PAL: PayloadBuilder: populateStreamKV: 2545: stream type 1
02-27 02:17:02.172  1041  1066  4070 I PAL: PayloadBuilder: getSelectorValues: 2373: Direction: 1
02-27 02:17:02.172  1041  1066  4070 I PAL: PayloadBuilder: getSelectorValues: 2389: Instance: 1
02-27 02:17:02.172  1041  1066  4070 I PAL: PayloadBuilder: findKVs: 2263: key: 0xa1000000 value: 0xa100000e
02-27 02:17:02.172  1041  1066  4070 I PAL: PayloadBuilder: findKVs: 2263: key: 0xab000000 value: 0x1
02-27 02:17:02.172  1041  1066  4070 I PAL: PayloadBuilder: populateDeviceKV: 2659: Enter device id:3
02-27 02:17:02.173  1041  1066  4070 I PAL: PayloadBuilder: findKVs: 2276: key: 0xa2000000 value: 0xa2000001
02-27 02:17:02.173  1041  1066  4070 I PAL: PayloadBuilder: populateDeviceKV: 2687: Exit device id:3, status 0
02-27 02:17:02.173  1041  1066  4070 I PAL: PayloadBuilder: populateDevicePPKV: 2801: Rx device id:3
02-27 02:17:02.173  1041  1066  4070 I PAL: PayloadBuilder: getSelectorValues: 2443: stream type: 1
02-27 02:17:02.173  1041  1066  4070 I PAL: PayloadBuilder: findKVs: 2263: key: 0xa2000000 value: 0xa2000001
02-27 02:17:02.173  1041  1066  4070 I PAL: PayloadBuilder: findKVs: 2263: key: 0xac000000 value: 0xac000002
02-27 02:17:02.173  1041  1066  4070 I PAL: PayloadBuilder: populateDevicePPCkv: 2942: SpeakerProt Status[0], RAS Status[0]
02-27 02:17:02.173  1041  1066  4070 I PAL: SessionAlsaUtils: open: 466: SessionAlsaUtils::open enter
02-27 02:17:02.173  1041  1066  4070 I PAL: ResourceManager: setAwinicSpkMode: 4940: Awinic set spk mode enter!
02-27 02:17:02.173  1041  1066  4070 I PAL: ResourceManager: setAwinicSpkMode: 4941: Awinic sAsst.type,1 !
02-27 02:17:02.173  1041  1066  4070 I PAL: PayloadBuilder: populateAwCalKeyVector: 3185: Awinic populateAwCalKeyVector enter
02-27 02:17:02.173  1041  1066  4070 I PAL: PayloadBuilder: populateAwCalKeyVector: 3219: Awinic set aw spk mode 1
02-27 02:17:02.173  1041  1066  4070 I AGM: device: device_set_metadata: 691 Setting device metadata for TDM-LPAIF_VA-RX-PRIMARY
02-27 02:17:02.173  1041  1066  4070 D AGM: metadata: metadata_print: 79 *************************Metadata*************************
02-27 02:17:02.173  1041  1066  4070 D AGM: metadata: metadata_print: 80 GKV size:1
02-27 02:17:02.173  1041  1066  4070 D AGM: metadata: metadata_print: 83 key:0xa2000000, value:0xa2000001 
02-27 02:17:02.173  1041  1066  4070 D AGM: metadata: metadata_print: 87 
02-27 02:17:02.173  1041  1066  4070 D AGM: metadata: CKV count:0
02-27 02:17:02.173  1041  1066  4070 D AGM: metadata: metadata_print: 92 
02-27 02:17:02.173  1041  1066  4070 D AGM: metadata: metadata_print: 94 Property ID:134217744
02-27 02:17:02.173  1041  1066  4070 D AGM: metadata: metadata_print: 95 property count:2
02-27 02:17:02.173  1041  1066  4070 D AGM: metadata: metadata_print: 98 Property Values: 
02-27 02:17:02.173  1041  1066  4070 D AGM: metadata: metadata_print: 100 0x2 
02-27 02:17:02.173  1041  1066  4070 D AGM: metadata: metadata_print: 100 0x5 
02-27 02:17:02.173  1041  1066  4070 D AGM: metadata: metadata_print: 102 
02-27 02:17:02.173  1041  1066  4070 D AGM: metadata: metadata_print: 103 ****************Metadata Done***************************
02-27 02:17:02.173  1041  1066  4070 D AGM: metadata: 
02-27 02:17:02.173  1041  1066  4070 D agm_server_wrapper: Aif id 22 already added to session list of 117
02-27 02:17:02.173  1041  1066  4070 I AGM: session: session_obj_set_sess_aif_metadata: 1753 Setting metadata for sess aif id 22
02-27 02:17:02.173  1041  1066  4070 D AGM: metadata: metadata_print: 79 *************************Metadata*************************
02-27 02:17:02.173  1041  1066  4070 D AGM: metadata: metadata_print: 80 GKV size:2
02-27 02:17:02.173  1041  1066  4070 D AGM: metadata: metadata_print: 83 key:0xa2000000, value:0xa2000001 
02-27 02:17:02.173  1041  1066  4070 D AGM: metadata: metadata_print: 83 key:0xac000000, value:0xac000002 
02-27 02:17:02.173  1041  1066  4070 D AGM: metadata: metadata_print: 87 
02-27 02:17:02.173  1041  1066  4070 D AGM: metadata: CKV count:2
02-27 02:17:02.173  1041  1066  4070 D AGM: metadata: metadata_print: 90 key:0xd2000000, value:0x0 
02-27 02:17:02.173  1041  1066  4070 D AGM: metadata: metadata_print: 90 key:0xf0000000, value:0x1 
02-27 02:17:02.173  1041  1066  4070 D AGM: metadata: metadata_print: 92 
02-27 02:17:02.173  1041  1066  4070 D AGM: metadata: metadata_print: 94 Property ID:134217744
02-27 02:17:02.173  1041  1066  4070 D AGM: metadata: metadata_print: 95 property count:1
02-27 02:17:02.173  1041  1066  4070 D AGM: metadata: metadata_print: 98 Property Values: 
02-27 02:17:02.173  1041  1066  4070 D AGM: metadata: metadata_print: 100 0x3 
02-27 02:17:02.173  1041  1066  4070 D AGM: metadata: metadata_print: 102 
02-27 02:17:02.173  1041  1179  4356 D audioserver: FGS Logger Transaction failed
02-27 02:17:02.173  1041  1066  4070 D AGM: metadata: metadata_print: 103 ****************Metadata Done***************************
02-27 02:17:02.173  1041  1066  4070 D AGM: metadata: 
02-27 02:17:02.173  1041  1179  4356 D audioserver: -129
02-27 02:17:02.173  1041  1066  4070 I AGM: session: session_obj_set_sess_aif_metadata: 1773 Exit
02-27 02:17:02.173  1041  1066  4070 D agm_server_wrapper: Aif id 22 already added to session list of 117
02-27 02:17:02.173  1041  1066  4070 I AGM: API: agm_session_aif_connect: 603 connecting aifid:22 with session id=117
02-27 02:17:02.173  1041  1066  4070 I PAL: SessionAlsaUtils: setDeviceMediaConfig: 971: TDM-LPAIF_VA-RX-PRIMARY rate ch fmt data_fmt 48000 4 10 1
02-27 02:17:02.173  1041  1066  4070 E PAL: Device: open: 404: open: Snd device is speaker
02-27 02:17:02.173  1041  1066  4070 E PAL: Device: open: 418: open: Snd device now is speaker
02-27 02:17:02.173  1041  1066  4070 D audio_route: Apply path: speaker
02-27 02:17:02.173  1041  1066  4070 I PAL: Device: open: 426: Exit. deviceCount 1 for device id 3 (PAL_DEVICE_OUT_SPEAKER), exit status: 0
02-27 02:17:02.173  1041  1066  4070 I PAL: ResourceManager: GetConcurrencyInfo: 4434: stream type 1 Tx conc 0, Rx conc 0, concurrency allowed
02-27 02:17:02.173  1041  1066  4070 I PAL: ResourceManager: GetConcurrencyInfo: 4434: stream type 1 Tx conc 0, Rx conc 0, concurrency allowed
02-27 02:17:02.173  1041  1066  4070 I PAL: ResourceManager: GetConcurrencyInfo: 4434: stream type 1 Tx conc 0, Rx conc 0, concurrency allowed
02-27 02:17:02.173  1041  1066  4070 I PAL: API: pal_stream_open: 196: Exit. Value of stream_handle 0xb400007da241fef0K, status 0
02-27 02:17:02.174  1041  1066  4070 D AHAL: AudioStream: GetBufferSize: 2581: type 1
02-27 02:17:02.174  1041  1066  4070 D AHAL: AudioStream: Open: 2887: fragment_size_ 768 fragments_ 2
02-27 02:17:02.174  1041  1066  4070 D AHAL: AudioStream: Open: 2917: Exit ret: 0
02-27 02:17:02.174  1041  1066  4070 D AHAL: AudioStream: ~AutoPerfLock: 140: (release) perf_lock_handle: 0xffffffff, count: 1
02-27 02:17:02.174  1041  1066  4070 D AHAL: AudioStream: ~AutoPerfLock: 144: Releasing perf_lock_handle: 0xffffffff
02-27 02:17:02.174  1041  1066  4070 E AHAL: AudioExtn: audio_extn_perf_lock_release: 908: Perf lock release error
02-27 02:17:02.174  root  1138  1138 E ANDR-PERF-MPCTL: ANDR-PERF-MPCTL: internal_perf_lock_acq_verification() 386: Perflock Submit request limit reached.
02-27 02:17:02.174  1041  1066  4070 E AHAL: AudioExtn: audio_extn_perf_lock_acquire: 897: Failed to acquire perf lock, err: -1
02-27 02:17:02.174  1041  1066  4070 D AHAL: AudioStream: AutoPerfLock: 130: (Acquired) perf_lock_handle: 0xffffffff, count: 1
02-27 02:17:02.174  1041  1066  4070 I PAL: API: pal_stream_start: 260: Enter. Stream handle 0xb400007da241fef0K
02-27 02:17:02.174  1041  1066  4070 I PAL: SessionAlsaUtils: setDeviceMediaConfig: 971: TDM-LPAIF_VA-RX-PRIMARY rate ch fmt data_fmt 48000 4 10 1
02-27 02:17:02.174  1041  1066  4070 E PAL: ResourceManager: voteSleepMonitor: 1401: ioctl device is not open
02-27 02:17:02.176  1041  1066  4070 D agm_client_wrapper: agm_session_open called with handle = bfe6ae60 , *handle = 0
02-27 02:17:02.178  1000  2600  2600 W WindowOnBackDispatcher: sendCancelIfRunning: isInProgress=falsecallback=android.app.Activity$$ExternalSyntheticLambda0@ac0ef7c
02-27 02:17:02.179  1000  1855  3824 D CoreBackPreview: Window{c96b1a6 u0 com.android.settings/com.android.settings.Settings$NetworkDashboardActivity}: Setting back callback null
02-27 02:17:02.181  1041  1066  4070 D AGM: graph: graph_open: 561 entry
02-27 02:17:02.181  1041  1066  4070 D AGM: metadata: metadata_print: 79 *************************Metadata*************************
02-27 02:17:02.181  1041  1066  4070 D AGM: metadata: metadata_print: 80 GKV size:4
02-27 02:17:02.181  1041  1066  4070 D AGM: metadata: metadata_print: 83 key:0xa1000000, value:0xa100000e 
02-27 02:17:02.181  1041  1066  4070 D AGM: metadata: metadata_print: 83 key:0xab000000, value:0x1 
02-27 02:17:02.181  1041  1066  4070 D AGM: metadata: metadata_print: 83 key:0xa2000000, value:0xa2000001 
02-27 02:17:02.181  1041  1066  4070 D AGM: metadata: metadata_print: 83 key:0xac000000, value:0xac000002 
02-27 02:17:02.181  1041  1066  4070 D AGM: metadata: metadata_print: 87 
02-27 02:17:02.181  1041  1066  4070 D AGM: metadata: CKV count:3
02-27 02:17:02.181  1041  1066  4070 D AGM: metadata: metadata_print: 90 key:0xa4000000, value:0xf 
02-27 02:17:02.181  1041  1066  4070 D AGM: metadata: metadata_print: 90 key:0xd2000000, value:0x0 
02-27 02:17:02.181  1041  1066  4070 D AGM: metadata: metadata_print: 90 key:0xf0000000, value:0x1 
02-27 02:17:02.181  1041  1066  4070 D AGM: metadata: metadata_print: 92 
02-27 02:17:02.181  1041  1066  4070 D AGM: metadata: metadata_print: 94 Property ID:134217744
02-27 02:17:02.181  1041  1066  4070 D AGM: metadata: metadata_print: 95 property count:4
02-27 02:17:02.181  1041  1066  4070 D AGM: metadata: metadata_print: 98 Property Values: 
02-27 02:17:02.181  1041  1066  4070 D AGM: metadata: metadata_print: 100 0x1 
02-27 02:17:02.181  1041  1066  4070 D AGM: metadata: metadata_print: 100 0x3 
02-27 02:17:02.181  1041  1066  4070 D AGM: metadata: metadata_print: 100 0x2 
02-27 02:17:02.181  1041  1066  4070 D AGM: metadata: metadata_print: 100 0x5 
02-27 02:17:02.181  1041  1066  4070 D AGM: metadata: metadata_print: 102 
02-27 02:17:02.181  1041  1066  4070 D AGM: metadata: metadata_print: 103 ****************Metadata Done***************************
02-27 02:17:02.181  1041  1066  4070 D AGM: metadata: 
02-27 02:17:02.181  1041  1066  4070 E ACDB    : AcdbCmdGetGraphAlias:4153 Error[19]: Graph Alias chunk data does not exist. Is it enabled?.
02-27 02:17:02.181  1041  1066  4070 E gsl     : gsl_get_graph_alias:2198 acdb get graph alias failed 19, len 255
02-27 02:17:02.181  1041  1066  4070 D AGM: graph: print_graph_alias: 2239 gsl_get_graph_alias failed: ret = 19
02-27 02:17:02.181  1041  1066  4070 D AGM: graph: graph_open: 641 miid 40bd mid 7001000 tag c0000002
02-27 02:17:02.181  1041  1066  4070 D AGM: graph: graph_open: 689 miid 42e4 mid 700100e tag c0000004
02-27 02:17:02.181  1041  1066  4070 D AGM: graph: graph_open: 641 miid 40c4 mid 7001019 tag c0000006
02-27 02:17:02.181  1041  1066  4070 D AGM: graph: graph_open: 641 miid 40bf mid 7001005 tag c000000e
02-27 02:17:02.181  1041  1066  4070 D AGM: graph: graph_open: 641 miid 40c0 mid 7001003 tag c0000010
02-27 02:17:02.181  1041  1066  4070 D AGM: graph: graph_open: 641 miid 4165 mid 7001032 tag c0000013
02-27 02:17:02.181  1041  1066  4070 I GPR:    : __gpr_cmd_register_v2:902 GPR Register: Source Port is 8208 heap_index: 0
02-27 02:17:02.181  1041  1066  4070 I gsl     : gsl_graph_open_sgids_and_connections:2725 num_sgid= 4
02-27 02:17:02.181  1041  1066  4070 I gsl     : gsl_graph_open_sgids_and_connections:2726 sg list:
02-27 02:17:02.181  1041  1066  4070 I gsl     : gsl_graph_open_sgids_and_connections:2728 b0000002
02-27 02:17:02.181  1041  1066  4070 I gsl     : gsl_graph_open_sgids_and_connections:2728 b0000025
02-27 02:17:02.181  1041  1066  4070 I gsl     : gsl_graph_open_sgids_and_connections:2728 b0000024
02-27 02:17:02.181  1041  1066  4070 I gsl     : gsl_graph_open_sgids_and_connections:2728 b0000023
02-27 02:17:02.181  1041  1066  4070 I gsl     : gsl_print_sg_conn_info:180 num_sg_conn = 3
02-27 02:17:02.181  1041  1066  4070 I gsl     : gsl_print_sg_conn_info:182 sg b0000025 has 1 children:
02-27 02:17:02.181  1041  1066  4070 I gsl     : gsl_print_sg_conn_info:185 b0000002, 
02-27 02:17:02.181  1041  1066  4070 I gsl     : gsl_print_sg_conn_info:182 sg b0000024 has 1 children:
02-27 02:17:02.181  1041  1066  4070 I gsl     : gsl_print_sg_conn_info:185 b0000025, 
02-27 02:17:02.181  1041  1066  4070 I gsl     : gsl_print_sg_conn_info:182 sg b0000023 has 1 children:
02-27 02:17:02.181  1041  1066  4070 I gsl     : gsl_print_sg_conn_info:185 b0000024, 
02-27 02:17:02.184  1000  2600  2600 I wm_on_destroy_called: [243594859,com.android.settings.Settings$NetworkDashboardActivity,performDestroy,6]
02-27 02:17:02.185  1000  1855  3824 W InputManager-JNI: Input channel object 'c96b1a6 com.android.settings/com.android.settings.Settings$NetworkDashboardActivity (client)' was disposed without first being removed with the input manager!
02-27 02:17:02.186  1000  1192  1192 I BpBinder: onLastStrongRef automatically unlinking death recipients: 
02-27 02:17:02.187 media   554  1290 I audioadsprpcd: vendor/qcom/proprietary/adsprpc/src/apps_std_imp.c:984: Successfully opened file /vendor/dsp/adsp/CFCM.so.1
02-27 02:17:02.187  1000  2600  2600 I wm_on_top_resumed_lost_called: [181213786,com.android.settings.SubSettings,topStateChangedWhenResumed]
02-27 02:17:02.188  root  1138  1138 E ANDR-PERF-MPCTL: ANDR-PERF-MPCTL: internal_perf_lock_acq_verification() 386: Perflock Submit request limit reached.
02-27 02:17:02.188  1000  1855  1925 W UsageStatsService: Unexpected activity event reported! (com.android.settings/com.android.settings.Settings$NetworkDashboardActivity event : 23 instanceId : 57914824)
02-27 02:17:02.191 media   554  1290 I audioadsprpcd: vendor/qcom/proprietary/adsprpc/src/apps_std_imp.c:984: Successfully opened file /vendor/dsp/adsp/SAPlusCmnModule.so.1
02-27 02:17:02.195  1000  2600  2600 W ElapsedTimeUtils: getElapsedTime: sSuwFinishedTimeStamp is null
02-27 02:17:02.195 radio  2588  2588 D TelephonyNetworkFactory[0]: onReleaseNetworkFor [NetworkRequest [ REQUEST id=82, [ Capabilities: INTERNET&NOT_RESTRICTED&TRUSTED&NOT_VCN_MANAGED Uid: 1000 RequestorUid: 1000 RequestorPkg: com.android.settings UnderlyingNetworks: Null] ], mPriority=20, state=UNSATISFIED, mAttachedDataNetwork=null, isMetered=true, created time=02:17:02.194, evaluation result=null] applied false
02-27 02:17:02.195  1000  2600  2600 I sysui_multi_action: [757,103,758,2,1089,4837]
02-27 02:17:02.196  1000  2600  2600 I wm_on_paused_called: [181213786,com.android.settings.SubSettings,performPause,5]
02-27 02:17:02.196  1000  1855  1904 I wm_add_to_stopping: [0,181213786,com.android.settings/.SubSettings,completeFinishing]
02-27 02:17:02.197 radio  2588  2588 D TelephonyNetworkFactory[0]: onReleaseNetworkFor [NetworkRequest [ REQUEST id=80, [ Capabilities: INTERNET&NOT_RESTRICTED&TRUSTED&NOT_VCN_MANAGED Uid: 1000 RequestorUid: 1000 RequestorPkg: com.android.settings UnderlyingNetworks: Null] ], mPriority=20, state=UNSATISFIED, mAttachedDataNetwork=null, isMetered=true, created time=02:17:02.195, evaluation result=null] applied false
02-27 02:17:02.197  1000  1855  1904 I wm_restart_activity: [0,12749882,8,com.android.settings/.SubSettings]
02-27 02:17:02.199  1000  1855  1904 I wm_set_resumed_activity: [0,com.android.settings/.SubSettings,minimalResumeActivityLocked - onActivityStateChanged]
02-27 02:17:02.200  1000  1855  1916 I sysui_multi_action: [757,803,799,window_time_0,802,5]
02-27 02:17:02.200  1000  1855  1925 I UsageStatsService: Time changed in by 6115453 seconds
02-27 02:17:02.201  1000  1855  1920 I input_focus: [Requesting to set focus to null window,reason=UpdateInputWindows]
02-27 02:17:02.201  1000  2600  2600 W TransactionExecutor: tId:293496726 Skip pre-destroyed transaction:
02-27 02:17:02.201  1000  2600  2600 W TransactionExecutor: tId:293496726 ClientTransaction{
02-27 02:17:02.201  1000  2600  2600 W TransactionExecutor: tId:293496726   callbacks=[]
02-27 02:17:02.201  1000  2600  2600 W TransactionExecutor: tId:293496726   stateRequest=DestroyActivityItem{finished=true,mConfigChanges=0}
02-27 02:17:02.201  1000  2600  2600 W TransactionExecutor: tId:293496726 }
02-27 02:17:02.201  1000  2600  2600 W TransactionExecutor: tId:293496726 Target activity: Not found for token: android.os.BinderProxy@f9e5fb6
02-27 02:17:02.203  1041  1066  4070 E ACDB    : AcdbCmdGetProcSubgraphCalDataPersist:8416 Error[19]: No calibration found
02-27 02:17:02.203  1041  1066  4070 E ACDB    : AcdbCmdGetProcSubgraphCalDataPersist:8416 Error[19]: No calibration found
02-27 02:17:02.203  1041  1066  4070 E ACDB    : AcdbCmdGetProcSubgraphCalDataPersist:8416 Error[19]: No calibration found
02-27 02:17:02.203  1041  1066  4070 E ACDB    : AcdbCmdGetProcSubgraphCalDataPersist:8416 Error[19]: No calibration found
02-27 02:17:02.203  1041  1066  4070 D AGM: graph: graph_open: 720 graph_handle 0x47534c
02-27 02:17:02.203  1041  1066  4070 D AGM: graph: graph_open: 755 exit, ret 0
02-27 02:17:02.203  1041  1066  4070 D agm_client_wrapper: agm_session_open Received handle = 0x7cbfe6ae60 , *handle = b400007dd2416490
02-27 02:17:02.203  1041  1066  4070 D PLUGIN: pcm: agm_pcm_hw_params: 469 agm_pcm_hw_params: mode: 0
02-27 02:17:02.204  1041  1066  4070 I PAL: Session: updateCustomPayload: 404: customPayloadSize = 32
02-27 02:17:02.204  1041  1066  4070 D AGM: graph: graph_set_config: 1115 entry graph_handle 0x47534c
02-27 02:17:02.204  1041  1066  4070 D AGM: graph: graph_set_config: 1123 exit, graph handle 0x47534c, ret 0
02-27 02:17:02.204  1041  1066  4070 D AGM: graph: graph_prepare: 816 entry graph_handle 0x47534c
02-27 02:17:02.204  1041  1066  4070 D AGM: graph_module: configure_pcm_shared_mem_ep: 1604 entry mod tag c0000002 miid 40bd mid 7001000
02-27 02:17:02.204  1041  1066  4070 D AGM: graph_module: configure_pcm_shared_mem_ep: 1680 exit, ret 0
02-27 02:17:02.204  1041  1066  4070 D AGM: graph_module: configure_hw_ep_media_config: 664 entry mod tag c0000004 miid 42e4 mid 700100e
02-27 02:17:02.204  1041  1066  4070 D AGM: graph_module: configure_hw_ep_media_config: 694 rate 48000 bw 32 ch 4, data_fmt 1
02-27 02:17:02.205  1041  1066  4070 D AGM: graph_module: configure_hw_ep_media_config: 704 exit, ret 0
02-27 02:17:02.205  1041  1066  4070 D AGM: graph_module: configure_tdm_ep: 480 exit, ret 0
02-27 02:17:02.205  1041  1066  4070 D AGM: graph_module: configure_output_media_format: 790 entry mod tag c000000e miid 40bf mid 7001005
02-27 02:17:02.205  1041  1066  4070 D AGM: graph_module: configure_output_media_format: 921 exit, ret 0
02-27 02:17:02.205  1041  1066  4070 D AGM: graph_module: configure_output_media_format: 790 entry mod tag c0000010 miid 40c0 mid 7001003
02-27 02:17:02.205  1041  1066  4070 D AGM: graph_module: configure_output_media_format: 921 exit, ret 0
02-27 02:17:02.205  1041  1066  4070 D AGM: graph_module: configure_spr: 1804 SPR module IID 4165
02-27 02:17:02.205  1041  1066  4070 D AGM: graph_module: configure_spr: 1827 HW EP module IID 42e4
02-27 02:17:02.206  1041  1066  4070 D AGM: graph: configure_buffer_params: 195 Enter
02-27 02:17:02.206  1041  1066  4070 D AGM: graph: configure_buffer_params: 258 Playback sess buf_sz 768 num_bufs 2
02-27 02:17:02.206  1041  1066  4070 E AGM: graph: configure_buffer_params: 291 Unsupported buffer mode : 0, Default to Blocking
02-27 02:17:02.206  1041  1066  4070 D AGM: graph: configure_buffer_params: 311 exit, ret 0
02-27 02:17:02.208  1041  1066  4070 D AGM: graph: graph_prepare: 894 exit, ret 0
02-27 02:17:02.209  1041  1066  4070 D AGM: graph: graph_start: 908 entry graph_handle 0x47534c
02-27 02:17:02.209  1000  2600  2600 I wm_on_top_resumed_gained_called: [161637224,com.android.settings.Settings,topStateChangedWhenResumed]
02-27 02:17:02.212  root  1138  1138 E ANDR-PERF-MPCTL: ANDR-PERF-MPCTL: internal_perf_lock_acq_verification() 386: Perflock Submit request limit reached.
02-27 02:17:02.212  1000  2600  2600 D ActivityEmbeddingUtils: isEmbeddingActivityEnabled = true
02-27 02:17:02.218  1000  2600  2600 D SettingsActivity: Starting onCreate
02-27 02:17:02.219  1041  1066  4070 D AGM: graph: graph_start: 920 exit, ret 0
02-27 02:17:02.221  1000  2600  2600 D SettingsActivity: Starting to set activity title
02-27 02:17:02.221  1000  2600  2600 D SettingsActivity: Done setting title
02-27 02:17:02.221  1000  2600  2600 D SettingsActivity: Switching to fragment com.android.settings.emergency.EmergencyDashboardFragment
02-27 02:17:02.221  1000  2600  2600 D SubSettings: Launching fragment com.android.settings.emergency.EmergencyDashboardFragment
02-27 02:17:02.223  1000  2600  2600 D PrefCtrlListHelper: Could not find Context-only controller for pref: com.android.settings.emergency.MoreSettingsPreferenceController
02-27 02:17:02.224  1000  2600  2600 D PrefCtrlListHelper: Could not find Context-only controller for pref: com.android.settings.emergency.EmergencyGestureEntrypointPreferenceController
02-27 02:17:02.225  1000  2600  2600 D SettingsActivity: MetricsCategory is 1859
02-27 02:17:02.227  1000  1855  1905 E UserRestrictionsUtils: Unknown restriction queried by uid 1000 (com.android.providers.settings et al): null
02-27 02:17:02.233  1000  1855  2007 I input_focus: [Focus leaving 51d9737 com.android.settings/com.android.settings.Settings (server),reason=Waiting for window because NO_WINDOW]
02-27 02:17:02.234  root  1138  1138 E ANDR-PERF-MPCTL: ANDR-PERF-MPCTL: internal_perf_lock_acq_verification() 386: Perflock Submit request limit reached.
02-27 02:17:02.237  1000  2600  2600 D MoreSettingsPrefCtrl: Failed to get open app button icon
02-27 02:17:02.237  1000  2600  2600 D MoreSettingsPrefCtrl: android.content.pm.PackageManager$NameNotFoundException: com.android.emergency
02-27 02:17:02.237  1000  2600  2600 D MoreSettingsPrefCtrl: 	at android.app.ApplicationPackageManager.getApplicationInfoAsUser(ApplicationPackageManager.java:507)
02-27 02:17:02.237  1000  2600  2600 D MoreSettingsPrefCtrl: 	at android.app.ApplicationPackageManager.getApplicationInfo(ApplicationPackageManager.java:490)
02-27 02:17:02.237  1000  2600  2600 D MoreSettingsPrefCtrl: 	at android.app.ApplicationPackageManager.getApplicationInfo(ApplicationPackageManager.java:484)
02-27 02:17:02.237  1000  2600  2600 D MoreSettingsPrefCtrl: 	at com.android.settings.emergency.MoreSettingsPreferenceController.getIcon(MoreSettingsPreferenceController.java:129)
02-27 02:17:02.237  1000  2600  2600 D MoreSettingsPrefCtrl: 	at com.android.settings.emergency.MoreSettingsPreferenceController.displayPreference(MoreSettingsPreferenceController.java:89)
02-27 02:17:02.237  1000  2600  2600 D MoreSettingsPrefCtrl: 	at com.android.settings.dashboard.DashboardFragment.lambda$displayResourceTilesToScreen$8(DashboardFragment.java:365)
02-27 02:17:02.237  1000  2600  2600 D MoreSettingsPrefCtrl: 	at com.android.settings.dashboard.DashboardFragment.$r8$lambda$8SaLBTXQQBM9pmTVyMzUlx4pFUg(DashboardFragment.java:0)
02-27 02:17:02.237  1000  2600  2600 D MoreSettingsPrefCtrl: 	at com.android.settings.dashboard.DashboardFragment$$ExternalSyntheticLambda13.accept(R8$$SyntheticClass:0)
02-27 02:17:02.237  1000  2600  2600 D MoreSettingsPrefCtrl: 	at java.util.stream.ForEachOps$ForEachOp$OfRef.accept(ForEachOps.java:184)
02-27 02:17:02.237  1000  2600  2600 D MoreSettingsPrefCtrl: 	at java.util.ArrayList$ArrayListSpliterator.forEachRemaining(ArrayList.java:1642)
02-27 02:17:02.237  1000  2600  2600 D MoreSettingsPrefCtrl: 	at java.util.stream.ReferencePipeline$Head.forEach(ReferencePipeline.java:606)
02-27 02:17:02.237  1000  2600  2600 D MoreSettingsPrefCtrl: 	at java.util.stream.ReferencePipeline$7$1.accept(ReferencePipeline.java:285)
02-27 02:17:02.237  1000  2600  2600 D MoreSettingsPrefCtrl: 	at java.util.Iterator.forEachRemaining(Iterator.java:133)
02-27 02:17:02.237  1000  2600  2600 D MoreSettingsPrefCtrl: 	at java.util.Spliterators$IteratorSpliterator.forEachRemaining(Spliterators.java:1845)
02-27 02:17:02.237  1000  2600  2600 D MoreSettingsPrefCtrl: 	at java.util.stream.AbstractPipeline.copyInto(AbstractPipeline.java:513)
02-27 02:17:02.237  1000  2600  2600 D MoreSettingsPrefCtrl: 	at java.util.stream.AbstractPipeline.wrapAndCopyInto(AbstractPipeline.java:503)
02-27 02:17:02.237  1000  2600  2600 D MoreSettingsPrefCtrl: 	at java.util.stream.ForEachOps$ForEachOp.evaluateSequential(ForEachOps.java:151)
02-27 02:17:02.237  1000  2600  2600 D MoreSettingsPrefCtrl: 	at java.util.stream.ForEachOps$ForEachOp.evaluateSequential(ForEachOps.java:133)
02-27 02:17:02.237  1000  2600  2600 D MoreSettingsPrefCtrl: 	at java.util.stream.AbstractPipeline.evaluate(AbstractPipeline.java:236)
02-27 02:17:02.237  1000  2600  2600 D MoreSettingsPrefCtrl: 	at java.util.stream.ReferencePipeline.forEach(ReferencePipeline.java:437)
02-27 02:17:02.237  1000  2600  2600 D MoreSettingsPrefCtrl: 	at com.android.settings.dashboard.DashboardFragment.displayResourceTilesToScreen(DashboardFragment.java:364)
02-27 02:17:02.237  1000  2600  2600 D MoreSettingsPrefCtrl: 	at com.android.settings.dashboard.DashboardFragment.displayResourceTiles(DashboardFragment.java:356)
02-27 02:17:02.237  1000  2600  2600 D MoreSettingsPrefCtrl: 	at com.android.settings.dashboard.DashboardFragment.refreshAllPreferences(DashboardFragment.java:419)
02-27 02:17:02.237  1000  2600  2600 D MoreSettingsPrefCtrl: 	at com.android.settings.dashboard.DashboardFragment.onCreatePreferences(DashboardFragment.java:192)
02-27 02:17:02.237  1000  2600  2600 D MoreSettingsPrefCtrl: 	at androidx.preference.PreferenceFragmentCompat.onCreate(PreferenceFragmentCompat.java:161)
02-27 02:17:02.237  1000  2600  2600 D MoreSettingsPrefCtrl: 	at com.android.settingslib.core.lifecycle.ObservablePreferenceFragment.onCreate(ObservablePreferenceFragment.java:61)
02-27 02:17:02.237  1000  2600  2600 D MoreSettingsPrefCtrl: 	at com.android.settings.SettingsPreferenceFragment.onCreate(SettingsPreferenceFragment.java:138)
02-27 02:17:02.237  1000  2600  2600 D MoreSettingsPrefCtrl: 	at com.android.settings.dashboard.DashboardFragment.onCreate(DashboardFragment.java:160)
02-27 02:17:02.237  1000  2600  2600 D MoreSettingsPrefCtrl: 	at androidx.fragment.app.Fragment.performCreate(Fragment.java:3084)
02-27 02:17:02.237  1000  2600  2600 D MoreSettingsPrefCtrl: 	at androidx.fragment.app.FragmentStateManager.create(FragmentStateManager.java:504)
02-27 02:17:02.237  1000  2600  2600 D MoreSettingsPrefCtrl: 	at androidx.fragment.app.FragmentStateManager.moveToExpectedState(FragmentStateManager.java:268)
02-27 02:17:02.237  1000  2600  2600 D MoreSettingsPrefCtrl: 	at androidx.fragment.app.FragmentManager.executeOpsTogether(FragmentManager.java:1938)
02-27 02:17:02.237  1000  2600  2600 D MoreSettingsPrefCtrl: 	at androidx.fragment.app.FragmentManager.removeRedundantOperationsAndExecute(FragmentManager.java:1835)
02-27 02:17:02.237  1000  2600  2600 D MoreSettingsPrefCtrl: 	at androidx.fragment.app.FragmentManager.execPendingActions(FragmentManager.java:1778)
02-27 02:17:02.237  1000  2600  2600 D MoreSettingsPrefCtrl: 	at androidx.fragment.app.FragmentManager.executePendingTransactions(FragmentManager.java:639)
02-27 02:17:02.237  1000  2600  2600 D MoreSettingsPrefCtrl: 	at com.android.settings.SettingsActivity.switchToFragment(SettingsActivity.java:802)
02-27 02:17:02.237  1000  2600  2600 D MoreSettingsPrefCtrl: 	at com.android.settings.SettingsActivity.launchSettingFragment(SettingsActivity.java:584)
02-27 02:17:02.237  1000  2600  2600 D MoreSettingsPrefCtrl: 	at com.android.settings.SettingsActivity.createUiFromIntent(SettingsActivity.java:330)
02-27 02:17:02.237  1000  2600  2600 D MoreSettingsPrefCtrl: 	at com.android.settings.SettingsActivity.onCreate(SettingsActivity.java:289)
02-27 02:17:02.237  1000  2600  2600 D MoreSettingsPrefCtrl: 	at android.app.Activity.performCreate(Activity.java:8595)
02-27 02:17:02.237  1000  2600  2600 D MoreSettingsPrefCtrl: 	at android.app.Activity.performCreate(Activity.java:8573)
02-27 02:17:02.237  1000  2600  2600 D MoreSettingsPrefCtrl: 	at android.app.Instrumentation.callActivityOnCreate(Instrumentation.java:1456)
02-27 02:17:02.237  1000  2600  2600 D MoreSettingsPrefCtrl: 	at android.app.ActivityThread.performLaunchActivity(ActivityThread.java:3764)
02-27 02:17:02.237  1000  2600  2600 D MoreSettingsPrefCtrl: 	at android.app.ActivityThread.handleLaunchActivity(ActivityThread.java:3922)
02-27 02:17:02.237  1000  2600  2600 D MoreSettingsPrefCtrl: 	at android.app.servertransaction.LaunchActivityItem.execute(LaunchActivityItem.java:103)
02-27 02:17:02.237  1000  2600  2600 D MoreSettingsPrefCtrl: 	at android.app.servertransaction.TransactionExecutor.executeCallbacks(TransactionExecutor.java:139)
02-27 02:17:02.237  1000  2600  2600 D MoreSettingsPrefCtrl: 	at android.app.servertransaction.TransactionExecutor.execute(TransactionExecutor.java:96)
02-27 02:17:02.237  1000  2600  2600 D MoreSettingsPrefCtrl: 	at android.app.ActivityThread$H.handleMessage(ActivityThread.java:2443)
02-27 02:17:02.237  1000  2600  2600 D MoreSettingsPrefCtrl: 	at android.os.Handler.dispatchMessage(Handler.java:106)
02-27 02:17:02.237  1000  2600  2600 D MoreSettingsPrefCtrl: 	at android.os.Looper.loopOnce(Looper.java:205)
02-27 02:17:02.237  1000  2600  2600 D MoreSettingsPrefCtrl: 	at android.os.Looper.loop(Looper.java:294)
02-27 02:17:02.237  1000  2600  2600 D MoreSettingsPrefCtrl: 	at android.app.ActivityThread.main(ActivityThread.java:8177)
02-27 02:17:02.237  1000  2600  2600 D MoreSettingsPrefCtrl: 	at java.lang.reflect.Method.invoke(Native Method)
02-27 02:17:02.237  1000  2600  2600 D MoreSettingsPrefCtrl: 	at com.android.internal.os.RuntimeInit$MethodAndArgsCaller.run(RuntimeInit.java:552)
02-27 02:17:02.237  1000  2600  2600 D MoreSettingsPrefCtrl: 	at com.android.internal.os.ZygoteInit.main(ZygoteInit.java:971)
02-27 02:17:02.237  1000  2600  2600 D MoreSettingsPrefCtrl: Failed to get open app button text, falling back.
02-27 02:17:02.237  1000  2600  2600 D EmergencyDashboard: NO dashboard tiles for EmergencyDashboard
02-27 02:17:02.237  1000  2600  2600 D EmergencyDashboard: All preferences added, reporting fully drawn
02-27 02:17:02.238  1000  2600  2600 D SettingsActivity: Executed frag manager pendingTransactions
02-27 02:17:02.239  1000  2600  2600 D SettingsActivity: MetricsCategory is 1859
02-27 02:17:02.239  1000  2600  2600 I wm_on_create_called: [12749882,com.android.settings.SubSettings,performCreate,28]
02-27 02:17:02.248  1000  2600  2600 I wm_on_start_called: [12749882,com.android.settings.SubSettings,handleStartActivity,7]
02-27 02:17:02.248  1000  2600  2600 I snet_event_log: [120484087,-1,]
02-27 02:17:02.250  1000  2600  2600 I wm_on_resume_called: [12749882,com.android.settings.SubSettings,RESUME_ACTIVITY,1]
02-27 02:17:02.250  1000  2600  2600 W ElapsedTimeUtils: getElapsedTime: sSuwFinishedTimeStamp is null
02-27 02:17:02.250  1000  2600  2600 I sysui_multi_action: [757,1859,758,1,833,35,1089,27]
02-27 02:17:02.252  1000  2600  2600 E ActivityThread: Failed to find provider info for com.android.emergency.gesture
02-27 02:17:02.252  1000  2600  2600 D AndroidRuntime: Shutting down VM
02-27 02:17:02.252  1000  2600  2600 E AndroidRuntime: FATAL EXCEPTION: main
02-27 02:17:02.252  1000  2600  2600 E AndroidRuntime: Process: com.android.settings, PID: 2600
02-27 02:17:02.252  1000  2600  2600 E AndroidRuntime: java.lang.RuntimeException: Unable to resume activity {com.android.settings/com.android.settings.SubSettings}: java.lang.IllegalArgumentException: Unknown authority com.android.emergency.gesture
02-27 02:17:02.252  1000  2600  2600 E AndroidRuntime: 	at android.app.ActivityThread.performResumeActivity(ActivityThread.java:4962)
02-27 02:17:02.252  1000  2600  2600 E AndroidRuntime: 	at android.app.ActivityThread.handleResumeActivity(ActivityThread.java:4995)
02-27 02:17:02.252  1000  2600  2600 E AndroidRuntime: 	at android.app.servertransaction.ResumeActivityItem.execute(ResumeActivityItem.java:57)
02-27 02:17:02.252  1000  2600  2600 E AndroidRuntime: 	at android.app.servertransaction.ActivityTransactionItem.execute(ActivityTransactionItem.java:45)
02-27 02:17:02.252  1000  2600  2600 E AndroidRuntime: 	at android.app.servertransaction.TransactionExecutor.executeLifecycleState(TransactionExecutor.java:180)
02-27 02:17:02.252  1000  2600  2600 E AndroidRuntime: 	at android.app.servertransaction.TransactionExecutor.execute(TransactionExecutor.java:98)
02-27 02:17:02.252  1000  2600  2600 E AndroidRuntime: 	at android.app.ActivityThread$H.handleMessage(ActivityThread.java:2443)
02-27 02:17:02.252  1000  2600  2600 E AndroidRuntime: 	at android.os.Handler.dispatchMessage(Handler.java:106)
02-27 02:17:02.252  1000  2600  2600 E AndroidRuntime: 	at android.os.Looper.loopOnce(Looper.java:205)
02-27 02:17:02.252  1000  2600  2600 E AndroidRuntime: 	at android.os.Looper.loop(Looper.java:294)
02-27 02:17:02.252  1000  2600  2600 E AndroidRuntime: 	at android.app.ActivityThread.main(ActivityThread.java:8177)
02-27 02:17:02.252  1000  2600  2600 E AndroidRuntime: 	at java.lang.reflect.Method.invoke(Native Method)
02-27 02:17:02.252  1000  2600  2600 E AndroidRuntime: 	at com.android.internal.os.RuntimeInit$MethodAndArgsCaller.run(RuntimeInit.java:552)
02-27 02:17:02.252  1000  2600  2600 E AndroidRuntime: 	at com.android.internal.os.ZygoteInit.main(ZygoteInit.java:971)
02-27 02:17:02.252  1000  2600  2600 E AndroidRuntime: Caused by: java.lang.IllegalArgumentException: Unknown authority com.android.emergency.gesture
02-27 02:17:02.252  1000  2600  2600 E AndroidRuntime: 	at android.content.ContentResolver.call(ContentResolver.java:2463)
02-27 02:17:02.252  1000  2600  2600 E AndroidRuntime: 	at android.content.ContentResolver.call(ContentResolver.java:2446)
02-27 02:17:02.252  1000  2600  2600 E AndroidRuntime: 	at com.android.settingslib.emergencynumber.EmergencyNumberUtils.getEmergencyGestureEnabled(EmergencyNumberUtils.java:150)
02-27 02:17:02.252  1000  2600  2600 E AndroidRuntime: 	at com.android.settings.emergency.EmergencyGestureEntrypointPreferenceController.getSummary(EmergencyGestureEntrypointPreferenceController.java:97)
02-27 02:17:02.252  1000  2600  2600 E AndroidRuntime: 	at com.android.settingslib.core.AbstractPreferenceController.refreshSummary(AbstractPreferenceController.java:68)
02-27 02:17:02.252  1000  2600  2600 E AndroidRuntime: 	at com.android.settingslib.core.AbstractPreferenceController.updateState(AbstractPreferenceController.java:58)
02-27 02:17:02.252  1000  2600  2600 E AndroidRuntime: 	at com.android.settings.emergency.EmergencyGestureEntrypointPreferenceController.updateState(EmergencyGestureEntrypointPreferenceController.java:63)
02-27 02:17:02.252  1000  2600  2600 E AndroidRuntime: 	at com.android.settings.dashboard.DashboardFragment.updatePreferenceStates(DashboardFragment.java:401)
02-27 02:17:02.252  1000  2600  2600 E AndroidRuntime: 	at com.android.settings.dashboard.DashboardFragment.onResume(DashboardFragment.java:229)
02-27 02:17:02.252  1000  2600  2600 E AndroidRuntime: 	at androidx.fragment.app.Fragment.performResume(Fragment.java:3191)
02-27 02:17:02.252  1000  2600  2600 E AndroidRuntime: 	at androidx.fragment.app.FragmentStateManager.resume(FragmentStateManager.java:643)
02-27 02:17:02.252  1000  2600  2600 E AndroidRuntime: 	at androidx.fragment.app.FragmentStateManager.moveToExpectedState(FragmentStateManager.java:296)
02-27 02:17:02.252  1000  2600  2600 E AndroidRuntime: 	at androidx.fragment.app.FragmentStore.moveToExpectedState(FragmentStore.java:114)
02-27 02:17:02.252  1000  2600  2600 E AndroidRuntime: 	at androidx.fragment.app.FragmentManager.moveToState(FragmentManager.java:1451)
02-27 02:17:02.252  1000  2600  2600 E AndroidRuntime: 	at androidx.fragment.app.FragmentManager.dispatchStateChange(FragmentManager.java:3029)
02-27 02:17:02.252  1000  2600  2600 E AndroidRuntime: 	at androidx.fragment.app.FragmentManager.dispatchResume(FragmentManager.java:2961)
02-27 02:17:02.252  1000  2600  2600 E AndroidRuntime: 	at androidx.fragment.app.FragmentController.dispatchResume(FragmentController.java:285)
02-27 02:17:02.252  1000  2600  2600 E AndroidRuntime: 	at androidx.fragment.app.FragmentActivity.onResumeFragments(FragmentActivity.java:333)
02-27 02:17:02.252  1000  2600  2600 E AndroidRuntime: 	at androidx.fragment.app.FragmentActivity.onPostResume(FragmentActivity.java:322)
02-27 02:17:02.252  1000  2600  2600 E AndroidRuntime: 	at android.app.Activity.performResume(Activity.java:8770)
02-27 02:17:02.252  1000  2600  2600 E AndroidRuntime: 	at android.app.ActivityThread.performResumeActivity(ActivityThread.java:4952)
02-27 02:17:02.252  1000  2600  2600 E AndroidRuntime: 	... 13 more
02-27 02:17:02.252  1000  2600  2683 D SettingsActivity: No enabled state changed, skipping updateCategory call
02-27 02:17:02.253  1000  1855  1904 I am_crash: [2600,0,com.android.settings,952745541,java.lang.IllegalArgumentException,Unknown authority com.android.emergency.gesture,ContentResolver.java,2463,0]
02-27 02:17:02.255  root  1138  1138 E ANDR-PERF-MPCTL: ANDR-PERF-MPCTL: internal_perf_lock_acq_verification() 386: Perflock Submit request limit reached.
02-27 02:17:02.257  1000  1855  4411 I DropBoxManagerService: add tag=system_app_crash isTagEnabled=true flags=0x2
02-27 02:17:02.257  1000  1855  1904 W ActivityTaskManager:   Force finishing activity com.android.settings/.SubSettings
02-27 02:17:02.258  1000  1855  1904 I wm_finish_activity: [0,12749882,8,com.android.settings/.SubSettings,force-crash]
02-27 02:17:02.262  1000  1855  1904 I wm_set_resumed_activity: [0,com.android.settings/.Settings,startPausingLocked - onActivityStateChanged]
02-27 02:17:02.262  1000  1855  1904 I wm_pause_activity: [0,12749882,com.android.settings/.SubSettings,userLeaving=false,finish]
02-27 02:17:02.266  1000  1855  1920 I input_focus: [Focus request 51d9737 com.android.settings/com.android.settings.Settings,reason=UpdateInputWindows]
02-27 02:17:02.266  1000  1855  1919 I sysui_multi_action: [757,1144,758,8,806,com.android.settings,871,com.android.settings.SubSettings]
02-27 02:17:02.267  1000  1855  1904 I sysui_multi_action: [757,316,758,4,759,-1]
02-27 02:17:02.268  1000  2600  2600 I Process : Sending signal. PID: 2600 SIG: 9
02-27 02:17:02.279  root  1138  1138 E ANDR-PERF-MPCTL: ANDR-PERF-MPCTL: internal_perf_lock_acq_verification() 386: Perflock Submit request limit reached.
02-27 02:17:02.298  1000  1855  2007 I input_focus: [Focus entering 51d9737 com.android.settings/com.android.settings.Settings (server),reason=setFocusedWindow]
02-27 02:17:02.302  1000  1855  2443 I WindowManager: WIN DEATH: Window{51d9737 u0 com.android.settings/com.android.settings.Settings}
02-27 02:17:02.302  1000  1855  1905 D ConnectivityService: ConnectivityDiagnosticsCallback IBinder died.
02-27 02:17:02.303  1000  1855  2443 W InputManager-JNI: Input channel object '51d9737 com.android.settings/com.android.settings.Settings (client)' was disposed without first being removed with the input manager!
02-27 02:17:02.304  1000  1855  1904 I ImeTracker: com.android.settings:fb0ad14d: onRequestHide at ORIGIN_SERVER_HIDE_INPUT reason HIDE_REMOVE_CLIENT
02-27 02:17:02.304  1000  1855  2290 D ConnectivityService: releasing NetworkRequest [ REQUEST id=76, [ Capabilities: INTERNET&NOT_RESTRICTED&TRUSTED&NOT_VCN_MANAGED Uid: 1000 RequestorUid: 1000 RequestorPkg: com.android.settings UnderlyingNetworks: Null] ] (release request)
02-27 02:17:02.304  root  1013  1013 I Zygote  : Process 2600 exited due to signal 9 (Killed)
02-27 02:17:02.305  1000  1855  1904 I ImeTracker: com.android.settings:fb0ad14d: onCancelled at PHASE_SERVER_SHOULD_HIDE
02-27 02:17:02.308 radio  2588  2588 D TelephonyNetworkFactory[0]: onReleaseNetworkFor [NetworkRequest [ REQUEST id=76, [ Capabilities: INTERNET&NOT_RESTRICTED&TRUSTED&NOT_VCN_MANAGED Uid: 1000 RequestorUid: 1000 RequestorPkg: com.android.settings UnderlyingNetworks: Null] ], mPriority=20, state=UNSATISFIED, mAttachedDataNetwork=null, isMetered=true, created time=02:17:02.308, evaluation result=null] applied false
02-27 02:17:02.309  1000  1855  2504 I ActivityManager: Process com.android.settings (pid 2600) has died: fg  TOP 
02-27 02:17:02.309  1000  1855  2504 I am_proc_died: [0,2600,com.android.settings,0,2]
02-27 02:17:02.310  1000  1855  1928 I libprocessgroup: Successfully killed process cgroup uid 1000 pid 2600 in 0ms
02-27 02:17:02.317  1000  1855  1967 I WindowManager: WIN DEATH: Window{4ead42f u0 com.android.settings/com.android.settings.SubSettings}
02-27 02:17:02.317  1000  1855  1967 W InputManager-JNI: Input channel object '4ead42f com.android.settings/com.android.settings.SubSettings (client)' was disposed without first being removed with the input manager!
02-27 02:17:02.323  root  1138  1138 E ANDR-PERF-MPCTL: ANDR-PERF-MPCTL: internal_perf_lock_acq_verification() 386: Perflock Submit request limit reached.
02-27 02:17:02.326  1000  1855  1967 W WindowManager: Failed to deliver inset control state change to w=Window{4ead42f u0 com.android.settings/com.android.settings.SubSettings EXITING}
02-27 02:17:02.326  1000  1855  1967 W WindowManager: android.os.DeadObjectException
02-27 02:17:02.326  1000  1855  1967 W WindowManager: 	at android.os.BinderProxy.transactNative(Native Method)
02-27 02:17:02.326  1000  1855  1967 W WindowManager: 	at android.os.BinderProxy.transact(BinderProxy.java:584)
