12-18 07:32:46.973  1073  2510  4317 D TrafficStats: tagSocket(98) with statsTag=0xffffff81, statsUid=-1
12-18 07:32:46.975  1073  2510  2549 D UpstreamNetworkMonitor: New default Internet network: 100
12-18 07:32:46.976  1000  1855  2290 D ConnectivityService: Sending CONNECTED broadcast for type 1 [100 WIFI] isDefaultNetwork=true
12-18 07:32:46.976  1000  1855  2290 W ContextImpl: Calling a method in the system process without a qualified user: android.app.ContextImpl.sendStickyBroadcast:1626 android.net.connectivity.com.android.server.ConnectivityService.sendStickyBroadcast:3278 android.net.connectivity.com.android.server.ConnectivityService.sendGeneralBroadcast:3248 android.net.connectivity.com.android.server.ConnectivityService.sendConnectedBroadcast:3221 android.net.connectivity.com.android.server.ConnectivityService.sendLegacyNetworkBroadcast:10126 
12-18 07:32:46.978  1000  1855  2290 D ConnectivityService: NetReassign [49 : null → 100, 17 : null → 100, 7 : null → 100, 82 : null → 100, 34 : null → 100, 46 : null → 100, 1 : null → 100, 44 : null → 100, 15 : null → 100, 27 : null → 100, 80 : null → 100, 22 : null → 100, 76 : null → 100, 42 : null → 100, 19 : null → 100, 24 : null → 100, 40 : null → 100, 36 : null → 100, 30 : null → 100, 51 : null → 100] [c 0] [a 18] [i 1]
12-18 07:32:46.983 10045  2565  2938 D QCNEJ/DefaultNetworkInfoRelay: Default network available: 100
12-18 07:32:46.986 10045  2565  2938 D CompatibilityChangeReporter: Compat change id reported: 186082280; UID 10045; state: ENABLED
12-18 07:32:46.987 10045  2565  2938 D QCNEJ/NativeHalConnector: -> SND notifyWifiAvailable(v4Connected = truev6Connected = , false, isAndroidValidated = false)
12-18 07:32:46.988 10045  2565  2938 D QCNEJ/NativeHalConnector: -> SND notifyDefaultNetworkChanged(1)
12-18 07:32:46.989 10045  2565  2938 D QCNEJ/NativeHalConnector: -> SND notifyDefaultNetworkChanged(1)
12-18 07:32:46.989 10045  2565  2938 D QCNEJ/WlanStaInfoRelay: network available: 100
12-18 07:32:46.991 10045  2565  2938 D QCNEJ/NativeHalConnector: -> SND notifyWifiAvailable(v4Connected = truev6Connected = , false, isAndroidValidated = false)
12-18 07:32:46.993 10045  2565  2938 D QCNEJ/NativeHalConnector: -> SND notifyWifiAvailable(v4Connected = truev6Connected = , false, isAndroidValidated = false)
12-18 07:32:46.997  1000  1855  2280 W BestClock: java.time.DateTimeException: Missing network time fix
12-18 07:32:46.998  1000  1855  2280 W BestClock: java.time.DateTimeException: Missing network time fix
12-18 07:32:46.999  1000  1855  2280 W BestClock: java.time.DateTimeException: Missing network time fix
12-18 07:32:47.000  1000  1855  2280 W BestClock: java.time.DateTimeException: Missing network time fix
12-18 07:32:47.001 10057  2356  2356 D StatusBarIconController: ignoring old pipeline callback because the new wifi icon is enabled
12-18 07:32:47.048  1000  2600  4153 D CompatibilityChangeReporter: Compat change id reported: 186082280; UID 1000; state: ENABLED
12-18 07:32:47.204  root  1138  1138 E ANDR-PERF-MPCTL: ANDR-PERF-MPCTL: internal_perf_lock_acq_verification() 386: Perflock Submit request limit reached.
12-18 07:32:47.249  root  1138  1138 E ANDR-PERF-MPCTL: ANDR-PERF-MPCTL: internal_perf_lock_acq_verification() 386: Perflock Submit request limit reached.
12-18 07:32:47.271  root  1138  1138 E ANDR-PERF-MPCTL: ANDR-PERF-MPCTL: internal_perf_lock_acq_verification() 386: Perflock Submit request limit reached.
12-18 07:32:47.276  1073  2510  4164 D IpClient/wlan0: routeUpdated: ::/0 -> fe80::642:1aff:fe4e:c430 wlan0 mtu 0
12-18 07:32:47.281  1073  2510  4164 D IpClient/wlan0: routeUpdated: 2403:e840:8fff:fffc::/64 -> :: wlan0 mtu 0
12-18 07:32:47.283  1073  2510  4307 D ApfFilter: (wlan0): Adding RA fe80::642:1aff:fe4e:c430 -> ff02::1 1800s 2403:e840:8fff:fffc::/64 2592000s/604800s DNS 1800s 2403:e840:8fff:fffc:642:1aff:fe4e:c430 
12-18 07:32:47.286  1073  2510  4164 D IpClient/wlan0: interfaceDnsServerInfo: [2403:e840:8fff:fffc:642:1aff:fe4e:c430]
12-18 07:32:47.287  1073  2510  4164 D IpClient/wlan0: addressUpdated: 2403:e840:8fff:fffc:980d:6324:1f7b:3ad/64 on ifindex 16 flags 0x00000944 scope 0
12-18 07:32:47.287  1073  2510  4164 D IpClient/wlan0: addressUpdated: 2403:e840:8fff:fffc:84ef:b9eb:6ad3:f7b/64 on ifindex 16 flags 0x00000045 scope 0
12-18 07:32:47.293  root  1138  1138 E ANDR-PERF-MPCTL: ANDR-PERF-MPCTL: internal_perf_lock_acq_verification() 386: Perflock Submit request limit reached.
12-18 07:32:47.293  1073  2510  4164 D IpClient.wlan0: set max DTIM multiplier to 2
12-18 07:32:47.293  wifi  1096  1096 D WifiHAL : Setting APF program, halHandle = 0xb400006f04392e90
12-18 07:32:47.294  wifi  1096  1096 I WifiHAL : createRequest: APF set program request
12-18 07:32:47.297  wifi  1096  1096 I WifiHAL : Done!
12-18 07:32:47.299  1000  1855  2282 D WifiStaIfaceHidlImpl: setDtimMultiplier is not implemented by HIDL
12-18 07:32:47.300  root  1012  1046 E netd    : Error adding route ::/0 -> fe80::642:1aff:fe4e:c430 wlan0 to table 1016: File exists
12-18 07:32:47.300  1000  1855  2290 D ConnectivityService: Setting DNS servers for network 100 to [/2403:e840:8fff:fffc:642:1aff:fe4e:c430, /202.81.252.1, /192.168.50.1]
12-18 07:32:47.300  1000  1855  2290 D DnsManager: sendDnsConfigurationForNetwork(100, [2403:e840:8fff:fffc:642:1aff:fe4e:c430, 202.81.252.1, 192.168.50.1], [], 1800, 25, 8, 64, 0, 0, , [2403:e840:8fff:fffc:642:1aff:fe4e:c430, 202.81.252.1, 192.168.50.1])
12-18 07:32:47.300  root  1012  4335 W resolv  : Validating DnsTlsServer 2403:e840:8fff:fffc:642:1aff:fe4e:c430 with mark 0xf0064
12-18 07:32:47.305  1000  1500  1500 I cnss-daemon: Ready to update GW parameters
12-18 07:32:47.305  1000  1500  1500 E cnss-daemon: Invalid mac address
12-18 07:32:47.305  1000  1500  1500 E cnss-daemon: failed to update gateway
12-18 07:32:47.308 10045  2565  2938 D QCNEJ/NativeHalConnector: -> SND notifyWifiAvailable(v4Connected = truev6Connected = , true, isAndroidValidated = false)
12-18 07:32:47.314  root  1138  1138 E ANDR-PERF-MPCTL: ANDR-PERF-MPCTL: internal_perf_lock_acq_verification() 386: Perflock Submit request limit reached.
12-18 07:32:47.336  root  1138  1138 E ANDR-PERF-MPCTL: ANDR-PERF-MPCTL: internal_perf_lock_acq_verification() 386: Perflock Submit request limit reached.
12-18 07:32:47.359  root  1138  1138 E ANDR-PERF-MPCTL: ANDR-PERF-MPCTL: internal_perf_lock_acq_verification() 386: Perflock Submit request limit reached.
12-18 07:32:47.362  1041  1066  1139 D AHAL: AudioStream: astream_out_standby: 659: enter: stream (0xb400007db241b0a0), usecase(1: low-latency-playback)
12-18 07:32:47.362  1041  1066  1139 D AHAL: AudioStream: Standby: 2034: Enter
12-18 07:32:47.362  1041  1066  1139 I PAL: API: pal_stream_stop: 312: Enter. Stream handle :0xb400007da241f970K
12-18 07:32:47.362  1041  1066  1139 D AGM: graph: graph_stop: 936 entry graph_handle 0x47534c
12-18 07:32:47.371  1041  1066  1139 D AGM: graph: graph_stop: 981 exit, ret 0
12-18 07:32:47.372  1041  1066  1139 E PAL: ResourceManager: voteSleepMonitor: 1401: ioctl device is not open
12-18 07:32:47.372  1041  1066  1139 I PAL: API: pal_stream_stop: 348: Exit. status 0
12-18 07:32:47.373  1041  1066  1139 I PAL: API: pal_stream_close: 211: Enter. Stream handle :0xb400007da241f970K
12-18 07:32:47.373  1041  1066  1139 I AGM: API: agm_session_aif_connect: 603 disconnecting aifid:22 with session id=117
12-18 07:32:47.373  1041  1066  1139 D AGM: graph: graph_stop: 936 entry graph_handle 0x47534c
12-18 07:32:47.373  1041  1066  1139 D AGM: metadata: metadata_print: 79 *************************Metadata*************************
12-18 07:32:47.373  1041  1066  1139 D AGM: metadata: metadata_print: 80 GKV size:4
12-18 07:32:47.373  1041  1066  1139 D AGM: metadata: metadata_print: 83 key:0xa1000000, value:0xa100000e 
12-18 07:32:47.373  1041  1066  1139 D AGM: metadata: metadata_print: 83 key:0xab000000, value:0x1 
12-18 07:32:47.373  1041  1066  1139 D AGM: metadata: metadata_print: 83 key:0xa2000000, value:0xa2000001 
12-18 07:32:47.373  1041  1066  1139 D AGM: metadata: metadata_print: 83 key:0xac000000, value:0xac000002 
12-18 07:32:47.374  1041  1066  1139 D AGM: metadata: metadata_print: 87 
12-18 07:32:47.374  1041  1066  1139 D AGM: metadata: CKV count:3
12-18 07:32:47.374  1041  1066  1139 D AGM: metadata: metadata_print: 90 key:0xa4000000, value:0x0 
12-18 07:32:47.374  1041  1066  1139 D AGM: metadata: metadata_print: 90 key:0xd2000000, value:0x0 
12-18 07:32:47.374  1041  1066  1139 D AGM: metadata: metadata_print: 90 key:0xf0000000, value:0x1 
12-18 07:32:47.374  1041  1066  1139 D AGM: metadata: metadata_print: 92 
12-18 07:32:47.374  1041  1066  1139 D AGM: metadata: metadata_print: 94 Property ID:134217744
12-18 07:32:47.374  1041  1066  1139 D AGM: metadata: metadata_print: 95 property count:3
12-18 07:32:47.374  1041  1066  1139 D AGM: metadata: metadata_print: 98 Property Values: 
12-18 07:32:47.374  1041  1066  1139 D AGM: metadata: metadata_print: 100 0x3 
12-18 07:32:47.374  1041  1066  1139 D AGM: metadata: metadata_print: 100 0x2 
12-18 07:32:47.374  1041  1066  1139 D AGM: metadata: metadata_print: 100 0x5 
12-18 07:32:47.374  1041  1066  1139 D AGM: metadata: metadata_print: 102 
12-18 07:32:47.375  1041  1066  1139 D AGM: metadata: metadata_print: 103 ****************Metadata Done***************************
12-18 07:32:47.375  1041  1066  1139 D AGM: metadata: 
12-18 07:32:47.375  1041  1066  1139 I gsl     : gsl_graph_close_sgids_and_connections:2056 num_sgid= 3
12-18 07:32:47.375  1041  1066  1139 I gsl     : gsl_graph_close_sgids_and_connections:2057 sg list:
12-18 07:32:47.375  1041  1066  1139 I gsl     : gsl_graph_close_sgids_and_connections:2059 b0000002
12-18 07:32:47.375  1041  1066  1139 I gsl     : gsl_graph_close_sgids_and_connections:2059 b0000025
12-18 07:32:47.375  1041  1066  1139 I gsl     : gsl_graph_close_sgids_and_connections:2059 b0000024
12-18 07:32:47.375  1041  1066  1139 I gsl     : gsl_print_sg_conn_info:180 num_sg_conn = 3
12-18 07:32:47.375  1041  1066  1139 I gsl     : gsl_print_sg_conn_info:182 sg b0000025 has 1 children:
12-18 07:32:47.375  1041  1066  1139 I gsl     : gsl_print_sg_conn_info:185 b0000002, 
12-18 07:32:47.376  1041  1066  1139 I gsl     : gsl_print_sg_conn_info:182 sg b0000024 has 1 children:
12-18 07:32:47.376  1041  1066  1139 I gsl     : gsl_print_sg_conn_info:185 b0000025, 
12-18 07:32:47.376  1041  1066  1139 I gsl     : gsl_print_sg_conn_info:182 sg b0000023 has 1 children:
12-18 07:32:47.376  1041  1066  1139 I gsl     : gsl_print_sg_conn_info:185 b0000024, 
12-18 07:32:47.378  1041  1066  1139 D AGM: graph: graph_stop: 981 exit, ret 0
12-18 07:32:47.381  root  1138  1138 E ANDR-PERF-MPCTL: ANDR-PERF-MPCTL: internal_perf_lock_acq_verification() 386: Perflock Submit request limit reached.
12-18 07:32:47.403  root  1138  1138 E ANDR-PERF-MPCTL: ANDR-PERF-MPCTL: internal_perf_lock_acq_verification() 386: Perflock Submit request limit reached.
12-18 07:32:47.426  root  1138  1138 E ANDR-PERF-MPCTL: ANDR-PERF-MPCTL: internal_perf_lock_acq_verification() 386: Perflock Submit request limit reached.
12-18 07:32:47.449  root  1138  1138 E ANDR-PERF-MPCTL: ANDR-PERF-MPCTL: internal_perf_lock_acq_verification() 386: Perflock Submit request limit reached.
12-18 07:32:47.515  root  1138  1138 E ANDR-PERF-MPCTL: ANDR-PERF-MPCTL: internal_perf_lock_acq_verification() 386: Perflock Submit request limit reached.
12-18 07:32:47.537  root  1138  1138 E ANDR-PERF-MPCTL: ANDR-PERF-MPCTL: internal_perf_lock_acq_verification() 386: Perflock Submit request limit reached.
12-18 07:32:47.557  1000  2600  2794 I jank_cuj_events_begin_request: [28,1702884767557389000,911077689182,911077690328,com.android.settings.homepage.TopLevelSettings]
12-18 07:32:47.559  root  1138  1138 E ANDR-PERF-MPCTL: ANDR-PERF-MPCTL: internal_perf_lock_acq_verification() 386: Perflock Submit request limit reached.
12-18 07:32:47.581  root  1138  1138 E ANDR-PERF-MPCTL: ANDR-PERF-MPCTL: internal_perf_lock_acq_verification() 386: Perflock Submit request limit reached.
12-18 07:32:47.604  root  1138  1138 E ANDR-PERF-MPCTL: ANDR-PERF-MPCTL: internal_perf_lock_acq_verification() 386: Perflock Submit request limit reached.
12-18 07:32:47.626  root  1138  1138 E ANDR-PERF-MPCTL: ANDR-PERF-MPCTL: internal_perf_lock_acq_verification() 386: Perflock Submit request limit reached.
12-18 07:32:47.647  root  1138  1138 E ANDR-PERF-MPCTL: ANDR-PERF-MPCTL: internal_perf_lock_acq_verification() 386: Perflock Submit request limit reached.
12-18 07:32:47.670  root  1138  1138 E ANDR-PERF-MPCTL: ANDR-PERF-MPCTL: internal_perf_lock_acq_verification() 386: Perflock Submit request limit reached.
12-18 07:32:47.692  root  1138  1138 E ANDR-PERF-MPCTL: ANDR-PERF-MPCTL: internal_perf_lock_acq_verification() 386: Perflock Submit request limit reached.
12-18 07:32:47.714  root  1138  1138 E ANDR-PERF-MPCTL: ANDR-PERF-MPCTL: internal_perf_lock_acq_verification() 386: Perflock Submit request limit reached.
12-18 07:32:47.723  root  1012  4312 W resolv  : SSL_connect ssl error =5, mark 0xf0064: Connection refused
12-18 07:32:47.723  root  1012  4312 W resolv  : TLS Handshake failed
12-18 07:32:47.723  root  1012  4312 W resolv  : query failed
12-18 07:32:47.723  root  1012  4312 W resolv  : validateDnsTlsServer returned 0 for 192.168.50.1
12-18 07:32:47.724  root  1012  4312 W resolv  : Validation failed
12-18 07:32:47.726  1073  2510  2510 D TrafficStats: tagSocket(98) with statsTag=0xffffffff, statsUid=-1
12-18 07:32:47.730  1073  2510  4318 D NetworkMonitor/100: PROBE_DNS connectivitycheck.gstatic.com 762ms OK 14.215.177.38
12-18 07:32:47.739  root  1012  4314 W resolv  : SSL_connect ssl error =5, mark 0xf0064: Connection refused
12-18 07:32:47.739  root  1012  4314 W resolv  : TLS Handshake failed
12-18 07:32:47.739  root  1012  4314 W resolv  : query failed
12-18 07:32:47.739  root  1012  4314 W resolv  : validateDnsTlsServer returned 0 for 202.81.252.1
12-18 07:32:47.739  root  1012  4314 W resolv  : Validation failed
12-18 07:32:47.742  1073  2510  2510 D TrafficStats: tagSocket(97) with statsTag=0xffffffff, statsUid=-1
12-18 07:32:47.746  1073  2510  4317 D NetworkMonitor/100: PROBE_DNS www.google.com 779ms OK 142.250.66.68
12-18 07:32:47.756  1000  1855  2323 D TrafficStats: tagSocket(546) with statsTag=0xffffff41, statsUid=-1
12-18 07:32:47.759  root  1138  1138 E ANDR-PERF-MPCTL: ANDR-PERF-MPCTL: internal_perf_lock_acq_verification() 386: Perflock Submit request limit reached.
12-18 07:32:47.825  root  1138  1138 E ANDR-PERF-MPCTL: ANDR-PERF-MPCTL: internal_perf_lock_acq_verification() 386: Perflock Submit request limit reached.
12-18 07:32:47.848  root  1138  1138 E ANDR-PERF-MPCTL: ANDR-PERF-MPCTL: internal_perf_lock_acq_verification() 386: Perflock Submit request limit reached.
12-18 07:32:47.870  root  1138  1138 E ANDR-PERF-MPCTL: ANDR-PERF-MPCTL: internal_perf_lock_acq_verification() 386: Perflock Submit request limit reached.
12-18 07:32:47.893  root  1138  1138 E ANDR-PERF-MPCTL: ANDR-PERF-MPCTL: internal_perf_lock_acq_verification() 386: Perflock Submit request limit reached.
12-18 07:32:47.910  1000  1855  2410 E BatteryStatsService: Invalid uid for waking network packet: -1
12-18 07:32:47.910  1000  1855  2323 I ntp_success: [time.android.com/216.239.35.12,150,6115453054]
12-18 07:32:47.911  1000  1855  2323 D SntpClient: round trip: 150ms, clock offset: 6115453054ms
12-18 07:32:47.911  1000  1855  2410 E BatteryStatsService: Invalid uid for waking network packet: -1
12-18 07:32:47.914  1000  1855  1916 D SystemClockTime: Setting time of day to sec=1709000220
12-18 07:32:47.914  root  1138  1138 E ANDR-PERF-MPCTL: ANDR-PERF-MPCTL: internal_perf_lock_acq_verification() 386: Perflock Submit request limit reached.
02-27 02:17:00.966  1000  1855  1916 W SystemClockTime: Unable to set rtc to 1709000220: Permission denied
02-27 02:17:00.967  1000  1855  2410 E BatteryStatsService: Invalid uid for waking network packet: -1
02-27 02:17:00.968  1000  1855  1995 E LazyAlarmStore: Removed TIME_TICK alarm
02-27 02:17:00.969  1000  1855  1926 I am_wtf  : [0,1855,system_server,-1,LazyAlarmStore,Removed TIME_TICK alarm]
02-27 02:17:00.970  1000  1855  2410 E BatteryStatsService: Invalid uid for waking network packet: -1
02-27 02:17:00.975  1000  1855  2325 D CompatibilityChangeReporter: Compat change id reported: 171306433; UID 1000; state: ENABLED
02-27 02:17:00.976  1000  1855  1926 D ActivityManager: sync unfroze 3766 com.android.localtransport for 10
02-27 02:17:00.978  1000  1855  1991 I am_unfreeze: [3766,com.android.localtransport,10]
02-27 02:17:00.979  1000  1855  1926 D ActivityManager: sync unfroze 3612 com.android.dynsystem:dynsystem for 10
02-27 02:17:00.979  1000  1855  1991 I am_unfreeze: [3612,com.android.dynsystem:dynsystem,10]
02-27 02:17:00.984  1000  1855  1926 D ActivityManager: sync unfroze 3425 com.android.providers.calendar for 3
02-27 02:17:00.984  1000  1855  1855 D DevicePolicyManager: updateSystemUpdateFreezePeriodsRecord
02-27 02:17:00.984  1000  1855  1855 W SyncManager: Clock is valid now.
02-27 02:17:00.984  1000  1855  1855 D ConditionProviders.SCP: onReceive android.intent.action.TIME_SET
02-27 02:17:00.985  1000  1855  1855 D ConditionProviders.SCP: evaluateSubscriptionLocked cal=ScheduleCalendar[mDays={1, 2, 3, 4, 5, 6, 7}, mSchedule=ScheduleInfo{days=[1, 2, 3, 4, 5, 6, 7], startHour=22, startMinute=0, endHour=7, endMinute=0, exitAtAlarm=true, nextAlarm=Thu Jan 01 00:00:00 GMT 1970 (0)}], now=Tue Feb 27 02:17:00 GMT 2024 (1709000220984), nextUserAlarmTime=Thu Jan 01 00:00:00 GMT 1970 (0)
02-27 02:17:00.985  1000  1855  1926 I am_uid_active: 10009
02-27 02:17:00.985  1000  1855  1855 D ConditionProviders.SCP: notifyCondition condition://android/schedule?days=1.2.3.4.5.6.7&start=22.0&end=7.0&exitAtAlarm=true STATE_TRUE reason=meetsSchedule
02-27 02:17:00.985  1000  1855  1855 D ConditionProviders.SCP: Scheduling evaluate for Tue Feb 27 07:00:00 GMT 2024 (1709017200000), in +4h42m59s16ms, now=Tue Feb 27 02:17:00 GMT 2024 (1709000220984)
02-27 02:17:00.986  1000  1855  1855 D CompatibilityChangeReporter: Compat change id reported: 218533173; UID 1000; state: ENABLED
02-27 02:17:00.986  1000  1855  1926 I am_uid_running: 10074
02-27 02:17:00.987  1000  1855  1926 I ActivityManager: com.android.devicelockcontroller is exempt from freezer
02-27 02:17:00.987  1000  1855  1991 I am_unfreeze: [3425,com.android.providers.calendar,3]
02-27 02:17:00.987  1000  1855  1926 D CompatibilityChangeReporter: Compat change id reported: 135634846; UID 10074; state: DISABLED
02-27 02:17:00.987  1000  1855  1926 D CompatibilityChangeReporter: Compat change id reported: 177438394; UID 10074; state: DISABLED
02-27 02:17:00.987  1000  1855  1926 D CompatibilityChangeReporter: Compat change id reported: 135772972; UID 10074; state: DISABLED
02-27 02:17:00.987  1000  1855  1926 D CompatibilityChangeReporter: Compat change id reported: 135754954; UID 10074; state: ENABLED
02-27 02:17:00.989  1000  1855  1927 D CompatibilityChangeReporter: Compat change id reported: 143937733; UID 10074; state: ENABLED
02-27 02:17:00.991  root  1138  1138 E ANDR-PERF-MPCTL: ANDR-PERF-MPCTL: internal_perf_lock_acq_verification() 386: Perflock Submit request limit reached.
02-27 02:17:00.992  1000  1855  1926 D ActivityManager: sync unfroze 3670 com.android.rkpdapp for 3
02-27 02:17:00.993  1000  1855  1926 I am_uid_active: 10070
02-27 02:17:00.995  1000  1855  1926 D ActivityManager: sync unfroze 3705 com.android.statementservice for 3
02-27 02:17:00.996  1000  1855  1926 I am_uid_active: 10011
02-27 02:17:01.000  1000  1855  1855 I sysui_multi_action: [757,803,799,dnd_mode_0,802,881886]
02-27 02:17:01.000  1000  1855  1855 I sysui_multi_action: [757,803,799,dnd_rule_count,802,0]
02-27 02:17:01.000  1000  1855  1855 I sysui_multi_action: [757,803,799,dnd_type_0,802,881886]
02-27 02:17:01.000  1000  1855  1991 I am_unfreeze: [3670,com.android.rkpdapp,3]
02-27 02:17:01.005  1000  1855  1991 I am_unfreeze: [3705,com.android.statementservice,3]
02-27 02:17:01.007  1000  1855  1980 D CompatibilityChangeReporter: Compat change id reported: 265195908; UID 10070; state: ENABLED
02-27 02:17:01.010  root  1138  1138 E ANDR-PERF-MPCTL: ANDR-PERF-MPCTL: internal_perf_lock_acq_verification() 386: Perflock Submit request limit reached.
02-27 02:17:01.013 10011  3705  3719 W tatementservice: Suspending all threads took: 14.602ms
02-27 02:17:01.013  root  1013  1013 D Zygote  : Forked child process 4354
02-27 02:17:01.016  1000  1855  1927 I am_proc_start: [0,4354,10074,com.android.devicelockcontroller,broadcast,{com.android.devicelockcontroller/androidx.work.impl.background.systemalarm.RescheduleReceiver}]
02-27 02:17:01.016  1000  1855  1927 I ActivityManager: Start proc 4354:com.android.devicelockcontroller/u0a74 for broadcast {com.android.devicelockcontroller/androidx.work.impl.background.systemalarm.RescheduleReceiver}
02-27 02:17:01.016 10069  2362  2362 D PermissionStorageTimeChangeReceiver: Time changed by 6115453 seconds
02-27 02:17:01.017  1041  1179  1179 D AF::TrackHandle: OpPlayAudio: track:58 usage:13 not muted
02-27 02:17:01.017  1041  1179  1179 D AF::TrackHandle: OpPlayAudio: track:58 usage:13 not muted
02-27 02:17:01.018  1041  1179  1179 D AF::TrackHandle: OpPlayAudio: track:58 usage:13 not muted
02-27 02:17:01.018  1041  1179  1179 D AF::TrackHandle: OpPlayAudio: track:58 usage:13 not muted
02-27 02:17:01.018  1041  1179  1268 D AF::TrackHandle: OpPlayAudio: track:55 usage:13 not muted
02-27 02:17:01.018 10069  2362  2362 D PermissionStorageTimeChangeReceiver: systemTimeSnapshot set to 1709000221016
02-27 02:17:01.018  1041  1179  1179 D AF::TrackHandle: OpPlayAudio: track:58 usage:13 not muted
02-27 02:17:01.018  1041  1179  1268 D AF::TrackHandle: OpPlayAudio: track:55 usage:13 not muted
02-27 02:17:01.018  1041  1179  1179 D AF::TrackHandle: OpPlayAudio: track:58 usage:13 not muted
02-27 02:17:01.019  1041  1179  1179 D AF::TrackHandle: OpPlayAudio: track:58 usage:13 not muted
02-27 02:17:01.019 10069  2362  2362 D PermissionStorageTimeChangeReceiver: realtimeSnapshot set to 911486
02-27 02:17:01.022  1041  1179  4121 D AF::TrackHandle: OpPlayAudio: track:55 usage:13 not muted
02-27 02:17:01.023  1041  1179  1179 D AF::TrackHandle: OpPlayAudio: track:58 usage:13 not muted
02-27 02:17:01.023  1041  1179  1179 D AF::TrackHandle: OpPlayAudio: track:58 usage:13 not muted
02-27 02:17:01.023  1041  1179  1268 D AF::TrackHandle: OpPlayAudio: track:55 usage:13 not muted
02-27 02:17:01.023  1041  1179  1179 D AF::TrackHandle: OpPlayAudio: track:58 usage:13 not muted
02-27 02:17:01.023  1041  1179  1268 D AF::TrackHandle: OpPlayAudio: track:55 usage:13 not muted
02-27 02:17:01.023  1041  1179  4121 D AF::TrackHandle: OpPlayAudio: track:58 usage:13 not muted
02-27 02:17:01.024  1041  1179  4121 D AF::TrackHandle: OpPlayAudio: track:58 usage:13 not muted
02-27 02:17:01.024  1041  1179  1268 D AF::TrackHandle: OpPlayAudio: track:55 usage:13 not muted
02-27 02:17:01.024  1041  1179  4121 D AF::TrackHandle: OpPlayAudio: track:58 usage:13 not muted
02-27 02:17:01.024  1041  1179  1268 D AF::TrackHandle: OpPlayAudio: track:55 usage:13 not muted
02-27 02:17:01.024  1041  1179  4121 D AF::TrackHandle: OpPlayAudio: track:58 usage:13 not muted
02-27 02:17:01.024  1041  1179  1266 D AF::TrackHandle: OpPlayAudio: track:55 usage:13 not muted
02-27 02:17:01.024  1041  1179  4121 D AF::TrackHandle: OpPlayAudio: track:58 usage:13 not muted
02-27 02:17:01.024  1041  1179  4121 D AF::TrackHandle: OpPlayAudio: track:58 usage:13 not muted
02-27 02:17:01.024  1041  1179  1266 D AF::TrackHandle: OpPlayAudio: track:55 usage:13 not muted
02-27 02:17:01.025  1041  1179  1266 D AF::TrackHandle: OpPlayAudio: track:55 usage:13 not muted
02-27 02:17:01.025  1041  1179  1266 D AF::TrackHandle: OpPlayAudio: track:55 usage:13 not muted
02-27 02:17:01.025  1000  1855  2298 D CompatibilityChangeReporter: Compat change id reported: 143231523; UID 1000; state: DISABLED
02-27 02:17:01.025  1041  1179  1266 D AF::TrackHandle: OpPlayAudio: track:55 usage:13 not muted
02-27 02:17:01.025  1041  1179  1266 D AF::TrackHandle: OpPlayAudio: track:55 usage:13 not muted
02-27 02:17:01.026  1041  1179  1266 D AF::TrackHandle: OpPlayAudio: track:55 usage:13 not muted
02-27 02:17:01.026  1041  1179  1266 D AF::TrackHandle: OpPlayAudio: track:55 usage:13 not muted
02-27 02:17:01.026  1041  1179  1266 D AF::TrackHandle: OpPlayAudio: track:55 usage:13 not muted
02-27 02:17:01.030  1000  1855  1925 I UsageStatsService: User[0] Time changed in by 6115453 seconds
02-27 02:17:01.030  1000  1855  1925 I UsageStatsService: User[0] Flushing usage stats to disk
02-27 02:17:01.033  root  1138  1138 E ANDR-PERF-MPCTL: ANDR-PERF-MPCTL: internal_perf_lock_acq_verification() 386: Perflock Submit request limit reached.
02-27 02:17:01.033  1000  1855  3478 E TaskPersister: File error accessing recents directory (directory doesn't exist?).
02-27 02:17:01.036 10074  4354  4354 I elockcontroller: Using CollectorTypeCC GC.
02-27 02:17:01.045 10074  4354  4354 E elockcontroller: Not starting debugger since process cannot load the jdwp agent.
02-27 02:17:01.053  1000  1855  3416 I am_proc_bound: [0,4354,com.android.devicelockcontroller]
02-27 02:17:01.054  1000  1855  3416 D CompatibilityChangeReporter: Compat change id reported: 168419799; UID 10074; state: DISABLED
02-27 02:17:01.054  1000  1855  3416 D CompatibilityChangeReporter: Compat change id reported: 273564678; UID 10074; state: DISABLED
02-27 02:17:01.054  root  1138  1138 E ANDR-PERF-MPCTL: ANDR-PERF-MPCTL: internal_perf_lock_acq_verification() 386: Perflock Submit request limit reached.
02-27 02:17:01.056  1000  1855  1925 I UsageStatsDatabase: Time changed by +70d18h44m13s52ms. files deleted: 0 files moved: 4
02-27 02:17:01.056  1000  1855  3416 I am_uid_active: 10074
02-27 02:17:01.057  1000  1855  1926 I am_uid_running: 10041
02-27 02:17:01.057  1000  1855  1926 D CompatibilityChangeReporter: Compat change id reported: 135634846; UID 10041; state: DISABLED
02-27 02:17:01.057  1000  1855  1926 D CompatibilityChangeReporter: Compat change id reported: 177438394; UID 10041; state: DISABLED
02-27 02:17:01.057  1000  1855  1926 D CompatibilityChangeReporter: Compat change id reported: 135772972; UID 10041; state: DISABLED
02-27 02:17:01.058  1000  1855  1926 D CompatibilityChangeReporter: Compat change id reported: 135754954; UID 10041; state: ENABLED
02-27 02:17:01.058  1000  1855  1927 D CompatibilityChangeReporter: Compat change id reported: 143937733; UID 10041; state: ENABLED
02-27 02:17:01.062 10074  4354  4354 D CompatibilityChangeReporter: Compat change id reported: 171979766; UID 10074; state: ENABLED
02-27 02:17:01.062 10074  4354  4354 D CompatibilityChangeReporter: Compat change id reported: 242716250; UID 10074; state: ENABLED
02-27 02:17:01.067  1000  1855  3416 D CompatibilityChangeReporter: Compat change id reported: 170503758; UID 10074; state: ENABLED
02-27 02:17:01.068  1000  1855  1925 I UsageStatsService: User[0] Rollover scheduled @ 2024-02-28 02:02:20(1709085740898)
02-27 02:17:01.068  root  1013  1013 D Zygote  : Forked child process 4372
02-27 02:17:01.069  1000  1855  1927 I am_proc_start: [0,4372,10041,com.qualcomm.timeservice,broadcast,{com.qualcomm.timeservice/com.qualcomm.timeservice.TimeServiceBroadcastReceiver}]
02-27 02:17:01.069  1000  1855  1927 I ActivityManager: Start proc 4372:com.qualcomm.timeservice/u0a41 for broadcast {com.qualcomm.timeservice/com.qualcomm.timeservice.TimeServiceBroadcastReceiver}
02-27 02:17:01.074 10074  4354  4354 D nativeloader: Configuring clns-shared-6 for other apk /system/framework/org.apache.http.legacy.jar. target_sdk_version=34, uses_libraries=ALL, library_path=/apex/com.android.devicelock/priv-app/DeviceLockController@UGR1.231217.001.A1/lib/arm64:/system/lib64, permitted_path=/data:/mnt/expand:/data/user/0/com.android.devicelockcontroller:/apex/com.android.devicelock/priv-app/DeviceLockController@UGR1.231217.001.A1:/system/lib64
02-27 02:17:01.077 10041  4372  4372 I omm.timeservice: Using CollectorTypeCC GC.
02-27 02:17:01.080  1073  2510  4164 D IpClient/wlan0: addressUpdated: 2403:e840:8fff:fffc:84ef:b9eb:6ad3:f7b/64 on ifindex 16 flags 0x00000001 scope 0
02-27 02:17:01.082 10041  4372  4372 E omm.timeservice: Not starting debugger since process cannot load the jdwp agent.
02-27 02:17:01.083  1073  2510  4164 D IpClient/wlan0: addressUpdated: 2403:e840:8fff:fffc:980d:6324:1f7b:3ad/64 on ifindex 16 flags 0x00000900 scope 0
02-27 02:17:01.084 10074  4354  4354 D nativeloader: Configuring clns-shared-7 for other apk /apex/com.android.devicelock/priv-app/DeviceLockController@UGR1.231217.001.A1/DeviceLockController.apk. target_sdk_version=34, uses_libraries=, library_path=/apex/com.android.devicelock/priv-app/DeviceLockController@UGR1.231217.001.A1/lib/arm64:/system/lib64, permitted_path=/data:/mnt/expand:/data/user/0/com.android.devicelockcontroller:/apex/com.android.devicelock/priv-app/DeviceLockController@UGR1.231217.001.A1:/system/lib64
02-27 02:17:01.087 10074  4354  4354 D nativeloader: InitApexLibraries:
02-27 02:17:01.087 10074  4354  4354 D nativeloader:   com_android_adservices: libhpke_jni.so:libtflite_support_classifiers_native.so
02-27 02:17:01.087 10074  4354  4354 D nativeloader:   com_android_appsearch: libicing.so
02-27 02:17:01.087 10074  4354  4354 D nativeloader:   com_android_art: libartservice.so
02-27 02:17:01.087 10074  4354  4354 D nativeloader:   com_android_btservices: libbluetooth_jni.so
02-27 02:17:01.087 10074  4354  4354 D nativeloader:   com_android_conscrypt: libjavacrypto.so
02-27 02:17:01.087 10074  4354  4354 D nativeloader:   com_android_extservices: libhpke_jni.so:libtflite_support_classifiers_native.so
02-27 02:17:01.087 10074  4354  4354 D nativeloader:   com_android_os_statsd: libstats_jni.so
02-27 02:17:01.087 10074  4354  4354 D nativeloader:   com_android_tethering: libcronet.114.0.5735.84.so:libframework-connectivity-jni.so:libframework-connectivity-tiramisu-jni.so:libandroid_net_connectivity_com_android_net_module_util_jni.so:libservice-connectivity.so
02-27 02:17:01.087 10074  4354  4354 D nativeloader:   com_android_uwb: libuwb_uci_jni_rust.so
02-27 02:17:01.087 10074  4354  4354 D nativeloader:   com_android_virt: libvirtualizationservice_jni.so:libvirtualmachine_jni.so
02-27 02:17:01.092  1000  1855  2410 I am_proc_bound: [0,4372,com.qualcomm.timeservice]
02-27 02:17:01.093  1000  1855  2410 D CompatibilityChangeReporter: Compat change id reported: 168419799; UID 10041; state: DISABLED
02-27 02:17:01.093  1000  1855  2410 D CompatibilityChangeReporter: Compat change id reported: 273564678; UID 10041; state: DISABLED
02-27 02:17:01.095  1000  1855  2410 I am_uid_active: 10041
02-27 02:17:01.095  1000  1855  1980 D CompatibilityChangeReporter: Compat change id reported: 265195908; UID 10041; state: ENABLED
02-27 02:17:01.097 10041  4372  4372 D CompatibilityChangeReporter: Compat change id reported: 171979766; UID 10041; state: ENABLED
02-27 02:17:01.097 10041  4372  4372 D CompatibilityChangeReporter: Compat change id reported: 242716250; UID 10041; state: DISABLED
02-27 02:17:01.101 10074  4354  4354 V GraphicsEnvironment: Currently set values for:
02-27 02:17:01.101 10074  4354  4354 V GraphicsEnvironment:   angle_gl_driver_selection_pkgs=[]
02-27 02:17:01.101 10074  4354  4354 V GraphicsEnvironment:   angle_gl_driver_selection_values=[]
02-27 02:17:01.102 10074  4354  4354 V GraphicsEnvironment: ANGLE GameManagerService for com.android.devicelockcontroller: false
02-27 02:17:01.102 10074  4354  4354 V GraphicsEnvironment: com.android.devicelockcontroller is not listed in per-application setting
02-27 02:17:01.102 10074  4354  4354 V GraphicsEnvironment: Neither updatable production driver nor prerelease driver is supported.
02-27 02:17:01.103  1000  1855  2410 D CompatibilityChangeReporter: Compat change id reported: 170503758; UID 10041; state: ENABLED
02-27 02:17:01.108 10074  4354  4354 I DeviceLockControllerApplication: onCreate
02-27 02:17:01.112 10074  4354  4354 I DeviceStateControllerImpl: Starting state is 0
02-27 02:17:01.112 10041  4372  4372 D nativeloader: InitLlndkLibrariesVendor: libEGL.so:libGLESv1_CM.so:libGLESv2.so:libGLESv3.so:libRS.so:libandroid_net.so:libbinder_ndk.so:libc.so:libcgrouprc.so:libclang_rt.asan-aarch64-android.so:libclang_rt.asan-arm-android.so:libclang_rt.hwasan-aarch64-android.so:libdl.so:libft2.so:liblog.so:libm.so:libmediandk.so:libnativewindow.so:libneuralnetworks.so:libselinux.so:libsync.so:libvndksupport.so:libvulkan.so
02-27 02:17:01.112 10041  4372  4372 D nativeloader: Configuring vendor-clns-6 for unbundled vendor apk /vendor/app/TimeService/TimeService.apk. target_sdk_version=33, uses_libraries=, library_path=/vendor/app/TimeService/lib/arm64:/vendor/lib64, permitted_path=/data:/mnt/expand:/data/user/0/com.qualcomm.timeservice:/vendor/lib64
02-27 02:17:01.113 10074  4354  4354 I UserRestrictionsPolicyHandler: Build type DEBUG = false
02-27 02:17:01.113 10041  4372  4372 D nativeloader: InitVndkspLibrariesVendor: android.hardware.common-V2-ndk.so:android.hardware.common.fmq-V1-ndk.so:android.hardware.graphics.allocator-V1-ndk.so:android.hardware.graphics.common-V3-ndk.so:android.hardware.graphics.common@1.0.so:android.hardware.graphics.common@1.1.so:android.hardware.graphics.common@1.2.so:android.hardware.graphics.composer3-V1-ndk.so:android.hardware.graphics.mapper@2.0.so:android.hardware.graphics.mapper@2.1.so:android.hardware.graphics.mapper@3.0.so:android.hardware.graphics.mapper@4.0.so:android.hardware.renderscript@1.0.so:android.hidl.memory.token@1.0.so:android.hidl.memory@1.0-impl.so:android.hidl.memory@1.0.so:android.hidl.safe_union@1.0.so:libRSCpuRef.so:libRSDriver.so:libRS_internal.so:libbacktrace.so:libbase.so:libbcinfo.so:libblas.so:libc++.so:libcompiler_rt.so:libcutils.so:libdmabufheap.so:libgralloctypes.so:libhardware.so:libhidlbase.so:libhidlmemory.so:libion.so:libjsoncpp.so:liblzma.so:libprocessgroup.so:libunwindstack.so:libutils.so:libutilscallstack.so:libz.so
02-27 02:17:01.116 10074  4354  4354 D CompatibilityChangeReporter: Compat change id reported: 183155436; UID 10074; state: ENABLED
02-27 02:17:01.123  root  1138  1138 E ANDR-PERF-MPCTL: ANDR-PERF-MPCTL: internal_perf_lock_acq_verification() 386: Perflock Submit request limit reached.
02-27 02:17:01.126 10041  4372  4372 V GraphicsEnvironment: Currently set values for:
02-27 02:17:01.126  1000  1855  1904 D CompatibilityChangeReporter: Compat change id reported: 261072174; UID 10074; state: ENABLED
02-27 02:17:01.126 10041  4372  4372 V GraphicsEnvironment:   angle_gl_driver_selection_pkgs=[]
02-27 02:17:01.126 10041  4372  4372 V GraphicsEnvironment:   angle_gl_driver_selection_values=[]
02-27 02:17:01.126  1000  1855  2410 I ActivityManager: Flag disabled. Ignoring finishAttachApplication from uid: 10074. pid: 4354
02-27 02:17:01.127 10041  4372  4372 V GraphicsEnvironment: ANGLE GameManagerService for com.qualcomm.timeservice: false
02-27 02:17:01.127 10041  4372  4372 V GraphicsEnvironment: com.qualcomm.timeservice is not listed in per-application setting
02-27 02:17:01.127 10041  4372  4372 V GraphicsEnvironment: Neither updatable production driver nor prerelease driver is supported.
02-27 02:17:01.128 10074  4354  4354 D WM-RescheduleReceiver: Received intent Intent { act=android.intent.action.TIME_SET flg=0x25200010 cmp=com.android.devicelockcontroller/androidx.work.impl.background.systemalarm.RescheduleReceiver }
02-27 02:17:01.128 10074  4354  4394 I DlcClient: Binding com.android.devicelockcontroller/.storage.SetupParametersService
02-27 02:17:01.133 10074  4354  4354 D WM-PackageManagerHelper: androidx.work.impl.background.systemjob.SystemJobService enabled
02-27 02:17:01.134  1000  1855  3416 I ActivityManager: Flag disabled. Ignoring finishAttachApplication from uid: 10041. pid: 4372
02-27 02:17:01.134 10074  4354  4354 D WM-Schedulers: Created SystemJobScheduler and enabled SystemJobService
02-27 02:17:01.134 10041  4372  4372 D TimeService: Receivedandroid.intent.action.TIME_SET intent. Current Time is 1709000221134
02-27 02:17:01.137  1000   985   995 D QC-time-services: Daemon: Connection accepted:time_genoff
02-27 02:17:01.137  1000   985  4401 D QC-time-services: Daemon:Received base = 2, unit = 1, operation = 0,value = 1709000221137
02-27 02:17:01.138  1000   985  4401 D QC-time-services: Daemon:genoff_opr: Base = 2, val = 1709000221137, operation = 0
02-27 02:17:01.138  1000   985  4401 D QC-time-services: Daemon:Value read from QTimer mseconds = 926684
02-27 02:17:01.138  1000   985  4401 D QC-time-services: Daemon:Value read from RTC mseconds on boot = 321214000
02-27 02:17:01.138  1000   985  4401 D QC-time-services: Daemon:Delta read on boot mseconds = 321183972
02-27 02:17:01.138  1000   985  4401 D QC-time-services: Daemon:new time 1709000221137 
02-27 02:17:01.138  1000   985  4401 D QC-time-services: Daemon: delta 1708678110481 genoff 1708678110481 
02-27 02:17:01.138  1000   985  4401 D QC-time-services: Daemon:genoff_persistent_update: Writing genoff = 1708678110481 to memory
02-27 02:17:01.138  1000   985  4401 D QC-time-services: Daemon:Opening File: /mnt/vendor/persist/time/ats_2 /data/vendor/time/ats_2
02-27 02:17:01.138  1000   985  4401 D QC-time-services: Daemon:time_persistent_memory_opr:Genoff write operation 
02-27 02:17:01.143  root  1138  1138 E ANDR-PERF-MPCTL: ANDR-PERF-MPCTL: internal_perf_lock_acq_verification() 386: Perflock Submit request limit reached.
02-27 02:17:01.145 10074  4354  4354 E AggregateFuture: Got more than one input Future failure. Logging failures after the first
02-27 02:17:01.145 10074  4354  4354 E AggregateFuture: java.lang.IllegalStateException: Setup parameters does not exist!
02-27 02:17:01.145 10074  4354  4354 E AggregateFuture: 	at com.android.devicelockcontroller.policy.UserRestrictionsPolicyHandler.lambda$retrieveOptionalAlwaysOnRestrictions$4(UserRestrictionsPolicyHandler.java:164)
02-27 02:17:01.145 10074  4354  4354 E AggregateFuture: 	at com.android.devicelockcontroller.policy.UserRestrictionsPolicyHandler.$r8$lambda$hRL-2WryZNUlIlcWmeUJRllU6-Y(UserRestrictionsPolicyHandler.java:0)
02-27 02:17:01.145 10074  4354  4354 E AggregateFuture: 	at com.android.devicelockcontroller.policy.UserRestrictionsPolicyHandler$$ExternalSyntheticLambda5.call(R8$$SyntheticClass:0)
02-27 02:17:01.145 10074  4354  4354 E AggregateFuture: 	at com.google.common.util.concurrent.CombinedFuture$CallableInterruptibleTask.runInterruptibly(CombinedFuture.java:196)
02-27 02:17:01.145 10074  4354  4354 E AggregateFuture: 	at com.google.common.util.concurrent.InterruptibleTask.run(InterruptibleTask.java:74)
02-27 02:17:01.145 10074  4354  4354 E AggregateFuture: 	at android.os.Handler.handleCallback(Handler.java:958)
02-27 02:17:01.145 10074  4354  4354 E AggregateFuture: 	at android.os.Handler.dispatchMessage(Handler.java:99)
02-27 02:17:01.145 10074  4354  4354 E AggregateFuture: 	at android.os.Looper.loopOnce(Looper.java:205)
02-27 02:17:01.145 10074  4354  4354 E AggregateFuture: 	at android.os.Looper.loop(Looper.java:294)
02-27 02:17:01.145 10074  4354  4354 E AggregateFuture: 	at android.app.ActivityThread.main(ActivityThread.java:8177)
02-27 02:17:01.145 10074  4354  4354 E AggregateFuture: 	at java.lang.reflect.Method.invoke(Native Method)
02-27 02:17:01.145 10074  4354  4354 E AggregateFuture: 	at com.android.internal.os.RuntimeInit$MethodAndArgsCaller.run(RuntimeInit.java:552)
02-27 02:17:01.145 10074  4354  4354 E AggregateFuture: 	at com.android.internal.os.ZygoteInit.main(ZygoteInit.java:971)
02-27 02:17:01.146 10074  4354  4354 I DeviceLockControllerApplication: Policies enforced
02-27 02:17:01.147  1000   985  4401 D QC-time-services: Updating the TOD offset
02-27 02:17:01.147  1000   985  4401 D QC-time-services: Daemon:genoff_persistent_update: Writing genoff = 1708678110481 to memory
02-27 02:17:01.147  1000   985  4401 D QC-time-services: Daemon:Opening File: /mnt/vendor/persist/time/ats_1 /data/vendor/time/ats_1
02-27 02:17:01.147  1000   985  4401 D QC-time-services: Daemon:time_persistent_memory_opr:Genoff write operation 
02-27 02:17:01.148  1000  1855  3416 I DevicePolicyEngine: Couldn't find any receivers that handle ACTION_DEVICE_POLICY_SET_RESULT in package com.android.devicelockcontroller
02-27 02:17:01.148  1000  1855  3416 D DevicePolicyEngine: Writing device policies to file.
02-27 02:17:01.148  1000  1855  3416 D DevicePolicyEngine: Writing to /data/system/device_policy_state.xml
02-27 02:17:01.150  1000   985  4401 D QC-time-services: Daemon:genoff_set: Updating the WLAN offset
02-27 02:17:01.150  1000   985  4401 D QC-time-services: Daemon:genoff_persistent_update: Writing genoff = 1708678110481 to memory
02-27 02:17:01.150  1000   985  4401 D QC-time-services: Daemon:Opening File: /mnt/vendor/persist/time/ats_16 /data/vendor/time/ats_16
02-27 02:17:01.150  1000   985  4401 D QC-time-services: Daemon:time_persistent_memory_opr:Genoff write operation 
02-27 02:17:01.154 10041  4372  4372 D TimeService: Set time successfully!
02-27 02:17:01.154  1000   985   995 E QC-time-services: Daemon: Time-services: Waiting to acceptconnection
02-27 02:17:01.169 10074  4354  4400 D CompatibilityChangeReporter: Compat change id reported: 160794467; UID 10074; state: ENABLED
02-27 02:17:01.187  root  1138  1138 E ANDR-PERF-MPCTL: ANDR-PERF-MPCTL: internal_perf_lock_acq_verification() 386: Perflock Submit request limit reached.
02-27 02:17:01.209  root  1138  1138 E ANDR-PERF-MPCTL: ANDR-PERF-MPCTL: internal_perf_lock_acq_verification() 386: Perflock Submit request limit reached.
02-27 02:17:01.211  1000  1855  1990 I commit_sys_config_file: [settings-0-0,10]
02-27 02:17:01.228  1041  1066  1139 I AGM: device: device_set_metadata: 691 Setting device metadata for TDM-LPAIF_VA-RX-PRIMARY
02-27 02:17:01.228  1041  1066  1139 D AGM: metadata: metadata_print: 79 *************************Metadata*************************
02-27 02:17:01.228  1041  1066  1139 D AGM: metadata: metadata_print: 80 GKV size:0
02-27 02:17:01.228  1041  1066  1139 D AGM: metadata: metadata_print: 87 
02-27 02:17:01.228  1041  1066  1139 D AGM: metadata: CKV count:0
02-27 02:17:01.228  1041  1066  1139 D AGM: metadata: metadata_print: 92 
02-27 02:17:01.228  1041  1066  1139 D AGM: metadata: metadata_print: 94 Property ID:134217744
02-27 02:17:01.228  1041  1066  1139 D AGM: metadata: metadata_print: 95 property count:2
02-27 02:17:01.228  1041  1066  1139 D AGM: metadata: metadata_print: 98 Property Values: 
02-27 02:17:01.228  1041  1066  1139 D AGM: metadata: metadata_print: 100 0x2 
02-27 02:17:01.228  1041  1066  1139 D AGM: metadata: metadata_print: 100 0x5 
02-27 02:17:01.228  1041  1066  1139 D AGM: metadata: metadata_print: 102 
02-27 02:17:01.228  1041  1066  1139 D AGM: metadata: metadata_print: 103 ****************Metadata Done***************************
02-27 02:17:01.228  1041  1066  1139 D AGM: metadata: 
02-27 02:17:01.228  1041  1066  1139 I AGM: session: session_obj_set_sess_aif_metadata: 1753 Setting metadata for sess aif id 22
02-27 02:17:01.228  1041  1066  1139 D AGM: metadata: metadata_print: 79 *************************Metadata*************************
02-27 02:17:01.228  1041  1066  1139 D AGM: metadata: metadata_print: 80 GKV size:0
02-27 02:17:01.228  1041  1066  1139 D AGM: metadata: metadata_print: 87 
02-27 02:17:01.228  1041  1066  1139 D AGM: metadata: CKV count:0
02-27 02:17:01.228  1041  1066  1139 D AGM: metadata: metadata_print: 92 
02-27 02:17:01.228  1041  1066  1139 D AGM: metadata: metadata_print: 94 Property ID:134217744
02-27 02:17:01.228  1041  1066  1139 D AGM: metadata: metadata_print: 95 property count:1
02-27 02:17:01.228  1041  1066  1139 D AGM: metadata: metadata_print: 98 Property Values: 
02-27 02:17:01.228  1041  1066  1139 D AGM: metadata: metadata_print: 100 0x3 
02-27 02:17:01.228  1041  1066  1139 D AGM: metadata: metadata_print: 102 
02-27 02:17:01.228  1041  1066  1139 D AGM: metadata: metadata_print: 103 ****************Metadata Done***************************
02-27 02:17:01.228  1041  1066  1139 D AGM: metadata: 
02-27 02:17:01.228  1041  1066  1139 I AGM: session: session_obj_set_sess_aif_metadata: 1773 Exit
02-27 02:17:01.228  1041  1066  1139 D AGM: session: session_close: 1263 enter
02-27 02:17:01.228  1041  1066  1139 D AGM: graph: graph_close: 772 entry handle 0x47534c
02-27 02:17:01.228  1041  1066  1139 I gsl     : gsl_graph_close_sgids_and_connections:2056 num_sgid= 1
02-27 02:17:01.228  1041  1066  1139 I gsl     : gsl_graph_close_sgids_and_connections:2057 sg list:
02-27 02:17:01.228  1041  1066  1139 I gsl     : gsl_graph_close_sgids_and_connections:2059 b0000023
02-27 02:17:01.228  1041  1066  1139 I gsl     : gsl_print_sg_conn_info:180 num_sg_conn = 0
02-27 02:17:01.231  1041  1066  1139 D AGM: graph: graph_close: 792 exit, ret 0
02-27 02:17:01.231  1041  1066  1139 D AGM: session: session_close: 1312 exit, ret 0
02-27 02:17:01.233  root  1138  1138 E ANDR-PERF-MPCTL: ANDR-PERF-MPCTL: internal_perf_lock_acq_verification() 386: Perflock Submit request limit reached.
02-27 02:17:01.233  1041  1066  1139 I PAL: ResourceManager: freeFrontEndIds: 6198: stream type 1, freeing 117
02-27 02:17:01.233  1041  1066  1139 I PAL: Device: close: 436: Enter. deviceCount 1 for device id 3 (PAL_DEVICE_OUT_SPEAKER)
02-27 02:17:01.234  1041  1066  1139 I PAL: Device: close: 448: Exit. deviceCount 0 for device id 3 (PAL_DEVICE_OUT_SPEAKER), exit status 0
02-27 02:17:01.234  1041  1066  1139 I PAL: ResourceManager: GetConcurrencyInfo: 4434: stream type 1 Tx conc 0, Rx conc 0, concurrency allowed
02-27 02:17:01.234  1041  1066  1139 I PAL: ResourceManager: GetConcurrencyInfo: 4434: stream type 1 Tx conc 0, Rx conc 0, concurrency allowed
02-27 02:17:01.234  1041  1066  1139 I PAL: ResourceManager: GetConcurrencyInfo: 4434: stream type 1 Tx conc 0, Rx conc 0, concurrency allowed
02-27 02:17:01.234  1041  1066  1139 I PAL: ResourceManager: deregisterStream: 2685: stream type 1
02-27 02:17:01.234  1041  1066  1139 I PAL: ResourceManager: getActiveStream_l: 5100: no active streams found for device 3 ret -2
02-27 02:17:01.234  1041  1066  1139 I PAL: API: pal_stream_close: 246: Exit. status 0
02-27 02:17:01.234  1041  1066  1139 D AHAL: AudioStream: Standby: 2115: Exit ret: 0
02-27 02:17:01.234  1041  1066  1139 D AHAL: AudioStream: astream_out_standby: 667: Exit ret: 0
02-27 02:17:01.254  root  1138  1138 E ANDR-PERF-MPCTL: ANDR-PERF-MPCTL: internal_perf_lock_acq_verification() 386: Perflock Submit request limit reached.
02-27 02:17:01.264  1000  1855  1918 I commit_sys_config_file: [notification-policy,884533]
02-27 02:17:01.321  root  1138  1138 E ANDR-PERF-MPCTL: ANDR-PERF-MPCTL: internal_perf_lock_acq_verification() 386: Perflock Submit request limit reached.
02-27 02:17:01.343  root  1138  1138 E ANDR-PERF-MPCTL: ANDR-PERF-MPCTL: internal_perf_lock_acq_verification() 386: Perflock Submit request limit reached.
02-27 02:17:01.356  1000  2600  2794 I jank_cuj_events_end_request: [28,1709000221356294000,911825675848,911825676942]
02-27 02:17:01.388  root  1138  1138 E ANDR-PERF-MPCTL: ANDR-PERF-MPCTL: internal_perf_lock_acq_verification() 386: Perflock Submit request limit reached.
02-27 02:17:01.411  root  1138  1138 E ANDR-PERF-MPCTL: ANDR-PERF-MPCTL: internal_perf_lock_acq_verification() 386: Perflock Submit request limit reached.
02-27 02:17:01.435  root  1138  1138 E ANDR-PERF-MPCTL: ANDR-PERF-MPCTL: internal_perf_lock_acq_verification() 386: Perflock Submit request limit reached.
02-27 02:17:01.770 10045  2565  2938 D QCNEJ/NativeHalConnector: -> SND notifyDefaultNetworkChanged(1)
02-27 02:17:01.779 10057  2356  2356 D StatusBarIconController: ignoring old pipeline callback because the new wifi icon is enabled
02-27 02:17:01.788  root  1138  1138 E ANDR-PERF-MPCTL: ANDR-PERF-MPCTL: internal_perf_lock_acq_verification() 386: Perflock Submit request limit reached.
02-27 02:17:01.810  root  1138  1138 E ANDR-PERF-MPCTL: ANDR-PERF-MPCTL: internal_perf_lock_acq_verification() 386: Perflock Submit request limit reached.
02-27 02:17:01.834  root  1138  1138 E ANDR-PERF-MPCTL: ANDR-PERF-MPCTL: internal_perf_lock_acq_verification() 386: Perflock Submit request limit reached.
02-27 02:17:01.855  root  1138  1138 E ANDR-PERF-MPCTL: ANDR-PERF-MPCTL: internal_perf_lock_acq_verification() 386: Perflock Submit request limit reached.
02-27 02:17:01.877  root  1138  1138 E ANDR-PERF-MPCTL: ANDR-PERF-MPCTL: internal_perf_lock_acq_verification() 386: Perflock Submit request limit reached.
02-27 02:17:01.899  root  1138  1138 E ANDR-PERF-MPCTL: ANDR-PERF-MPCTL: internal_perf_lock_acq_verification() 386: Perflock Submit request limit reached.
02-27 02:17:01.922  root  1138  1138 E ANDR-PERF-MPCTL: ANDR-PERF-MPCTL: internal_perf_lock_acq_verification() 386: Perflock Submit request limit reached.
02-27 02:17:01.944  root  1138  1138 E ANDR-PERF-MPCTL: ANDR-PERF-MPCTL: internal_perf_lock_acq_verification() 386: Perflock Submit request limit reached.
02-27 02:17:01.966  root  1138  1138 E ANDR-PERF-MPCTL: ANDR-PERF-MPCTL: internal_perf_lock_acq_verification() 386: Perflock Submit request limit reached.
02-27 02:17:01.988  root  1138  1138 E ANDR-PERF-MPCTL: ANDR-PERF-MPCTL: internal_perf_lock_acq_verification() 386: Perflock Submit request limit reached.
02-27 02:17:02.011  root  1138  1138 E ANDR-PERF-MPCTL: ANDR-PERF-MPCTL: internal_perf_lock_acq_verification() 386: Perflock Submit request limit reached.
02-27 02:17:02.032  root  1138  1138 E ANDR-PERF-MPCTL: ANDR-PERF-MPCTL: internal_perf_lock_acq_verification() 386: Perflock Submit request limit reached.
02-27 02:17:02.054  root  1138  1138 E ANDR-PERF-MPCTL: ANDR-PERF-MPCTL: internal_perf_lock_acq_verification() 386: Perflock Submit request limit reached.
