02-27 02:17:03.408  1000  4419  4419 W ResourcesCompat: 	at android.os.Looper.loopOnce(Looper.java:205)
02-27 02:17:03.408  1000  4419  4419 W ResourcesCompat: 	at android.os.Looper.loop(Looper.java:294)
02-27 02:17:03.408  1000  4419  4419 W ResourcesCompat: 	at android.app.ActivityThread.main(ActivityThread.java:8177)
02-27 02:17:03.408  1000  4419  4419 W ResourcesCompat: 	at java.lang.reflect.Method.invoke(Native Method)
02-27 02:17:03.408  1000  4419  4419 W ResourcesCompat: 	at com.android.internal.os.RuntimeInit$MethodAndArgsCaller.run(RuntimeInit.java:552)
02-27 02:17:03.408  1000  4419  4419 W ResourcesCompat: 	at com.android.internal.os.ZygoteInit.main(ZygoteInit.java:971)
02-27 02:17:03.408 10054  2659  2659 D b/260135164: updateIconAlphaForHome - setIconsAlpha(1), isTaskbarPresent: true
02-27 02:17:03.412  root  1138  1138 E ANDR-PERF-MPCTL: ANDR-PERF-MPCTL: internal_perf_lock_acq_verification() 386: Perflock Submit request limit reached.
02-27 02:17:03.412  1000  4419  4419 W ResourcesCompat: Failed to inflate ColorStateList, leaving it to the framework
02-27 02:17:03.412  1000  4419  4419 W ResourcesCompat: java.lang.UnsupportedOperationException: Failed to resolve attribute at index 0: TypedValue{t=0x2/d=0x7f040113 a=-1}, theme={InheritanceMap=[id=0x7f1403eacom.android.settings:style/Theme.Settings.Home, id=0x7f1403eccom.android.settings:style/Theme.Settings.HomeBase, id=0x7f1403edcom.android.settings:style/Theme.Settings.NoActionBar, id=0x7f1403e8com.android.settings:style/Theme.Settings, id=0x7f1403eecom.android.settings:style/Theme.SettingsBase, id=0x7f1403efcom.android.settings:style/Theme.SettingsBase_v31, id=0x1030223android:style/Theme.DeviceDefault.Settings, id=0x103012bandroid:style/Theme.DeviceDefault.Light, id=0x1030237android:style/Theme.Material.Light, id=0x103000candroid:style/Theme.Light, id=0x1030005android:style/Theme], Themes=[com.android.settings:style/Theme.Settings.Home, forced, android:style/Theme.DeviceDefault.Light.DarkActionBar, forced]}
02-27 02:17:03.412  1000  4419  4419 W ResourcesCompat: 	at android.content.res.TypedArray.getColor(TypedArray.java:529)
02-27 02:17:03.412  1000  4419  4419 W ResourcesCompat: 	at androidx.core.content.res.ColorStateListInflaterCompat.inflate(ColorStateListInflaterCompat.java:159)
02-27 02:17:03.412  1000  4419  4419 W ResourcesCompat: 	at androidx.core.content.res.ColorStateListInflaterCompat.createFromXmlInner(ColorStateListInflaterCompat.java:124)
02-27 02:17:03.412  1000  4419  4419 W ResourcesCompat: 	at androidx.core.content.res.ColorStateListInflaterCompat.createFromXml(ColorStateListInflaterCompat.java:103)
02-27 02:17:03.412  1000  4419  4419 W ResourcesCompat: 	at androidx.core.content.res.ResourcesCompat.inflateColorStateList(ResourcesCompat.java:262)
02-27 02:17:03.412  1000  4419  4419 W ResourcesCompat: 	at androidx.core.content.res.ResourcesCompat.getColorStateList(ResourcesCompat.java:236)
02-27 02:17:03.412  1000  4419  4419 W ResourcesCompat: 	at androidx.core.content.ContextCompat.getColorStateList(ContextCompat.java:557)
02-27 02:17:03.412  1000  4419  4419 W ResourcesCompat: 	at androidx.appcompat.content.res.AppCompatResources.getColorStateList(AppCompatResources.java:48)
02-27 02:17:03.412  1000  4419  4419 W ResourcesCompat: 	at com.google.android.material.resources.MaterialResources.getColorStateList(MaterialResources.java:65)
02-27 02:17:03.412  1000  4419  4419 W ResourcesCompat: 	at com.google.android.material.card.MaterialCardViewHelper.loadFromAttributes(MaterialCardViewHelper.java:178)
02-27 02:17:03.412  1000  4419  4419 W ResourcesCompat: 	at com.google.android.material.card.MaterialCardView.<init>(MaterialCardView.java:183)
02-27 02:17:03.412  1000  4419  4419 W ResourcesCompat: 	at com.google.android.material.card.MaterialCardView.<init>(MaterialCardView.java:160)
02-27 02:17:03.412  1000  4419  4419 W ResourcesCompat: 	at java.lang.reflect.Constructor.newInstance0(Native Method)
02-27 02:17:03.412  1000  4419  4419 W ResourcesCompat: 	at java.lang.reflect.Constructor.newInstance(Constructor.java:343)
02-27 02:17:03.412  1000  4419  4419 W ResourcesCompat: 	at android.view.LayoutInflater.createView(LayoutInflater.java:866)
02-27 02:17:03.412  1000  4419  4419 W ResourcesCompat: 	at android.view.LayoutInflater.createViewFromTag(LayoutInflater.java:1018)
02-27 02:17:03.412  1000  4419  4419 W ResourcesCompat: 	at android.view.LayoutInflater.parseInclude(LayoutInflater.java:1245)
02-27 02:17:03.412  1000  4419  4419 W ResourcesCompat: 	at android.view.LayoutInflater.rInflate(LayoutInflater.java:1131)
02-27 02:17:03.412  1000  4419  4419 W ResourcesCompat: 	at android.view.LayoutInflater.rInflateChildren(LayoutInflater.java:1096)
02-27 02:17:03.412  1000  4419  4419 W ResourcesCompat: 	at android.view.LayoutInflater.parseInclude(LayoutInflater.java:1275)
02-27 02:17:03.412  1000  4419  4419 W ResourcesCompat: 	at android.view.LayoutInflater.rInflate(LayoutInflater.java:1131)
02-27 02:17:03.412  1000  4419  4419 W ResourcesCompat: 	at android.view.LayoutInflater.rInflateChildren(LayoutInflater.java:1096)
02-27 02:17:03.412  1000  4419  4419 W ResourcesCompat: 	at android.view.LayoutInflater.rInflate(LayoutInflater.java:1138)
02-27 02:17:03.412  1000  4419  4419 W ResourcesCompat: 	at android.view.LayoutInflater.rInflateChildren(LayoutInflater.java:1096)
02-27 02:17:03.412  1000  4419  4419 W ResourcesCompat: 	at android.view.LayoutInflater.rInflate(LayoutInflater.java:1138)
02-27 02:17:03.412  1000  4419  4419 W ResourcesCompat: 	at android.view.LayoutInflater.rInflateChildren(LayoutInflater.java:1096)
02-27 02:17:03.412  1000  4419  4419 W ResourcesCompat: 	at android.view.LayoutInflater.inflate(LayoutInflater.java:694)
02-27 02:17:03.412  1000  4419  4419 W ResourcesCompat: 	at android.view.LayoutInflater.inflate(LayoutInflater.java:538)
02-27 02:17:03.412  1000  4419  4419 W ResourcesCompat: 	at android.view.LayoutInflater.inflate(LayoutInflater.java:485)
02-27 02:17:03.412  1000  4419  4419 W ResourcesCompat: 	at com.android.internal.policy.PhoneWindow.setContentView(PhoneWindow.java:475)
02-27 02:17:03.412  1000  4419  4419 W ResourcesCompat: 	at android.app.Activity.setContentView(Activity.java:3679)
02-27 02:17:03.412  1000  4419  4419 W ResourcesCompat: 	at androidx.activity.ComponentActivity.setContentView(ComponentActivity.java:464)
02-27 02:17:03.412  1000  4419  4419 W ResourcesCompat: 	at com.android.settings.homepage.SettingsHomepageActivity.onCreate(SettingsHomepageActivity.java:199)
02-27 02:17:03.412  1000  4419  4419 W ResourcesCompat: 	at android.app.Activity.performCreate(Activity.java:8595)
02-27 02:17:03.412  1000  4419  4419 W ResourcesCompat: 	at android.app.Activity.performCreate(Activity.java:8573)
02-27 02:17:03.412  1000  4419  4419 W ResourcesCompat: 	at android.app.Instrumentation.callActivityOnCreate(Instrumentation.java:1456)
02-27 02:17:03.412  1000  4419  4419 W ResourcesCompat: 	at android.app.ActivityThread.performLaunchActivity(ActivityThread.java:3764)
02-27 02:17:03.412  1000  4419  4419 W ResourcesCompat: 	at android.app.ActivityThread.handleLaunchActivity(ActivityThread.java:3922)
02-27 02:17:03.412  1000  4419  4419 W ResourcesCompat: 	at android.app.servertransaction.LaunchActivityItem.execute(LaunchActivityItem.java:103)
02-27 02:17:03.412  1000  4419  4419 W ResourcesCompat: 	at android.app.servertransaction.TransactionExecutor.executeCallbacks(TransactionExecutor.java:139)
02-27 02:17:03.412  1000  4419  4419 W ResourcesCompat: 	at android.app.servertransaction.TransactionExecutor.execute(TransactionExecutor.java:96)
02-27 02:17:03.412  1000  4419  4419 W ResourcesCompat: 	at android.app.ActivityThread$H.handleMessage(ActivityThread.java:2443)
02-27 02:17:03.412  1000  4419  4419 W ResourcesCompat: 	at android.os.Handler.dispatchMessage(Handler.java:106)
02-27 02:17:03.412  1000  4419  4419 W ResourcesCompat: 	at android.os.Looper.loopOnce(Looper.java:205)
02-27 02:17:03.412  1000  4419  4419 W ResourcesCompat: 	at android.os.Looper.loop(Looper.java:294)
02-27 02:17:03.412  1000  4419  4419 W ResourcesCompat: 	at android.app.ActivityThread.main(ActivityThread.java:8177)
02-27 02:17:03.412  1000  4419  4419 W ResourcesCompat: 	at java.lang.reflect.Method.invoke(Native Method)
02-27 02:17:03.412  1000  4419  4419 W ResourcesCompat: 	at com.android.internal.os.RuntimeInit$MethodAndArgsCaller.run(RuntimeInit.java:552)
02-27 02:17:03.412  1000  4419  4419 W ResourcesCompat: 	at com.android.internal.os.ZygoteInit.main(ZygoteInit.java:971)
02-27 02:17:03.413  1000  4419  4419 W ResourcesCompat: Failed to inflate ColorStateList, leaving it to the framework
02-27 02:17:03.413  1000  4419  4419 W ResourcesCompat: java.lang.UnsupportedOperationException: Failed to resolve attribute at index 0: TypedValue{t=0x2/d=0x7f040113 a=-1}, theme={InheritanceMap=[id=0x7f1403eacom.android.settings:style/Theme.Settings.Home, id=0x7f1403eccom.android.settings:style/Theme.Settings.HomeBase, id=0x7f1403edcom.android.settings:style/Theme.Settings.NoActionBar, id=0x7f1403e8com.android.settings:style/Theme.Settings, id=0x7f1403eecom.android.settings:style/Theme.SettingsBase, id=0x7f1403efcom.android.settings:style/Theme.SettingsBase_v31, id=0x1030223android:style/Theme.DeviceDefault.Settings, id=0x103012bandroid:style/Theme.DeviceDefault.Light, id=0x1030237android:style/Theme.Material.Light, id=0x103000candroid:style/Theme.Light, id=0x1030005android:style/Theme], Themes=[com.android.settings:style/Theme.Settings.Home, forced, android:style/Theme.DeviceDefault.Light.DarkActionBar, forced]}
02-27 02:17:03.413  1000  4419  4419 W ResourcesCompat: 	at android.content.res.TypedArray.getColor(TypedArray.java:529)
02-27 02:17:03.413  1000  4419  4419 W ResourcesCompat: 	at androidx.core.content.res.ColorStateListInflaterCompat.inflate(ColorStateListInflaterCompat.java:159)
02-27 02:17:03.413  1000  4419  4419 W ResourcesCompat: 	at androidx.core.content.res.ColorStateListInflaterCompat.createFromXmlInner(ColorStateListInflaterCompat.java:124)
02-27 02:17:03.413  1000  4419  4419 W ResourcesCompat: 	at androidx.core.content.res.ColorStateListInflaterCompat.createFromXml(ColorStateListInflaterCompat.java:103)
02-27 02:17:03.413  1000  4419  4419 W ResourcesCompat: 	at androidx.core.content.res.ResourcesCompat.inflateColorStateList(ResourcesCompat.java:262)
02-27 02:17:03.413  1000  4419  4419 W ResourcesCompat: 	at androidx.core.content.res.ResourcesCompat.getColorStateList(ResourcesCompat.java:236)
02-27 02:17:03.413  1000  4419  4419 W ResourcesCompat: 	at androidx.core.content.ContextCompat.getColorStateList(ContextCompat.java:557)
02-27 02:17:03.413  1000  4419  4419 W ResourcesCompat: 	at androidx.appcompat.content.res.AppCompatResources.getColorStateList(AppCompatResources.java:48)
02-27 02:17:03.413  1000  4419  4419 W ResourcesCompat: 	at com.google.android.material.resources.MaterialResources.getColorStateList(MaterialResources.java:65)
02-27 02:17:03.413  1000  4419  4419 W ResourcesCompat: 	at com.google.android.material.card.MaterialCardViewHelper.loadFromAttributes(MaterialCardViewHelper.java:187)
02-27 02:17:03.413  1000  4419  4419 W ResourcesCompat: 	at com.google.android.material.card.MaterialCardView.<init>(MaterialCardView.java:183)
02-27 02:17:03.413  1000  4419  4419 W ResourcesCompat: 	at com.google.android.material.card.MaterialCardView.<init>(MaterialCardView.java:160)
02-27 02:17:03.413  1000  4419  4419 W ResourcesCompat: 	at java.lang.reflect.Constructor.newInstance0(Native Method)
02-27 02:17:03.413  1000  4419  4419 W ResourcesCompat: 	at java.lang.reflect.Constructor.newInstance(Constructor.java:343)
02-27 02:17:03.413  1000  4419  4419 W ResourcesCompat: 	at android.view.LayoutInflater.createView(LayoutInflater.java:866)
02-27 02:17:03.413  1000  4419  4419 W ResourcesCompat: 	at android.view.LayoutInflater.createViewFromTag(LayoutInflater.java:1018)
02-27 02:17:03.413  1000  4419  4419 W ResourcesCompat: 	at android.view.LayoutInflater.parseInclude(LayoutInflater.java:1245)
02-27 02:17:03.413  1000  4419  4419 W ResourcesCompat: 	at android.view.LayoutInflater.rInflate(LayoutInflater.java:1131)
02-27 02:17:03.413  1000  4419  4419 W ResourcesCompat: 	at android.view.LayoutInflater.rInflateChildren(LayoutInflater.java:1096)
02-27 02:17:03.413  1000  4419  4419 W ResourcesCompat: 	at android.view.LayoutInflater.parseInclude(LayoutInflater.java:1275)
02-27 02:17:03.413  1000  4419  4419 W ResourcesCompat: 	at android.view.LayoutInflater.rInflate(LayoutInflater.java:1131)
02-27 02:17:03.413  1000  4419  4419 W ResourcesCompat: 	at android.view.LayoutInflater.rInflateChildren(LayoutInflater.java:1096)
02-27 02:17:03.413  1000  4419  4419 W ResourcesCompat: 	at android.view.LayoutInflater.rInflate(LayoutInflater.java:1138)
02-27 02:17:03.413  1000  4419  4419 W ResourcesCompat: 	at android.view.LayoutInflater.rInflateChildren(LayoutInflater.java:1096)
02-27 02:17:03.413  1000  4419  4419 W ResourcesCompat: 	at android.view.LayoutInflater.rInflate(LayoutInflater.java:1138)
02-27 02:17:03.413  1000  4419  4419 W ResourcesCompat: 	at android.view.LayoutInflater.rInflateChildren(LayoutInflater.java:1096)
02-27 02:17:03.413  1000  4419  4419 W ResourcesCompat: 	at android.view.LayoutInflater.inflate(LayoutInflater.java:694)
02-27 02:17:03.413  1000  4419  4419 W ResourcesCompat: 	at android.view.LayoutInflater.inflate(LayoutInflater.java:538)
02-27 02:17:03.413  1000  4419  4419 W ResourcesCompat: 	at android.view.LayoutInflater.inflate(LayoutInflater.java:485)
02-27 02:17:03.413  1000  4419  4419 W ResourcesCompat: 	at com.android.internal.policy.PhoneWindow.setContentView(PhoneWindow.java:475)
02-27 02:17:03.413  1000  4419  4419 W ResourcesCompat: 	at android.app.Activity.setContentView(Activity.java:3679)
02-27 02:17:03.413  1000  4419  4419 W ResourcesCompat: 	at androidx.activity.ComponentActivity.setContentView(ComponentActivity.java:464)
02-27 02:17:03.413  1000  4419  4419 W ResourcesCompat: 	at com.android.settings.homepage.SettingsHomepageActivity.onCreate(SettingsHomepageActivity.java:199)
02-27 02:17:03.413  1000  4419  4419 W ResourcesCompat: 	at android.app.Activity.performCreate(Activity.java:8595)
02-27 02:17:03.413  1000  4419  4419 W ResourcesCompat: 	at android.app.Activity.performCreate(Activity.java:8573)
02-27 02:17:03.413  1000  4419  4419 W ResourcesCompat: 	at android.app.Instrumentation.callActivityOnCreate(Instrumentation.java:1456)
02-27 02:17:03.413  1000  4419  4419 W ResourcesCompat: 	at android.app.ActivityThread.performLaunchActivity(ActivityThread.java:3764)
02-27 02:17:03.413  1000  4419  4419 W ResourcesCompat: 	at android.app.ActivityThread.handleLaunchActivity(ActivityThread.java:3922)
02-27 02:17:03.413  1000  4419  4419 W ResourcesCompat: 	at android.app.servertransaction.LaunchActivityItem.execute(LaunchActivityItem.java:103)
02-27 02:17:03.413  1000  4419  4419 W ResourcesCompat: 	at android.app.servertransaction.TransactionExecutor.executeCallbacks(TransactionExecutor.java:139)
02-27 02:17:03.413  1000  4419  4419 W ResourcesCompat: 	at android.app.servertransaction.TransactionExecutor.execute(TransactionExecutor.java:96)
02-27 02:17:03.413  1000  4419  4419 W ResourcesCompat: 	at android.app.ActivityThread$H.handleMessage(ActivityThread.java:2443)
02-27 02:17:03.413  1000  4419  4419 W ResourcesCompat: 	at android.os.Handler.dispatchMessage(Handler.java:106)
02-27 02:17:03.413  1000  4419  4419 W ResourcesCompat: 	at android.os.Looper.loopOnce(Looper.java:205)
02-27 02:17:03.413  1000  4419  4419 W ResourcesCompat: 	at android.os.Looper.loop(Looper.java:294)
02-27 02:17:03.413  1000  4419  4419 W ResourcesCompat: 	at android.app.ActivityThread.main(ActivityThread.java:8177)
02-27 02:17:03.413  1000  4419  4419 W ResourcesCompat: 	at java.lang.reflect.Method.invoke(Native Method)
02-27 02:17:03.413  1000  4419  4419 W ResourcesCompat: 	at com.android.internal.os.RuntimeInit$MethodAndArgsCaller.run(RuntimeInit.java:552)
02-27 02:17:03.413  1000  4419  4419 W ResourcesCompat: 	at com.android.internal.os.ZygoteInit.main(ZygoteInit.java:971)
02-27 02:17:03.414  1000  4419  4419 D ActivityEmbeddingUtils: isEmbeddingActivityEnabled = true
02-27 02:17:03.416  1000  4419  4419 E Settings: Error while retrieving application info for package com.android.settings.intelligence
02-27 02:17:03.416  1000  4419  4419 E Settings: android.content.pm.PackageManager$NameNotFoundException: com.android.settings.intelligence
02-27 02:17:03.416  1000  4419  4419 E Settings: 	at android.app.ApplicationPackageManager.getApplicationInfoAsUser(ApplicationPackageManager.java:507)
02-27 02:17:03.416  1000  4419  4419 E Settings: 	at android.app.ApplicationPackageManager.getApplicationInfo(ApplicationPackageManager.java:490)
02-27 02:17:03.416  1000  4419  4419 E Settings: 	at android.app.ApplicationPackageManager.getApplicationInfo(ApplicationPackageManager.java:484)
02-27 02:17:03.416  1000  4419  4419 E Settings: 	at com.android.settings.Utils.isPackageEnabled(Utils.java:1110)
02-27 02:17:03.416  1000  4419  4419 E Settings: 	at com.android.settings.search.SearchFeatureProvider.initSearchToolbar(SearchFeatureProvider.java:89)
02-27 02:17:03.416  1000  4419  4419 E Settings: 	at com.android.settings.homepage.SettingsHomepageActivity.initSearchBarView(SettingsHomepageActivity.java:344)
02-27 02:17:03.416  1000  4419  4419 E Settings: 	at com.android.settings.homepage.SettingsHomepageActivity.onCreate(SettingsHomepageActivity.java:209)
02-27 02:17:03.416  1000  4419  4419 E Settings: 	at android.app.Activity.performCreate(Activity.java:8595)
02-27 02:17:03.416  1000  4419  4419 E Settings: 	at android.app.Activity.performCreate(Activity.java:8573)
02-27 02:17:03.416  1000  4419  4419 E Settings: 	at android.app.Instrumentation.callActivityOnCreate(Instrumentation.java:1456)
02-27 02:17:03.416  1000  4419  4419 E Settings: 	at android.app.ActivityThread.performLaunchActivity(ActivityThread.java:3764)
02-27 02:17:03.416  1000  4419  4419 E Settings: 	at android.app.ActivityThread.handleLaunchActivity(ActivityThread.java:3922)
02-27 02:17:03.416  1000  4419  4419 E Settings: 	at android.app.servertransaction.LaunchActivityItem.execute(LaunchActivityItem.java:103)
02-27 02:17:03.416  1000  4419  4419 E Settings: 	at android.app.servertransaction.TransactionExecutor.executeCallbacks(TransactionExecutor.java:139)
02-27 02:17:03.416  1000  4419  4419 E Settings: 	at android.app.servertransaction.TransactionExecutor.execute(TransactionExecutor.java:96)
02-27 02:17:03.416  1000  4419  4419 E Settings: 	at android.app.ActivityThread$H.handleMessage(ActivityThread.java:2443)
02-27 02:17:03.416  1000  4419  4419 E Settings: 	at android.os.Handler.dispatchMessage(Handler.java:106)
02-27 02:17:03.416  1000  4419  4419 E Settings: 	at android.os.Looper.loopOnce(Looper.java:205)
02-27 02:17:03.416  1000  4419  4419 E Settings: 	at android.os.Looper.loop(Looper.java:294)
02-27 02:17:03.416  1000  4419  4419 E Settings: 	at android.app.ActivityThread.main(ActivityThread.java:8177)
02-27 02:17:03.416  1000  4419  4419 E Settings: 	at java.lang.reflect.Method.invoke(Native Method)
02-27 02:17:03.416  1000  4419  4419 E Settings: 	at com.android.internal.os.RuntimeInit$MethodAndArgsCaller.run(RuntimeInit.java:552)
02-27 02:17:03.416  1000  4419  4419 E Settings: 	at com.android.internal.os.ZygoteInit.main(ZygoteInit.java:971)
02-27 02:17:03.417  1000  4419  4419 E Settings: Error while retrieving application info for package com.android.settings.intelligence
02-27 02:17:03.417  1000  4419  4419 E Settings: android.content.pm.PackageManager$NameNotFoundException: com.android.settings.intelligence
02-27 02:17:03.417  1000  4419  4419 E Settings: 	at android.app.ApplicationPackageManager.getApplicationInfoAsUser(ApplicationPackageManager.java:507)
02-27 02:17:03.417  1000  4419  4419 E Settings: 	at android.app.ApplicationPackageManager.getApplicationInfo(ApplicationPackageManager.java:490)
02-27 02:17:03.417  1000  4419  4419 E Settings: 	at android.app.ApplicationPackageManager.getApplicationInfo(ApplicationPackageManager.java:484)
02-27 02:17:03.417  1000  4419  4419 E Settings: 	at com.android.settings.Utils.isPackageEnabled(Utils.java:1110)
02-27 02:17:03.417  1000  4419  4419 E Settings: 	at com.android.settings.search.SearchFeatureProvider.initSearchToolbar(SearchFeatureProvider.java:89)
02-27 02:17:03.417  1000  4419  4419 E Settings: 	at com.android.settings.homepage.SettingsHomepageActivity.initSearchBarView(SettingsHomepageActivity.java:349)
02-27 02:17:03.417  1000  4419  4419 E Settings: 	at com.android.settings.homepage.SettingsHomepageActivity.onCreate(SettingsHomepageActivity.java:209)
02-27 02:17:03.417  1000  4419  4419 E Settings: 	at android.app.Activity.performCreate(Activity.java:8595)
02-27 02:17:03.417  1000  4419  4419 E Settings: 	at android.app.Activity.performCreate(Activity.java:8573)
02-27 02:17:03.417  1000  4419  4419 E Settings: 	at android.app.Instrumentation.callActivityOnCreate(Instrumentation.java:1456)
02-27 02:17:03.417  1000  4419  4419 E Settings: 	at android.app.ActivityThread.performLaunchActivity(ActivityThread.java:3764)
02-27 02:17:03.417  1000  4419  4419 E Settings: 	at android.app.ActivityThread.handleLaunchActivity(ActivityThread.java:3922)
02-27 02:17:03.417  1000  4419  4419 E Settings: 	at android.app.servertransaction.LaunchActivityItem.execute(LaunchActivityItem.java:103)
02-27 02:17:03.417  1000  4419  4419 E Settings: 	at android.app.servertransaction.TransactionExecutor.executeCallbacks(TransactionExecutor.java:139)
02-27 02:17:03.417  1000  4419  4419 E Settings: 	at android.app.servertransaction.TransactionExecutor.execute(TransactionExecutor.java:96)
02-27 02:17:03.417  1000  4419  4419 E Settings: 	at android.app.ActivityThread$H.handleMessage(ActivityThread.java:2443)
02-27 02:17:03.417  1000  4419  4419 E Settings: 	at android.os.Handler.dispatchMessage(Handler.java:106)
02-27 02:17:03.417  1000  4419  4419 E Settings: 	at android.os.Looper.loopOnce(Looper.java:205)
02-27 02:17:03.417  1000  4419  4419 E Settings: 	at android.os.Looper.loop(Looper.java:294)
02-27 02:17:03.417  1000  4419  4419 E Settings: 	at android.app.ActivityThread.main(ActivityThread.java:8177)
02-27 02:17:03.417  1000  4419  4419 E Settings: 	at java.lang.reflect.Method.invoke(Native Method)
02-27 02:17:03.417  1000  4419  4419 E Settings: 	at com.android.internal.os.RuntimeInit$MethodAndArgsCaller.run(RuntimeInit.java:552)
02-27 02:17:03.417  1000  4419  4419 E Settings: 	at com.android.internal.os.ZygoteInit.main(ZygoteInit.java:971)
02-27 02:17:03.418  1000  4419  4419 D AvatarViewMixin: Feature disabled by config. Skipping
02-27 02:17:03.423  1000  4419  4419 I wm_on_create_called: [49751276,com.android.settings.Settings,performCreate,39]
02-27 02:17:03.429  1000  1855  2507 W ActivityTaskManager: setResumedActivity on non-leaf task fragment Task{b02d0b5 #9 type=standard A=1000:com.android.settings.root}
02-27 02:17:03.429  1000  1855  2507 I wm_set_resumed_activity: [0,com.android.settings/.Settings,onParentChanged]
02-27 02:17:03.430 10054  2659  2659 D b/260135164: updateIconAlphaForHome - setIconsAlpha(1), isTaskbarPresent: true
02-27 02:17:03.431  1041  1179  1798 D audioserver: FGS Logger Transaction failed
02-27 02:17:03.431  1041  1179  1798 D audioserver: -129
02-27 02:17:03.433  1000  1855  2507 I wm_task_moved: [9,9,0,1,2]
02-27 02:17:03.433  1000  1855  2507 I wm_create_activity: [0,89446658,9,com.android.settings/.Settings$NetworkDashboardActivity,NULL,NULL,NULL,0]
02-27 02:17:03.434  1000  1855  2507 I wm_restart_activity: [0,89446658,9,com.android.settings/.Settings$NetworkDashboardActivity]
02-27 02:17:03.434  root  1138  1138 E ANDR-PERF-MPCTL: ANDR-PERF-MPCTL: internal_perf_lock_acq_verification() 386: Perflock Submit request limit reached.
02-27 02:17:03.434  1000  1855  2507 I wm_set_resumed_activity: [0,com.android.settings/.Settings$NetworkDashboardActivity,minimalResumeActivityLocked - onActivityStateChanged]
02-27 02:17:03.435  1000  1855  2507 I ActivityTaskManager: START u0 {cmp=com.android.settings/.Settings$NetworkDashboardActivity (has extras)} with LAUNCH_MULTIPLE from uid 1000 (BAL_ALLOW_ALLOWLISTED_UID) result code=0
02-27 02:17:03.435  1041  1066  1139 V DlbVolumeListener: effectCommand
02-27 02:17:03.436  1041  1066  1139 V DlbVolumeListener: effectCommand :: Command EFFECT_CMD_DISABLE
02-27 02:17:03.437  1041  1066  2302 V DlbVolumeListener: release(handle=0xb400007d92417370)
02-27 02:17:03.438 10057  2356  2403 V WindowManagerShell: Transition requested: android.os.BinderProxy@6c4eb5b TransitionRequestInfo { type = OPEN, triggerTask = null, remoteTransition = null, displayChange = null }
02-27 02:17:03.438  1041  1179  1476 W audioserver: Binder 0xb4000074aab9ac38 destroyed after setMinSchedulerPolicy before being parceled.
02-27 02:17:03.443  1000  4419  4419 D PrefCtrlListHelper: Could not find Context-only controller for pref: com.android.settings.network.TopLevelNetworkEntryPreferenceController
02-27 02:17:03.444  1000  4419  4419 D PrefCtrlListHelper: Could not find Context-only controller for pref: com.android.settings.communal.CommunalPreferenceController
02-27 02:17:03.445  1000  4419  4419 D PrefCtrlListHelper: Could not find Context-only controller for pref: com.android.settings.connecteddevice.TopLevelConnectedDevicesPreferenceController
02-27 02:17:03.445  1000  4419  4419 D PrefCtrlListHelper: Could not find Context-only controller for pref: com.android.settings.fuelgauge.TopLevelBatteryPreferenceController
02-27 02:17:03.445  1000  4419  4419 D PrefCtrlListHelper: Could not find Context-only controller for pref: com.android.settings.deviceinfo.TopLevelStoragePreferenceController
02-27 02:17:03.446  1000  4419  4419 D PrefCtrlListHelper: Could not find Context-only controller for pref: com.android.settings.display.TopLevelDisplayPreferenceController
02-27 02:17:03.446  1000  4419  4419 D PrefCtrlListHelper: Could not find Context-only controller for pref: com.android.settings.display.TopLevelWallpaperPreferenceController
02-27 02:17:03.446  1000  4419  4419 D PrefCtrlListHelper: Could not find Context-only controller for pref: com.android.settings.accessibility.TopLevelAccessibilityPreferenceController
02-27 02:17:03.446  1000  4419  4419 D PrefCtrlListHelper: Could not find Context-only controller for pref: com.android.settings.safetycenter.TopLevelSafetyCenterEntryPreferenceController
02-27 02:17:03.446  1000  4419  4419 D PrefCtrlListHelper: Could not find Context-only controller for pref: com.android.settings.security.TopLevelSecurityEntryPreferenceController
02-27 02:17:03.446  1000  4419  4419 D PrefCtrlListHelper: Could not find Context-only controller for pref: com.android.settings.privacy.TopLevelPrivacyEntryPreferenceController
02-27 02:17:03.447  1000  4419  4419 D PrefCtrlListHelper: Could not find Context-only controller for pref: com.android.settings.location.TopLevelLocationPreferenceController
02-27 02:17:03.447  1000  4419  4419 D PrefCtrlListHelper: Could not find Context-only controller for pref: com.android.settings.accounts.TopLevelAccountEntryPreferenceController
02-27 02:17:03.447  1000  4419  4419 D PrefCtrlListHelper: Could not find Context-only controller for pref: com.android.settings.deviceinfo.aboutphone.TopLevelAboutDevicePreferenceController
02-27 02:17:03.447  1000  4419  4419 D PrefCtrlListHelper: Could not find Context-only controller for pref: com.android.settings.support.SupportPreferenceController
02-27 02:17:03.448  1000  4419  4419 D HighlightableMenu: parsing highlightable menu from xml
02-27 02:17:03.452  1000  1855  2443 E UserRestrictionsUtils: Unknown restriction queried by uid 1000 (com.android.providers.settings et al): null
02-27 02:17:03.453 10054  2659  2659 D b/260135164: updateIconAlphaForHome - setIconsAlpha(1), isTaskbarPresent: true
02-27 02:17:03.453  1000  4419  4419 W InstrumentedPrefFrag: Screen title missing for fragment com.android.settings.homepage.TopLevelSettings
02-27 02:17:03.456  root  1138  1138 E ANDR-PERF-MPCTL: ANDR-PERF-MPCTL: internal_perf_lock_acq_verification() 386: Perflock Submit request limit reached.
02-27 02:17:03.457 10057  2356  2438 E OpenGLRenderer: Unable to match the desired swap behavior.
02-27 02:17:03.458  1000  4419  4419 D ActivityEmbeddingUtils: isEmbeddingActivityEnabled = true
02-27 02:17:03.458  1000  4419  4419 D ActivityEmbeddingUtils: isEmbeddingActivityEnabled = true
02-27 02:17:03.458  1000  4419  4419 D ActivityEmbeddingUtils: isEmbeddingActivityEnabled = true
02-27 02:17:03.460  1000  4419  4419 D ActivityEmbeddingUtils: isEmbeddingActivityEnabled = true
02-27 02:17:03.461  1000  4419  4419 D ActivityEmbeddingUtils: isEmbeddingActivityEnabled = true
02-27 02:17:03.462  1000  4419  4419 D ActivityEmbeddingUtils: isEmbeddingActivityEnabled = true
02-27 02:17:03.473  1000  4419  4419 D TopLevelSettings: NO dashboard tiles for TopLevelSettings
02-27 02:17:03.473  1000  4419  4419 D TopLevelSettings: All preferences added, reporting fully drawn
02-27 02:17:03.475 10054  2659  2659 D b/260135164: updateIconAlphaForHome - setIconsAlpha(1), isTaskbarPresent: true
02-27 02:17:03.480  root  1138  1138 E ANDR-PERF-MPCTL: ANDR-PERF-MPCTL: internal_perf_lock_acq_verification() 386: Perflock Submit request limit reached.
02-27 02:17:03.483  1000  4419  4419 D ActivityEmbeddingUtils: isEmbeddingActivityEnabled = true
02-27 02:17:03.497 10054  2659  2659 D b/260135164: updateIconAlphaForHome - setIconsAlpha(1), isTaskbarPresent: true
02-27 02:17:03.499  1000  4419  4419 D TopLevelHighlightMixin: Menu key: top_level_network
02-27 02:17:03.499  1000  4419  4419 D TopLevelHighlightMixin: onCreateAdapter, pref key: top_level_network
02-27 02:17:03.501  root  1138  1138 E ANDR-PERF-MPCTL: ANDR-PERF-MPCTL: internal_perf_lock_acq_verification() 386: Perflock Submit request limit reached.
02-27 02:17:03.501  1000  4419  4419 D HighlightableTopLevelAdapter: Highlight needed change: true
02-27 02:17:03.504  1000  4419  4419 D BatteryBroadcastRcvr: updateBatteryStatus: action=android.intent.action.BATTERY_CHANGED
02-27 02:17:03.505  1000  4419  4419 D BatteryBroadcastRcvr: Battery changed: level: 99%| status: Charging slowly| chargingStatus: 0| health: 2
02-27 02:17:03.505  1000  4419  4419 D TopLvBatteryPrefControl: onBatteryChanged: type=0
02-27 02:17:03.506  1000  4419  4419 I wm_on_start_called: [49751276,com.android.settings.Settings,handleStartActivity,67]
02-27 02:17:03.507  1000  4419  4419 I snet_event_log: [120484087,-1,]
02-27 02:17:03.508  1000  4419  4419 I wm_on_resume_called: [49751276,com.android.settings.Settings,RESUME_ACTIVITY,0]
02-27 02:17:03.509  1000  4419  4419 W ElapsedTimeUtils: getElapsedTime: sSuwFinishedTimeStamp is null
02-27 02:17:03.511  1000  4419  4419 I sysui_multi_action: [757,35,758,1,833,0,1089,68]
02-27 02:17:03.515  1000  4419  4443 D BatteryInfo: time for getStats: 0ms
02-27 02:17:03.516  1000  4419  4443 D BatteryInfo: time for regular BatteryInfo: 0ms
02-27 02:17:03.517  1000  4419  4443 D BatteryInfo: time for getBatteryInfo: 0ms
02-27 02:17:03.519 10054  2659  2659 D b/260135164: updateIconAlphaForHome - setIconsAlpha(1), isTaskbarPresent: true
02-27 02:17:03.523  root  1138  1138 E ANDR-PERF-MPCTL: ANDR-PERF-MPCTL: internal_perf_lock_acq_verification() 386: Perflock Submit request limit reached.
02-27 02:17:03.527  1000  4419  4419 D CompatibilityChangeReporter: Compat change id reported: 263076149; UID 1000; state: ENABLED
02-27 02:17:03.530  1000  4419  4419 D CategoryMixin: Skip categories update
02-27 02:17:03.532  1000  4419  4419 D CompatibilityChangeReporter: Compat change id reported: 237531167; UID 1000; state: DISABLED
02-27 02:17:03.538  1000  4419  4419 I wm_on_top_resumed_gained_called: [49751276,com.android.settings.Settings,topStateChangedWhenResumed]
02-27 02:17:03.540  1000  4419  4419 I wm_on_top_resumed_lost_called: [49751276,com.android.settings.Settings,topStateChangedWhenResumed]
02-27 02:17:03.542 10054  2659  2659 D b/260135164: updateIconAlphaForHome - setIconsAlpha(1), isTaskbarPresent: true
02-27 02:17:03.545  1000  4419  4419 D ActivityEmbeddingUtils: isEmbeddingActivityEnabled = true
02-27 02:17:03.546  root  1138  1138 E ANDR-PERF-MPCTL: ANDR-PERF-MPCTL: internal_perf_lock_acq_verification() 386: Perflock Submit request limit reached.
02-27 02:17:03.556  1000  4419  4419 D SettingsActivity: Starting onCreate
02-27 02:17:03.564 10054  2659  2659 D b/260135164: updateIconAlphaForHome - setIconsAlpha(1), isTaskbarPresent: true
02-27 02:17:03.567  1000  4419  4419 D SettingsActivity: Starting to set activity title
02-27 02:17:03.567  1000  4419  4419 D SettingsActivity: Done setting title
02-27 02:17:03.567  1000  4419  4419 D SettingsActivity: Switching to fragment com.android.settings.network.NetworkDashboardFragment
02-27 02:17:03.567  root  1138  1138 E ANDR-PERF-MPCTL: ANDR-PERF-MPCTL: internal_perf_lock_acq_verification() 386: Perflock Submit request limit reached.
02-27 02:17:03.586 10054  2659  2659 D b/260135164: updateIconAlphaForHome - setIconsAlpha(1), isTaskbarPresent: true
02-27 02:17:03.590  root  1138  1138 E ANDR-PERF-MPCTL: ANDR-PERF-MPCTL: internal_perf_lock_acq_verification() 386: Perflock Submit request limit reached.
02-27 02:17:03.594  1000  4419  4419 D MobileNetworkDatabase: createDatabase.
02-27 02:17:03.595  1000  4419  4419 W SettingsMetricsFeature: action(Pair<Integer, Object>... taggedData) is deprecated, Use action(int, int, int, String, int) instead.
02-27 02:17:03.595  1000  4419  4419 W ElapsedTimeUtils: getElapsedTime: sSuwFinishedTimeStamp is null
02-27 02:17:03.595  1000  4419  4419 I sysui_multi_action: [757,1964,758,4]
02-27 02:17:03.598  1000  4419  4419 I TetheringManager: registerTetheringEventCallback:com.android.settings
02-27 02:17:03.599  1000  4419  4419 W ContextImpl: Calling a method in the system process without a qualified user: android.app.ContextImpl.startService:1899 android.content.ContextWrapper.startService:825 com.android.settings.network.NetworkDashboardFragment.buildPreferenceControllers:130 com.android.settings.network.NetworkDashboardFragment.createPreferenceControllers:91 com.android.settings.dashboard.DashboardFragment.onAttach:97 
02-27 02:17:03.602  1000  4419  4419 D PrefCtrlListHelper: Could not find Context-only controller for pref: com.android.settings.network.AirplaneModePreferenceController
02-27 02:17:03.603  1000  4419  4419 D PrefCtrlListHelper: Could not find Context-only controller for pref: com.android.settings.network.AllInOneTetherPreferenceController
02-27 02:17:03.603  1000  4419  4419 D PrefCtrlListHelper: Could not find Context-only controller for pref: com.android.settings.network.AdaptiveConnectivityPreferenceController
02-27 02:17:03.604  1000  4419  4419 D MobilePlanPrefContr: onCreate: mMobilePlanDialogMessage=null
02-27 02:17:03.606  1000  4419  4419 D BluetoothPan: Binding service...
02-27 02:17:03.607  1000  1855  4412 W BluetoothManagerService: Cannot bind profile: 5, not in supported profiles list
02-27 02:17:03.608  1000  4419  4419 D BluetoothPan: Binding service...
02-27 02:17:03.608  1000  1855  4412 W BluetoothManagerService: Cannot bind profile: 5, not in supported profiles list
02-27 02:17:03.608 10054  2659  2659 D b/260135164: updateIconAlphaForHome - setIconsAlpha(1), isTaskbarPresent: true
02-27 02:17:03.610  1000  4419  4419 D SettingsActivity: MetricsCategory is 746
02-27 02:17:03.610  1000  1855  2443 E UserRestrictionsUtils: Unknown restriction queried by uid 1000 (com.android.providers.settings et al): null
02-27 02:17:03.611  1000  1855  4412 E UserRestrictionsUtils: Unknown restriction queried by uid 1000 (com.android.providers.settings et al): null
02-27 02:17:03.611  root  1138  1138 E ANDR-PERF-MPCTL: ANDR-PERF-MPCTL: internal_perf_lock_acq_verification() 386: Perflock Submit request limit reached.
02-27 02:17:03.622  1000  4419  4419 D NetworkDashboardFrag: NO dashboard tiles for NetworkDashboardFrag
02-27 02:17:03.622  1000  4419  4419 D NetworkDashboardFrag: All preferences added, reporting fully drawn
02-27 02:17:03.624  1000  4419  4419 D SettingsActivity: Executed frag manager pendingTransactions
02-27 02:17:03.625  1000  4419  4419 D SettingsActivity: MetricsCategory is 746
02-27 02:17:03.626  1000  4419  4419 I wm_on_create_called: [89446658,com.android.settings.Settings$NetworkDashboardActivity,performCreate,82]
02-27 02:17:03.631 10054  2659  2659 D b/260135164: updateIconAlphaForHome - setIconsAlpha(1), isTaskbarPresent: true
02-27 02:17:03.635  root  1138  1138 E ANDR-PERF-MPCTL: ANDR-PERF-MPCTL: internal_perf_lock_acq_verification() 386: Perflock Submit request limit reached.
02-27 02:17:03.638  1000  1855  2406 D ConnectivityService: requestNetwork for uid/pid:1000/4419 activeRequest: null callbackRequest: 83 [NetworkRequest [ REQUEST id=84, [ Capabilities: INTERNET&NOT_RESTRICTED&TRUSTED&NOT_VCN_MANAGED Uid: 1000 RequestorUid: 1000 RequestorPkg: com.android.settings UnderlyingNetworks: Null] ]] callback flags: 0 order: 2147483647
02-27 02:17:03.639  1000  4419  4419 D CompatibilityChangeReporter: Compat change id reported: 147600208; UID 1000; state: ENABLED
02-27 02:17:03.641  1000  4419  4419 I TetheringManager: registerTetheringEventCallback caller:com.android.settings
02-27 02:17:03.642  1000  1855  2282 D WifiNetworkFactory: got request NetworkRequest [ REQUEST id=84, [ Capabilities: INTERNET&NOT_RESTRICTED&TRUSTED&NOT_VCN_MANAGED Uid: 1000 RequestorUid: 1000 RequestorPkg: com.android.settings UnderlyingNetworks: Null] ]
02-27 02:17:03.643  1000  4419  4419 I wm_on_start_called: [89446658,com.android.settings.Settings$NetworkDashboardActivity,handleStartActivity,16]
02-27 02:17:03.643  1000  4419  4419 I snet_event_log: [120484087,-1,]
02-27 02:17:03.644  1000  1855  2282 D UntrustedWifiNetworkFactory: got request NetworkRequest [ REQUEST id=84, [ Capabilities: INTERNET&NOT_RESTRICTED&TRUSTED&NOT_VCN_MANAGED Uid: 1000 RequestorUid: 1000 RequestorPkg: com.android.settings UnderlyingNetworks: Null] ]
02-27 02:17:03.644  1000  1855  2282 D OemPaidWifiNetworkFactory: got request NetworkRequest [ REQUEST id=84, [ Capabilities: INTERNET&NOT_RESTRICTED&TRUSTED&NOT_VCN_MANAGED Uid: 1000 RequestorUid: 1000 RequestorPkg: com.android.settings UnderlyingNetworks: Null] ]
02-27 02:17:03.645  1000  1855  2282 D MultiInternetWifiNetworkFactory: got request NetworkRequest [ REQUEST id=84, [ Capabilities: INTERNET&NOT_RESTRICTED&TRUSTED&NOT_VCN_MANAGED Uid: 1000 RequestorUid: 1000 RequestorPkg: com.android.settings UnderlyingNetworks: Null] ]
02-27 02:17:03.646  1000  1855  2290 D ConnectivityService: NetReassign [84 : null → 100] [c 0] [a 1] [i 6]
02-27 02:17:03.646 radio  2588  2588 D TelephonyNetworkFactory[0]: got request NetworkRequest [ REQUEST id=84, [ Capabilities: INTERNET&NOT_RESTRICTED&TRUSTED&NOT_VCN_MANAGED Uid: 1000 RequestorUid: 1000 RequestorPkg: com.android.settings UnderlyingNetworks: Null] ]
02-27 02:17:03.647  1000  4419  4419 I wm_on_resume_called: [89446658,com.android.settings.Settings$NetworkDashboardActivity,RESUME_ACTIVITY,2]
02-27 02:17:03.647 radio  2588  2588 D TelephonyNetworkFactory[0]: onNeedNetworkFor [NetworkRequest [ REQUEST id=84, [ Capabilities: INTERNET&NOT_RESTRICTED&TRUSTED&NOT_VCN_MANAGED Uid: 1000 RequestorUid: 1000 RequestorPkg: com.android.settings UnderlyingNetworks: Null] ], mPriority=20, state=UNSATISFIED, mAttachedDataNetwork=null, isMetered=true, created time=02:17:03.647, evaluation result=null] shouldApply false
02-27 02:17:03.650  1000  4419  4419 W ElapsedTimeUtils: getElapsedTime: sSuwFinishedTimeStamp is null
02-27 02:17:03.650  1000  4419  4419 I sysui_multi_action: [757,746,758,1,833,0,1089,63]
02-27 02:17:03.651  1000  4419  4443 D SettingsActivity: No enabled state changed, skipping updateCategory call
02-27 02:17:03.652  1000  1855  2443 D ConnectivityService: requestNetwork for uid/pid:1000/4419 activeRequest: null callbackRequest: 86 [NetworkRequest [ REQUEST id=87, [ Capabilities: INTERNET&NOT_RESTRICTED&TRUSTED&NOT_VCN_MANAGED Uid: 1000 RequestorUid: 1000 RequestorPkg: com.android.settings UnderlyingNetworks: Null] ]] callback flags: 0 order: 2147483647
02-27 02:17:03.653 10054  2659  2659 D b/260135164: updateIconAlphaForHome - setIconsAlpha(1), isTaskbarPresent: true
02-27 02:17:03.655  1000  1855  2443 D TelephonyRegistry: listen oscl: mHasNotifySubscriptionInfoChangedOccurred==false no callback
02-27 02:17:03.655  1000  1855  2290 D ConnectivityService: NetReassign [no changes] [c 1] [a 1] [i 4]
02-27 02:17:03.659  root  1138  1138 E ANDR-PERF-MPCTL: ANDR-PERF-MPCTL: internal_perf_lock_acq_verification() 386: Perflock Submit request limit reached.
02-27 02:17:03.659  1000  4419  4456 D SubscriptionUtil: getSelectableSubscriptionInfoList: []
02-27 02:17:03.660  1000  1855  2282 D WifiNetworkFactory: got request NetworkRequest [ REQUEST id=87, [ Capabilities: INTERNET&NOT_RESTRICTED&TRUSTED&NOT_VCN_MANAGED Uid: 1000 RequestorUid: 1000 RequestorPkg: com.android.settings UnderlyingNetworks: Null] ]
02-27 02:17:03.660  1000  1855  2282 D UntrustedWifiNetworkFactory: got request NetworkRequest [ REQUEST id=87, [ Capabilities: INTERNET&NOT_RESTRICTED&TRUSTED&NOT_VCN_MANAGED Uid: 1000 RequestorUid: 1000 RequestorPkg: com.android.settings UnderlyingNetworks: Null] ]
02-27 02:17:03.661  1000  1855  2282 D OemPaidWifiNetworkFactory: got request NetworkRequest [ REQUEST id=87, [ Capabilities: INTERNET&NOT_RESTRICTED&TRUSTED&NOT_VCN_MANAGED Uid: 1000 RequestorUid: 1000 RequestorPkg: com.android.settings UnderlyingNetworks: Null] ]
02-27 02:17:03.661  1000  1855  2282 D MultiInternetWifiNetworkFactory: got request NetworkRequest [ REQUEST id=87, [ Capabilities: INTERNET&NOT_RESTRICTED&TRUSTED&NOT_VCN_MANAGED Uid: 1000 RequestorUid: 1000 RequestorPkg: com.android.settings UnderlyingNetworks: Null] ]
02-27 02:17:03.661  1000  1855  2290 D ConnectivityService: NetReassign [87 : null → 100] [c 0] [a 1] [i 3]
02-27 02:17:03.662 radio  2588  2588 D TelephonyNetworkFactory[0]: got request NetworkRequest [ REQUEST id=87, [ Capabilities: INTERNET&NOT_RESTRICTED&TRUSTED&NOT_VCN_MANAGED Uid: 1000 RequestorUid: 1000 RequestorPkg: com.android.settings UnderlyingNetworks: Null] ]
02-27 02:17:03.663 radio  2588  2588 D TelephonyNetworkFactory[0]: onNeedNetworkFor [NetworkRequest [ REQUEST id=87, [ Capabilities: INTERNET&NOT_RESTRICTED&TRUSTED&NOT_VCN_MANAGED Uid: 1000 RequestorUid: 1000 RequestorPkg: com.android.settings UnderlyingNetworks: Null] ], mPriority=20, state=UNSATISFIED, mAttachedDataNetwork=null, isMetered=true, created time=02:17:03.663, evaluation result=null] shouldApply false
02-27 02:17:03.665  1000  1855  2507 D ConnectivityService: requestNetwork for uid/pid:1000/4419 activeRequest: null callbackRequest: 89 [NetworkRequest [ REQUEST id=90, [ Capabilities: INTERNET&NOT_RESTRICTED&TRUSTED&NOT_VCN_MANAGED Uid: 1000 RequestorUid: 1000 RequestorPkg: com.android.settings UnderlyingNetworks: Null] ]] callback flags: 1 order: 2147483647
02-27 02:17:03.667  1000  1855  2290 D ConnectivityService: NetReassign [no changes] [c 0] [a 0] [i 2]
02-27 02:17:03.668  1000  4419  4456 D SubscriptionUtil: getSelectableSubscriptionInfoList: []
02-27 02:17:03.669  1000  4419  4456 D SubscriptionUtil: getSelectableSubscriptionInfoList: []
02-27 02:17:03.669  1000  1855  2282 D WifiNetworkFactory: got request NetworkRequest [ REQUEST id=90, [ Capabilities: INTERNET&NOT_RESTRICTED&TRUSTED&NOT_VCN_MANAGED Uid: 1000 RequestorUid: 1000 RequestorPkg: com.android.settings UnderlyingNetworks: Null] ]
02-27 02:17:03.670  1000  1855  2282 D UntrustedWifiNetworkFactory: got request NetworkRequest [ REQUEST id=90, [ Capabilities: INTERNET&NOT_RESTRICTED&TRUSTED&NOT_VCN_MANAGED Uid: 1000 RequestorUid: 1000 RequestorPkg: com.android.settings UnderlyingNetworks: Null] ]
02-27 02:17:03.670  1000  1855  2282 D OemPaidWifiNetworkFactory: got request NetworkRequest [ REQUEST id=90, [ Capabilities: INTERNET&NOT_RESTRICTED&TRUSTED&NOT_VCN_MANAGED Uid: 1000 RequestorUid: 1000 RequestorPkg: com.android.settings UnderlyingNetworks: Null] ]
02-27 02:17:03.670  1000  4419  4419 W MobileNetworkUtils: EuiccManager is not enabled.
02-27 02:17:03.670  1000  1855  2282 D MultiInternetWifiNetworkFactory: got request NetworkRequest [ REQUEST id=90, [ Capabilities: INTERNET&NOT_RESTRICTED&TRUSTED&NOT_VCN_MANAGED Uid: 1000 RequestorUid: 1000 RequestorPkg: com.android.settings UnderlyingNetworks: Null] ]
02-27 02:17:03.671  1000  1855  2290 D ConnectivityService: NetReassign [90 : null → 100] [c 0] [a 1] [i 2]
02-27 02:17:03.671 radio  2588  2588 D TelephonyNetworkFactory[0]: got request NetworkRequest [ REQUEST id=90, [ Capabilities: INTERNET&NOT_RESTRICTED&TRUSTED&NOT_VCN_MANAGED Uid: 1000 RequestorUid: 1000 RequestorPkg: com.android.settings UnderlyingNetworks: Null] ]
02-27 02:17:03.672 radio  2588  2588 D TelephonyNetworkFactory[0]: onNeedNetworkFor [NetworkRequest [ REQUEST id=90, [ Capabilities: INTERNET&NOT_RESTRICTED&TRUSTED&NOT_VCN_MANAGED Uid: 1000 RequestorUid: 1000 RequestorPkg: com.android.settings UnderlyingNetworks: Null] ], mPriority=20, state=UNSATISFIED, mAttachedDataNetwork=null, isMetered=true, created time=02:17:03.672, evaluation result=null] shouldApply false
02-27 02:17:03.675 10054  2659  2659 D b/260135164: updateIconAlphaForHome - setIconsAlpha(1), isTaskbarPresent: true
02-27 02:17:03.677  1000  4419  4419 D CategoryMixin: Skip categories update
02-27 02:17:03.678  root  1138  1138 E ANDR-PERF-MPCTL: ANDR-PERF-MPCTL: internal_perf_lock_acq_verification() 386: Perflock Submit request limit reached.
02-27 02:17:03.683  1000  4419  4419 D ActivityEmbeddingUtils: isEmbeddingActivityEnabled = true
02-27 02:17:03.686  1000  4419  4419 D BatteryBroadcastRcvr: updateBatteryStatus: action=android.intent.action.BATTERY_CHANGED
02-27 02:17:03.687  1000  4419  4419 D BatteryBroadcastRcvr: Battery changed: level: 99%| status: Charging slowly| chargingStatus: 0| health: 2
02-27 02:17:03.687  1000  4419  4419 D TopLvBatteryPrefControl: getBatteryInfo: com.android.settings.fuelgauge.BatteryInfo@e315146
02-27 02:17:03.687  1000  4419  4419 D TopLvBatteryPrefControl: getDashboardLabel: null batteryStatusUpdate=true
02-27 02:17:03.689  1000  4419  4419 D TopLvBatteryPrefControl: usbPort: UsbPort{id=port0, supportedModes=dual, audio_acc, supportedContaminantProtectionModes=0, supportsEnableContaminantPresenceProtection=false, supportsEnableContaminantPresenceDetection=false, supportsComplianceWarnings=false
02-27 02:17:03.690  1000  4419  4419 D BatteryInfo: time for callback: 3ms
02-27 02:17:03.692  1000  1855  2507 D CompatibilityChangeReporter: Compat change id reported: 261072174; UID 1000; state: ENABLED
02-27 02:17:03.694  1000  1855  2507 D CoreBackPreview: Window{ca188f1 u0 com.android.settings/com.android.settings.Settings}: Setting back callback OnBackInvokedCallbackInfo{mCallback=android.window.IOnBackInvokedCallback$Stub$Proxy@acd307a, mPriority=-1, mIsAnimationCallback=false}
02-27 02:17:03.697 10054  2659  2659 D b/260135164: updateIconAlphaForHome - setIconsAlpha(1), isTaskbarPresent: true
02-27 02:17:03.700  root  1138  1138 E ANDR-PERF-MPCTL: ANDR-PERF-MPCTL: internal_perf_lock_acq_verification() 386: Perflock Submit request limit reached.
02-27 02:17:03.721 10054  2659  2659 D b/260135164: updateIconAlphaForHome - setIconsAlpha(1), isTaskbarPresent: true
02-27 02:17:03.724  root  1138  1138 E ANDR-PERF-MPCTL: ANDR-PERF-MPCTL: internal_perf_lock_acq_verification() 386: Perflock Submit request limit reached.
02-27 02:17:03.736  1000  1855  1920 I input_focus: [Focus request ca188f1 com.android.settings/com.android.settings.Settings,reason=UpdateInputWindows]
02-27 02:17:03.738  1000  4419  4437 I AdrenoGLES-0: QUALCOMM build                   : 64bab644ca, I204cbc9b5e
02-27 02:17:03.738  1000  4419  4437 I AdrenoGLES-0: Build Date                       : 11/20/23
02-27 02:17:03.738  1000  4419  4437 I AdrenoGLES-0: OpenGL ES Shader Compiler Version: EV031.36.08.26
02-27 02:17:03.738  1000  4419  4437 I AdrenoGLES-0: Local Branch                     : 
02-27 02:17:03.738  1000  4419  4437 I AdrenoGLES-0: Remote Branch                    : refs/tags/AU_LINUX_ANDROID_LA.VENDOR.1.0.11.00.00.766.892
02-27 02:17:03.738  1000  4419  4437 I AdrenoGLES-0: Remote Branch                    : NONE
02-27 02:17:03.738  1000  4419  4437 I AdrenoGLES-0: Reconstruct Branch               : NOTHING
02-27 02:17:03.738  1000  4419  4437 I AdrenoGLES-0: Build Config                     : S P 12.1.1 AArch64
02-27 02:17:03.738  1000  4419  4437 I AdrenoGLES-0: Driver Path                      : /vendor/lib64/egl/libGLESv2_adreno.so
02-27 02:17:03.738  1000  4419  4437 I AdrenoGLES-0: Driver Version                   : 0615.77
02-27 02:17:03.742 10054  2659  2659 D b/260135164: updateIconAlphaForHome - setIconsAlpha(1), isTaskbarPresent: true
02-27 02:17:03.743  1000  4419  4437 I AdrenoGLES-0: PFP: 0x016ee206, ME: 0x00000000
02-27 02:17:03.746  root  1138  1138 E ANDR-PERF-MPCTL: ANDR-PERF-MPCTL: internal_perf_lock_acq_verification() 386: Perflock Submit request limit reached.
02-27 02:17:03.760  1000  4419  4437 E OpenGLRenderer: Unable to match the desired swap behavior.
02-27 02:17:03.764 10054  2659  2659 D b/260135164: updateIconAlphaForHome - setIconsAlpha(1), isTaskbarPresent: true
02-27 02:17:03.768  root  1138  1138 E ANDR-PERF-MPCTL: ANDR-PERF-MPCTL: internal_perf_lock_acq_verification() 386: Perflock Submit request limit reached.
02-27 02:17:03.786 10054  2659  2659 D b/260135164: updateIconAlphaForHome - setIconsAlpha(1), isTaskbarPresent: true
02-27 02:17:03.788  root  1138  1138 E ANDR-PERF-MPCTL: ANDR-PERF-MPCTL: internal_perf_lock_acq_verification() 386: Perflock Submit request limit reached.
