12-18 07:32:33.826  root  1138  1138 E ANDR-PERF-MPCTL: ANDR-PERF-MPCTL: internal_perf_lock_acq_verification() 386: Perflock Submit request limit reached.
12-18 07:32:33.848  root  1138  1138 E ANDR-PERF-MPCTL: ANDR-PERF-MPCTL: internal_perf_lock_acq_verification() 386: Perflock Submit request limit reached.
12-18 07:32:33.870  root  1138  1138 E ANDR-PERF-MPCTL: ANDR-PERF-MPCTL: internal_perf_lock_acq_verification() 386: Perflock Submit request limit reached.
12-18 07:32:33.892  root  1138  1138 E ANDR-PERF-MPCTL: ANDR-PERF-MPCTL: internal_perf_lock_acq_verification() 386: Perflock Submit request limit reached.
12-18 07:32:33.914  root  1138  1138 E ANDR-PERF-MPCTL: ANDR-PERF-MPCTL: internal_perf_lock_acq_verification() 386: Perflock Submit request limit reached.
12-18 07:32:33.916  1000  2600  2600 W ElapsedTimeUtils: getElapsedTime: sSuwFinishedTimeStamp is null
12-18 07:32:33.917  1000  2600  2600 I sysui_multi_action: [757,135,758,4,759,0]
12-18 07:32:33.918  1000  1855  2406 I WifiService: stopRestrictingAutoJoinToSubscriptionId uid=1000
12-18 07:32:33.919  1041  1179  1179 W AudioFlinger: The package name(android) provided does not correspond to the uid 1041
12-18 07:32:33.924  1041  1066  2302 I EffectsFactory: EffectCreate() create_effect
12-18 07:32:33.924  1041  1066  2302 V DlbVolumeListener: Create Dolby Listener Effect.
12-18 07:32:33.924  1041  1066  2302 V DlbVolumeListener: create CREATED_CONTEXT 0xb400007d92415b60 sessionId 137 ioId 13
12-18 07:32:33.924  1041  1066  2302 I DlbVolumeListener: create() Created effect System Listener
12-18 07:32:33.924  1041  1066  2302 V DlbVolumeListener: effectGetDescriptor
12-18 07:32:33.924  1041  1066  2302 I DlbVolumeListener: effectGetDescriptor() Returning descriptor for System Listener
12-18 07:32:33.925  1041  1066  2302 V DlbVolumeListener: effectGetDescriptor
12-18 07:32:33.925  1041  1066  2302 I DlbVolumeListener: effectGetDescriptor() Returning descriptor for System Listener
12-18 07:32:33.925  1041  1066  1140 V DlbVolumeListener: effectCommand
12-18 07:32:33.926  1041  1066  1140 V DlbVolumeListener: effectCommand :: Command EFFECT_CMD_INIT
12-18 07:32:33.926  1041  1066  1140 V DlbVolumeListener: effectCommand
12-18 07:32:33.926  1041  1066  1140 D DlbVolumeListener: effectCommand :: Command EFFECT_CMD_OFFLOAD offload=0 ioHandle=13
12-18 07:32:33.926  1041  1066  1140 V DlbVolumeListener: effectCommand
12-18 07:32:33.926  1041  1066  1140 V DlbVolumeListener: effectCommand :: Command EFFECT_CMD_SET_CONFIG
12-18 07:32:33.927  1041  1066  1139 V DlbVolumeListener: effectCommand
12-18 07:32:33.927  1041  1066  1139 V DlbVolumeListener: effectCommand :: Command EFFECT_CMD_SET_CONFIG
12-18 07:32:33.928  1041  1066  1139 V DlbVolumeListener: effectCommand
12-18 07:32:33.930  1041  1179  1179 D audioserver: FGS Logger Transaction failed
12-18 07:32:33.930  1041  1179  1179 D audioserver: -129
12-18 07:32:33.933  1041  1066  1139 V DlbVolumeListener: effectCommand
12-18 07:32:33.933  1041  1066  1139 V DlbVolumeListener: effectCommand :: Command EFFECT_CMD_ENABLE
12-18 07:32:33.933  root  1138  1138 E ANDR-PERF-MPCTL: ANDR-PERF-MPCTL: internal_perf_lock_acq_verification() 386: Perflock Submit request limit reached.
12-18 07:32:33.934  1041  1066  4070 E AHAL: AudioExtn: audio_extn_perf_lock_acquire: 897: Failed to acquire perf lock, err: -1
12-18 07:32:33.934  1041  1066  4070 D AHAL: AudioStream: AutoPerfLock: 130: (Acquired) perf_lock_handle: 0xffffffff, count: 1
12-18 07:32:33.934  1041  1066  4070 I AHAL: AudioStream: Open: 2626: Enter: OutPrimary usecase(1: low-latency-playback)
12-18 07:32:33.934  1041  1066  4070 D AHAL: AudioStream: Open: 2632: no_of_devices 1
12-18 07:32:33.934  1041  1066  4070 D AHAL: AudioStream: Open: 2687: halInputFormat 1 halOutputFormat 1 palformat 1
12-18 07:32:33.934  1041  1066  4070 I PAL: ResourceManager: getParameter: 8147: get parameter for HIFI PCM Filter
12-18 07:32:33.934  1041  1066  4070 D AHAL: AudioCust: audio_cust_set_paldevice_custkey: 173: custom_key: 
12-18 07:32:33.934  1041  1066  4070 E AHAL: AudioStream: mmi_test : audio_cust_set_paldevice_custkey !
12-18 07:32:33.934  1041  1066  4070 D AHAL: AudioStream: Open: 2752: channels 2 samplerate 48000 format id 1, stream type 1  stream bitwidth 16
12-18 07:32:33.934  1041  1066  4070 D AHAL: AudioStream: Open: 2753: msample_rate 0 mchannels 0 mNoOfOutDevices 1
12-18 07:32:33.934  1041  1066  4070 I PAL: API: pal_stream_open: 160: Enter, stream type:1
12-18 07:32:33.934  1041  1066  4070 I PAL: ResourceManager: isStreamSupported: 2398: config suppported
12-18 07:32:33.934  1041  1066  4070 I PAL: ResourceManager: getActiveStream_l: 5100: no active streams found for device 3 ret -2
12-18 07:32:33.934  1041  1066  4070 I PAL: Device: setDeviceAttributes: 302: DeviceAttributes for Device Id 3 updated
12-18 07:32:33.934  1041  1066  4070 I PAL: ResourceManager: allocateFrontEndIds: 5992: allocateFrontEndIds: front end 117
12-18 07:32:33.934  1041  1066  4070 I PAL: PayloadBuilder: populateStreamKV: 2545: stream type 1
12-18 07:32:33.934  1041  1066  4070 I PAL: PayloadBuilder: getSelectorValues: 2373: Direction: 1
12-18 07:32:33.934  1041  1066  4070 I PAL: PayloadBuilder: getSelectorValues: 2389: Instance: 1
12-18 07:32:33.934  1041  1066  4070 I PAL: PayloadBuilder: findKVs: 2263: key: 0xa1000000 value: 0xa100000e
12-18 07:32:33.934  1041  1066  4070 I PAL: PayloadBuilder: findKVs: 2263: key: 0xab000000 value: 0x1
12-18 07:32:33.934  1041  1066  4070 I PAL: PayloadBuilder: populateDeviceKV: 2659: Enter device id:3
12-18 07:32:33.934  1041  1066  4070 I PAL: PayloadBuilder: findKVs: 2276: key: 0xa2000000 value: 0xa2000001
12-18 07:32:33.934  1041  1066  4070 I PAL: PayloadBuilder: populateDeviceKV: 2687: Exit device id:3, status 0
12-18 07:32:33.934  1041  1066  4070 I PAL: PayloadBuilder: populateDevicePPKV: 2801: Rx device id:3
12-18 07:32:33.934  1041  1066  4070 I PAL: PayloadBuilder: getSelectorValues: 2443: stream type: 1
12-18 07:32:33.934  1041  1066  4070 I PAL: PayloadBuilder: findKVs: 2263: key: 0xa2000000 value: 0xa2000001
12-18 07:32:33.934  1041  1066  4070 I PAL: PayloadBuilder: findKVs: 2263: key: 0xac000000 value: 0xac000002
12-18 07:32:33.934  1041  1066  4070 I PAL: PayloadBuilder: populateDevicePPCkv: 2942: SpeakerProt Status[0], RAS Status[0]
12-18 07:32:33.934  1041  1066  4070 I PAL: SessionAlsaUtils: open: 466: SessionAlsaUtils::open enter
12-18 07:32:33.934  1041  1066  4070 I PAL: ResourceManager: setAwinicSpkMode: 4940: Awinic set spk mode enter!
12-18 07:32:33.934  1041  1066  4070 I PAL: ResourceManager: setAwinicSpkMode: 4941: Awinic sAsst.type,1 !
12-18 07:32:33.934  1041  1066  4070 I PAL: PayloadBuilder: populateAwCalKeyVector: 3185: Awinic populateAwCalKeyVector enter
12-18 07:32:33.934  1041  1066  4070 I PAL: PayloadBuilder: populateAwCalKeyVector: 3219: Awinic set aw spk mode 1
12-18 07:32:33.935  1041  1066  4070 I AGM: device: device_set_metadata: 691 Setting device metadata for TDM-LPAIF_VA-RX-PRIMARY
12-18 07:32:33.935  1041  1066  4070 D AGM: metadata: metadata_print: 79 *************************Metadata*************************
12-18 07:32:33.935  1041  1066  4070 D AGM: metadata: metadata_print: 80 GKV size:1
12-18 07:32:33.935  1041  1066  4070 D AGM: metadata: metadata_print: 83 key:0xa2000000, value:0xa2000001 
12-18 07:32:33.935  1041  1066  4070 D AGM: metadata: metadata_print: 87 
12-18 07:32:33.935  1041  1066  4070 D AGM: metadata: CKV count:0
12-18 07:32:33.935  1041  1066  4070 D AGM: metadata: metadata_print: 92 
12-18 07:32:33.935  1041  1066  4070 D AGM: metadata: metadata_print: 94 Property ID:134217744
12-18 07:32:33.935  1041  1066  4070 D AGM: metadata: metadata_print: 95 property count:2
12-18 07:32:33.935  1041  1066  4070 D AGM: metadata: metadata_print: 98 Property Values: 
12-18 07:32:33.935  1041  1066  4070 D AGM: metadata: metadata_print: 100 0x2 
12-18 07:32:33.935  1041  1066  4070 D AGM: metadata: metadata_print: 100 0x5 
12-18 07:32:33.935  1041  1066  4070 D AGM: metadata: metadata_print: 102 
12-18 07:32:33.935  1041  1066  4070 D AGM: metadata: metadata_print: 103 ****************Metadata Done***************************
12-18 07:32:33.935  1041  1066  4070 D AGM: metadata: 
12-18 07:32:33.935  1041  1066  4070 D agm_server_wrapper: Aif id 22 already added to session list of 117
12-18 07:32:33.935  1041  1066  4070 I AGM: session: session_obj_set_sess_aif_metadata: 1753 Setting metadata for sess aif id 22
12-18 07:32:33.935  1041  1066  4070 D AGM: metadata: metadata_print: 79 *************************Metadata*************************
12-18 07:32:33.935  1041  1066  4070 D AGM: metadata: metadata_print: 80 GKV size:2
12-18 07:32:33.935  1041  1066  4070 D AGM: metadata: metadata_print: 83 key:0xa2000000, value:0xa2000001 
12-18 07:32:33.935  1041  1066  4070 D AGM: metadata: metadata_print: 83 key:0xac000000, value:0xac000002 
12-18 07:32:33.935  1041  1066  4070 D AGM: metadata: metadata_print: 87 
12-18 07:32:33.935  1041  1066  4070 D AGM: metadata: CKV count:2
12-18 07:32:33.935  1041  1066  4070 D AGM: metadata: metadata_print: 90 key:0xd2000000, value:0x0 
12-18 07:32:33.935  1041  1066  4070 D AGM: metadata: metadata_print: 90 key:0xf0000000, value:0x1 
12-18 07:32:33.935  1041  1066  4070 D AGM: metadata: metadata_print: 92 
12-18 07:32:33.935  1041  1066  4070 D AGM: metadata: metadata_print: 94 Property ID:134217744
12-18 07:32:33.935  1041  1066  4070 D AGM: metadata: metadata_print: 95 property count:1
12-18 07:32:33.935  1041  1066  4070 D AGM: metadata: metadata_print: 98 Property Values: 
12-18 07:32:33.935  1041  1066  4070 D AGM: metadata: metadata_print: 100 0x3 
12-18 07:32:33.935  1041  1066  4070 D AGM: metadata: metadata_print: 102 
12-18 07:32:33.935  1041  1066  4070 D AGM: metadata: metadata_print: 103 ****************Metadata Done***************************
12-18 07:32:33.935  1041  1066  4070 D AGM: metadata: 
12-18 07:32:33.935  1041  1066  4070 I AGM: session: session_obj_set_sess_aif_metadata: 1773 Exit
12-18 07:32:33.935  1041  1066  4070 D agm_server_wrapper: Aif id 22 already added to session list of 117
12-18 07:32:33.935  1041  1066  4070 I AGM: API: agm_session_aif_connect: 603 connecting aifid:22 with session id=117
12-18 07:32:33.935  1041  1066  4070 I PAL: SessionAlsaUtils: setDeviceMediaConfig: 971: TDM-LPAIF_VA-RX-PRIMARY rate ch fmt data_fmt 48000 4 10 1
12-18 07:32:33.935  1041  1066  4070 E PAL: Device: open: 404: open: Snd device is speaker
12-18 07:32:33.935  1041  1066  4070 E PAL: Device: open: 418: open: Snd device now is speaker
12-18 07:32:33.935  1041  1066  4070 D audio_route: Apply path: speaker
12-18 07:32:33.936  1041  1066  4070 I PAL: Device: open: 426: Exit. deviceCount 1 for device id 3 (PAL_DEVICE_OUT_SPEAKER), exit status: 0
12-18 07:32:33.936  1041  1066  4070 I PAL: ResourceManager: GetConcurrencyInfo: 4434: stream type 1 Tx conc 0, Rx conc 0, concurrency allowed
12-18 07:32:33.936  1041  1066  4070 I PAL: ResourceManager: GetConcurrencyInfo: 4434: stream type 1 Tx conc 0, Rx conc 0, concurrency allowed
12-18 07:32:33.936  1041  1066  4070 I PAL: ResourceManager: GetConcurrencyInfo: 4434: stream type 1 Tx conc 0, Rx conc 0, concurrency allowed
12-18 07:32:33.936  1041  1066  4070 I PAL: API: pal_stream_open: 196: Exit. Value of stream_handle 0xb400007da241f130K, status 0
12-18 07:32:33.936  1041  1066  4070 D AHAL: AudioStream: GetBufferSize: 2581: type 1
12-18 07:32:33.936  1041  1066  4070 D AHAL: AudioStream: Open: 2887: fragment_size_ 768 fragments_ 2
12-18 07:32:33.936  1041  1066  4070 D AHAL: AudioStream: Open: 2917: Exit ret: 0
12-18 07:32:33.936  1041  1066  4070 D AHAL: AudioStream: ~AutoPerfLock: 140: (release) perf_lock_handle: 0xffffffff, count: 1
12-18 07:32:33.936  1041  1066  4070 D AHAL: AudioStream: ~AutoPerfLock: 144: Releasing perf_lock_handle: 0xffffffff
12-18 07:32:33.936  1041  1066  4070 E AHAL: AudioExtn: audio_extn_perf_lock_release: 908: Perf lock release error
12-18 07:32:33.936  root  1138  1138 E ANDR-PERF-MPCTL: ANDR-PERF-MPCTL: internal_perf_lock_acq_verification() 386: Perflock Submit request limit reached.
12-18 07:32:33.936  1041  1066  4070 E AHAL: AudioExtn: audio_extn_perf_lock_acquire: 897: Failed to acquire perf lock, err: -1
12-18 07:32:33.936  1041  1066  4070 D AHAL: AudioStream: AutoPerfLock: 130: (Acquired) perf_lock_handle: 0xffffffff, count: 1
12-18 07:32:33.936  1041  1066  4070 I PAL: API: pal_stream_start: 260: Enter. Stream handle 0xb400007da241f130K
12-18 07:32:33.936  1041  1066  4070 I PAL: SessionAlsaUtils: setDeviceMediaConfig: 971: TDM-LPAIF_VA-RX-PRIMARY rate ch fmt data_fmt 48000 4 10 1
12-18 07:32:33.936  1041  1066  4070 E PAL: ResourceManager: voteSleepMonitor: 1401: ioctl device is not open
12-18 07:32:33.937  root  1138  1138 E ANDR-PERF-MPCTL: ANDR-PERF-MPCTL: internal_perf_lock_acq_verification() 386: Perflock Submit request limit reached.
12-18 07:32:33.939  1041  1066  4070 D agm_client_wrapper: agm_session_open called with handle = bfe6ae60 , *handle = 0
12-18 07:32:33.944  1041  1066  4070 D AGM: graph: graph_open: 561 entry
12-18 07:32:33.944  1041  1066  4070 D AGM: metadata: metadata_print: 79 *************************Metadata*************************
12-18 07:32:33.944  1041  1066  4070 D AGM: metadata: metadata_print: 80 GKV size:4
12-18 07:32:33.944  1041  1066  4070 D AGM: metadata: metadata_print: 83 key:0xa1000000, value:0xa100000e 
12-18 07:32:33.944  1041  1066  4070 D AGM: metadata: metadata_print: 83 key:0xab000000, value:0x1 
12-18 07:32:33.944  1041  1066  4070 D AGM: metadata: metadata_print: 83 key:0xa2000000, value:0xa2000001 
12-18 07:32:33.944  1041  1066  4070 D AGM: metadata: metadata_print: 83 key:0xac000000, value:0xac000002 
12-18 07:32:33.944  1041  1066  4070 D AGM: metadata: metadata_print: 87 
12-18 07:32:33.944  1041  1066  4070 D AGM: metadata: CKV count:3
12-18 07:32:33.944  1041  1066  4070 D AGM: metadata: metadata_print: 90 key:0xa4000000, value:0xf 
12-18 07:32:33.944  1041  1066  4070 D AGM: metadata: metadata_print: 90 key:0xd2000000, value:0x0 
12-18 07:32:33.944  1041  1066  4070 D AGM: metadata: metadata_print: 90 key:0xf0000000, value:0x1 
12-18 07:32:33.944  1041  1066  4070 D AGM: metadata: metadata_print: 92 
12-18 07:32:33.944  1041  1066  4070 D AGM: metadata: metadata_print: 94 Property ID:134217744
12-18 07:32:33.944  1041  1066  4070 D AGM: metadata: metadata_print: 95 property count:4
12-18 07:32:33.944  1041  1066  4070 D AGM: metadata: metadata_print: 98 Property Values: 
12-18 07:32:33.944  1041  1066  4070 D AGM: metadata: metadata_print: 100 0x1 
12-18 07:32:33.944  1041  1066  4070 D AGM: metadata: metadata_print: 100 0x3 
12-18 07:32:33.944  1041  1066  4070 D AGM: metadata: metadata_print: 100 0x2 
12-18 07:32:33.944  1041  1066  4070 D AGM: metadata: metadata_print: 100 0x5 
12-18 07:32:33.944  1041  1066  4070 D AGM: metadata: metadata_print: 102 
12-18 07:32:33.944  1041  1066  4070 D AGM: metadata: metadata_print: 103 ****************Metadata Done***************************
12-18 07:32:33.944  1041  1066  4070 D AGM: metadata: 
12-18 07:32:33.944  1041  1066  4070 E ACDB    : AcdbCmdGetGraphAlias:4153 Error[19]: Graph Alias chunk data does not exist. Is it enabled?.
12-18 07:32:33.944  1041  1066  4070 E gsl     : gsl_get_graph_alias:2198 acdb get graph alias failed 19, len 255
12-18 07:32:33.944  1041  1066  4070 D AGM: graph: print_graph_alias: 2239 gsl_get_graph_alias failed: ret = 19
12-18 07:32:33.944  1041  1066  4070 D AGM: graph: graph_open: 641 miid 40bd mid 7001000 tag c0000002
12-18 07:32:33.944  1041  1066  4070 D AGM: graph: graph_open: 689 miid 42e4 mid 700100e tag c0000004
12-18 07:32:33.944  1041  1066  4070 D AGM: graph: graph_open: 641 miid 40c4 mid 7001019 tag c0000006
12-18 07:32:33.944  1041  1066  4070 D AGM: graph: graph_open: 641 miid 40bf mid 7001005 tag c000000e
12-18 07:32:33.944  1041  1066  4070 D AGM: graph: graph_open: 641 miid 40c0 mid 7001003 tag c0000010
12-18 07:32:33.944  1041  1066  4070 D AGM: graph: graph_open: 641 miid 4165 mid 7001032 tag c0000013
12-18 07:32:33.944  1041  1066  4070 I GPR:    : __gpr_cmd_register_v2:902 GPR Register: Source Port is 8208 heap_index: 0
12-18 07:32:33.944  1041  1066  4070 I gsl     : gsl_graph_open_sgids_and_connections:2725 num_sgid= 4
12-18 07:32:33.944  1041  1066  4070 I gsl     : gsl_graph_open_sgids_and_connections:2726 sg list:
12-18 07:32:33.944  1041  1066  4070 I gsl     : gsl_graph_open_sgids_and_connections:2728 b0000002
12-18 07:32:33.944  1041  1066  4070 I gsl     : gsl_graph_open_sgids_and_connections:2728 b0000025
12-18 07:32:33.944  1041  1066  4070 I gsl     : gsl_graph_open_sgids_and_connections:2728 b0000024
12-18 07:32:33.944  1041  1066  4070 I gsl     : gsl_graph_open_sgids_and_connections:2728 b0000023
12-18 07:32:33.945  1041  1066  4070 I gsl     : gsl_print_sg_conn_info:180 num_sg_conn = 3
12-18 07:32:33.945  1041  1066  4070 I gsl     : gsl_print_sg_conn_info:182 sg b0000025 has 1 children:
12-18 07:32:33.945  1041  1066  4070 I gsl     : gsl_print_sg_conn_info:185 b0000002, 
12-18 07:32:33.945  1041  1066  4070 I gsl     : gsl_print_sg_conn_info:182 sg b0000024 has 1 children:
12-18 07:32:33.945  1041  1066  4070 I gsl     : gsl_print_sg_conn_info:185 b0000025, 
12-18 07:32:33.945  1041  1066  4070 I gsl     : gsl_print_sg_conn_info:182 sg b0000023 has 1 children:
12-18 07:32:33.945  1041  1066  4070 I gsl     : gsl_print_sg_conn_info:185 b0000024, 
12-18 07:32:33.949  1000  1855  2406 I wm_task_moved: [8,8,0,1,2]
12-18 07:32:33.950 media   554  1290 I audioadsprpcd: vendor/qcom/proprietary/adsprpc/src/apps_std_imp.c:984: Successfully opened file /vendor/dsp/adsp/CFCM.so.1
12-18 07:32:33.950  1000  1855  2406 I wm_create_activity: [0,99559673,8,com.android.settings/.SubSettings,android.intent.action.MAIN,NULL,NULL,0]
12-18 07:32:33.954  1000  1855  2406 I wm_set_resumed_activity: [0,com.android.settings/.Settings,startPausingLocked - onActivityStateChanged]
12-18 07:32:33.954  1000  1855  2406 I wm_pause_activity: [0,181213786,com.android.settings/.SubSettings,userLeaving=true,resumeTopActivity]
12-18 07:32:33.954 media   554  1290 I audioadsprpcd: vendor/qcom/proprietary/adsprpc/src/apps_std_imp.c:984: Successfully opened file /vendor/dsp/adsp/SAPlusCmnModule.so.1
12-18 07:32:33.955  1000  1855  2406 E Transition: Trying to add a ready-group twice: Display{#0 state=ON size=1200x2000 ROTATION_0}
12-18 07:32:33.955  1000  1855  2406 I ActivityTaskManager: START u0 {act=android.intent.action.MAIN cmp=com.android.settings/.SubSettings (has extras)} with LAUNCH_MULTIPLE from uid 1000 (BAL_ALLOW_ALLOWLISTED_UID) result code=0
12-18 07:32:33.956  1000  2600  2600 I wm_on_top_resumed_lost_called: [181213786,com.android.settings.SubSettings,topStateChangedWhenResumed]
12-18 07:32:33.956  1000  1855  1920 I input_focus: [Focus request 51d9737 com.android.settings/com.android.settings.Settings,reason=UpdateInputWindows]
12-18 07:32:33.957 10057  2356  2403 V WindowManagerShell: Transition requested: android.os.BinderProxy@da75b79 TransitionRequestInfo { type = OPEN, triggerTask = TaskInfo{userId=0 taskId=8 displayId=0 isRunning=true baseIntent=Intent { act=android.intent.action.MAIN cat=[android.intent.category.LAUNCHER] flg=0x10200000 cmp=com.android.settings/.Settings } baseActivity=ComponentInfo{com.android.settings/com.android.settings.homepage.SettingsHomepageActivity} topActivity=ComponentInfo{com.android.settings/com.android.settings.SubSettings} origActivity=ComponentInfo{com.android.settings/com.android.settings.Settings} realActivity=ComponentInfo{com.android.settings/com.android.settings.homepage.SettingsHomepageActivity} numActivities=4 lastActiveTime=897474 supportsMultiWindow=true resizeMode=1 isResizeable=true minWidth=-1 minHeight=-1 defaultMinSize=220 token=WCT{android.window.IWindowContainerToken$Stub$Proxy@6b700be} topActivityType=1 pictureInPictureParams=null shouldDockBigOverlays=false launchIntoPipHostTaskId=-1 lastParentTaskIdBeforePip=-1 displayCutoutSafeInsets=null topActivityInfo=ActivityInfo{f19651f com.android.settings.SubSettings} launchCookies=[android.os.BinderProxy@866530b] positionInParent=Point(0, 0) parentTaskId=-1 isFocused=true isVisible=true isVisibleRequested=true isSleeping=false topActivityInSizeCompat=false topActivityEligibleForLetterboxEducation= false topActivityLetterboxed= false isFromDoubleTap= false topActivityLetterboxVerticalPosition= -1 topActivityLetterboxHorizontalPosition= -1 topActivityLetterboxWidth=-1 topActivityLetterboxHeight=-1 locusId=null displayAreaFeatureId=1 cameraCompatControlState=hidden}, remoteTransition = null, displayChange = null }
12-18 07:32:33.961  root  1138  1138 E ANDR-PERF-MPCTL: ANDR-PERF-MPCTL: internal_perf_lock_acq_verification() 386: Perflock Submit request limit reached.
12-18 07:32:33.963 radio  2588  2588 D TelephonyNetworkFactory[0]: onReleaseNetworkFor [NetworkRequest [ REQUEST id=69, [ Capabilities: INTERNET&NOT_RESTRICTED&TRUSTED&NOT_VCN_MANAGED Uid: 1000 RequestorUid: 1000 RequestorPkg: com.android.settings UnderlyingNetworks: Null] ], mPriority=20, state=UNSATISFIED, mAttachedDataNetwork=null, isMetered=true, created time=07:32:33.962, evaluation result=null] applied false
12-18 07:32:33.965 radio  2588  2588 D TelephonyNetworkFactory[0]: onReleaseNetworkFor [NetworkRequest [ REQUEST id=67, [ Capabilities: INTERNET&NOT_RESTRICTED&TRUSTED&NOT_VCN_MANAGED Uid: 1000 RequestorUid: 1000 RequestorPkg: com.android.settings UnderlyingNetworks: Null] ], mPriority=20, state=UNSATISFIED, mAttachedDataNetwork=null, isMetered=true, created time=07:32:33.965, evaluation result=null] applied false
12-18 07:32:33.966  1000  2600  2600 W ElapsedTimeUtils: getElapsedTime: sSuwFinishedTimeStamp is null
12-18 07:32:33.967  1000  2600  2600 I sysui_multi_action: [757,103,758,2,1089,7407]
12-18 07:32:33.967  1041  1066  4070 E ACDB    : AcdbCmdGetProcSubgraphCalDataPersist:8416 Error[19]: No calibration found
12-18 07:32:33.967  1041  1066  4070 E ACDB    : AcdbCmdGetProcSubgraphCalDataPersist:8416 Error[19]: No calibration found
12-18 07:32:33.967  1041  1066  4070 E ACDB    : AcdbCmdGetProcSubgraphCalDataPersist:8416 Error[19]: No calibration found
12-18 07:32:33.967  1041  1066  4070 E ACDB    : AcdbCmdGetProcSubgraphCalDataPersist:8416 Error[19]: No calibration found
12-18 07:32:33.967  1041  1066  4070 D AGM: graph: graph_open: 720 graph_handle 0x47534c
12-18 07:32:33.967  1041  1066  4070 D AGM: graph: graph_open: 755 exit, ret 0
12-18 07:32:33.967  1041  1066  4070 D agm_client_wrapper: agm_session_open Received handle = 0x7cbfe6ae60 , *handle = b400007dd2416490
12-18 07:32:33.967  1041  1066  4070 D PLUGIN: pcm: agm_pcm_hw_params: 469 agm_pcm_hw_params: mode: 0
12-18 07:32:33.967  1041  1066  4070 I PAL: Session: updateCustomPayload: 404: customPayloadSize = 32
12-18 07:32:33.967  1041  1066  4070 D AGM: graph: graph_set_config: 1115 entry graph_handle 0x47534c
12-18 07:32:33.968  1041  1066  4070 D AGM: graph: graph_set_config: 1123 exit, graph handle 0x47534c, ret 0
12-18 07:32:33.968  1041  1066  4070 D AGM: graph: graph_prepare: 816 entry graph_handle 0x47534c
12-18 07:32:33.968  1041  1066  4070 D AGM: graph_module: configure_pcm_shared_mem_ep: 1604 entry mod tag c0000002 miid 40bd mid 7001000
12-18 07:32:33.968  1041  1066  4070 D AGM: graph_module: configure_pcm_shared_mem_ep: 1680 exit, ret 0
12-18 07:32:33.968  1041  1066  4070 D AGM: graph_module: configure_hw_ep_media_config: 664 entry mod tag c0000004 miid 42e4 mid 700100e
12-18 07:32:33.968  1041  1066  4070 D AGM: graph_module: configure_hw_ep_media_config: 694 rate 48000 bw 32 ch 4, data_fmt 1
12-18 07:32:33.969  1000  2600  2600 I wm_on_paused_called: [181213786,com.android.settings.SubSettings,performPause,12]
12-18 07:32:33.969  1041  1066  4070 D AGM: graph_module: configure_hw_ep_media_config: 704 exit, ret 0
12-18 07:32:33.969  1041  1066  4070 D AGM: graph_module: configure_tdm_ep: 480 exit, ret 0
12-18 07:32:33.969  1041  1066  4070 D AGM: graph_module: configure_output_media_format: 790 entry mod tag c000000e miid 40bf mid 7001005
12-18 07:32:33.969  1041  1066  4070 D AGM: graph_module: configure_output_media_format: 921 exit, ret 0
12-18 07:32:33.969  1041  1066  4070 D AGM: graph_module: configure_output_media_format: 790 entry mod tag c0000010 miid 40c0 mid 7001003
12-18 07:32:33.970  1041  1066  4070 D AGM: graph_module: configure_output_media_format: 921 exit, ret 0
12-18 07:32:33.970  1041  1066  4070 D AGM: graph_module: configure_spr: 1804 SPR module IID 4165
12-18 07:32:33.970  1041  1066  4070 D AGM: graph_module: configure_spr: 1827 HW EP module IID 42e4
12-18 07:32:33.970  1041  1066  4070 D AGM: graph: configure_buffer_params: 195 Enter
12-18 07:32:33.970  1041  1066  4070 D AGM: graph: configure_buffer_params: 258 Playback sess buf_sz 768 num_bufs 2
12-18 07:32:33.970  1041  1066  4070 E AGM: graph: configure_buffer_params: 291 Unsupported buffer mode : 0, Default to Blocking
12-18 07:32:33.970  1041  1066  4070 D AGM: graph: configure_buffer_params: 311 exit, ret 0
12-18 07:32:33.971  1000  1855  3416 I wm_add_to_stopping: [0,181213786,com.android.settings/.SubSettings,makeInvisible]
12-18 07:32:33.972  1000  1855  3416 I wm_restart_activity: [0,99559673,8,com.android.settings/.SubSettings]
12-18 07:32:33.973  1041  1066  4070 D AGM: graph: graph_prepare: 894 exit, ret 0
12-18 07:32:33.973  1041  1066  4070 D AGM: graph: graph_start: 908 entry graph_handle 0x47534c
12-18 07:32:33.974  1000  1855  1925 I am_pss  : [2600,1000,com.android.settings,105687040,88473600,491520,254525440,0,2,11]
12-18 07:32:33.978  1000  1855  3416 I wm_set_resumed_activity: [0,com.android.settings/.SubSettings,minimalResumeActivityLocked - onActivityStateChanged]
12-18 07:32:33.980  1000  1855  1916 I sysui_multi_action: [757,803,799,window_time_0,802,8]
12-18 07:32:33.981  1000  1855  2007 I input_focus: [Focus leaving 4ead42f com.android.settings/com.android.settings.SubSettings (server),reason=setFocusedWindow]
12-18 07:32:33.982  1000  1855  2007 I input_focus: [Focus entering 51d9737 com.android.settings/com.android.settings.Settings (server),reason=setFocusedWindow]
12-18 07:32:33.982  root  1138  1138 E ANDR-PERF-MPCTL: ANDR-PERF-MPCTL: internal_perf_lock_acq_verification() 386: Perflock Submit request limit reached.
12-18 07:32:33.983  1041  1066  4070 D AGM: graph: graph_start: 920 exit, ret 0
12-18 07:32:33.983  1000  1855  1920 I input_focus: [Requesting to set focus to null window,reason=UpdateInputWindows]
12-18 07:32:33.994  1000  2600  2600 I wm_on_top_resumed_gained_called: [161637224,com.android.settings.Settings,topStateChangedWhenResumed]
12-18 07:32:34.000  1000  2600  2600 D ActivityEmbeddingUtils: isEmbeddingActivityEnabled = true
12-18 07:32:34.007  1000  1855  2007 I input_focus: [Focus leaving 51d9737 com.android.settings/com.android.settings.Settings (server),reason=Waiting for window because NO_WINDOW]
12-18 07:32:34.007  1000  2600  2600 D SettingsActivity: Starting onCreate
12-18 07:32:34.009  root  1138  1138 E ANDR-PERF-MPCTL: ANDR-PERF-MPCTL: internal_perf_lock_acq_verification() 386: Perflock Submit request limit reached.
12-18 07:32:34.011  1000  2600  2600 D SettingsActivity: Starting to set activity title
12-18 07:32:34.011  1000  2600  2600 D SettingsActivity: Done setting title
12-18 07:32:34.012  1000  2600  2600 D SettingsActivity: Switching to fragment com.android.settings.wifi.ConfigureWifiEntryFragment
12-18 07:32:34.012  1000  2600  2600 D SubSettings: Launching fragment com.android.settings.wifi.ConfigureWifiEntryFragment
12-18 07:32:34.023  1000  2600  2600 D SettingsActivity: Executed frag manager pendingTransactions
12-18 07:32:34.024  1000  1192  1192 I BpBinder: onLastStrongRef automatically unlinking death recipients: 
12-18 07:32:34.024  1000  2600  2600 D SettingsActivity: MetricsCategory is 1800
12-18 07:32:34.024  1000  2600  2600 I wm_on_create_called: [99559673,com.android.settings.SubSettings,performCreate,26]
12-18 07:32:34.026  root  1138  1138 E ANDR-PERF-MPCTL: ANDR-PERF-MPCTL: internal_perf_lock_acq_verification() 386: Perflock Submit request limit reached.
12-18 07:32:34.048  root  1138  1138 E ANDR-PERF-MPCTL: ANDR-PERF-MPCTL: internal_perf_lock_acq_verification() 386: Perflock Submit request limit reached.
12-18 07:32:34.070  root  1138  1138 E ANDR-PERF-MPCTL: ANDR-PERF-MPCTL: internal_perf_lock_acq_verification() 386: Perflock Submit request limit reached.
12-18 07:32:34.070  1000  2600  2600 I wm_on_start_called: [99559673,com.android.settings.SubSettings,handleStartActivity,45]
12-18 07:32:34.071  1000  2600  2600 I snet_event_log: [120484087,-1,]
12-18 07:32:34.073  1000  1855  2449 D ConnectivityService: requestNetwork for uid/pid:1000/2600 activeRequest: null callbackRequest: 71 [NetworkRequest [ REQUEST id=72, [ Capabilities: INTERNET&NOT_RESTRICTED&TRUSTED&NOT_VCN_MANAGED Uid: 1000 RequestorUid: 1000 RequestorPkg: com.android.settings UnderlyingNetworks: Null] ]] callback flags: 1 order: 2147483647
12-18 07:32:34.074  1000  2600  2600 I wm_on_resume_called: [99559673,com.android.settings.SubSettings,RESUME_ACTIVITY,3]
12-18 07:32:34.074  1000  2600  2600 W ElapsedTimeUtils: getElapsedTime: sSuwFinishedTimeStamp is null
12-18 07:32:34.074  1000  2600  2600 I sysui_multi_action: [757,1800,758,1,833,103,1089,61]
12-18 07:32:34.075  1000  1855  2290 D ConnectivityService: NetReassign [no changes] [c 0] [a 0] [i 2]
12-18 07:32:34.075  1000  2600  2600 D CategoryMixin: Skip categories update
12-18 07:32:34.076  1000  2600  2683 D SettingsActivity: No enabled state changed, skipping updateCategory call
12-18 07:32:34.077  1000  1855  2282 D WifiNetworkFactory: got request NetworkRequest [ REQUEST id=72, [ Capabilities: INTERNET&NOT_RESTRICTED&TRUSTED&NOT_VCN_MANAGED Uid: 1000 RequestorUid: 1000 RequestorPkg: com.android.settings UnderlyingNetworks: Null] ]
12-18 07:32:34.077  1000  1855  2282 D UntrustedWifiNetworkFactory: got request NetworkRequest [ REQUEST id=72, [ Capabilities: INTERNET&NOT_RESTRICTED&TRUSTED&NOT_VCN_MANAGED Uid: 1000 RequestorUid: 1000 RequestorPkg: com.android.settings UnderlyingNetworks: Null] ]
12-18 07:32:34.078  1000  1855  2282 D OemPaidWifiNetworkFactory: got request NetworkRequest [ REQUEST id=72, [ Capabilities: INTERNET&NOT_RESTRICTED&TRUSTED&NOT_VCN_MANAGED Uid: 1000 RequestorUid: 1000 RequestorPkg: com.android.settings UnderlyingNetworks: Null] ]
12-18 07:32:34.078  1000  1855  2282 D MultiInternetWifiNetworkFactory: got request NetworkRequest [ REQUEST id=72, [ Capabilities: INTERNET&NOT_RESTRICTED&TRUSTED&NOT_VCN_MANAGED Uid: 1000 RequestorUid: 1000 RequestorPkg: com.android.settings UnderlyingNetworks: Null] ]
12-18 07:32:34.079  1000  1855  2290 D ConnectivityService: NetReassign [no changes] [c 0] [a 0] [i 3]
12-18 07:32:34.079  1000  2600  4198 I StandardNetworkDetailsTracker: Scanning started
12-18 07:32:34.080  1000  2600  4198 E WifiScanner: listener does not exist
12-18 07:32:34.080 radio  2588  2588 D TelephonyNetworkFactory[0]: got request NetworkRequest [ REQUEST id=72, [ Capabilities: INTERNET&NOT_RESTRICTED&TRUSTED&NOT_VCN_MANAGED Uid: 1000 RequestorUid: 1000 RequestorPkg: com.android.settings UnderlyingNetworks: Null] ]
12-18 07:32:34.082 radio  2588  2588 D TelephonyNetworkFactory[0]: onNeedNetworkFor [NetworkRequest [ REQUEST id=72, [ Capabilities: INTERNET&NOT_RESTRICTED&TRUSTED&NOT_VCN_MANAGED Uid: 1000 RequestorUid: 1000 RequestorPkg: com.android.settings UnderlyingNetworks: Null] ], mPriority=20, state=UNSATISFIED, mAttachedDataNetwork=null, isMetered=true, created time=07:32:34.080, evaluation result=null] shouldApply false
12-18 07:32:34.085  1000  2600  2600 I wm_on_top_resumed_lost_called: [161637224,com.android.settings.Settings,topStateChangedWhenResumed]
12-18 07:32:34.091  1041  1066  4070 I gsl     : gsl_graph_send_persist_cal:863 Skipping persist cal for SG_ID -1342177278: already started
12-18 07:32:34.091  1041  1066  4070 I gsl     : gsl_graph_send_persist_cal:863 Skipping persist cal for SG_ID -1342177243: already started
12-18 07:32:34.091  1041  1066  4070 I gsl     : gsl_graph_send_persist_cal:863 Skipping persist cal for SG_ID -1342177244: already started
12-18 07:32:34.091  1041  1066  4070 I gsl     : gsl_graph_send_persist_cal:863 Skipping persist cal for SG_ID -1342177245: already started
12-18 07:32:34.091  1041  1066  4070 I PAL: API: pal_stream_start: 297: Exit. status 0
12-18 07:32:34.091  1041  1066  4070 I AHAL: AudioStream: configurePalOutputStream: 3161: notify GEF client of device config
12-18 07:32:34.091  1041  1066  4070 D generic_effect_ar: gef_device_config_cb: stream type=6 sample_rate=48000 device=2
12-18 07:32:34.091  1041  1066  4070 D AHAL: AudioStream: ~AutoPerfLock: 140: (release) perf_lock_handle: 0xffffffff, count: 1
12-18 07:32:34.091  1041  1066  4070 D AHAL: AudioStream: ~AutoPerfLock: 144: Releasing perf_lock_handle: 0xffffffff
12-18 07:32:34.091  1041  1066  4070 E AHAL: AudioExtn: audio_extn_perf_lock_release: 908: Perf lock release error
12-18 07:32:34.092  1000  1855  2449 D CoreBackPreview: Window{f572add u0 com.android.settings/com.android.settings.SubSettings}: Setting back callback OnBackInvokedCallbackInfo{mCallback=android.window.IOnBackInvokedCallback$Stub$Proxy@83f9d23, mPriority=-1, mIsAnimationCallback=false}
12-18 07:32:34.093  root  1138  1138 E ANDR-PERF-MPCTL: ANDR-PERF-MPCTL: internal_perf_lock_acq_verification() 386: Perflock Submit request limit reached.
12-18 07:32:34.100  1000  1855  1920 I input_focus: [Focus request f572add com.android.settings/com.android.settings.SubSettings,reason=UpdateInputWindows]
12-18 07:32:34.116  root  1138  1138 E ANDR-PERF-MPCTL: ANDR-PERF-MPCTL: internal_perf_lock_acq_verification() 386: Perflock Submit request limit reached.
12-18 07:32:34.127  1000  2600  2676 E OpenGLRenderer: Unable to match the desired swap behavior.
12-18 07:32:34.138  root  1138  1138 E ANDR-PERF-MPCTL: ANDR-PERF-MPCTL: internal_perf_lock_acq_verification() 386: Perflock Submit request limit reached.
12-18 07:32:34.160  root  1138  1138 E ANDR-PERF-MPCTL: ANDR-PERF-MPCTL: internal_perf_lock_acq_verification() 386: Perflock Submit request limit reached.
12-18 07:32:34.172  1000  2600  2600 I wm_on_top_resumed_gained_called: [99559673,com.android.settings.SubSettings,topStateChangedWhenResumed]
12-18 07:32:34.176  1000  1855  1916 I wm_activity_launch_time: [0,99559673,com.android.settings/.SubSettings,233]
12-18 07:32:34.176  1000  1855  1916 I ActivityTaskManager: Displayed com.android.settings/.SubSettings for user 0: +233ms
12-18 07:32:34.178  1000  1855  1916 V WindowManager: Sent Transition #10 createdAt=12-18 07:32:33.945 via request=TransitionRequestInfo { type = OPEN, triggerTask = TaskInfo{userId=0 taskId=8 displayId=0 isRunning=true baseIntent=Intent { act=android.intent.action.MAIN cat=[android.intent.category.LAUNCHER] flg=0x10200000 cmp=com.android.settings/.Settings } baseActivity=ComponentInfo{com.android.settings/com.android.settings.homepage.SettingsHomepageActivity} topActivity=ComponentInfo{com.android.settings/com.android.settings.SubSettings} origActivity=ComponentInfo{com.android.settings/com.android.settings.Settings} realActivity=ComponentInfo{com.android.settings/com.android.settings.homepage.SettingsHomepageActivity} numActivities=4 lastActiveTime=897474 supportsMultiWindow=true resizeMode=1 isResizeable=true minWidth=-1 minHeight=-1 defaultMinSize=220 token=WCT{RemoteToken{68fd075 Task{ede3381 #8 type=standard A=1000:com.android.settings.root}}} topActivityType=1 pictureInPictureParams=null shouldDockBigOverlays=false launchIntoPipHostTaskId=-1 lastParentTaskIdBeforePip=-1 displayCutoutSafeInsets=null topActivityInfo=ActivityInfo{d1d854d com.android.settings.SubSettings} launchCookies=[android.os.BinderProxy@c48f87b] positionInParent=Point(0, 0) parentTaskId=-1 isFocused=true isVisible=true isVisibleRequested=true isSleeping=false topActivityInSizeCompat=false topActivityEligibleForLetterboxEducation= false topActivityLetterboxed= false isFromDoubleTap= false topActivityLetterboxVerticalPosition= -1 topActivityLetterboxHorizontalPosition= -1 topActivityLetterboxWidth=-1 topActivityLetterboxHeight=-1 locusId=null displayAreaFeatureId=1 cameraCompatControlState=hidden}, remoteTransition = null, displayChange = null }
12-18 07:32:34.180  1000  1855  1916 V WindowManager:     startWCT=WindowContainerTransaction { changes = {} hops = [] errorCallbackToken=null taskFragmentOrganizer=null }
12-18 07:32:34.180 10057  2356  2403 V WindowManagerShell: onTransitionReady android.os.BinderProxy@da75b79: {id=10 t=OPEN f=0x0 trk=0 r=[0@Point(436, 0)] c=[{null m=OPEN f=IN_TASK_WITH_EMBEDDED_ACTIVITY leash=Surface(name=ActivityRecord{5ef28f9 u0 com.android.settings/.SubSettings)/@0xf99b06c sb=Rect(0, 0 - 0, 0) eb=Rect(436, 0 - 1200, 2000) d=-1->0 r=-1->0:-1},{null m=TO_BACK f=IN_TASK_WITH_EMBEDDED_ACTIVITY leash=Surface(name=ActivityRecord{acd1a5a u0 com.android.settings/.SubSettings)/@0x7b93635 sb=Rect(436, 0 - 1200, 2000) eb=Rect(436, 0 - 1200, 2000) d=0}]}
12-18 07:32:34.181 10057  2356  2403 V WindowManagerShell: Playing animation for (#10)android.os.BinderProxy@da75b79@0
12-18 07:32:34.182 10057  2356  2403 V WindowManagerShell:  try handler com.android.wm.shell.transition.DefaultMixedHandler@cf12ba4
12-18 07:32:34.183  1000  1855  1916 V WindowManager:     info={id=10 t=OPEN f=0x0 trk=0 r=[0@Point(436, 0)] c=[{null m=OPEN f=IN_TASK_WITH_EMBEDDED_ACTIVITY leash=Surface(name=ActivityRecord{5ef28f9 u0 com.android.settings/.SubSettings)/@0x1496877 sb=Rect(0, 0 - 0, 0) eb=Rect(436, 0 - 1200, 2000) d=-1->0 r=-1->0:-1},{null m=TO_BACK f=IN_TASK_WITH_EMBEDDED_ACTIVITY leash=Surface(name=ActivityRecord{acd1a5a u0 com.android.settings/.SubSettings)/@0x89c34d4 sb=Rect(436, 0 - 1200, 2000) eb=Rect(436, 0 - 1200, 2000) d=0}]}
12-18 07:32:34.183 10057  2356  2403 V WindowManagerShell:  try handler com.android.wm.shell.keyguard.KeyguardTransitionHandler@2d3bd0d
12-18 07:32:34.183 10057  2356  2403 V WindowManagerShell:  try handler com.android.wm.shell.activityembedding.ActivityEmbeddingController@ccfa4c2
12-18 07:32:34.186 10057  2356  2403 V WindowManagerShell: loadAnimation: anim=android.view.animation.AnimationSet@a606996 animAttr=0x4 type=OPEN isEntrance=true
12-18 07:32:34.188 10057  2356  2403 V WindowManagerShell: loadAnimation: anim=android.view.animation.AnimationSet@8f6f6ed animAttr=0x5 type=OPEN isEntrance=false
12-18 07:32:34.205  root  1138  1138 E ANDR-PERF-MPCTL: ANDR-PERF-MPCTL: internal_perf_lock_acq_verification() 386: Perflock Submit request limit reached.
12-18 07:32:34.230  root  1138  1138 E ANDR-PERF-MPCTL: ANDR-PERF-MPCTL: internal_perf_lock_acq_verification() 386: Perflock Submit request limit reached.
12-18 07:32:34.251  root  1138  1138 E ANDR-PERF-MPCTL: ANDR-PERF-MPCTL: internal_perf_lock_acq_verification() 386: Perflock Submit request limit reached.
12-18 07:32:34.253 10057  2356  2403 V WindowManagerShell:  animated by com.android.wm.shell.activityembedding.ActivityEmbeddingController@ccfa4c2
12-18 07:32:34.275  root  1138  1138 E ANDR-PERF-MPCTL: ANDR-PERF-MPCTL: internal_perf_lock_acq_verification() 386: Perflock Submit request limit reached.
12-18 07:32:34.282  1041  1179  1798 D audioserver: FGS Logger Transaction failed
12-18 07:32:34.282  1041  1179  1798 D audioserver: -129
12-18 07:32:34.287  1041  1066  1139 V DlbVolumeListener: effectCommand
12-18 07:32:34.287  1041  1066  1139 V DlbVolumeListener: effectCommand :: Command EFFECT_CMD_DISABLE
12-18 07:32:34.288  1041  1066  2302 V DlbVolumeListener: release(handle=0xb400007d92415b60)
12-18 07:32:34.289  1041  1179  1476 W audioserver: Binder 0xb4000074aab9ace8 destroyed after setMinSchedulerPolicy before being parceled.
12-18 07:32:34.293  root  1138  1138 E ANDR-PERF-MPCTL: ANDR-PERF-MPCTL: internal_perf_lock_acq_verification() 386: Perflock Submit request limit reached.
12-18 07:32:34.318  root  1138  1138 E ANDR-PERF-MPCTL: ANDR-PERF-MPCTL: internal_perf_lock_acq_verification() 386: Perflock Submit request limit reached.
12-18 07:32:34.340  root  1138  1138 E ANDR-PERF-MPCTL: ANDR-PERF-MPCTL: internal_perf_lock_acq_verification() 386: Perflock Submit request limit reached.
12-18 07:32:34.361  1000  1855  2007 I input_focus: [Focus entering f572add com.android.settings/com.android.settings.SubSettings (server),reason=Window became focusable. Previous reason: NOT_VISIBLE]
12-18 07:32:34.363  root  1138  1138 E ANDR-PERF-MPCTL: ANDR-PERF-MPCTL: internal_perf_lock_acq_verification() 386: Perflock Submit request limit reached.
12-18 07:32:34.366  1000  1855  2410 I ImeTracker: com.android.settings:6a6497c2: onRequestShow at ORIGIN_SERVER_START_INPUT reason SHOW_AUTO_EDITOR_FORWARD_NAV
12-18 07:32:34.367  1000  1855  2410 W ProcessStats: Tracking association SourceState{14eef6f system/1000 BFgs #493} whose proc state 4 is better than process ProcessState{ed77c4a com.android.inputmethod.latin/10052 pkg=com.android.inputmethod.latin} proc state 6 (2 skipped)
12-18 07:32:34.369  1000  2600  2600 D CompatibilityChangeReporter: Compat change id reported: 163400105; UID 1000; state: ENABLED
12-18 07:32:34.375 10052  2837  2837 I LatinIME: Starting input. Cursor position = 0,0
12-18 07:32:34.383  root  1138  1138 E ANDR-PERF-MPCTL: ANDR-PERF-MPCTL: internal_perf_lock_acq_verification() 386: Perflock Submit request limit reached.
12-18 07:32:34.385  1000  1855  3824 D CoreBackPreview: Window{f572add u0 com.android.settings/com.android.settings.SubSettings}: Setting back callback OnBackInvokedCallbackInfo{mCallback=android.window.IOnBackInvokedCallback$Stub$Proxy@4dbf55a, mPriority=0, mIsAnimationCallback=false}
12-18 07:32:34.387 10054  2659  3412 I jank_cuj_events_begin_request: [60,1702884754387007000,897907310750,897907312781,]
12-18 07:32:34.387  1000  1192  2341 W ServiceManagerCppClient: Permission failure: android.permission.ROTATE_SURFACE_FLINGER from uid=10052 pid=0
12-18 07:32:34.387  1000  1192  1294 W ServiceManagerCppClient: Permission failure: android.permission.ROTATE_SURFACE_FLINGER from uid=10052 pid=2837
12-18 07:32:34.388  1000  1192  2341 D PermissionCache: checking android.permission.ROTATE_SURFACE_FLINGER for uid=10052 => denied (566 us)
12-18 07:32:34.388  1000  1192  1294 D PermissionCache: checking android.permission.ROTATE_SURFACE_FLINGER for uid=10052 => denied (133 us)
12-18 07:32:34.388  1000  1192  1294 W ServiceManagerCppClient: Permission failure: android.permission.INTERNAL_SYSTEM_WINDOW from uid=10052 pid=2837
12-18 07:32:34.388  1000  1192  2341 W ServiceManagerCppClient: Permission failure: android.permission.INTERNAL_SYSTEM_WINDOW from uid=10052 pid=0
12-18 07:32:34.388  1000  1192  2341 D PermissionCache: checking android.permission.INTERNAL_SYSTEM_WINDOW for uid=10052 => denied (165 us)
12-18 07:32:34.388  1000  1192  1294 D PermissionCache: checking android.permission.INTERNAL_SYSTEM_WINDOW for uid=10052 => denied (162 us)
12-18 07:32:34.388  1000  1192  2341 W ServiceManagerCppClient: Permission failure: android.permission.ACCESS_SURFACE_FLINGER from uid=10052 pid=0
12-18 07:32:34.388  1000  1192  1294 W ServiceManagerCppClient: Permission failure: android.permission.ACCESS_SURFACE_FLINGER from uid=10052 pid=2837
12-18 07:32:34.388  1000  1192  1294 D PermissionCache: checking android.permission.ACCESS_SURFACE_FLINGER for uid=10052 => denied (189 us)
12-18 07:32:34.388  1000  1192  2341 D PermissionCache: checking android.permission.ACCESS_SURFACE_FLINGER for uid=10052 => denied (197 us)
12-18 07:32:34.390 10052  2837  2914 I AdrenoGLES-0: QUALCOMM build                   : 64bab644ca, I204cbc9b5e
12-18 07:32:34.390 10052  2837  2914 I AdrenoGLES-0: Build Date                       : 11/20/23
12-18 07:32:34.390 10052  2837  2914 I AdrenoGLES-0: OpenGL ES Shader Compiler Version: EV031.36.08.26
12-18 07:32:34.390 10052  2837  2914 I AdrenoGLES-0: Local Branch                     : 
12-18 07:32:34.390 10052  2837  2914 I AdrenoGLES-0: Remote Branch                    : refs/tags/AU_LINUX_ANDROID_LA.VENDOR.1.0.11.00.00.766.892
12-18 07:32:34.390 10052  2837  2914 I AdrenoGLES-0: Remote Branch                    : NONE
12-18 07:32:34.390 10052  2837  2914 I AdrenoGLES-0: Reconstruct Branch               : NOTHING
12-18 07:32:34.390 10052  2837  2914 I AdrenoGLES-0: Build Config                     : S P 12.1.1 AArch64
12-18 07:32:34.390 10052  2837  2914 I AdrenoGLES-0: Driver Path                      : /vendor/lib64/egl/libGLESv2_adreno.so
12-18 07:32:34.390 10052  2837  2914 I AdrenoGLES-0: Driver Version                   : 0615.77
12-18 07:32:34.397 10052  2837  2914 I AdrenoGLES-0: PFP: 0x016ee206, ME: 0x00000000
12-18 07:32:34.400 10052  2837  2914 W Adreno-AppProfiles: Could not find QSPM HAL service. Skipping adreno profile processing.
12-18 07:32:34.406  root  1138  1138 E ANDR-PERF-MPCTL: ANDR-PERF-MPCTL: internal_perf_lock_acq_verification() 386: Perflock Submit request limit reached.
12-18 07:32:34.410 10052  2837  2914 E OpenGLRenderer: Unable to match the desired swap behavior.
12-18 07:32:34.428  root  1138  1138 E ANDR-PERF-MPCTL: ANDR-PERF-MPCTL: internal_perf_lock_acq_verification() 386: Perflock Submit request limit reached.
12-18 07:32:34.450  root  1138  1138 E ANDR-PERF-MPCTL: ANDR-PERF-MPCTL: internal_perf_lock_acq_verification() 386: Perflock Submit request limit reached.
12-18 07:32:34.461 10057  2356  2369 W System  : A resource failed to call HardwareBuffer.close. 
12-18 07:32:34.461 10057  2356  2369 W System  : A resource failed to call HardwareBuffer.close. 
12-18 07:32:34.462 10057  2356  2369 W System  : A resource failed to call HardwareBuffer.close. 
12-18 07:32:34.463 10057  2356  2369 W System  : A resource failed to call HardwareBuffer.close. 
12-18 07:32:34.463 10057  2356  2369 W System  : A resource failed to call release. 
12-18 07:32:34.463 10057  2356  2369 W System  : A resource failed to call release. 
12-18 07:32:34.465  1000  1855  2410 W ServiceManagerCppClient: Permission failure: android.permission.ROTATE_SURFACE_FLINGER from uid=10052 pid=0
12-18 07:32:34.465  1000  1855  2410 D PermissionCache: checking android.permission.ROTATE_SURFACE_FLINGER for uid=10052 => denied (441 us)
12-18 07:32:34.466  1000  1855  2410 W ServiceManagerCppClient: Permission failure: android.permission.INTERNAL_SYSTEM_WINDOW from uid=10052 pid=0
12-18 07:32:34.466 10057  2356  2369 W System  : A resource failed to call release. 
12-18 07:32:34.466 10057  2356  2369 W System  : A resource failed to call release. 
12-18 07:32:34.466 10057  2356  2369 W System  : A resource failed to call release. 
12-18 07:32:34.466  1000  1855  2410 D PermissionCache: checking android.permission.INTERNAL_SYSTEM_WINDOW for uid=10052 => denied (386 us)
12-18 07:32:34.466  1000  1855  2410 W ServiceManagerCppClient: Permission failure: android.permission.ACCESS_SURFACE_FLINGER from uid=10052 pid=0
12-18 07:32:34.466  1000  1855  2410 D PermissionCache: checking android.permission.ACCESS_SURFACE_FLINGER for uid=10052 => denied (273 us)
12-18 07:32:34.470 10054  2659  3412 I jank_cuj_events_end_request: [60,1702884754469808000,897990113666,897990117052]
12-18 07:32:34.473  root  1138  1138 E ANDR-PERF-MPCTL: ANDR-PERF-MPCTL: internal_perf_lock_acq_verification() 386: Perflock Submit request limit reached.
12-18 07:32:34.495  root  1138  1138 E ANDR-PERF-MPCTL: ANDR-PERF-MPCTL: internal_perf_lock_acq_verification() 386: Perflock Submit request limit reached.
12-18 07:32:34.517  root  1138  1138 E ANDR-PERF-MPCTL: ANDR-PERF-MPCTL: internal_perf_lock_acq_verification() 386: Perflock Submit request limit reached.
12-18 07:32:34.540  root  1138  1138 E ANDR-PERF-MPCTL: ANDR-PERF-MPCTL: internal_perf_lock_acq_verification() 386: Perflock Submit request limit reached.
12-18 07:32:34.562  root  1138  1138 E ANDR-PERF-MPCTL: ANDR-PERF-MPCTL: internal_perf_lock_acq_verification() 386: Perflock Submit request limit reached.
12-18 07:32:34.585  root  1138  1138 E ANDR-PERF-MPCTL: ANDR-PERF-MPCTL: internal_perf_lock_acq_verification() 386: Perflock Submit request limit reached.
12-18 07:32:34.593  1000  2600  4085 E FrameEvents: addRelease: Did not find frame.
12-18 07:32:34.607  root  1138  1138 E ANDR-PERF-MPCTL: ANDR-PERF-MPCTL: internal_perf_lock_acq_verification() 386: Perflock Submit request limit reached.
12-18 07:32:34.613  1000  2600  4085 E FrameEvents: addRelease: Did not find frame.
12-18 07:32:34.628  root  1138  1138 E ANDR-PERF-MPCTL: ANDR-PERF-MPCTL: internal_perf_lock_acq_verification() 386: Perflock Submit request limit reached.
12-18 07:32:34.635  1000  2600  4085 E FrameEvents: addRelease: Did not find frame.
12-18 07:32:34.651  root  1138  1138 E ANDR-PERF-MPCTL: ANDR-PERF-MPCTL: internal_perf_lock_acq_verification() 386: Perflock Submit request limit reached.
12-18 07:32:34.658  1000  2600  4085 E FrameEvents: addRelease: Did not find frame.
12-18 07:32:34.673  root  1138  1138 E ANDR-PERF-MPCTL: ANDR-PERF-MPCTL: internal_perf_lock_acq_verification() 386: Perflock Submit request limit reached.
12-18 07:32:34.680  1000  2600  4085 E FrameEvents: addRelease: Did not find frame.
12-18 07:32:34.698  root  1138  1138 E ANDR-PERF-MPCTL: ANDR-PERF-MPCTL: internal_perf_lock_acq_verification() 386: Perflock Submit request limit reached.
12-18 07:32:34.702  1000  2600  4085 E FrameEvents: addRelease: Did not find frame.
12-18 07:32:34.718  root  1138  1138 E ANDR-PERF-MPCTL: ANDR-PERF-MPCTL: internal_perf_lock_acq_verification() 386: Perflock Submit request limit reached.
12-18 07:32:34.724  1000  2600  4085 E FrameEvents: addRelease: Did not find frame.
12-18 07:32:34.738 10057  2356  2403 V WindowManagerShell: Transition animation finished (aborted=false), notifying core (#10)android.os.BinderProxy@da75b79@0
