12-18 07:18:09.925  1000  1855  2282 D OemPaidWifiNetworkFactory: got request NetworkRequest [ REQUEST id=42, [ Capabilities: INTERNET&NOT_RESTRICTED&TRUSTED&NOT_VCN_MANAGED Uid: 10070 RequestorUid: 10070 RequestorPkg: com.android.rkpdapp UnderlyingNetworks: Null] ]
12-18 07:18:09.925  1000  1855  2290 D ConnectivityService: NetReassign [no changes] [c 0] [a 0] [i 2]
12-18 07:18:09.925  1000  1855  2282 D MultiInternetWifiNetworkFactory: got request NetworkRequest [ REQUEST id=42, [ Capabilities: INTERNET&NOT_RESTRICTED&TRUSTED&NOT_VCN_MANAGED Uid: 10070 RequestorUid: 10070 RequestorPkg: com.android.rkpdapp UnderlyingNetworks: Null] ]
12-18 07:18:09.928  1000  1855  2506 I ActivityManager: Flag disabled. Ignoring finishAttachApplication from uid: 10011. pid: 3705
12-18 07:18:09.931  1000  1855  2506 I ActivityManager: Flag disabled. Ignoring finishAttachApplication from uid: 10044. pid: 3726
12-18 07:18:09.936  1000  1855  2506 D OomAdjuster: Not killing cached processes
12-18 07:18:09.986 10011  3705  3749 D CompatibilityChangeReporter: Compat change id reported: 160794467; UID 10011; state: DISABLED
12-18 07:18:10.022 10011  3705  3754 D CompatibilityChangeReporter: Compat change id reported: 194532703; UID 10011; state: DISABLED
12-18 07:18:10.023 10011  3705  3754 D CompatibilityChangeReporter: Compat change id reported: 253665015; UID 10011; state: DISABLED
12-18 07:18:10.025  1000  1855  2449 D CompatibilityChangeReporter: Compat change id reported: 271850009; UID 10011; state: DISABLED
12-18 07:18:10.026  1000  1855  2449 D CompatibilityChangeReporter: Compat change id reported: 253665015; UID 10011; state: DISABLED
12-18 07:18:10.027  1000  1855  2449 D CompatibilityChangeReporter: Compat change id reported: 194532703; UID 10011; state: DISABLED
12-18 07:18:10.030  1000  1855  2449 D ConnectivityService: requestNetwork for uid/pid:1000/1855 asUid: 10011 activeRequest: null callbackRequest: 43 [NetworkRequest [ REQUEST id=44, [ Capabilities: INTERNET&NOT_RESTRICTED&TRUSTED&NOT_VCN_MANAGED Uid: 10011 RequestorUid: 1000 RequestorPkg: android UnderlyingNetworks: Null] ]] callback flags: 0 order: 2147483647
12-18 07:18:10.033  1000  1855  2290 D ConnectivityService: NetReassign [no changes] [c 0] [a 0] [i 2]
12-18 07:18:10.033  1000  1855  2282 D WifiNetworkFactory: got request NetworkRequest [ REQUEST id=44, [ Capabilities: INTERNET&NOT_RESTRICTED&TRUSTED&NOT_VCN_MANAGED Uid: 10011 RequestorUid: 1000 RequestorPkg: android UnderlyingNetworks: Null] ]
12-18 07:18:10.033  1000  1855  2282 D UntrustedWifiNetworkFactory: got request NetworkRequest [ REQUEST id=44, [ Capabilities: INTERNET&NOT_RESTRICTED&TRUSTED&NOT_VCN_MANAGED Uid: 10011 RequestorUid: 1000 RequestorPkg: android UnderlyingNetworks: Null] ]
12-18 07:18:10.034  1000  1855  2282 D OemPaidWifiNetworkFactory: got request NetworkRequest [ REQUEST id=44, [ Capabilities: INTERNET&NOT_RESTRICTED&TRUSTED&NOT_VCN_MANAGED Uid: 10011 RequestorUid: 1000 RequestorPkg: android UnderlyingNetworks: Null] ]
12-18 07:18:10.034  1000  1855  2282 D MultiInternetWifiNetworkFactory: got request NetworkRequest [ REQUEST id=44, [ Capabilities: INTERNET&NOT_RESTRICTED&TRUSTED&NOT_VCN_MANAGED Uid: 10011 RequestorUid: 1000 RequestorPkg: android UnderlyingNetworks: Null] ]
12-18 07:18:10.088  1000  1855  2449 D ConnectivityService: requestNetwork for uid/pid:10011/3705 activeRequest: null callbackRequest: 45 [NetworkRequest [ REQUEST id=46, [ Capabilities: INTERNET&NOT_RESTRICTED&TRUSTED&NOT_VCN_MANAGED Uid: 10011 RequestorUid: 10011 RequestorPkg: com.android.statementservice UnderlyingNetworks: Null] ]] callback flags: 0 order: 2147483647
12-18 07:18:10.089  1000  1855  2282 D WifiNetworkFactory: got request NetworkRequest [ REQUEST id=46, [ Capabilities: INTERNET&NOT_RESTRICTED&TRUSTED&NOT_VCN_MANAGED Uid: 10011 RequestorUid: 10011 RequestorPkg: com.android.statementservice UnderlyingNetworks: Null] ]
12-18 07:18:10.090  1000  1855  2282 D UntrustedWifiNetworkFactory: got request NetworkRequest [ REQUEST id=46, [ Capabilities: INTERNET&NOT_RESTRICTED&TRUSTED&NOT_VCN_MANAGED Uid: 10011 RequestorUid: 10011 RequestorPkg: com.android.statementservice UnderlyingNetworks: Null] ]
12-18 07:18:10.090  1000  1855  2282 D OemPaidWifiNetworkFactory: got request NetworkRequest [ REQUEST id=46, [ Capabilities: INTERNET&NOT_RESTRICTED&TRUSTED&NOT_VCN_MANAGED Uid: 10011 RequestorUid: 10011 RequestorPkg: com.android.statementservice UnderlyingNetworks: Null] ]
12-18 07:18:10.090  1000  1855  2282 D MultiInternetWifiNetworkFactory: got request NetworkRequest [ REQUEST id=46, [ Capabilities: INTERNET&NOT_RESTRICTED&TRUSTED&NOT_VCN_MANAGED Uid: 10011 RequestorUid: 10011 RequestorPkg: com.android.statementservice UnderlyingNetworks: Null] ]
12-18 07:18:10.090  1000  1855  2290 D ConnectivityService: NetReassign [no changes] [c 0] [a 0] [i 1]
12-18 07:18:10.129  1000  1855  2393 D BufferPoolAccessor2.0: bufferpool2 0xb400007b938e5c78 : 0(0 size) total buffers - 0(0 size) used buffers - 2/7 (recycle/alloc) - 5/34 (fetch/transfer)
12-18 07:18:10.129  1000  1855  2393 D BufferPoolAccessor2.0: bufferpool2 0xb400007b938e75e8 : 0(0 size) total buffers - 0(0 size) used buffers - 1/7 (recycle/alloc) - 6/26 (fetch/transfer)
12-18 07:18:10.129  1000  1855  2393 D BufferPoolAccessor2.0: bufferpool2 0xb400007b938e6a58 : 0(0 size) total buffers - 0(0 size) used buffers - 1/7 (recycle/alloc) - 6/24 (fetch/transfer)
12-18 07:18:10.129  1000  1855  2393 D BufferPoolAccessor2.0: bufferpool2 0xb400007b938eb458 : 0(0 size) total buffers - 0(0 size) used buffers - 1/7 (recycle/alloc) - 6/34 (fetch/transfer)
12-18 07:18:10.129  1000  1855  2393 D BufferPoolAccessor2.0: evictor expired: 4, evicted: 4
12-18 07:18:10.130  1046  1497  2038 D BufferPoolAccessor2.0: bufferpool2 0xb400007b96e3a188 : 0(0 size) total buffers - 0(0 size) used buffers - 12/15 (recycle/alloc) - 3/14 (fetch/transfer)
12-18 07:18:10.131  1046  1497  2038 D BufferPoolAccessor2.0: bufferpool2 0xb400007b96e342b8 : 0(0 size) total buffers - 0(0 size) used buffers - 8/10 (recycle/alloc) - 2/9 (fetch/transfer)
12-18 07:18:10.131  1046  1497  2038 D BufferPoolAccessor2.0: bufferpool2 0xb400007b96e34068 : 0(0 size) total buffers - 0(0 size) used buffers - 8/11 (recycle/alloc) - 3/10 (fetch/transfer)
12-18 07:18:10.131  1046  1497  2038 D BufferPoolAccessor2.0: bufferpool2 0xb400007b96e38f08 : 0(0 size) total buffers - 0(0 size) used buffers - 13/15 (recycle/alloc) - 2/14 (fetch/transfer)
12-18 07:18:10.131  1046  1497  2038 D BufferPoolAccessor2.0: evictor expired: 4, evicted: 4
12-18 07:18:10.211  root  1138  1138 E ANDR-PERF-MPCTL: ANDR-PERF-MPCTL: internal_perf_lock_acq_verification() 386: Perflock Submit request limit reached.
12-18 07:18:10.233  root  1138  1138 E ANDR-PERF-MPCTL: ANDR-PERF-MPCTL: internal_perf_lock_acq_verification() 386: Perflock Submit request limit reached.
12-18 07:18:10.255  root  1138  1138 E ANDR-PERF-MPCTL: ANDR-PERF-MPCTL: internal_perf_lock_acq_verification() 386: Perflock Submit request limit reached.
12-18 07:18:10.278  root  1138  1138 E ANDR-PERF-MPCTL: ANDR-PERF-MPCTL: internal_perf_lock_acq_verification() 386: Perflock Submit request limit reached.
12-18 07:18:10.300  root  1138  1138 E ANDR-PERF-MPCTL: ANDR-PERF-MPCTL: internal_perf_lock_acq_verification() 386: Perflock Submit request limit reached.
12-18 07:18:10.327  root  1138  1138 E ANDR-PERF-MPCTL: ANDR-PERF-MPCTL: internal_perf_lock_acq_verification() 386: Perflock Submit request limit reached.
12-18 07:18:10.346  root  1138  1138 E ANDR-PERF-MPCTL: ANDR-PERF-MPCTL: internal_perf_lock_acq_verification() 386: Perflock Submit request limit reached.
12-18 07:18:10.367  root  1138  1138 E ANDR-PERF-MPCTL: ANDR-PERF-MPCTL: internal_perf_lock_acq_verification() 386: Perflock Submit request limit reached.
12-18 07:18:10.389  root  1138  1138 E ANDR-PERF-MPCTL: ANDR-PERF-MPCTL: internal_perf_lock_acq_verification() 386: Perflock Submit request limit reached.
12-18 07:18:10.411  root  1138  1138 E ANDR-PERF-MPCTL: ANDR-PERF-MPCTL: internal_perf_lock_acq_verification() 386: Perflock Submit request limit reached.
12-18 07:18:10.435  root  1138  1138 E ANDR-PERF-MPCTL: ANDR-PERF-MPCTL: internal_perf_lock_acq_verification() 386: Perflock Submit request limit reached.
12-18 07:18:10.455  root  1138  1138 E ANDR-PERF-MPCTL: ANDR-PERF-MPCTL: internal_perf_lock_acq_verification() 386: Perflock Submit request limit reached.
12-18 07:18:10.478  root  1138  1138 E ANDR-PERF-MPCTL: ANDR-PERF-MPCTL: internal_perf_lock_acq_verification() 386: Perflock Submit request limit reached.
12-18 07:18:10.500  root  1138  1138 E ANDR-PERF-MPCTL: ANDR-PERF-MPCTL: internal_perf_lock_acq_verification() 386: Perflock Submit request limit reached.
12-18 07:18:10.522  root  1138  1138 E ANDR-PERF-MPCTL: ANDR-PERF-MPCTL: internal_perf_lock_acq_verification() 386: Perflock Submit request limit reached.
12-18 07:18:10.545  root  1138  1138 E ANDR-PERF-MPCTL: ANDR-PERF-MPCTL: internal_perf_lock_acq_verification() 386: Perflock Submit request limit reached.
12-18 07:18:10.566  root  1138  1138 E ANDR-PERF-MPCTL: ANDR-PERF-MPCTL: internal_perf_lock_acq_verification() 386: Perflock Submit request limit reached.
12-18 07:18:10.589  root  1138  1138 E ANDR-PERF-MPCTL: ANDR-PERF-MPCTL: internal_perf_lock_acq_verification() 386: Perflock Submit request limit reached.
12-18 07:18:10.611  root  1138  1138 E ANDR-PERF-MPCTL: ANDR-PERF-MPCTL: internal_perf_lock_acq_verification() 386: Perflock Submit request limit reached.
12-18 07:18:10.620  1000  1855  1992 I RoleService: Granting default roles...
12-18 07:18:10.628 10069  2362  2544 W Role    : Cannot get ApplicationInfo for default holder: com.android.contacts
12-18 07:18:10.629 10069  2362  2544 W Role    : Cannot get ApplicationInfo for default holder: com.android.settings.intelligence
12-18 07:18:10.633  root  1138  1138 E ANDR-PERF-MPCTL: ANDR-PERF-MPCTL: internal_perf_lock_acq_verification() 386: Perflock Submit request limit reached.
12-18 07:18:10.653 10069  2362  2544 W Role    : Cannot get ApplicationInfo for default holder: com.android.gallery3d
12-18 07:18:10.655  root  1138  1138 E ANDR-PERF-MPCTL: ANDR-PERF-MPCTL: internal_perf_lock_acq_verification() 386: Perflock Submit request limit reached.
12-18 07:18:10.677  root  1138  1138 E ANDR-PERF-MPCTL: ANDR-PERF-MPCTL: internal_perf_lock_acq_verification() 386: Perflock Submit request limit reached.
12-18 07:18:10.700  root  1138  1138 E ANDR-PERF-MPCTL: ANDR-PERF-MPCTL: internal_perf_lock_acq_verification() 386: Perflock Submit request limit reached.
12-18 07:18:10.724  root  1138  1138 E ANDR-PERF-MPCTL: ANDR-PERF-MPCTL: internal_perf_lock_acq_verification() 386: Perflock Submit request limit reached.
12-18 07:18:10.744  root  1138  1138 E ANDR-PERF-MPCTL: ANDR-PERF-MPCTL: internal_perf_lock_acq_verification() 386: Perflock Submit request limit reached.
12-18 07:18:10.757 radio  2588  2588 I service_manager_stats: [4655,2912,5000]
12-18 07:18:10.760  1002  1068  2758 D bt_vendor: op for 7
12-18 07:18:10.760  1002  1068  2758 E bt_hwcfg: hw_lpm_set_wake_state state 1
12-18 07:18:10.760  1002  1068  2758 E bt_upio : BtWrite enable(0)
12-18 07:18:10.767  root  1138  1138 E ANDR-PERF-MPCTL: ANDR-PERF-MPCTL: internal_perf_lock_acq_verification() 386: Perflock Submit request limit reached.
12-18 07:18:10.789  root  1138  1138 E ANDR-PERF-MPCTL: ANDR-PERF-MPCTL: internal_perf_lock_acq_verification() 386: Perflock Submit request limit reached.
12-18 07:18:10.811  root  1138  1138 E ANDR-PERF-MPCTL: ANDR-PERF-MPCTL: internal_perf_lock_acq_verification() 386: Perflock Submit request limit reached.
12-18 07:18:10.834  root  1138  1138 E ANDR-PERF-MPCTL: ANDR-PERF-MPCTL: internal_perf_lock_acq_verification() 386: Perflock Submit request limit reached.
12-18 07:18:10.844 10057  2356  2745 D BufferPoolAccessor2.0: bufferpool2 0xb400007b938d03e8 : 0(0 size) total buffers - 0(0 size) used buffers - 1/7 (recycle/alloc) - 6/36 (fetch/transfer)
12-18 07:18:10.845 10057  2356  2745 D BufferPoolAccessor2.0: evictor expired: 1, evicted: 1
12-18 07:18:10.856  root  1138  1138 E ANDR-PERF-MPCTL: ANDR-PERF-MPCTL: internal_perf_lock_acq_verification() 386: Perflock Submit request limit reached.
12-18 07:18:10.859  1000  1855  3145 D CompatibilityChangeReporter: Compat change id reported: 135634846; UID 1000; state: DISABLED
12-18 07:18:10.859  1000  1855  3145 D CompatibilityChangeReporter: Compat change id reported: 177438394; UID 1000; state: DISABLED
12-18 07:18:10.860  1000  1855  3145 D CompatibilityChangeReporter: Compat change id reported: 135772972; UID 1000; state: DISABLED
12-18 07:18:10.861  1000  1855  3145 D CompatibilityChangeReporter: Compat change id reported: 135754954; UID 1000; state: ENABLED
12-18 07:18:10.863  1000  1855  3145 I backup_transport_lifecycle: [com.android.localtransport/.LocalTransportService,1]
12-18 07:18:10.870  root  1013  1013 D Zygote  : Forked child process 3766
12-18 07:18:10.871  1000  1855  1927 I am_proc_start: [0,3766,1000,com.android.localtransport,service,{com.android.localtransport/com.android.localtransport.LocalTransportService}]
12-18 07:18:10.871  1000  1855  1927 I ActivityManager: Start proc 3766:com.android.localtransport/1000 for service {com.android.localtransport/com.android.localtransport.LocalTransportService}
12-18 07:18:10.880  root  1138  1138 E ANDR-PERF-MPCTL: ANDR-PERF-MPCTL: internal_perf_lock_acq_verification() 386: Perflock Submit request limit reached.
12-18 07:18:10.881  1000  3766  3766 I .localtransport: Using CollectorTypeCC GC.
12-18 07:18:10.888  1000  3766  3766 E .localtransport: Not starting debugger since process cannot load the jdwp agent.
12-18 07:18:10.896  1000  1855  1905 I am_proc_bound: [0,3766,com.android.localtransport]
12-18 07:18:10.897  1000  1855  1905 D CompatibilityChangeReporter: Compat change id reported: 168419799; UID 1000; state: DISABLED
12-18 07:18:10.897  1000  1855  1905 D CompatibilityChangeReporter: Compat change id reported: 273564678; UID 1000; state: DISABLED
12-18 07:18:10.900  root  1138  1138 E ANDR-PERF-MPCTL: ANDR-PERF-MPCTL: internal_perf_lock_acq_verification() 386: Perflock Submit request limit reached.
12-18 07:18:10.904  1000  3766  3766 D CompatibilityChangeReporter: Compat change id reported: 171979766; UID 1000; state: ENABLED
12-18 07:18:10.904  1000  3766  3766 D CompatibilityChangeReporter: Compat change id reported: 242716250; UID 1000; state: ENABLED
12-18 07:18:10.910  1000  3766  3766 D nativeloader: Configuring clns-shared-6 for other apk /system/priv-app/LocalTransport/LocalTransport.apk. target_sdk_version=34, uses_libraries=, library_path=/system/priv-app/LocalTransport/lib/arm64:/system/lib64, permitted_path=/data:/mnt/expand:/data/user/0/com.android.localtransport:/system/priv-app/LocalTransport:/system/lib64
12-18 07:18:10.915  1000  3766  3766 V GraphicsEnvironment: Currently set values for:
12-18 07:18:10.916  1000  3766  3766 V GraphicsEnvironment:   angle_gl_driver_selection_pkgs=[]
12-18 07:18:10.916  1000  3766  3766 V GraphicsEnvironment:   angle_gl_driver_selection_values=[]
12-18 07:18:10.916  1000  3766  3766 V GraphicsEnvironment: ANGLE GameManagerService for com.android.localtransport: false
12-18 07:18:10.916  1000  3766  3766 V GraphicsEnvironment: com.android.localtransport is not listed in per-application setting
12-18 07:18:10.916  1000  3766  3766 V GraphicsEnvironment: Neither updatable production driver nor prerelease driver is supported.
12-18 07:18:10.919  1000  1855  1905 I ActivityManager: Flag disabled. Ignoring finishAttachApplication from uid: 1000. pid: 3766
12-18 07:18:10.924  root  1138  1138 E ANDR-PERF-MPCTL: ANDR-PERF-MPCTL: internal_perf_lock_acq_verification() 386: Perflock Submit request limit reached.
12-18 07:18:10.926  1000  1855  1855 I backup_transport_connection: [com.android.localtransport/.LocalTransportService,1]
12-18 07:18:10.926  1000  1855  1855 I TransportConnection: LocalTransportService#0: Notifying [TransportManager.registerTransport()] transport = BackupTransportClient
12-18 07:18:10.933  1000  1855  3145 D BackupTransportManager: [UserID:0] Transport com.android.localtransport/.LocalTransportService registered
12-18 07:18:10.934  1000  1855  3145 D BackupManagerService: [UserID:0] Transport com.android.localtransport/.LocalTransport registered 3086ms after first request (delay = 3000ms)
12-18 07:18:10.935  1000  1855  3145 I backup_transport_lifecycle: [com.android.localtransport/.LocalTransportService,0]
12-18 07:18:10.935  1000  1855  3145 I backup_transport_connection: [com.android.localtransport/.LocalTransportService,0]
12-18 07:18:10.944  root  1138  1138 E ANDR-PERF-MPCTL: ANDR-PERF-MPCTL: internal_perf_lock_acq_verification() 386: Perflock Submit request limit reached.
12-18 07:18:11.131  1046  1497  2038 D BufferPoolAccessor2.0: bufferpool2 0xb400007b96e3a3d8 : 0(0 size) total buffers - 0(0 size) used buffers - 14/16 (recycle/alloc) - 2/15 (fetch/transfer)
12-18 07:18:11.131  1046  1497  2038 D BufferPoolAccessor2.0: bufferpool2 0xb400007b96e39f38 : 0(0 size) total buffers - 0(0 size) used buffers - 15/17 (recycle/alloc) - 2/16 (fetch/transfer)
12-18 07:18:11.131  1046  1497  2038 D BufferPoolAccessor2.0: bufferpool2 0xb400007b96e34e48 : 0(0 size) total buffers - 0(0 size) used buffers - 5/7 (recycle/alloc) - 2/6 (fetch/transfer)
12-18 07:18:11.131  1046  1497  2038 D BufferPoolAccessor2.0: evictor expired: 3, evicted: 3
12-18 07:18:11.735 10063  3140  3617 W ModernMediaScanner: Failed to apply ContentProviderOperation(type=insert uri=content://media/internal/file values={instance_id=null, compilation=null, disc_number=null, duration=1000, is_ringtone=0, album_artist=null, resolution=null, orientation=null, artist=pdx, author=null, height=null, is_drm=0, is_audiobook=0, date_modified=1702883878, writer=null, composer=null, _modifier=3, is_recording=0, datetaken=null, mime_type=audio/ogg, is_notification=1, bitrate=80000, cd_track_number=2dB214a, xmp=[], year=null, _data=/system/product/media/audio/notifications/arcturus.ogg, _size=7908, album=notifications, genre=null, is_alarm=0, title=Arcturus, track=null, width=null, is_music=0, document_id=null, is_podcast=0, capture_framerate=null, num_tracks=1, original_document_id=null, media_type=2} exceptionAllowed)
12-18 07:18:11.735 10063  3140  3617 W ModernMediaScanner: android.database.sqlite.SQLiteConstraintException: UNIQUE constraint failed: files._data (code 2067 SQLITE_CONSTRAINT_UNIQUE)
12-18 07:18:11.735 10063  3140  3617 W ModernMediaScanner: 	at android.database.sqlite.SQLiteConnection.nativeExecuteForLastInsertedRowId(Native Method)
12-18 07:18:11.735 10063  3140  3617 W ModernMediaScanner: 	at android.database.sqlite.SQLiteConnection.executeForLastInsertedRowId(SQLiteConnection.java:961)
12-18 07:18:11.735 10063  3140  3617 W ModernMediaScanner: 	at android.database.sqlite.SQLiteSession.executeForLastInsertedRowId(SQLiteSession.java:790)
12-18 07:18:11.735 10063  3140  3617 W ModernMediaScanner: 	at android.database.sqlite.SQLiteStatement.executeInsert(SQLiteStatement.java:89)
12-18 07:18:11.735 10063  3140  3617 W ModernMediaScanner: 	at com.android.providers.media.util.DatabaseUtils.executeInsert(DatabaseUtils.java:488)
12-18 07:18:11.735 10063  3140  3617 W ModernMediaScanner: 	at com.android.providers.media.util.SQLiteQueryBuilder.insert(SQLiteQueryBuilder.java:611)
12-18 07:18:11.735 10063  3140  3617 W ModernMediaScanner: 	at com.android.providers.media.util.SQLiteQueryBuilder.lambda$insert$1(SQLiteQueryBuilder.java:575)
12-18 07:18:11.735 10063  3140  3617 W ModernMediaScanner: 	at com.android.providers.media.util.SQLiteQueryBuilder.$r8$lambda$z6PmNgi8nEawad46M5nyYc14aRM(SQLiteQueryBuilder.java:0)
12-18 07:18:11.735 10063  3140  3617 W ModernMediaScanner: 	at com.android.providers.media.util.SQLiteQueryBuilder$$ExternalSyntheticLambda4.apply(R8$$SyntheticClass:0)
12-18 07:18:11.735 10063  3140  3617 W ModernMediaScanner: 	at com.android.providers.media.DatabaseHelper.runWithTransaction(DatabaseHelper.java:850)
12-18 07:18:11.735 10063  3140  3617 W ModernMediaScanner: 	at com.android.providers.media.util.SQLiteQueryBuilder.insert(SQLiteQueryBuilder.java:574)
12-18 07:18:11.735 10063  3140  3617 W ModernMediaScanner: 	at com.android.providers.media.MediaProvider.lambda$insertAllowingUpsert$20(MediaProvider.java:4839)
12-18 07:18:11.735 10063  3140  3617 W ModernMediaScanner: 	at com.android.providers.media.MediaProvider.$r8$lambda$A8_bSAcDGkyGiCcvRo57xoMQkf8(MediaProvider.java:0)
12-18 07:18:11.735 10063  3140  3617 W ModernMediaScanner: 	at com.android.providers.media.MediaProvider$$ExternalSyntheticLambda39.apply(R8$$SyntheticClass:0)
12-18 07:18:11.735 10063  3140  3617 W ModernMediaScanner: 	at com.android.providers.media.DatabaseHelper.runWithTransaction(DatabaseHelper.java:850)
12-18 07:18:11.735 10063  3140  3617 W ModernMediaScanner: 	at com.android.providers.media.MediaProvider.insertAllowingUpsert(MediaProvider.java:4829)
12-18 07:18:11.735 10063  3140  3617 W ModernMediaScanner: 	at com.android.providers.media.MediaProvider.insertFile(MediaProvider.java:4811)
12-18 07:18:11.735 10063  3140  3617 W ModernMediaScanner: 	at com.android.providers.media.MediaProvider.insertInternal(MediaProvider.java:5280)
12-18 07:18:11.735 10063  3140  3617 W ModernMediaScanner: 	at com.android.providers.media.MediaProvider.insert(MediaProvider.java:4973)
12-18 07:18:11.735 10063  3140  3617 W ModernMediaScanner: 	at android.content.ContentProviderOperation.applyInternal(ContentProviderOperation.java:375)
12-18 07:18:11.735 10063  3140  3617 W ModernMediaScanner: 	at android.content.ContentProviderOperation.apply(ContentProviderOperation.java:347)
12-18 07:18:11.735 10063  3140  3617 W ModernMediaScanner: 	at android.content.ContentProvider.applyBatch(ContentProvider.java:2653)
12-18 07:18:11.735 10063  3140  3617 W ModernMediaScanner: 	at com.android.providers.media.MediaProvider.applyBatch(MediaProvider.java:5332)
12-18 07:18:11.735 10063  3140  3617 W ModernMediaScanner: 	at android.content.ContentProvider.applyBatch(ContentProvider.java:2644)
12-18 07:18:11.735 10063  3140  3617 W ModernMediaScanner: 	at android.content.ContentResolver.applyBatch(ContentResolver.java:2246)
12-18 07:18:11.735 10063  3140  3617 W ModernMediaScanner: 	at com.android.providers.media.scan.ModernMediaScanner$Scan.applyPending(ModernMediaScanner.java:957)
12-18 07:18:11.735 10063  3140  3617 W ModernMediaScanner: 	at com.android.providers.media.scan.ModernMediaScanner$Scan.postVisitDirectory(ModernMediaScanner.java:915)
12-18 07:18:11.735 10063  3140  3617 W ModernMediaScanner: 	at com.android.providers.media.scan.ModernMediaScanner$Scan.postVisitDirectory(ModernMediaScanner.java:338)
12-18 07:18:11.735 10063  3140  3617 W ModernMediaScanner: 	at java.nio.file.Files.walkFileTree(Files.java:2688)
12-18 07:18:11.735 10063  3140  3617 W ModernMediaScanner: 	at java.nio.file.Files.walkFileTree(Files.java:2742)
12-18 07:18:11.735 10063  3140  3617 W ModernMediaScanner: 	at com.android.providers.media.scan.ModernMediaScanner$Scan.walkFileTree(ModernMediaScanner.java:454)
12-18 07:18:11.735 10063  3140  3617 W ModernMediaScanner: 	at com.android.providers.media.scan.ModernMediaScanner$Scan.runInternal(ModernMediaScanner.java:417)
12-18 07:18:11.735 10063  3140  3617 W ModernMediaScanner: 	at com.android.providers.media.scan.ModernMediaScanner$Scan.run(ModernMediaScanner.java:406)
12-18 07:18:11.735 10063  3140  3617 W ModernMediaScanner: 	at com.android.providers.media.scan.ModernMediaScanner.scanDirectory(ModernMediaScanner.java:252)
12-18 07:18:11.735 10063  3140  3617 W ModernMediaScanner: 	at com.android.providers.media.MediaProvider.scanDirectory(MediaProvider.java:1932)
12-18 07:18:11.735 10063  3140  3617 W ModernMediaScanner: 	at com.android.providers.media.MediaService.onScanVolume(MediaService.java:204)
12-18 07:18:11.735 10063  3140  3617 W ModernMediaScanner: 	at com.android.providers.media.MediaService.onScanVolume(MediaService.java:172)
12-18 07:18:11.735 10063  3140  3617 W ModernMediaScanner: 	at com.android.providers.media.MediaService.onHandleWork(MediaService.java:95)
12-18 07:18:11.735 10063  3140  3617 W ModernMediaScanner: 	at androidx.core.app.JobIntentService$CommandProcessor.doInBackground(JobIntentService.java:396)
12-18 07:18:11.735 10063  3140  3617 W ModernMediaScanner: 	at androidx.core.app.JobIntentService$CommandProcessor.doInBackground(JobIntentService.java:387)
12-18 07:18:11.735 10063  3140  3617 W ModernMediaScanner: 	at android.os.AsyncTask$3.call(AsyncTask.java:394)
12-18 07:18:11.735 10063  3140  3617 W ModernMediaScanner: 	at java.util.concurrent.FutureTask.run(FutureTask.java:264)
12-18 07:18:11.735 10063  3140  3617 W ModernMediaScanner: 	at java.util.concurrent.ThreadPoolExecutor.runWorker(ThreadPoolExecutor.java:1145)
12-18 07:18:11.735 10063  3140  3617 W ModernMediaScanner: 	at java.util.concurrent.ThreadPoolExecutor$Worker.run(ThreadPoolExecutor.java:644)
12-18 07:18:11.735 10063  3140  3617 W ModernMediaScanner: 	at java.lang.Thread.run(Thread.java:1012)
12-18 07:18:11.845 10057  2356  2745 D BufferPoolAccessor2.0: bufferpool2 0xb400007b938db848 : 0(0 size) total buffers - 0(0 size) used buffers - 2/7 (recycle/alloc) - 5/38 (fetch/transfer)
12-18 07:18:11.846 10057  2356  2745 D BufferPoolAccessor2.0: bufferpool2 0xb400007b938d1d58 : 0(0 size) total buffers - 0(0 size) used buffers - 1/7 (recycle/alloc) - 6/18 (fetch/transfer)
12-18 07:18:11.846 10057  2356  2745 D BufferPoolAccessor2.0: evictor expired: 2, evicted: 2
12-18 07:18:11.906  1000  1855  1925 I sysui_multi_action: [757,1717,758,1,759,0]
12-18 07:18:11.907  1000  1855  1925 I sysui_multi_action: [757,1717,758,2,759,0]
12-18 07:18:11.907  1000  1855  1925 I sysui_multi_action: [757,1717,758,3,759,0]
12-18 07:18:12.368  root  1138  1138 E ANDR-PERF-MPCTL: ANDR-PERF-MPCTL: internal_perf_lock_acq_verification() 386: Perflock Submit request limit reached.
12-18 07:18:12.390  root  1138  1138 E ANDR-PERF-MPCTL: ANDR-PERF-MPCTL: internal_perf_lock_acq_verification() 386: Perflock Submit request limit reached.
12-18 07:18:12.411  root  1138  1138 E ANDR-PERF-MPCTL: ANDR-PERF-MPCTL: internal_perf_lock_acq_verification() 386: Perflock Submit request limit reached.
12-18 07:18:12.433  root  1138  1138 E ANDR-PERF-MPCTL: ANDR-PERF-MPCTL: internal_perf_lock_acq_verification() 386: Perflock Submit request limit reached.
12-18 07:18:12.455  root  1138  1138 E ANDR-PERF-MPCTL: ANDR-PERF-MPCTL: internal_perf_lock_acq_verification() 386: Perflock Submit request limit reached.
12-18 07:18:12.477  root  1138  1138 E ANDR-PERF-MPCTL: ANDR-PERF-MPCTL: internal_perf_lock_acq_verification() 386: Perflock Submit request limit reached.
12-18 07:18:12.500  root  1138  1138 E ANDR-PERF-MPCTL: ANDR-PERF-MPCTL: internal_perf_lock_acq_verification() 386: Perflock Submit request limit reached.
12-18 07:18:12.510 radio  2588  2588 D TelephonyProvider: Checksum for /product/etc/apns-conf.xml is 1369872006
12-18 07:18:12.511 radio  2588  2588 D TelephonyProvider: Checksum after adding resource is 61296002
12-18 07:18:12.512 radio  2588  2588 D TelephonyProvider: addAllApnSharedPrefToLocalLog
12-18 07:18:12.513 radio  2588  2588 D TelephonyProvider: onCreate: updating build id to UGR1.231217.001.A1
12-18 07:18:12.516 radio  2588  2588 D DeferredSmsMmsRestoreService: startIfFilesExist: no files to restore
12-18 07:18:12.516 radio  2588  2588 D DeferredSmsMmsRestoreService: addAllSharedPrefToLocalLog
12-18 07:18:12.525  root  1138  1138 E ANDR-PERF-MPCTL: ANDR-PERF-MPCTL: internal_perf_lock_acq_verification() 386: Perflock Submit request limit reached.
12-18 07:18:12.544  root  1138  1138 E ANDR-PERF-MPCTL: ANDR-PERF-MPCTL: internal_perf_lock_acq_verification() 386: Perflock Submit request limit reached.
12-18 07:18:12.566  root  1138  1138 E ANDR-PERF-MPCTL: ANDR-PERF-MPCTL: internal_perf_lock_acq_verification() 386: Perflock Submit request limit reached.
12-18 07:18:12.573 radio  2588  2588 D DeferredSmsMmsRestoreService: startIfFilesExist: no files to restore
12-18 07:18:12.573 radio  2588  2588 D DeferredSmsMmsRestoreService: addAllSharedPrefToLocalLog
12-18 07:18:12.576 radio  2588  2588 D TelephonyComponentFactory: validated paths: null
12-18 07:18:12.576 radio  2588  2588 D TelephonyComponentFactory: Total components injected: 0
12-18 07:18:12.577 radio  2588  2588 I DomainSelectionResolver: DomainSelectionResolver created: device-config=false
12-18 07:18:12.577 radio  2588  2588 D TDC     : updateOrInsert: inserting: Modem { uuid=modem, state=0, rilModel=0, rat={}, maxActiveVoiceCall=1, maxActiveDataCall=1, maxStandby=1 }
12-18 07:18:12.577 radio  2588  2588 D TDC     : updateOrInsert: inserting: Sim { uuid=sim, modemUuid=modem, state=0 }
12-18 07:18:12.578 radio  2588  2588 D PersistAtomsStorage: PersistAtoms file not found
12-18 07:18:12.578 radio  2588  2588 D PersistAtomsStorage: created new PersistAtoms
12-18 07:18:12.584 radio  2588  2588 D MetricsCollector: registered
12-18 07:18:12.586 radio  2588  2588 D CdmaSSM : subscriptionSource from settings: 0
12-18 07:18:12.586 radio  2588  2588 I PhoneFactory: Cdma Subscription set to 0
12-18 07:18:12.586 radio  2588  2588 I PhoneFactory: Network Mode set to 0
12-18 07:18:12.586 radio  2588  2588 D RILJ    : RIL: init allowedNetworkTypes=50055 cdmaSubscription=0) [PHONEnull]
12-18 07:18:12.591  root  1138  1138 E ANDR-PERF-MPCTL: ANDR-PERF-MPCTL: internal_perf_lock_acq_verification() 386: Perflock Submit request limit reached.
12-18 07:18:12.613  1000   687   687 I hwservicemanager: getTransport: Cannot find entry android.hardware.radio@1.6::IRadio/slot1 in either framework or device VINTF manifest.
12-18 07:18:12.613  root  1138  1138 E ANDR-PERF-MPCTL: ANDR-PERF-MPCTL: internal_perf_lock_acq_verification() 386: Perflock Submit request limit reached.
12-18 07:18:12.615  1000   687   687 I hwservicemanager: getTransport: Cannot find entry android.hardware.radio@1.5::IRadio/slot1 in either framework or device VINTF manifest.
12-18 07:18:12.618  1000   687   687 I hwservicemanager: getTransport: Cannot find entry android.hardware.radio@1.4::IRadio/slot1 in either framework or device VINTF manifest.
12-18 07:18:12.619  1000   687   687 I hwservicemanager: getTransport: Cannot find entry android.hardware.radio@1.3::IRadio/slot1 in either framework or device VINTF manifest.
12-18 07:18:12.621  1000   687   687 I hwservicemanager: getTransport: Cannot find entry android.hardware.radio@1.2::IRadio/slot1 in either framework or device VINTF manifest.
12-18 07:18:12.622  1000   687   687 I hwservicemanager: getTransport: Cannot find entry android.hardware.radio@1.1::IRadio/slot1 in either framework or device VINTF manifest.
12-18 07:18:12.622  1000   687   687 I hwservicemanager: getTransport: Cannot find entry android.hardware.radio@1.0::IRadio/slot1 in either framework or device VINTF manifest.
12-18 07:18:12.623 radio  2588  2588 E RILJ    : getRadioServiceProxy: set MODEM for slot1 as disabled [PHONE0]
12-18 07:18:12.623 radio  2588  2588 E RILJ    : getRadioServiceProxy: serviceProxy == null [PHONE0]
12-18 07:18:12.624  1000   687   687 I hwservicemanager: getTransport: Cannot find entry android.hardware.radio@1.6::IRadio/slot1 in either framework or device VINTF manifest.
12-18 07:18:12.625  1000   687   687 I hwservicemanager: getTransport: Cannot find entry android.hardware.radio@1.5::IRadio/slot1 in either framework or device VINTF manifest.
12-18 07:18:12.625  1000   687   687 I hwservicemanager: getTransport: Cannot find entry android.hardware.radio@1.4::IRadio/slot1 in either framework or device VINTF manifest.
12-18 07:18:12.626  1000   687   687 I hwservicemanager: getTransport: Cannot find entry android.hardware.radio@1.3::IRadio/slot1 in either framework or device VINTF manifest.
12-18 07:18:12.626  1000   687   687 I hwservicemanager: getTransport: Cannot find entry android.hardware.radio@1.2::IRadio/slot1 in either framework or device VINTF manifest.
12-18 07:18:12.627  1000   687   687 I hwservicemanager: getTransport: Cannot find entry android.hardware.radio@1.1::IRadio/slot1 in either framework or device VINTF manifest.
12-18 07:18:12.627  1000   687   687 I hwservicemanager: getTransport: Cannot find entry android.hardware.radio@1.0::IRadio/slot1 in either framework or device VINTF manifest.
12-18 07:18:12.628 radio  2588  2588 E RILJ    : getRadioProxy: set mRadioProxy for slot1 as disabled [PHONE0]
12-18 07:18:12.628 radio  2588  2588 E RILJ    : getRadioProxy: mRadioProxy == null [PHONE0]
12-18 07:18:12.628 radio  2588  2588 D RILJ    : HAL version of RADIO: -1.-1 [PHONE0]
12-18 07:18:12.629  1000   687   687 I hwservicemanager: getTransport: Cannot find entry android.hardware.radio@1.6::IRadio/slot1 in either framework or device VINTF manifest.
12-18 07:18:12.630  1000   687   687 I hwservicemanager: getTransport: Cannot find entry android.hardware.radio@1.5::IRadio/slot1 in either framework or device VINTF manifest.
12-18 07:18:12.630  1000   687   687 I hwservicemanager: getTransport: Cannot find entry android.hardware.radio@1.4::IRadio/slot1 in either framework or device VINTF manifest.
12-18 07:18:12.631  1000   687   687 I hwservicemanager: getTransport: Cannot find entry android.hardware.radio@1.3::IRadio/slot1 in either framework or device VINTF manifest.
12-18 07:18:12.632  1000   687   687 I hwservicemanager: getTransport: Cannot find entry android.hardware.radio@1.2::IRadio/slot1 in either framework or device VINTF manifest.
12-18 07:18:12.633  1000   687   687 I hwservicemanager: getTransport: Cannot find entry android.hardware.radio@1.1::IRadio/slot1 in either framework or device VINTF manifest.
12-18 07:18:12.633  1000   687   687 I hwservicemanager: getTransport: Cannot find entry android.hardware.radio@1.0::IRadio/slot1 in either framework or device VINTF manifest.
12-18 07:18:12.634  root  1138  1138 E ANDR-PERF-MPCTL: ANDR-PERF-MPCTL: internal_perf_lock_acq_verification() 386: Perflock Submit request limit reached.
12-18 07:18:12.634 radio  2588  2588 E RILJ    : getRadioServiceProxy: set DATA for slot1 as disabled [PHONE0]
12-18 07:18:12.634 radio  2588  2588 E RILJ    : getRadioServiceProxy: serviceProxy == null [PHONE0]
12-18 07:18:12.635 radio  2588  2588 D RILJ    : HAL version of DATA: -1.-1 [PHONE0]
12-18 07:18:12.636  1000   687   687 I hwservicemanager: getTransport: Cannot find entry android.hardware.radio@1.6::IRadio/slot1 in either framework or device VINTF manifest.
12-18 07:18:12.637  1000   687   687 I hwservicemanager: getTransport: Cannot find entry android.hardware.radio@1.5::IRadio/slot1 in either framework or device VINTF manifest.
12-18 07:18:12.637  1000   687   687 I hwservicemanager: getTransport: Cannot find entry android.hardware.radio@1.4::IRadio/slot1 in either framework or device VINTF manifest.
12-18 07:18:12.638  1000   687   687 I hwservicemanager: getTransport: Cannot find entry android.hardware.radio@1.3::IRadio/slot1 in either framework or device VINTF manifest.
12-18 07:18:12.639  1000   687   687 I hwservicemanager: getTransport: Cannot find entry android.hardware.radio@1.2::IRadio/slot1 in either framework or device VINTF manifest.
12-18 07:18:12.640  1000   687   687 I hwservicemanager: getTransport: Cannot find entry android.hardware.radio@1.1::IRadio/slot1 in either framework or device VINTF manifest.
12-18 07:18:12.640  1000   687   687 I hwservicemanager: getTransport: Cannot find entry android.hardware.radio@1.0::IRadio/slot1 in either framework or device VINTF manifest.
12-18 07:18:12.641 radio  2588  2588 E RILJ    : getRadioServiceProxy: set MESSAGING for slot1 as disabled [PHONE0]
12-18 07:18:12.641 radio  2588  2588 E RILJ    : getRadioServiceProxy: serviceProxy == null [PHONE0]
12-18 07:18:12.641 radio  2588  2588 D RILJ    : HAL version of MESSAGING: -1.-1 [PHONE0]
12-18 07:18:12.641 radio  2588  2588 E RILJ    : getRadioServiceProxy: MODEM for slot1 is disabled [PHONE0]
12-18 07:18:12.641 radio  2588  2588 E RILJ    : getRadioServiceProxy: serviceProxy == null [PHONE0]
12-18 07:18:12.641 radio  2588  2588 D RILJ    : HAL version of MODEM: -1.-1 [PHONE0]
12-18 07:18:12.642  1000   687   687 I hwservicemanager: getTransport: Cannot find entry android.hardware.radio@1.6::IRadio/slot1 in either framework or device VINTF manifest.
12-18 07:18:12.642  1000   687   687 I hwservicemanager: getTransport: Cannot find entry android.hardware.radio@1.5::IRadio/slot1 in either framework or device VINTF manifest.
12-18 07:18:12.643  1000   687   687 I hwservicemanager: getTransport: Cannot find entry android.hardware.radio@1.4::IRadio/slot1 in either framework or device VINTF manifest.
12-18 07:18:12.644  1000   687   687 I hwservicemanager: getTransport: Cannot find entry android.hardware.radio@1.3::IRadio/slot1 in either framework or device VINTF manifest.
12-18 07:18:12.644  1000   687   687 I hwservicemanager: getTransport: Cannot find entry android.hardware.radio@1.2::IRadio/slot1 in either framework or device VINTF manifest.
12-18 07:18:12.645  1000   687   687 I hwservicemanager: getTransport: Cannot find entry android.hardware.radio@1.1::IRadio/slot1 in either framework or device VINTF manifest.
12-18 07:18:12.645  1000   687   687 I hwservicemanager: getTransport: Cannot find entry android.hardware.radio@1.0::IRadio/slot1 in either framework or device VINTF manifest.
12-18 07:18:12.646 radio  2588  2588 E RILJ    : getRadioServiceProxy: set NETWORK for slot1 as disabled [PHONE0]
12-18 07:18:12.646 radio  2588  2588 E RILJ    : getRadioServiceProxy: serviceProxy == null [PHONE0]
12-18 07:18:12.646 radio  2588  2588 D RILJ    : HAL version of NETWORK: -1.-1 [PHONE0]
12-18 07:18:12.647  1000   687   687 I hwservicemanager: getTransport: Cannot find entry android.hardware.radio@1.6::IRadio/slot1 in either framework or device VINTF manifest.
12-18 07:18:12.647  1000   687   687 I hwservicemanager: getTransport: Cannot find entry android.hardware.radio@1.5::IRadio/slot1 in either framework or device VINTF manifest.
12-18 07:18:12.648  1000   687   687 I hwservicemanager: getTransport: Cannot find entry android.hardware.radio@1.4::IRadio/slot1 in either framework or device VINTF manifest.
12-18 07:18:12.648  1000   687   687 I hwservicemanager: getTransport: Cannot find entry android.hardware.radio@1.3::IRadio/slot1 in either framework or device VINTF manifest.
12-18 07:18:12.649  1000   687   687 I hwservicemanager: getTransport: Cannot find entry android.hardware.radio@1.2::IRadio/slot1 in either framework or device VINTF manifest.
12-18 07:18:12.650  1000   687   687 I hwservicemanager: getTransport: Cannot find entry android.hardware.radio@1.1::IRadio/slot1 in either framework or device VINTF manifest.
12-18 07:18:12.650  1000   687   687 I hwservicemanager: getTransport: Cannot find entry android.hardware.radio@1.0::IRadio/slot1 in either framework or device VINTF manifest.
12-18 07:18:12.651 radio  2588  2588 E RILJ    : getRadioServiceProxy: set SIM for slot1 as disabled [PHONE0]
12-18 07:18:12.651 radio  2588  2588 E RILJ    : getRadioServiceProxy: serviceProxy == null [PHONE0]
12-18 07:18:12.651 radio  2588  2588 D RILJ    : HAL version of SIM: -1.-1 [PHONE0]
12-18 07:18:12.652  1000   687   687 I hwservicemanager: getTransport: Cannot find entry android.hardware.radio@1.6::IRadio/slot1 in either framework or device VINTF manifest.
12-18 07:18:12.653  1000   687   687 I hwservicemanager: getTransport: Cannot find entry android.hardware.radio@1.5::IRadio/slot1 in either framework or device VINTF manifest.
12-18 07:18:12.654  1000   687   687 I hwservicemanager: getTransport: Cannot find entry android.hardware.radio@1.4::IRadio/slot1 in either framework or device VINTF manifest.
12-18 07:18:12.654  1000   687   687 I hwservicemanager: getTransport: Cannot find entry android.hardware.radio@1.3::IRadio/slot1 in either framework or device VINTF manifest.
12-18 07:18:12.655  root  1138  1138 E ANDR-PERF-MPCTL: ANDR-PERF-MPCTL: internal_perf_lock_acq_verification() 386: Perflock Submit request limit reached.
12-18 07:18:12.657  1000   687   687 I hwservicemanager: getTransport: Cannot find entry android.hardware.radio@1.2::IRadio/slot1 in either framework or device VINTF manifest.
12-18 07:18:12.658  1000   687   687 I hwservicemanager: getTransport: Cannot find entry android.hardware.radio@1.1::IRadio/slot1 in either framework or device VINTF manifest.
12-18 07:18:12.659  1000   687   687 I hwservicemanager: getTransport: Cannot find entry android.hardware.radio@1.0::IRadio/slot1 in either framework or device VINTF manifest.
12-18 07:18:12.659 radio  2588  2588 E RILJ    : getRadioServiceProxy: set VOICE for slot1 as disabled [PHONE0]
12-18 07:18:12.660 radio  2588  2588 E RILJ    : getRadioServiceProxy: serviceProxy == null [PHONE0]
12-18 07:18:12.660 radio  2588  2588 D RILJ    : HAL version of VOICE: -1.-1 [PHONE0]
12-18 07:18:12.660 radio  2588  2588 D RILJ    : HAL version of IMS: -2.-2 [PHONE0]
12-18 07:18:12.662 radio  2588  2588 D UiccController: Creating UiccController
12-18 07:18:12.662 radio  2588  2588 D UiccController: config_num_physical_slots = 1
12-18 07:18:12.678  root  1138  1138 E ANDR-PERF-MPCTL: ANDR-PERF-MPCTL: internal_perf_lock_acq_verification() 386: Perflock Submit request limit reached.
12-18 07:18:12.680 radio  2588  2588 D PinStorage: KeyStore: alias PinStorage_longTerm_always_key does not exist - Creating (exp=, auth=false)
12-18 07:18:12.685  1000   734   741 D DrmLibTime: got the req here! ret=0
12-18 07:18:12.685  1000   734   741 D DrmLibTime: command id, time_cmd_id = 770
12-18 07:18:12.685  1000   734   741 D DrmLibTime: time_getutcsec starts!
12-18 07:18:12.685  1000   734   741 D DrmLibTime: QSEE Time Listener: time_getutcsec
12-18 07:18:12.685  1000   734   741 D DrmLibTime: QSEE Time Listener: get_utc_seconds
12-18 07:18:12.685  1000   734   741 D DrmLibTime: QSEE Time Listener: time_get_modem_time
12-18 07:18:12.685  1000   734   741 D DrmLibTime: QSEE Time Listener: Checking if ATS_MODEM is set or not.
12-18 07:18:12.685  1000   734   741 D QC-time-services: Lib:time_genoff_operation: pargs->base = 13
12-18 07:18:12.685  1000   734   741 D QC-time-services: Lib:time_genoff_operation: pargs->operation = 2
12-18 07:18:12.685  1000   734   741 D QC-time-services: Lib:time_genoff_operation: pargs->ts_val = 0
12-18 07:18:12.686  1000   734   741 D QC-time-services: Lib:time_genoff_operation: Send to server  passed!!
12-18 07:18:12.686  1000   985   995 D QC-time-services: Daemon: Connection accepted:time_genoff
12-18 07:18:12.686  1000   985  3793 D QC-time-services: Daemon:Received base = 13, unit = 1, operation = 2,value = 0
12-18 07:18:12.686  1000   985  3793 D QC-time-services: Daemon:genoff_opr: Base = 13, val = 0, operation = 2
12-18 07:18:12.686  1000   985  3793 D QC-time-services: offset is: 0 for base: 13
12-18 07:18:12.686  1000   734   741 E QC-time-services: Receive Passed == base = 13, unit = 1, operation = 2, result = 0
12-18 07:18:12.686  1000   734   741 D DrmLibTime: QSEE Time Listener: ATS_MODEM is not set. Fallback to Android system time.
12-18 07:18:12.687  1000   734   741 D DrmLibTime: QSEE Time Listener: Retrieved Android system time: 1702883892
12-18 07:18:12.687  1000   734   741 D DrmLibTime: time_getutcsec returns 0, sec = 1702883892; nsec = 0
12-18 07:18:12.687  1000   734   741 D DrmLibTime: time_getutcsec finished! 
12-18 07:18:12.687  1000   734   741 D DrmLibTime: iotcl_continue_command finished! and return 0 
12-18 07:18:12.687  1000   734   741 D DrmLibTime: before calling ioctl to read the next time_cmd
12-18 07:18:12.687  1000   985   995 E QC-time-services: Daemon: Time-services: Waiting to acceptconnection
12-18 07:18:12.699 radio  2588  2588 D PinStorage: onDeviceReady
12-18 07:18:12.701 radio  2588  2588 D PinStorage: KeyStore: alias PinStorage_shortTerm_key does not exist - Nothing to do
12-18 07:18:12.702  root  1138  1138 E ANDR-PERF-MPCTL: ANDR-PERF-MPCTL: internal_perf_lock_acq_verification() 386: Perflock Submit request limit reached.
12-18 07:18:12.710 radio  2588  2588 I PhoneFactory: Creating SubscriptionManagerService
12-18 07:18:12.712 radio  2588  2588 D SMSVC   : Created SubscriptionManagerService
12-18 07:18:12.724  root  1138  1138 E ANDR-PERF-MPCTL: ANDR-PERF-MPCTL: internal_perf_lock_acq_verification() 386: Perflock Submit request limit reached.
12-18 07:18:12.729 radio  2588  2588 D SDMGR   : Created SubscriptionDatabaseManager.
12-18 07:18:12.730 radio  2588  3796 D SDMGR   : loadDatabaseInternal
12-18 07:18:12.732 radio  2588  2588 D SMSVC   : broadcastSubId action: android.intent.action.ACTION_DEFAULT_DATA_SUBSCRIPTION_CHANGED subId= -1
12-18 07:18:12.733  1000  1855  2449 D CompatibilityChangeReporter: Compat change id reported: 124107808; UID 1001; state: ENABLED
12-18 07:18:12.737 radio  2588  2588 D SMSVC   : broadcastSubId action: android.intent.action.ACTION_DEFAULT_VOICE_SUBSCRIPTION_CHANGED subId= -1
12-18 07:18:12.738 10057  2356  2437 W CarrierConfigManager: Error getting config for subId -1 ICarrierConfigLoader is null
12-18 07:18:12.738 radio  2588  2588 D SMSVC   : broadcastSubId action: android.telephony.action.DEFAULT_SMS_SUBSCRIPTION_CHANGED subId= -1
12-18 07:18:12.740 10057  2356  2356 D KeyguardViewMediator: onSimStateChanged(subId=-1, slotId=0,state=0)
12-18 07:18:12.740  1000  1855  1916 W CarrierConfigManager: Error getting config for subId -1 ICarrierConfigLoader is null
12-18 07:18:12.743 10073  3514  3514 D CellBroadcastReceiver: onReceive Intent { act=android.telephony.action.DEFAULT_SMS_SUBSCRIPTION_CHANGED flg=0x21000010 cmp=com.android.cellbroadcastreceiver.module/com.android.cellbroadcastreceiver.CellBroadcastReceiver (has extras) }
12-18 07:18:12.745  root  1138  1138 E ANDR-PERF-MPCTL: ANDR-PERF-MPCTL: internal_perf_lock_acq_verification() 386: Perflock Submit request limit reached.
12-18 07:18:12.746 10073  3514  3514 D CellBroadcastReceiver: mockmodem is running? = false
12-18 07:18:12.747 10073  3514  3514 D CompatibilityChangeReporter: Compat change id reported: 183155436; UID 10073; state: ENABLED
12-18 07:18:12.747 10073  3514  3514 D CellBroadcastReceiver: Start Cell Broadcast configuration for intent=ACTION_ENABLE_CHANNELS
12-18 07:18:12.749  1000  1855  1926 W ProcessStats: Tracking association SourceState{e6a9107 com.android.cellbroadcastreceiver.module/10073 Receivr #316} whose proc state 10 is better than process ProcessState{5cd988f com.android.cellbroadcastreceiver/10006 pkg=com.android.cellbroadcastreceiver} proc state 14 (0 skipped)
12-18 07:18:12.749   gps  1098  1115 D GnssConfigurationAidl: GnssConfiguration::setEsExtensionSec(0)
12-18 07:18:12.750   gps  1424  1424 D gpsd    : WakeLock(Acquire,GPSD)
12-18 07:18:12.750   gps  1424  1424 E power   : Failed to get SystemSuspend service
12-18 07:18:12.750   gps  1098  1115 D GnssConfigurationAidl: GnssConfiguration::setSuplVersion(131072)
12-18 07:18:12.750   gps  1424  1424 D gpsd    : WakeLock(Release,GPSD)
12-18 07:18:12.750   gps  1424  1424 D gpsd    : WakeLock(Acquire,GPSD)
12-18 07:18:12.750   gps  1424  1424 E power   : Failed to get SystemSuspend service
12-18 07:18:12.750   gps  1098  1115 D GnssConfigurationAidl: GnssConfiguration::setGlonassPositioningProtocol(0)
12-18 07:18:12.750   gps  1424  1424 D gpsd    : WakeLock(Release,GPSD)
12-18 07:18:12.751   gps  1098  1115 D GnssConfigurationAidl: GnssConfiguration::setSuplMode(1)
12-18 07:18:12.751   gps  1424  1424 D gpsd    : WakeLock(Acquire,GPSD)
12-18 07:18:12.751   gps  1424  1424 E power   : Failed to get SystemSuspend service
12-18 07:18:12.751   gps  1424  1424 D gpsd    : WakeLock(Release,GPSD)
12-18 07:18:12.751   gps  1424  1424 D gpsd    : WakeLock(Acquire,GPSD)
12-18 07:18:12.751   gps  1424  1424 E power   : Failed to get SystemSuspend service
12-18 07:18:12.751   gps  1424  1424 D gpsd    : WakeLock(Release,GPSD)
12-18 07:18:12.752   gps  1098  1115 D GnssConfigurationAidl: GnssConfiguration::setLppProfile(2)
12-18 07:18:12.752   gps  1098  1115 D GnssConfigurationAidl: GnssConfiguration::setEmergencySuplPdn(T)
12-18 07:18:12.752   gps  1424  1424 D gpsd    : WakeLock(Acquire,GPSD)
12-18 07:18:12.753   gps  1424  1424 E power   : Failed to get SystemSuspend service
12-18 07:18:12.753   gps  1424  1424 D gpsd    : WakeLock(Release,GPSD)
12-18 07:18:12.753   gps  1424  1424 D gpsd    : WakeLock(Acquire,GPSD)
12-18 07:18:12.754   gps  1424  1424 E power   : Failed to get SystemSuspend service
12-18 07:18:12.754   gps  1424  1424 D gpsd    : WakeLock(Release,GPSD)
12-18 07:18:12.755 radio  2588  2588 D SMSVC   : Registered iSub service
12-18 07:18:12.757 radio  2588  2588 I PhoneFactory: Creating Phone with type = 1 phoneId = 0
12-18 07:18:12.758 radio  2588  2588 D Phone   : mDoesRilSendMultipleCallRing=false
12-18 07:18:12.758 radio  2588  2588 D Phone   : mCallRingDelay=3000
12-18 07:18:12.759 radio  2588  2588 D TelephonyAdminReceiver: No user manager. Attempting to resolve one.
12-18 07:18:12.759 radio  2588  2588 D CompatibilityChangeReporter: Compat change id reported: 183155436; UID 1001; state: ENABLED
12-18 07:18:12.769  root  1138  1138 E ANDR-PERF-MPCTL: ANDR-PERF-MPCTL: internal_perf_lock_acq_verification() 386: Perflock Submit request limit reached.
12-18 07:18:12.771 10073  3514  3797 E CellBroadcastConfigService: fails to setCellBroadcastRanges
12-18 07:18:12.772 radio  2588  2588 E RILJ    : getRadioProxy: mRadioProxy for slot1 is disabled [PHONE0]
12-18 07:18:12.772 radio  2588  2588 E RILJ    : getRadioProxy: mRadioProxy == null [PHONE0]
12-18 07:18:12.774 radio  2588  2588 D CellBroadcastConfigTracker-0: init
12-18 07:18:12.775  1000  1855  2507 D TelephonyRegistry: listen oscl: mHasNotifySubscriptionInfoChangedOccurred==false no callback
12-18 07:18:12.776 radio  2588  2588 D SmsDispatchersController: SmsDispatchersController created
