12-18 07:18:09.005 10054  2659  2659 D b/254119092: 		mContext.getResources().getConfiguration()={1.0 ?mcc0mnc [en_US] ldltr sw800dp w800dp h1249dp 240dpi xlrg widecg port finger qwerty/v/v -nav/h winConfig={ mBounds=Rect(0, 0 - 1200, 2000) mAppBounds=Rect(0, 0 - 1200, 1910) mMaxBounds=Rect(0, 0 - 1200, 2000) mDisplayRotation=ROTATION_0 mWindowingMode=fullscreen mDisplayWindowingMode=fullscreen mActivityType=undefined mAlwaysOnTop=undefined mRotation=ROTATION_0} as.2 s.38 fontWeightAdjustment=0}
12-18 07:18:09.005 10054  2659  2659 D b/254119092: 		LauncherAppState.getIDP().getDeviceProfile(mContext).isTaskbarPresent=true
12-18 07:18:09.005 10054  2659  2659 D b/254119092: ComponentCallbacks#onConfigurationChanged() configDiffForRecreate={CONFIG_WINDOW_CONFIGURATION}
12-18 07:18:09.005 10054  2659  2659 D b/254119092: mActivity and mContext device profiles have different values, add more logs.
12-18 07:18:09.005 10054  2659  2659 D b/254119092: 	mActivity logs:
12-18 07:18:09.005 10054  2659  2659 D b/254119092: 		mActivity=null
12-18 07:18:09.005 10054  2659  2659 D b/254119092: 	mContext logs:
12-18 07:18:09.005 10054  2659  2659 D b/254119092: 		mContext=android.window.WindowContext@eb5bb05
12-18 07:18:09.005 10054  2659  2659 D b/254119092: 		mContext.getResources().getConfiguration()={1.0 ?mcc0mnc [en_US] ldltr sw800dp w800dp h1249dp 240dpi xlrg widecg port finger qwerty/v/v -nav/h winConfig={ mBounds=Rect(0, 0 - 1200, 2000) mAppBounds=Rect(0, 0 - 1200, 1910) mMaxBounds=Rect(0, 0 - 1200, 2000) mDisplayRotation=ROTATION_0 mWindowingMode=fullscreen mDisplayWindowingMode=fullscreen mActivityType=undefined mAlwaysOnTop=undefined mRotation=ROTATION_0} as.2 s.38 fontWeightAdjustment=0}
12-18 07:18:09.005 10054  2659  2659 D b/254119092: 		LauncherAppState.getIDP().getDeviceProfile(mContext).isTaskbarPresent=true
12-18 07:18:09.010 10054  2659  3217 E FrameEvents: updateAcquireFence: Did not find frame.
12-18 07:18:09.014  1000  1855  3480 I HealthConnectBackupRestore: Attempt to schedule download timeout job with state: 0
12-18 07:18:09.014  1000  1855  3480 I HealthConnectBackupRestore: Attempt to schedule staging timeout job with state: 0
12-18 07:18:09.014  1000  1855  3480 I HealthConnectBackupRestore: Attempt to schedule merging timeout job with state: 0
12-18 07:18:09.015  1000  1855  1855 I NotificationService: Cannot find enqueued record for key: 0|android|13|PreBootBroadcaster|1000
12-18 07:18:09.016 10054  2659  2690 D LoaderTask: loadWorkspace
12-18 07:18:09.016 10054  2659  2690 D LoaderTask: Cancelled
12-18 07:18:09.017 10054  2659  2690 D LoaderTask: loadWorkspace: loading default favorites
12-18 07:18:09.023 10054  2659  2659 D TISBindHelper: TIS service connected
12-18 07:18:09.024 10054  2659  2659 D b/254119092: Set mActivity=com.android.launcher3.uioverrides.QuickstepLauncher@7582d37
12-18 07:18:09.024 10054  2659  2659 D b/254119092: mActivity and mContext agree taskbarIsPresent=true
12-18 07:18:09.025  1000  1855  2406 I ActivityManager: Flag disabled. Ignoring finishAttachApplication from uid: 10038. pid: 3481
12-18 07:18:09.026 10054  2659  2659 D b/260135164: updateIconAlphaForHome - setIconsAlpha(0), isTaskbarPresent: true
12-18 07:18:09.028 10054  2659  2659 D b/260135164: updateIconAlphaForHome - setIconsAlpha(1), isTaskbarPresent: true
12-18 07:18:09.029 10038  3481  3481 I Traceur : Received BOOT_COMPLETE
12-18 07:18:09.030 10054  2659  2659 D b/260135164: updateIconAlphaForHome - setIconsAlpha(0), isTaskbarPresent: true
12-18 07:18:09.031  1000  1855  1967 I sysui_multi_action: [757,856,758,1,806,com.android.traceur,857,trace-is-being-recorded,858,4]
12-18 07:18:09.031 10054  2659  2659 D b/260135164: updateIconAlphaForHome - setIconsAlpha(1), isTaskbarPresent: true
12-18 07:18:09.034  1000  1855  2406 I sysui_multi_action: [757,856,758,1,806,com.android.traceur,857,system-tracing,858,4]
12-18 07:18:09.037  1000  1855  2442 W WindowManager: applyWithNextDraw with mSyncState=2, Window{e43c577 u0 Taskbar}, com.android.server.wm.InsetsSourceProvider.onPostLayout:308 com.android.server.wm.InsetsStateController.onPostLayout:146 com.android.server.wm.DisplayContent.applySurfaceChangesTransaction:4973 com.android.server.wm.RootWindowContainer.applySurfaceChangesTransaction:991 com.android.server.wm.RootWindowContainer.performSurfacePlacementNoTrace:795 com.android.server.wm.RootWindowContainer.performSurfacePlacement:756 com.android.server.wm.WindowSurfacePlacer.performSurfacePlacementLoop:177 com.android.server.wm.WindowSurfacePlacer.performSurfacePlacement:126 
12-18 07:18:09.037 10054  2659  2690 I Launcher.IconCache: Database bulk icon loading failed, using fallback bulk icon loading for: ComponentInfo{org.chromium.webview_shell/org.chromium.webview_shell.WebViewBrowserActivity}
12-18 07:18:09.038  1000  1855  1855 I NotificationService: Cannot find enqueued record for key: 0|android|13|PreBootBroadcaster|1000
12-18 07:18:09.045 10054  2659  2690 D CompatibilityChangeReporter: Compat change id reported: 247079863; UID 10054; state: ENABLED
12-18 07:18:09.045 10054  2659  2690 I Launcher.IconCache: Database bulk icon loading failed, using fallback bulk icon loading for: ComponentInfo{com.android.camera2/com.android.camera.CameraLauncher}
12-18 07:18:09.046 10054  2659  3217 E OpenGLRenderer: Unable to match the desired swap behavior.
12-18 07:18:09.048  1000  1855  1855 I NotificationService: Cannot find enqueued record for key: 0|android|13|PreBootBroadcaster|1000
12-18 07:18:09.050  1000  1855  1855 I Telecom : MissedCallNotifierImpl: reloadAfterBootComplete: user=0: TSBCR.oR@ADA
12-18 07:18:09.051 10054  2659  2690 D LoaderTask: loadWorkspace
12-18 07:18:09.052  1000  1855  1855 I DevicePolicyManager: Finished calculating hasIncompatibleAccountsTask
12-18 07:18:09.053  1000  1855  1855 D FastPairService: onReceive: ACTION_BOOT_COMPLETED.
12-18 07:18:09.054  1000  1855  1855 V FastPairService: invalidateScan: scan is disabled
12-18 07:18:09.054  1000  1855  1855 E NearbyManager: Cannot stop scan with this callback because it is never registered.
12-18 07:18:09.056 10057  2356  2367 W ndroid.systemui: Cleared Reference was only reachable from finalizer (only reported once)
12-18 07:18:09.058 10054  2659  2690 D LoaderTask: sanitizeData
12-18 07:18:09.060 10054  2659  2690 D LoaderTask: bindWorkspace
12-18 07:18:09.061 10054  2659  2690 D LoaderTask: sendFirstScreenActiveInstallsBroadcast
12-18 07:18:09.062  1000  1855  1855 I CameraManagerGlobal: Connecting to camera service
12-18 07:18:09.062  1000  1855  3509 I RecoverySystem: No recovery log file
12-18 07:18:09.063  1000  1855  3509 I BootReceiver: No existing last log timestamp file /data/system/log-files.xml; starting empty
12-18 07:18:09.064 10057  2356  2367 I ndroid.systemui: Background concurrent copying GC freed 353058(17MB) AllocSpace objects, 33(1680KB) LOS objects, 49% free, 12MB/24MB, paused 344us,76us total 144.281ms
12-18 07:18:09.064 10045  2565  2565 D QCNEJ/CneAppReceiver: ACTION_LOCKED_BOOT_COMPLETED or ACTION_BOOT_COMPLETED received
12-18 07:18:09.065 10045  2565  2565 D QCNEJ/CneAppReceiver: CneApp already Started
12-18 07:18:09.066  1000  1855  3509 I DropBoxManagerService: add tag=SYSTEM_BOOT isTagEnabled=true flags=0x2
12-18 07:18:09.069 10043  2582  2582 I txpwradmin:SettingsObserver: ACTION_LOCKED_BOOT_COMPLETED or ACTION_BOOT_COMPLETED received
12-18 07:18:09.070  1000  1855  3509 I BootReceiver: Copying audit failures to DropBox
12-18 07:18:09.072  1000  1855  3509 I BootReceiver: Checking for fsck errors
12-18 07:18:09.072  1000  1855  3509 I BootReceiver: fs_stat, partition:persist stat:0x3
12-18 07:18:09.072  1000  1855  3509 I BootReceiver: fs_stat, partition:modem_a stat:0x0
12-18 07:18:09.072  1000  1855  3509 I BootReceiver: fs_stat, partition:dsp_a stat:0x3
12-18 07:18:09.072  1000  1855  3509 I BootReceiver: fs_stat, partition:bluetooth_a stat:0x0
12-18 07:18:09.073  1000  1855  3509 I BootReceiver: fs_stat, partition:userdata stat:0x0
12-18 07:18:09.073  1000  1855  3509 I BootReceiver: fs_stat, partition:userdata stat:0x0
12-18 07:18:09.077 10066  2849  2849 I extservices: BootCompletedReceiver received BOOT_COMPLETED broadcast (f): Android/gsi_arm64/generic_arm64:14/UGR1.231217.001.A1/11230136:user/release-keys
12-18 07:18:09.081 10066  2849  2849 D extservices: BootCompletedReceiver not enabled in config, exiting
12-18 07:18:09.085  1000  1855  3509 I commit_sys_config_file: [log-files,12]
12-18 07:18:09.089  1000  1855  1926 I am_uid_running: 10073
12-18 07:18:09.091  1000  1855  1926 D CompatibilityChangeReporter: Compat change id reported: 135634846; UID 10073; state: DISABLED
12-18 07:18:09.094  1000  1528  1594 I qcc_sdk : registerClient: called
12-18 07:18:09.094  1000  1528  1594 I qcc_sdk : registerClient - created threadpool
12-18 07:18:09.094  1000  1528  1595 I qcc_sdk : registerClient: called
12-18 07:18:09.094  1000  1528  1594 I qcc_sdk : initQccVHandle - getting new instance of qcc client binder
12-18 07:18:09.094  1000  1528  1595 I qcc_sdk : registerClient - created threadpool
12-18 07:18:09.094  1000  1528  1594 E qcc_sdk : initQccVHandle - qccsdkservice service not available yet
12-18 07:18:09.094  1000  1528  1594 E qcc_sdk : registerClient failed to init IPC
12-18 07:18:09.094  1000  1528  1594 E qcc_sdk : modem_microdumpstats: SPC registration failed - waiting for 5 seconds before retrying
12-18 07:18:09.094  1000  1528  1594 I qcc_sdk : modem_microdumpstats: Resetting client ptr
12-18 07:18:09.095  1000  1528  1595 I qcc_sdk : initQccVHandle - getting new instance of qcc client binder
12-18 07:18:09.096 radio  2588  2588 D TelephonyProvider: Checksum for /product/etc/apns-conf.xml is 1369872006
12-18 07:18:09.096 radio  2588  2588 D TelephonyProvider: Checksum after adding resource is 61296002
12-18 07:18:09.096 radio  2588  2588 D TelephonyProvider: dbh.onCreate:- db=SQLiteDatabase: /data/user_de/0/com.android.providers.telephony/databases/telephony.db
12-18 07:18:09.097  1000  1528  1595 E qcc_sdk : initQccVHandle - qccsdkservice service not available yet
12-18 07:18:09.097  1000  1528  1595 E qcc_sdk : registerClient failed to init IPC
12-18 07:18:09.097  1000  1528  1595 E qcc_sdk : modem.utils.qtr.modem_kpis: SPC registration failed - waiting for 5 seconds before retrying
12-18 07:18:09.097  1000  1528  1595 I qcc_sdk : modem.utils.qtr.modem_kpis: Resetting client ptr
12-18 07:18:09.099  1000  1855  3509 I sysui_multi_action: [757,856,758,1,806,com.android.providers.downloads,857,active,858,1]
12-18 07:18:09.100  1000  1855  3509 I sysui_multi_action: [757,856,758,1,806,com.android.providers.downloads,857,waiting,858,3]
12-18 07:18:09.101  1000  1855  3509 I sysui_multi_action: [757,856,758,1,806,com.android.providers.downloads,857,complete,858,3]
12-18 07:18:09.102  1000  1528  1629 I qcc_sdk : registerClient: called
12-18 07:18:09.102  1000  1528  1629 I qcc_sdk : registerClient - created threadpool
12-18 07:18:09.102  1000  1528  1629 I qcc_sdk : initQccVHandle - getting new instance of qcc client binder
12-18 07:18:09.102  1000  1528  1629 E qcc_sdk : initQccVHandle - qccsdkservice service not available yet
12-18 07:18:09.102  1000  1528  1629 E qcc_sdk : registerClient failed to init IPC
12-18 07:18:09.102  1000  1528  1629 E qcc_sdk : cpustats: SPC registration failed - waiting for 5 seconds before retrying
12-18 07:18:09.103  1000  1528  1629 I qcc_sdk : cpustats: Resetting client ptr
12-18 07:18:09.106  1000  1855  1926 D CompatibilityChangeReporter: Compat change id reported: 177438394; UID 10073; state: DISABLED
12-18 07:18:09.108  1000  1855  1926 D CompatibilityChangeReporter: Compat change id reported: 135772972; UID 10073; state: DISABLED
12-18 07:18:09.109  1000  1855  1926 D CompatibilityChangeReporter: Compat change id reported: 135754954; UID 10073; state: ENABLED
12-18 07:18:09.110  1000  1855  1927 D CompatibilityChangeReporter: Compat change id reported: 143937733; UID 10073; state: ENABLED
12-18 07:18:09.113 10074  2933  2933 I CheckInBootCompletedReceiver: Received boot completed intent
12-18 07:18:09.114 10052  2837  2837 I SystemBroadcastReceiver: Boot has been completed
12-18 07:18:09.114 10052  2837  2837 I SystemBroadcastReceiver: toggleAppIcon() : FLAG_SYSTEM = true
12-18 07:18:09.115  1000  1855  1980 D CompatibilityChangeReporter: Compat change id reported: 265195908; UID 10073; state: ENABLED
12-18 07:18:09.116 radio  2588  2588 D TelephonyProvider: dbh.onOpen: ok, queried table=siminfo
12-18 07:18:09.117 radio  2588  2588 D TelephonyProvider: dbh.onOpen: ok, queried table=carriers
12-18 07:18:09.122 10057  2356  2369 W System  : A resource failed to call MemoryIntArray.close. 
12-18 07:18:09.125  root  1013  1013 D Zygote  : Forked child process 3514
12-18 07:18:09.128  1000  1855  2393 D BufferPoolAccessor2.0: bufferpool2 0xb400007b938ebd98 : 0(0 size) total buffers - 0(0 size) used buffers - 2/7 (recycle/alloc) - 5/24 (fetch/transfer)
12-18 07:18:09.128  1000  1855  2393 D BufferPoolAccessor2.0: bufferpool2 0xb400007b938e50e8 : 0(0 size) total buffers - 0(0 size) used buffers - 2/7 (recycle/alloc) - 5/18 (fetch/transfer)
12-18 07:18:09.128  1000  1855  2393 D BufferPoolAccessor2.0: evictor expired: 2, evicted: 2
12-18 07:18:09.130  1046  1497  2038 D BufferPoolAccessor2.0: bufferpool2 0xb400007b96e37ed8 : 0(0 size) total buffers - 0(0 size) used buffers - 9/10 (recycle/alloc) - 1/9 (fetch/transfer)
12-18 07:18:09.130  1046  1497  2038 D BufferPoolAccessor2.0: bufferpool2 0xb400007b96e38378 : 0(0 size) total buffers - 0(0 size) used buffers - 6/7 (recycle/alloc) - 1/6 (fetch/transfer)
12-18 07:18:09.130  1046  1497  2038 D BufferPoolAccessor2.0: evictor expired: 2, evicted: 2
12-18 07:18:09.137 10074  2933  3512 I DlcClient: Binding com.android.devicelockcontroller/.storage.GlobalParametersService
12-18 07:18:09.138  1000  1855  1927 I am_proc_start: [0,3514,10073,com.android.cellbroadcastreceiver.module,broadcast,{com.android.cellbroadcastreceiver.module/com.android.cellbroadcastreceiver.CellBroadcastReceiver}]
12-18 07:18:09.138  1000  1855  1927 I ActivityManager: Start proc 3514:com.android.cellbroadcastreceiver.module/u0a73 for broadcast {com.android.cellbroadcastreceiver.module/com.android.cellbroadcastreceiver.CellBroadcastReceiver}
12-18 07:18:09.153 10073  3514  3514 I receiver.module: Using CollectorTypeCC GC.
12-18 07:18:09.156 radio  2588  2588 D TelephonyProvider: Load APNs from /system/etc/apns-conf.xml instead of /oem/telephony/apns-conf.xml
12-18 07:18:09.156 radio  2588  2588 D TelephonyProvider: Load APNs from /product/etc/apns-conf.xml instead of /system/etc/apns-conf.xml
12-18 07:18:09.156 radio  2588  2588 D TelephonyProvider: Load APNs from /product/etc/apns-conf.xml instead of /data/misc/apns/apns-conf.xml
12-18 07:18:09.156 radio  2588  2588 D TelephonyProvider: confFile = /product/etc/apns-conf.xml
12-18 07:18:09.160 10074  2933  3512 I DeviceCheckInHelper: enqueueDeviceCheckInWork with delay: PT0S
12-18 07:18:09.161 10069  2362  2362 D CompatibilityChangeReporter: Compat change id reported: 194532703; UID 10069; state: ENABLED
12-18 07:18:09.162 10069  2362  2362 D CompatibilityChangeReporter: Compat change id reported: 253665015; UID 10069; state: ENABLED
12-18 07:18:09.164  1000  1855  2449 D CompatibilityChangeReporter: Compat change id reported: 253665015; UID 10069; state: ENABLED
12-18 07:18:09.165  1000  1855  2449 D CompatibilityChangeReporter: Compat change id reported: 194532703; UID 10069; state: ENABLED
12-18 07:18:09.168 10073  3514  3514 E receiver.module: Not starting debugger since process cannot load the jdwp agent.
12-18 07:18:09.184 10069  2362  2362 I HibernationPolicy: scheduleHibernationJob with frequency 1296000000ms and threshold 7776000000ms
12-18 07:18:09.185  1000  1855  2406 I am_proc_bound: [0,3514,com.android.cellbroadcastreceiver.module]
12-18 07:18:09.186  1000  1855  2406 D CompatibilityChangeReporter: Compat change id reported: 168419799; UID 10073; state: DISABLED
12-18 07:18:09.186  1000  1855  2406 D CompatibilityChangeReporter: Compat change id reported: 273564678; UID 10073; state: DISABLED
12-18 07:18:09.190  1000  1855  2406 I am_uid_active: 10073
12-18 07:18:09.192 10069  2362  2362 I HibernationPolicy: user 0 is a profileowner. Running hibernation job.
12-18 07:18:09.193 10069  2362  2362 I HibernationPolicy: No existing job, scheduling a new one
12-18 07:18:09.196 10073  3514  3514 D CompatibilityChangeReporter: Compat change id reported: 171979766; UID 10073; state: ENABLED
12-18 07:18:09.197 10073  3514  3514 D CompatibilityChangeReporter: Compat change id reported: 242716250; UID 10073; state: ENABLED
12-18 07:18:09.198 u0_a9  3425  3533 D CompatibilityChangeReporter: Compat change id reported: 160794467; UID 10009; state: ENABLED
12-18 07:18:09.199 10054  2659  2659 D b/260135164: updateIconAlphaForHome - setIconsAlpha(1), isTaskbarPresent: true
12-18 07:18:09.204 10074  2933  3512 D WM-PackageManagerHelper: androidx.work.impl.background.systemjob.SystemJobService enabled
12-18 07:18:09.205 10074  2933  3512 D WM-Schedulers: Created SystemJobScheduler and enabled SystemJobService
12-18 07:18:09.206  1000  1855  2406 D CompatibilityChangeReporter: Compat change id reported: 170503758; UID 10073; state: ENABLED
12-18 07:18:09.209  1000  1855  1919 I wm_destroy_activity: [0,187407426,5,com.android.settings/.FallbackHome,finish-transit]
12-18 07:18:09.209  1000  1855  1916 I sysui_multi_action: [319,994,322,989,325,31,757,761,758,8,759,2,806,com.android.launcher3,871,com.android.launcher3.uioverrides.QuickstepLauncher,905,0,1320,4,1321,23]
12-18 07:18:09.209  1000  1855  1919 I wm_destroy_activity: [0,96923699,6,com.android.provision/.DefaultActivity,finish-transit]
12-18 07:18:09.210  1000  1855  1916 I wm_activity_launch_time: [0,207675883,com.android.launcher3/.uioverrides.QuickstepLauncher,989]
12-18 07:18:09.211  1000  1855  1916 I ActivityTaskManager: Displayed com.android.launcher3/.uioverrides.QuickstepLauncher for user 0: +989ms
12-18 07:18:09.214  1000  1855  1916 V WindowManager: Sent Transition #4 createdAt=12-18 07:18:07.945 via request=TransitionRequestInfo { type = CLOSE, triggerTask = TaskInfo{userId=0 taskId=5 displayId=0 isRunning=false baseIntent=Intent { act=android.intent.action.MAIN cat=[android.intent.category.HOME] flg=0x10800100 cmp=com.android.settings/.FallbackHome } baseActivity=null topActivity=null origActivity=null realActivity=ComponentInfo{com.android.settings/com.android.settings.FallbackHome} numActivities=0 lastActiveTime=28882 supportsMultiWindow=true resizeMode=0 isResizeable=false minWidth=-1 minHeight=-1 defaultMinSize=220 token=WCT{RemoteToken{89cea31 Task{839d453 #5 type=home A=1000:com.android.settings.FallbackHome}}} topActivityType=2 pictureInPictureParams=null shouldDockBigOverlays=false launchIntoPipHostTaskId=-1 lastParentTaskIdBeforePip=-1 displayCutoutSafeInsets=null topActivityInfo=null launchCookies=[] positionInParent=Point(0, 0) parentTaskId=-1 isFocused=true isVisible=true isVisibleRequested=true isSleeping=false topActivityInSizeCompat=false topActivityEligibleForLetterboxEducation= false topActivityLetterboxed= false isFromDoubleTap= false topActivityLetterboxVerticalPosition= -1 topActivityLetterboxHorizontalPosition= -1 topActivityLetterboxWidth=-1 topActivityLetterboxHeight=-1 locusId=null displayAreaFeatureId=1 cameraCompatControlState=hidden}, remoteTransition = null, displayChange = null }
12-18 07:18:09.214  1000  1855  1916 V WindowManager:     startWCT=WindowContainerTransaction { changes = {} hops = [] errorCallbackToken=null taskFragmentOrganizer=null }
12-18 07:18:09.215 10057  2356  2403 V WindowManagerShell: onTransitionReady android.os.BinderProxy@a965fd1: {id=4 t=CLOSE f=0x0 trk=0 r=[0@Point(0, 0)] c=[{WCT{android.window.IWindowContainerToken$Stub$Proxy@c360b36} m=OPEN f=SHOW_WALLPAPER|MOVE_TO_TOP leash=Surface(name=Task=7)/@0xb5f326a sb=Rect(0, 0 - 1200, 2000) eb=Rect(0, 0 - 1200, 2000) d=0},{WCT{android.window.IWindowContainerToken$Stub$Proxy@c316a37} m=CLOSE f=NONE leash=Surface(name=Task=5)/@0xe0f35b sb=Rect(0, 0 - 1200, 2000) eb=Rect(0, 0 - 1200, 2000) d=0},{null m=TO_FRONT f=IS_WALLPAPER leash=Surface(name=WallpaperWindowToken{54d17ad token=android.os.Binder@aa2ccc4})/@0xd4f87f8 sb=Rect(0, 0 - 1200, 2000) eb=Rect(0, 0 - 1200, 2000) d=0}]}
12-18 07:18:09.215  1000  1855  1916 V WindowManager:     info={id=4 t=CLOSE f=0x0 trk=0 r=[0@Point(0, 0)] c=[{WCT{RemoteToken{d10d516 Task{d7fb48 #7 type=home I=com.android.launcher3/.uioverrides.QuickstepLauncher}}} m=OPEN f=SHOW_WALLPAPER|MOVE_TO_TOP leash=Surface(name=Task=7)/@0xcbe87b5 sb=Rect(0, 0 - 1200, 2000) eb=Rect(0, 0 - 1200, 2000) d=0},{WCT{RemoteToken{89cea31 Task{839d453 #5 type=home A=1000:com.android.settings.FallbackHome}}} m=CLOSE f=NONE leash=Surface(name=Task=5)/@0x20357ec sb=Rect(0, 0 - 1200, 2000) eb=Rect(0, 0 - 1200, 2000) d=0},{null m=TO_FRONT f=IS_WALLPAPER leash=Surface(name=WallpaperWindowToken{54d17ad token=android.os.Binder@aa2ccc4})/@0xb0afa9f sb=Rect(0, 0 - 1200, 2000) eb=Rect(0, 0 - 1200, 2000) d=0}]}
12-18 07:18:09.216 10057  2356  2403 V WindowManagerShell: Playing animation for (#4)android.os.BinderProxy@a965fd1@0
12-18 07:18:09.217 10057  2356  2403 V WindowManagerShell:  try handler com.android.wm.shell.transition.DefaultMixedHandler@cf12ba4
12-18 07:18:09.217 10057  2356  2403 V WindowManagerShell:  try handler com.android.wm.shell.keyguard.KeyguardTransitionHandler@2d3bd0d
12-18 07:18:09.217 10069  2362  2362 I HibernationPolicy: onStartJob
12-18 07:18:09.217 10057  2356  2403 V WindowManagerShell:  try handler com.android.wm.shell.activityembedding.ActivityEmbeddingController@ccfa4c2
12-18 07:18:09.217 10057  2356  2403 V WindowManagerShell:  try handler com.android.wm.shell.recents.RecentsTransitionHandler@8a872d3
12-18 07:18:09.217 10057  2356  2403 V ShellRecents: RecentsTransitionHandler.startAnimation: no controller found
12-18 07:18:09.217 10057  2356  2403 V WindowManagerShell:  try handler com.android.wm.shell.pip.PipTransition@4e75e10
12-18 07:18:09.217 10057  2356  2403 V WindowManagerShell:  try handler com.android.wm.shell.splitscreen.StageCoordinator@58c1d09
12-18 07:18:09.218 10057  2356  2403 V WindowManagerShell:  try handler com.android.wm.shell.transition.RemoteTransitionHandler@b774b0e
12-18 07:18:09.218 10069  2362  2362 I HibernationPolicy: Skipping auto revoke first run when scheduled by system
12-18 07:18:09.218 10057  2356  2403 V WindowManagerShell: Transition doesn't have explicit remote, search filters for match for {id=4 t=CLOSE f=0x0 trk=0 r=[0@Point(0, 0)] c=[{WCT{android.window.IWindowContainerToken$Stub$Proxy@c360b36} m=OPEN f=SHOW_WALLPAPER|MOVE_TO_TOP leash=Surface(name=Task=7)/@0xb5f326a sb=Rect(0, 0 - 1200, 2000) eb=Rect(0, 0 - 1200, 2000) d=0},{WCT{android.window.IWindowContainerToken$Stub$Proxy@c316a37} m=CLOSE f=NONE leash=Surface(name=Task=5)/@0xe0f35b sb=Rect(0, 0 - 1200, 2000) eb=Rect(0, 0 - 1200, 2000) d=0},{null m=TO_FRONT f=IS_WALLPAPER leash=Surface(name=WallpaperWindowToken{54d17ad token=android.os.Binder@aa2ccc4})/@0xd4f87f8 sb=Rect(0, 0 - 1200, 2000) eb=Rect(0, 0 - 1200, 2000) d=0}]}
12-18 07:18:09.218 10057  2356  2403 V WindowManagerShell:  Checking filter Pair{{types=[] flags=0x0] notFlags=0x100 checks=[{atype=home independent=true modes=[OPEN,TO_FRONT] flags=NONE mustBeTask=false order=TOP topActivity=ComponentInfo{com.android.launcher3/com.android.launcher3.uioverrides.QuickstepLauncher}},{atype=standard independent=true modes=[CLOSE,TO_BACK] flags=NONE mustBeTask=false order=ANY topActivity=null}]} RemoteTransition { remoteTransition = android.window.IRemoteTransition$Stub$Proxy@57d692f, appThread = android.app.IApplicationThread$Stub$Proxy@5cc4b3c, debugName = QuickstepLaunchHome }}
12-18 07:18:09.218 10057  2356  2403 V WindowManagerShell:  Delegate animation for #4 to null
12-18 07:18:09.218 10057  2356  2403 V WindowManagerShell:  try handler com.android.wm.shell.transition.DefaultTransitionHandler@35080c5
12-18 07:18:09.219 10057  2356  2403 V WindowManagerShell: start default transition animation, info = {id=4 t=CLOSE f=0x0 trk=0 r=[0@Point(0, 0)] c=[{WCT{android.window.IWindowContainerToken$Stub$Proxy@c360b36} m=OPEN f=SHOW_WALLPAPER|MOVE_TO_TOP leash=Surface(name=Task=7)/@0xb5f326a sb=Rect(0, 0 - 1200, 2000) eb=Rect(0, 0 - 1200, 2000) d=0},{WCT{android.window.IWindowContainerToken$Stub$Proxy@c316a37} m=CLOSE f=NONE leash=Surface(name=Task=5)/@0xe0f35b sb=Rect(0, 0 - 1200, 2000) eb=Rect(0, 0 - 1200, 2000) d=0},{null m=TO_FRONT f=IS_WALLPAPER leash=Surface(name=WallpaperWindowToken{54d17ad token=android.os.Binder@aa2ccc4})/@0xd4f87f8 sb=Rect(0, 0 - 1200, 2000) eb=Rect(0, 0 - 1200, 2000) d=0}]}
12-18 07:18:09.220  1000  2600  2600 I wm_on_stop_called: [187407426,com.android.settings.FallbackHome,LIFECYCLER_STOP_ACTIVITY,1]
12-18 07:18:09.220 10053  3228  3228 I wm_on_destroy_called: [96923699,com.android.provision.DefaultActivity,performDestroy,0]
12-18 07:18:09.223  1000  2600  2600 W WindowOnBackDispatcher: sendCancelIfRunning: isInProgress=falsecallback=android.app.Activity$$ExternalSyntheticLambda0@a4aff0f
12-18 07:18:09.224 10073  3514  3514 D nativeloader: Configuring clns-shared-6 for other apk /apex/com.android.cellbroadcast/priv-app/CellBroadcastApp@UGR1.231217.001.A1/CellBroadcastApp.apk. target_sdk_version=34, uses_libraries=, library_path=/apex/com.android.cellbroadcast/priv-app/CellBroadcastApp@UGR1.231217.001.A1/lib/arm64:/system/lib64, permitted_path=/data:/mnt/expand:/data/user_de/0/com.android.cellbroadcastreceiver.module:/apex/com.android.cellbroadcast/priv-app/CellBroadcastApp@UGR1.231217.001.A1:/system/lib64
12-18 07:18:09.225 10057  2356  2403 V WindowManagerShell: loadAnimation: anim=android.view.animation.AnimationSet@93d6441 animAttr=0x11 type=CLOSE isEntrance=false
12-18 07:18:09.226 10057  2356  2403 V WindowManagerShell: loadAnimation: anim=android.view.animation.AnimationSet@f7b4f27 animAttr=0x10 type=CLOSE isEntrance=true
12-18 07:18:09.227 10073  3514  3514 D nativeloader: InitApexLibraries:
12-18 07:18:09.227 10073  3514  3514 D nativeloader:   com_android_adservices: libhpke_jni.so:libtflite_support_classifiers_native.so
12-18 07:18:09.227 10073  3514  3514 D nativeloader:   com_android_appsearch: libicing.so
12-18 07:18:09.227 10073  3514  3514 D nativeloader:   com_android_art: libartservice.so
12-18 07:18:09.227 10073  3514  3514 D nativeloader:   com_android_btservices: libbluetooth_jni.so
12-18 07:18:09.227 10073  3514  3514 D nativeloader:   com_android_conscrypt: libjavacrypto.so
12-18 07:18:09.227 10073  3514  3514 D nativeloader:   com_android_extservices: libhpke_jni.so:libtflite_support_classifiers_native.so
12-18 07:18:09.227 10073  3514  3514 D nativeloader:   com_android_os_statsd: libstats_jni.so
12-18 07:18:09.227 10073  3514  3514 D nativeloader:   com_android_tethering: libcronet.114.0.5735.84.so:libframework-connectivity-jni.so:libframework-connectivity-tiramisu-jni.so:libandroid_net_connectivity_com_android_net_module_util_jni.so:libservice-connectivity.so
12-18 07:18:09.227 10073  3514  3514 D nativeloader:   com_android_uwb: libuwb_uci_jni_rust.so
12-18 07:18:09.227 10073  3514  3514 D nativeloader:   com_android_virt: libvirtualizationservice_jni.so:libvirtualmachine_jni.so
12-18 07:18:09.227  1000  1855  1967 I wm_task_removed: [6,1,0,removeChild, last child = ActivityRecord{5c6f033 u0 com.android.provision/.DefaultActivity t-1 f}} in Task{d55fff0 #6 type=home A=10053:com.android.provision}]
12-18 07:18:09.228  1000  2600  2600 I wm_on_destroy_called: [187407426,com.android.settings.FallbackHome,performDestroy,5]
12-18 07:18:09.229 10057  2356  2403 V WindowManagerShell:  animated by com.android.wm.shell.transition.DefaultTransitionHandler@35080c5
12-18 07:18:09.241  1000  1855  2007 I input_focus: [Focus entering 10060b5 com.android.launcher3/com.android.launcher3.uioverrides.QuickstepLauncher (server),reason=Window became focusable. Previous reason: NOT_VISIBLE]
12-18 07:18:09.242  1000  1855  2442 D CoreBackPreview: Window{ace1e14 u0 com.android.settings/com.android.settings.FallbackHome}: Setting back callback null
12-18 07:18:09.243  1000  1855  2443 D SafetySourceDataValidator: No cert check requested for package com.android.permissioncontroller
12-18 07:18:09.245  1000  1855  1920 I wm_wallpaper_surface: [0,1,Window{10060b5 u0 com.android.launcher3/com.android.launcher3.uioverrides.QuickstepLauncher}]
12-18 07:18:09.245 10054  2659  2690 D LoaderTask: step 1 complete
12-18 07:18:09.247  1000  1855  2504 D CompatibilityChangeReporter: Compat change id reported: 214016041; UID 10054; state: ENABLED
12-18 07:18:09.247  1000  1855  1905 D CompatibilityChangeReporter: Compat change id reported: 171306433; UID 10009; state: ENABLED
12-18 07:18:09.247  1000  1855  2504 I ImeTracker: com.android.launcher3:c6e6d8c: onRequestHide at ORIGIN_SERVER_HIDE_INPUT reason HIDE_UNSPECIFIED_WINDOW
12-18 07:18:09.247  1000  1855  1905 D CompatibilityChangeReporter: Compat change id reported: 218533173; UID 10009; state: ENABLED
12-18 07:18:09.248  1000  1855  2504 I ImeTracker: com.android.launcher3:c6e6d8c: onCancelled at PHASE_SERVER_SHOULD_HIDE
12-18 07:18:09.248  1000  1855  2406 W InputManager-JNI: Input channel object 'ace1e14 com.android.settings/com.android.settings.FallbackHome (client)' was disposed without first being removed with the input manager!
12-18 07:18:09.248 10069  2362  3544 D CompatibilityChangeReporter: Compat change id reported: 183155436; UID 10069; state: ENABLED
12-18 07:18:09.252  1000  1855  2507 D SafetySourceDataValidator: No cert check requested for package com.android.permissioncontroller
12-18 07:18:09.253  1000  1855  2442 D SafetySourceDataValidator: No cert check requested for package com.android.permissioncontroller
12-18 07:18:09.256 10069  2362  2362 V SafetyCenterBackgroundR: Scheduling a periodic background refresh with , interval=86400000requires charging=true
12-18 07:18:09.258 10069  2362  3543 D CompatibilityChangeReporter: Compat change id reported: 160794467; UID 10069; state: ENABLED
12-18 07:18:09.260  1000  1855  3445 D SafetySourceDataValidator: No cert check requested for package com.android.permissioncontroller
12-18 07:18:09.263  1000  1855  2443 D SafetySourceDataValidator: No cert check requested for package com.android.permissioncontroller
12-18 07:18:09.263  1000  1855  1926 D CompatibilityChangeReporter: Compat change id reported: 135634846; UID 1000; state: DISABLED
12-18 07:18:09.263  1000  1855  1926 D CompatibilityChangeReporter: Compat change id reported: 177438394; UID 1000; state: DISABLED
12-18 07:18:09.263  1000  1855  1926 D CompatibilityChangeReporter: Compat change id reported: 135772972; UID 1000; state: DISABLED
12-18 07:18:09.263  1000  1855  1926 D CompatibilityChangeReporter: Compat change id reported: 135754954; UID 1000; state: ENABLED
12-18 07:18:09.267  1000  1855  1967 I wm_task_removed: [5,1,0,removeChild, last child = ActivityRecord{b2b9c42 u0 com.android.settings/.FallbackHome t-1 f}} in Task{839d453 #5 type=home A=1000:com.android.settings.FallbackHome}]
12-18 07:18:09.270 10054  2659  2690 I Launcher.IconCache: Database bulk icon loading failed, using fallback bulk icon loading for: ComponentInfo{com.android.messaging/com.android.messaging.ui.conversationlist.ConversationListActivity}
12-18 07:18:09.270 10069  2362  2362 D SafetyLabelChangesJobService: Received broadcast with intent action 'android.intent.action.BOOT_COMPLETED'
12-18 07:18:09.272 10069  2362  2362 I SafetyLabelChangesJobService: Detect updates job scheduled successfully.
12-18 07:18:09.274 10073  3514  3514 V GraphicsEnvironment: Currently set values for:
12-18 07:18:09.274 10069  2362  2362 I SafetyLabelChangesJobService: Notification job scheduled successfully.
12-18 07:18:09.274 10073  3514  3514 V GraphicsEnvironment:   angle_gl_driver_selection_pkgs=[]
12-18 07:18:09.274 10073  3514  3514 V GraphicsEnvironment:   angle_gl_driver_selection_values=[]
12-18 07:18:09.275 10073  3514  3514 V GraphicsEnvironment: ANGLE GameManagerService for com.android.cellbroadcastreceiver.module: false
12-18 07:18:09.275 10073  3514  3514 V GraphicsEnvironment: com.android.cellbroadcastreceiver.module is not listed in per-application setting
12-18 07:18:09.277 10054  2659  2690 I Launcher.IconCache: Database bulk icon loading failed, using fallback bulk icon loading for: ComponentInfo{org.chromium.webview_shell/org.chromium.webview_shell.WebViewBrowserActivity}
12-18 07:18:09.278  root  1013  1013 D Zygote  : Forked child process 3551
12-18 07:18:09.279  1000  1855  1927 I am_proc_start: [0,3551,1000,com.android.dynsystem,broadcast,{com.android.dynsystem/com.android.dynsystem.BootCompletedReceiver}]
12-18 07:18:09.279  1000  1855  1927 I ActivityManager: Start proc 3551:com.android.dynsystem/1000 for broadcast {com.android.dynsystem/com.android.dynsystem.BootCompletedReceiver}
12-18 07:18:09.275 10073  3514  3514 V GraphicsEnvironment: Neither updatable production driver nor prerelease driver is supported.
12-18 07:18:09.282 10054  2659  2690 I Launcher.IconCache: Database bulk icon loading failed, using fallback bulk icon loading for: ComponentInfo{com.android.documentsui/com.android.documentsui.LauncherActivity}
12-18 07:18:09.286 10054  2659  2690 I Launcher.IconCache: Database bulk icon loading failed, using fallback bulk icon loading for: ComponentInfo{com.android.dialer/com.android.dialer.main.impl.MainActivity}
12-18 07:18:09.289 10069  2362  2362 I PermissionEventCleanupJobService: No existing job, scheduling a new one
12-18 07:18:09.291 10054  2659  2690 I Launcher.IconCache: Database bulk icon loading failed, using fallback bulk icon loading for: ComponentInfo{com.android.camera2/com.android.camera.CameraLauncher}
12-18 07:18:09.292  1000  3551  3551 I droid.dynsystem: Using CollectorTypeCC GC.
12-18 07:18:09.293 10054  2659  2690 I Launcher.IconCache: Database bulk icon loading failed, using fallback bulk icon loading for: ComponentInfo{com.android.settings/com.android.settings.Settings}
12-18 07:18:09.292  1000  1855  1918 I commit_sys_config_file: [notification-policy,5611]
12-18 07:18:09.299 10069  2362  2362 D PermissionStorageTimeChangeReceiver: systemTimeSnapshot set to 1702883889299
12-18 07:18:09.301 10069  2362  2362 D PermissionStorageTimeChangeReceiver: realtimeSnapshot set to 32819
12-18 07:18:09.301  1000  3551  3551 E droid.dynsystem: Not starting debugger since process cannot load the jdwp agent.
12-18 07:18:09.308 10054  2659  2690 D LoaderTask: loadAllApps
12-18 07:18:09.309 10054  2659  2690 D LoaderTask: bindAllApps
12-18 07:18:09.315 10069  2362  2362 I PermissionEventCleanupJobService: onStartJob
12-18 07:18:09.317 10069  2362  3544 D BasePermissionEventStorage: 0 old permission events removed
12-18 07:18:09.319 10054  2659  2690 D LoaderTask: update icon cache
12-18 07:18:09.319 10054  2659  2690 D LoaderTask: save shortcuts in icon cache
12-18 07:18:09.319 10054  2659  2690 D LoaderTask: step 2 complete
12-18 07:18:09.321 10063  3140  3140 D CompatibilityChangeReporter: Compat change id reported: 194532703; UID 10063; state: ENABLED
12-18 07:18:09.321 10063  3140  3140 D CompatibilityChangeReporter: Compat change id reported: 253665015; UID 10063; state: ENABLED
12-18 07:18:09.321 10054  2659  2690 D LoaderTask: loadDeepShortcuts
12-18 07:18:09.321 10054  2659  2690 D LoaderTask: bindDeepShortcuts
12-18 07:18:09.321 10054  2659  2690 D LoaderTask: save deep shortcuts in icon cache
12-18 07:18:09.322  1000  1855  1967 D CompatibilityChangeReporter: Compat change id reported: 253665015; UID 10063; state: ENABLED
12-18 07:18:09.322  1000  1855  1967 D CompatibilityChangeReporter: Compat change id reported: 194532703; UID 10063; state: ENABLED
12-18 07:18:09.327  1000  1855  1967 I am_proc_bound: [0,3551,com.android.dynsystem]
12-18 07:18:09.328  1000  1855  1967 D CompatibilityChangeReporter: Compat change id reported: 168419799; UID 1000; state: DISABLED
12-18 07:18:09.329  1000  1855  1967 D CompatibilityChangeReporter: Compat change id reported: 273564678; UID 1000; state: DISABLED
12-18 07:18:09.329  1000  2600  2600 D BootBroadcastReceiver: refresh periodic job from action=android.intent.action.BOOT_COMPLETED
12-18 07:18:09.331  1000  2600  2600 D CompatibilityChangeReporter: Compat change id reported: 160794467; UID 1000; state: ENABLED
12-18 07:18:09.334  1000  1855  2443 I ActivityManager: Flag disabled. Ignoring finishAttachApplication from uid: 10073. pid: 3514
12-18 07:18:09.337 10073  3514  3514 D CellBroadcastReceiver: onReceive Intent { act=android.intent.action.BOOT_COMPLETED flg=0x89000010 cmp=com.android.cellbroadcastreceiver.module/com.android.cellbroadcastreceiver.CellBroadcastReceiver (has extras) }
12-18 07:18:09.339 10054  2659  2690 D LoaderTask: step 3 complete
12-18 07:18:09.339  1000  1855  2443 D CompatibilityChangeReporter: Compat change id reported: 171306433; UID 1000; state: ENABLED
12-18 07:18:09.340  1000  1855  2443 D CompatibilityChangeReporter: Compat change id reported: 218533173; UID 1000; state: ENABLED
12-18 07:18:09.342  1000  1855  2449 I am_uid_running: 10006
12-18 07:18:09.345  1000  3551  3551 D CompatibilityChangeReporter: Compat change id reported: 171979766; UID 1000; state: ENABLED
12-18 07:18:09.346  1000  3551  3551 D CompatibilityChangeReporter: Compat change id reported: 242716250; UID 1000; state: ENABLED
12-18 07:18:09.347  1000  1855  2449 D CompatibilityChangeReporter: Compat change id reported: 135634846; UID 10006; state: DISABLED
12-18 07:18:09.347  1000  1855  2449 D CompatibilityChangeReporter: Compat change id reported: 177438394; UID 10006; state: DISABLED
12-18 07:18:09.348  1000  1855  2449 D CompatibilityChangeReporter: Compat change id reported: 135772972; UID 10006; state: DISABLED
12-18 07:18:09.348  1000  1855  2449 D CompatibilityChangeReporter: Compat change id reported: 135754954; UID 10006; state: ENABLED
12-18 07:18:09.349  1000  1855  1927 D CompatibilityChangeReporter: Compat change id reported: 143937733; UID 10006; state: ENABLED
12-18 07:18:09.355  1000  1855  1926 I am_uid_running: 10010
12-18 07:18:09.355  1000  1855  1926 D CompatibilityChangeReporter: Compat change id reported: 135634846; UID 10010; state: DISABLED
12-18 07:18:09.356  1000  1855  1926 D CompatibilityChangeReporter: Compat change id reported: 177438394; UID 10010; state: DISABLED
12-18 07:18:09.356  1000  1855  1926 D CompatibilityChangeReporter: Compat change id reported: 135772972; UID 10010; state: DISABLED
12-18 07:18:09.356  1000  1855  1926 D CompatibilityChangeReporter: Compat change id reported: 135754954; UID 10010; state: ENABLED
12-18 07:18:09.363 10063  3140  3376 D CompatibilityChangeReporter: Compat change id reported: 247079863; UID 10063; state: ENABLED
12-18 07:18:09.363  1000  2600  2600 D CompatibilityChangeReporter: Compat change id reported: 170233598; UID 1000; state: ENABLED
12-18 07:18:09.364  root  1013  1013 D Zygote  : Forked child process 3576
12-18 07:18:09.364  1000  1855  1927 I am_proc_start: [0,3576,10006,com.android.cellbroadcastreceiver,content provider,{com.android.cellbroadcastreceiver/com.android.cellbroadcastreceiver.LegacyCellBroadcastContentProvider}]
12-18 07:18:09.364  1000  1855  1927 I ActivityManager: Start proc 3576:com.android.cellbroadcastreceiver/u0a6 for content provider {com.android.cellbroadcastreceiver/com.android.cellbroadcastreceiver.LegacyCellBroadcastContentProvider}
12-18 07:18:09.365  1000  1855  1927 D CompatibilityChangeReporter: Compat change id reported: 143937733; UID 10010; state: ENABLED
12-18 07:18:09.365  1000  2600  2600 D PeriodicJobManager: schedule next alarm job at Dec 18, 2023, 08:00:00
12-18 07:18:09.366  1000  3551  3551 D nativeloader: Configuring clns-shared-6 for other apk /system/priv-app/DynamicSystemInstallationService/DynamicSystemInstallationService.apk. target_sdk_version=34, uses_libraries=, library_path=/system/priv-app/DynamicSystemInstallationService/lib/arm64:/system/lib64, permitted_path=/data:/mnt/expand:/data/user/0/com.android.dynsystem:/system/priv-app/DynamicSystemInstallationService:/system/lib64
12-18 07:18:09.369 10074  2933  3536 D CompatibilityChangeReporter: Compat change id reported: 160794467; UID 10074; state: ENABLED
12-18 07:18:09.369  root   750   750 I vold    : fuse-bpf is enabled because /sys/fs/fuse/features/fuse_bpf reads 'supported'
12-18 07:18:09.369  root   750   750 I vold    : Setting ro.fuse.bpf.is_running to true
12-18 07:18:09.370  root   750   750 I vold    : Configuring read_ahead of /mnt/user/0/emulated fuse filesystem to 256kb
12-18 07:18:09.371  root   750   750 I vold    : Writing 256 to /sys/class/bdi/0:47/read_ahead_kb
12-18 07:18:09.371  root   750   750 I vold    : Configuring max_ratio of /mnt/user/0/emulated fuse filesystem to 40
12-18 07:18:09.371  root   750   750 I vold    : Writing 40 to /sys/class/bdi/0:47/max_ratio
12-18 07:18:09.372  1000  1855  2020 I StorageManagerService: Mounted volume VolumeInfo{emulated;0}:
12-18 07:18:09.372  1000  1855  2020 I StorageManagerService:     type=EMULATED diskId=null partGuid= mountFlags=PRIMARY|VISIBLE_FOR_WRITE 
12-18 07:18:09.372  1000  1855  2020 I StorageManagerService:     mountUserId=0 state=CHECKING 
12-18 07:18:09.372  1000  1855  2020 I StorageManagerService:     fsType=null fsUuid=null fsLabel=null 
12-18 07:18:09.372  1000  1855  2020 I StorageManagerService:     path=/storage/emulated internalPath=/data/media 
12-18 07:18:09.374  1000  2600  2600 D BatterySettingsMigrateChecker: invoke verifySaverConfiguration()
12-18 07:18:09.374  1000  1855  2020 I StorageSessionController: Notifying volume state changed for session with id: emulated;0
12-18 07:18:09.378 u0_a6  3576  3576 I oadcastreceiver: Using CollectorTypeCC GC.
12-18 07:18:09.381  root  1013  1013 D Zygote  : Forked child process 3582
12-18 07:18:09.382  1000  2600  2600 D BatterySettingsMigrateChecker: invoke verifyOptimizationModes()
12-18 07:18:09.384 10057  2356  2356 I StatusBarIconController: Ignoring removal of (mobile). It should be controlled elsewhere
12-18 07:18:09.384 10057  2356  2356 I StatusBarIconController: Ignoring removal of (wifi). It should be controlled elsewhere
12-18 07:18:09.386  1000  1855  1927 I am_proc_start: [0,3582,10010,com.android.intentresolver,broadcast,{com.android.intentresolver/com.android.intentresolver.ChooserActivityReEnabler}]
12-18 07:18:09.386  1000  1855  1927 I ActivityManager: Start proc 3582:com.android.intentresolver/u0a10 for broadcast {com.android.intentresolver/com.android.intentresolver.ChooserActivityReEnabler}
12-18 07:18:09.388 u0_a6  3576  3576 E oadcastreceiver: Not starting debugger since process cannot load the jdwp agent.
12-18 07:18:09.390  1000  3551  3551 V GraphicsEnvironment: Currently set values for:
12-18 07:18:09.390  1000  3551  3551 V GraphicsEnvironment:   angle_gl_driver_selection_pkgs=[]
12-18 07:18:09.391  1000  3551  3551 V GraphicsEnvironment:   angle_gl_driver_selection_values=[]
12-18 07:18:09.392  1000  2600  2600 D CompatibilityChangeReporter: Compat change id reported: 194532703; UID 1000; state: ENABLED
12-18 07:18:09.393  1000  2600  2600 D CompatibilityChangeReporter: Compat change id reported: 253665015; UID 1000; state: ENABLED
12-18 07:18:09.394  1000  3551  3551 V GraphicsEnvironment: ANGLE GameManagerService for com.android.dynsystem: false
12-18 07:18:09.394 10010  3582  3582 I .intentresolver: Using CollectorTypeCC GC.
12-18 07:18:09.394  1000  3551  3551 V GraphicsEnvironment: com.android.dynsystem is not listed in per-application setting
12-18 07:18:09.395  1000  3551  3551 V GraphicsEnvironment: Neither updatable production driver nor prerelease driver is supported.
12-18 07:18:09.396 10063  3140  3376 V MediaStore: Examining volume emulated;0 with name external_primary and state mounted
12-18 07:18:09.401 10054  2659  2690 D LoaderTask: load widgets
12-18 07:18:09.402  1000  1855  2020 I StorageSessionController: Notifying volume state changed for session with id: emulated;0
12-18 07:18:09.405 10054  2659  2690 D LoaderTask: bindWidgets
12-18 07:18:09.405 10010  3582  3582 E .intentresolver: Not starting debugger since process cannot load the jdwp agent.
12-18 07:18:09.406 10054  2659  2690 D LoaderTask: save widgets in icon cache
12-18 07:18:09.406 10063  3140  3376 I ExternalStorageServiceImpl: Ignoring volume state for vol:external_primary. State: checking
12-18 07:18:09.407 10054  2659  2690 D LoaderTask: finish icon update
12-18 07:18:09.408 10063  3140  3376 V MediaStore: Examining volume emulated;0 with name external_primary and state mounted
12-18 07:18:09.413  1000  1855  2020 I StorageSessionController: Notifying volume state changed for session with id: emulated;0
12-18 07:18:09.414 u0_a7  3269  3269 D MtpService: onStorageStateChanged /dev/null unmounted -> checking
12-18 07:18:09.416  1000  1855  2449 I ActivityManager: Flag disabled. Ignoring finishAttachApplication from uid: 1000. pid: 3551
12-18 07:18:09.418 10054  2659  2690 D QuickstepModelDelegate: Successfully registered for launcher snapshot logging!
12-18 07:18:09.419  1000  1855  2449 W Binder  : Caught a RuntimeException from the binder stub implementation.
12-18 07:18:09.419  1000  1855  2449 W Binder  : java.lang.SecurityException: Need REGISTER_STATS_PULL_ATOM permission.: Neither user 10054 nor current process has android.permission.REGISTER_STATS_PULL_ATOM.
12-18 07:18:09.419  1000  1855  2449 W Binder  : 	at android.app.ContextImpl.enforce(ContextImpl.java:2332)
12-18 07:18:09.419  1000  1855  2449 W Binder  : 	at android.app.ContextImpl.enforceCallingOrSelfPermission(ContextImpl.java:2360)
12-18 07:18:09.419  1000  1855  2449 W Binder  : 	at com.android.server.stats.StatsManagerService.enforceRegisterStatsPullAtomPermission(StatsManagerService.java:644)
12-18 07:18:09.419  1000  1855  2449 W Binder  : 	at com.android.server.stats.StatsManagerService.registerPullAtomCallback(StatsManagerService.java:212)
12-18 07:18:09.419  1000  1855  2449 W Binder  : 	at android.os.IStatsManagerService$Stub.onTransact(IStatsManagerService.java:418)
12-18 07:18:09.419  1000  1855  2449 W Binder  : 	at android.os.Binder.execTransactInternal(Binder.java:1344)
12-18 07:18:09.419  1000  1855  2449 W Binder  : 	at android.os.Binder.execTransact(Binder.java:1275)
12-18 07:18:09.422  1000  1855  2449 D CompatibilityChangeReporter: Compat change id reported: 135634846; UID 1000; state: DISABLED
12-18 07:18:09.422  1000  1855  2449 D CompatibilityChangeReporter: Compat change id reported: 177438394; UID 1000; state: DISABLED
12-18 07:18:09.422  1000  1855  2449 D CompatibilityChangeReporter: Compat change id reported: 135772972; UID 1000; state: DISABLED
12-18 07:18:09.422  1000  1855  2449 D CompatibilityChangeReporter: Compat change id reported: 135754954; UID 1000; state: ENABLED
12-18 07:18:09.423 10021  3304  3304 D ExternalStorage: After updating volumes, found 1 active roots
12-18 07:18:09.427  1000  1855  1905 I am_proc_bound: [0,3576,com.android.cellbroadcastreceiver]
12-18 07:18:09.428  1000  1855  1905 D CompatibilityChangeReporter: Compat change id reported: 168419799; UID 10006; state: DISABLED
12-18 07:18:09.428  1000  1855  1905 D CompatibilityChangeReporter: Compat change id reported: 273564678; UID 10006; state: DISABLED
12-18 07:18:09.430 10063  3140  3376 V MediaStore: Examining volume emulated;0 with name external_primary and state mounted
12-18 07:18:09.430 10021  3304  3304 D ExternalStorage: After updating volumes, found 1 active roots
12-18 07:18:09.430  1000  1855  1980 D CompatibilityChangeReporter: Compat change id reported: 265195908; UID 10006; state: ENABLED
12-18 07:18:09.432 u0_a6  3576  3576 D CompatibilityChangeReporter: Compat change id reported: 171979766; UID 10006; state: ENABLED
12-18 07:18:09.432 u0_a6  3576  3576 D CompatibilityChangeReporter: Compat change id reported: 242716250; UID 10006; state: ENABLED
12-18 07:18:09.434 10074  2933  3580 D CompatibilityChangeReporter: Compat change id reported: 194532703; UID 10074; state: ENABLED
12-18 07:18:09.435 10074  2933  3580 D CompatibilityChangeReporter: Compat change id reported: 253665015; UID 10074; state: ENABLED
12-18 07:18:09.437  1000  1855  2449 D CompatibilityChangeReporter: Compat change id reported: 271850009; UID 10074; state: ENABLED
12-18 07:18:09.438  1000  1855  2020 W BroadcastLoopers: Found previously unknown looper Thread[StorageManagerService,5,main]
12-18 07:18:09.438  1000  1855  2449 D CompatibilityChangeReporter: Compat change id reported: 253665015; UID 10074; state: ENABLED
12-18 07:18:09.440  1000  1855  2449 D CompatibilityChangeReporter: Compat change id reported: 194532703; UID 10074; state: ENABLED
12-18 07:18:09.440  1000  1855  2020 D StorageManagerService: Volume emulated;0 broadcasting checking to UserHandle{0}
12-18 07:18:09.440  root  1138  1138 E ANDR-PERF-MPCTL: ANDR-PERF-MPCTL: internal_perf_lock_acq_verification() 386: Perflock Submit request limit reached.
12-18 07:18:09.441  1000  1855  2020 D StorageManagerService: Volume emulated;0 broadcasting mounted to UserHandle{0}
12-18 07:18:09.442  1000  1855  2449 D ConnectivityService: requestNetwork for uid/pid:1000/1855 asUid: 10074 activeRequest: null callbackRequest: 35 [NetworkRequest [ REQUEST id=36, [ Capabilities: INTERNET&NOT_RESTRICTED&TRUSTED&NOT_VCN_MANAGED Uid: 10074 RequestorUid: 1000 RequestorPkg: android UnderlyingNetworks: Null] ]] callback flags: 0 order: 2147483647
12-18 07:18:09.442  root  1438  1446 D installd: Found quota mount /dev/block/by-name/metadata at /metadata
12-18 07:18:09.443  root  1438  1446 D installd: Found quota mount /dev/block/dm-50 at /data
12-18 07:18:09.443 u0_a7  3269  3269 D MtpService: onStorageStateChanged /storage/emulated/0 checking -> mounted
12-18 07:18:09.445  root  1438  1446 D installd: Found quota mount /dev/block/dm-50 at /data/user/0
