12-18 07:18:09.445  1000  1855  2290 D ConnectivityService: NetReassign [no changes] [c 0] [a 0] [i 0]
12-18 07:18:09.445  1000  1855  2282 D WifiNetworkFactory: got request NetworkRequest [ REQUEST id=36, [ Capabilities: INTERNET&NOT_RESTRICTED&TRUSTED&NOT_VCN_MANAGED Uid: 10074 RequestorUid: 1000 RequestorPkg: android UnderlyingNetworks: Null] ]
12-18 07:18:09.445  root  1438  1446 D installd: Found quota mount /dev/block/dm-50 at /mnt/pass_through/0/emulated
12-18 07:18:09.445  1000  1855  2282 D UntrustedWifiNetworkFactory: got request NetworkRequest [ REQUEST id=36, [ Capabilities: INTERNET&NOT_RESTRICTED&TRUSTED&NOT_VCN_MANAGED Uid: 10074 RequestorUid: 1000 RequestorPkg: android UnderlyingNetworks: Null] ]
12-18 07:18:09.445  1000  1855  2282 D OemPaidWifiNetworkFactory: got request NetworkRequest [ REQUEST id=36, [ Capabilities: INTERNET&NOT_RESTRICTED&TRUSTED&NOT_VCN_MANAGED Uid: 10074 RequestorUid: 1000 RequestorPkg: android UnderlyingNetworks: Null] ]
12-18 07:18:09.445  1000  1855  2282 D MultiInternetWifiNetworkFactory: got request NetworkRequest [ REQUEST id=36, [ Capabilities: INTERNET&NOT_RESTRICTED&TRUSTED&NOT_VCN_MANAGED Uid: 10074 RequestorUid: 1000 RequestorPkg: android UnderlyingNetworks: Null] ]
12-18 07:18:09.447  root  1438  1446 D installd: Found storage mount /dev/block/dm-50 at /mnt/pass_through/0/emulated
12-18 07:18:09.447  root  1438  1446 D installd: Found storage mount  at /mnt/pass_through/0/emulated
12-18 07:18:09.450 10063  3140  3140 V MediaStore: Examining volume emulated;0 with name external_primary and state mounted
12-18 07:18:09.451 10042  2999  2999 W libc    : Access denied finding property "ro.vendor.qti.va_aosp.support"
12-18 07:18:09.451 radio  2588  2588 I service_manager_slow: [16,isub]
12-18 07:18:09.451 10042  2999  2999 I QCC-TR-UI: SystemProperties_get: 
12-18 07:18:09.452 10021  3304  3304 D ExternalStorage: After updating volumes, found 1 active roots
12-18 07:18:09.452 10063  3140  3332 W MediaProvider: isAppCloneUserPair for user 0: false
12-18 07:18:09.453  1000  1855  2449 D CompatibilityChangeReporter: Compat change id reported: 170503758; UID 10006; state: ENABLED
12-18 07:18:09.453  root  1013  1013 D Zygote  : Forked child process 3612
12-18 07:18:09.453 10063  3140  3332 W MediaProvider: isAppCloneUserPair for user 0: false
12-18 07:18:09.457 10063  3140  3140 V MediaStore: Examining volume emulated;0 with name external_primary and state mounted
12-18 07:18:09.457  root  1138  1138 E ANDR-PERF-MPCTL: ANDR-PERF-MPCTL: internal_perf_lock_acq_verification() 386: Perflock Submit request limit reached.
12-18 07:18:09.460 10063  3140  3332 W MediaProvider: isAppCloneUserPair for user 0: false
12-18 07:18:09.461 10063  3140  3332 W MediaProvider: isAppCloneUserPair for user 0: false
12-18 07:18:09.463  1000  1855  1927 I am_proc_start: [0,3612,1000,com.android.dynsystem:dynsystem,service,{com.android.dynsystem/com.android.dynsystem.DynamicSystemInstallationService}]
12-18 07:18:09.463  1000  1855  1927 I ActivityManager: Start proc 3612:com.android.dynsystem:dynsystem/1000 for service {com.android.dynsystem/com.android.dynsystem.DynamicSystemInstallationService}
12-18 07:18:09.463 10063  3140  3332 W MediaProvider: isAppCloneUserPair for user 0: false
12-18 07:18:09.465 10063  3140  3332 W MediaProvider: isAppCloneUserPair for user 0: false
12-18 07:18:09.466 10063  3140  3332 W MediaProvider: isAppCloneUserPair for user 0: false
12-18 07:18:09.467 10063  3140  3332 W MediaProvider: isAppCloneUserPair for user 0: false
12-18 07:18:09.468 10063  3140  3332 W MediaProvider: isAppCloneUserPair for user 0: false
12-18 07:18:09.470 10063  3140  3332 W MediaProvider: isAppCloneUserPair for user 0: false
12-18 07:18:09.471 radio  2588  2588 I service_manager_slow: [18,isub]
12-18 07:18:09.471 10063  3140  3332 W MediaProvider: isAppCloneUserPair for user 0: false
12-18 07:18:09.471  1000  1855  1855 I service_manager_slow: [21,mount]
12-18 07:18:09.471 u0_a6  3576  3576 D nativeloader: Configuring clns-shared-6 for other apk /system/priv-app/CellBroadcastLegacyApp/CellBroadcastLegacyApp.apk. target_sdk_version=34, uses_libraries=, library_path=/system/priv-app/CellBroadcastLegacyApp/lib/arm64:/system/lib64, permitted_path=/data:/mnt/expand:/data/user_de/0/com.android.cellbroadcastreceiver:/system/priv-app/CellBroadcastLegacyApp:/system/lib64
12-18 07:18:09.472 10063  3140  3332 W MediaProvider: isAppCloneUserPair for user 0: false
12-18 07:18:09.473  1000  1855  2449 I am_proc_bound: [0,3582,com.android.intentresolver]
12-18 07:18:09.474  1000  2600  2600 I service_manager_slow: [23,safety_center]
12-18 07:18:09.475 10021  3304  3304 D ExternalStorage: After updating volumes, found 1 active roots
12-18 07:18:09.475  1000  1855  2449 D CompatibilityChangeReporter: Compat change id reported: 168419799; UID 10010; state: DISABLED
12-18 07:18:09.475  1000  1855  2449 D CompatibilityChangeReporter: Compat change id reported: 273564678; UID 10010; state: DISABLED
12-18 07:18:09.479  1000  1855  2506 D ConnectivityService: requestNetwork for uid/pid:10074/2933 activeRequest: null callbackRequest: 37 [NetworkRequest [ REQUEST id=38, [ Capabilities: INTERNET&NOT_RESTRICTED&TRUSTED&NOT_VCN_MANAGED Uid: 10074 RequestorUid: 10074 RequestorPkg: com.android.devicelockcontroller UnderlyingNetworks: Null] ]] callback flags: 0 order: 2147483647
12-18 07:18:09.480  root  1138  1138 E ANDR-PERF-MPCTL: ANDR-PERF-MPCTL: internal_perf_lock_acq_verification() 386: Perflock Submit request limit reached.
12-18 07:18:09.481  1000  1855  2282 D WifiNetworkFactory: got request NetworkRequest [ REQUEST id=38, [ Capabilities: INTERNET&NOT_RESTRICTED&TRUSTED&NOT_VCN_MANAGED Uid: 10074 RequestorUid: 10074 RequestorPkg: com.android.devicelockcontroller UnderlyingNetworks: Null] ]
12-18 07:18:09.481 10057  2356  2403 V WindowManagerShell: Transition animation finished (aborted=false), notifying core (#4)android.os.BinderProxy@a965fd1@0
12-18 07:18:09.481  1000  1855  2290 D ConnectivityService: NetReassign [no changes] [c 0] [a 0] [i 0]
12-18 07:18:09.481  1000  1855  2282 D UntrustedWifiNetworkFactory: got request NetworkRequest [ REQUEST id=38, [ Capabilities: INTERNET&NOT_RESTRICTED&TRUSTED&NOT_VCN_MANAGED Uid: 10074 RequestorUid: 10074 RequestorPkg: com.android.devicelockcontroller UnderlyingNetworks: Null] ]
12-18 07:18:09.481  1000  1855  2282 D OemPaidWifiNetworkFactory: got request NetworkRequest [ REQUEST id=38, [ Capabilities: INTERNET&NOT_RESTRICTED&TRUSTED&NOT_VCN_MANAGED Uid: 10074 RequestorUid: 10074 RequestorPkg: com.android.devicelockcontroller UnderlyingNetworks: Null] ]
12-18 07:18:09.481  1000  1855  2282 D MultiInternetWifiNetworkFactory: got request NetworkRequest [ REQUEST id=38, [ Capabilities: INTERNET&NOT_RESTRICTED&TRUSTED&NOT_VCN_MANAGED Uid: 10074 RequestorUid: 10074 RequestorPkg: com.android.devicelockcontroller UnderlyingNetworks: Null] ]
12-18 07:18:09.485  1000  1855  1916 V WindowManager: Finish Transition #4: created at 12-18 07:18:07.945 collect-started=0.1ms request-sent=0.536ms started=16.277ms ready=284.097ms sent=1258.177ms finished=1538.766ms
12-18 07:18:09.485  1000  1855  1980 D CompatibilityChangeReporter: Compat change id reported: 265195908; UID 10010; state: ENABLED
12-18 07:18:09.486  1000  1855  2449 I am_uid_active: 10010
12-18 07:18:09.487 10057  2356  2403 V WindowManagerShell: Track 0 became idle
12-18 07:18:09.487 10057  2356  2403 V WindowManagerShell: All active transition animations finished
12-18 07:18:09.489 10063  3140  3617 I MediaProvider: Begin Intent { act=com.android.providers.media.action.SCAN_VOLUME (has extras) }
12-18 07:18:09.492 10010  3582  3582 D CompatibilityChangeReporter: Compat change id reported: 171979766; UID 10010; state: ENABLED
12-18 07:18:09.493 10010  3582  3582 D CompatibilityChangeReporter: Compat change id reported: 242716250; UID 10010; state: ENABLED
12-18 07:18:09.497  1000  3612  3612 I ystem:dynsystem: Using CollectorTypeCC GC.
12-18 07:18:09.498 10063  3140  3617 V MediaProvider: onConfigure() for internal.db
12-18 07:18:09.499 u0_a6  3576  3576 V GraphicsEnvironment: Currently set values for:
12-18 07:18:09.499 u0_a6  3576  3576 V GraphicsEnvironment:   angle_gl_driver_selection_pkgs=[]
12-18 07:18:09.499 u0_a6  3576  3576 V GraphicsEnvironment:   angle_gl_driver_selection_values=[]
12-18 07:18:09.499 10021  3304  3304 D ExternalStorage: After updating volumes, found 1 active roots
12-18 07:18:09.500 10063  3140  3617 V MediaProvider: onCreate() for internal.db
12-18 07:18:09.501 u0_a6  3576  3576 V GraphicsEnvironment: ANGLE GameManagerService for com.android.cellbroadcastreceiver: false
12-18 07:18:09.501 u0_a6  3576  3576 V GraphicsEnvironment: com.android.cellbroadcastreceiver is not listed in per-application setting
12-18 07:18:09.502  1000  1855  2507 D CompatibilityChangeReporter: Compat change id reported: 170503758; UID 10010; state: ENABLED
12-18 07:18:09.502 u0_a6  3576  3576 V GraphicsEnvironment: Neither updatable production driver nor prerelease driver is supported.
12-18 07:18:09.502  1000  1855  1926 I am_uid_running: 1027
12-18 07:18:09.503  1000  1855  1926 D CompatibilityChangeReporter: Compat change id reported: 135634846; UID 1027; state: DISABLED
12-18 07:18:09.504  root  1138  1138 E ANDR-PERF-MPCTL: ANDR-PERF-MPCTL: internal_perf_lock_acq_verification() 386: Perflock Submit request limit reached.
12-18 07:18:09.513  1000  3612  3612 E ystem:dynsystem: Not starting debugger since process cannot load the jdwp agent.
12-18 07:18:09.514 u0_a6  3576  3576 D LegacyCellBroadcastContentProvider: onCreate
12-18 07:18:09.514 10010  3582  3582 D nativeloader: Configuring clns-shared-6 for other apk /system/priv-app/IntentResolver/IntentResolver.apk. target_sdk_version=34, uses_libraries=, library_path=/system/priv-app/IntentResolver/lib/arm64:/system/lib64, permitted_path=/data:/mnt/expand:/data/user/0/com.android.intentresolver:/system/priv-app/IntentResolver:/system/lib64
12-18 07:18:09.514  root  1013  1013 D Zygote  : Forked child process 3630
12-18 07:18:09.519  1000  1855  1927 I am_proc_start: [0,3630,1027,com.android.nfc,broadcast,{com.android.nfc/com.android.nfc.NfcBootCompletedReceiver}]
12-18 07:18:09.520  1000  1855  1927 I ActivityManager: Start proc 3630:com.android.nfc/1027 for broadcast {com.android.nfc/com.android.nfc.NfcBootCompletedReceiver}
12-18 07:18:09.523 10073  3514  3554 D CellBroadcastDatabaseHelper: Starting migration from legacy provider
12-18 07:18:09.524  root  1138  1138 E ANDR-PERF-MPCTL: ANDR-PERF-MPCTL: internal_perf_lock_acq_verification() 386: Perflock Submit request limit reached.
12-18 07:18:09.528  1000  1855  2507 I am_proc_bound: [0,3612,com.android.dynsystem:dynsystem]
12-18 07:18:09.529  1000  1855  3445 I ActivityManager: Flag disabled. Ignoring finishAttachApplication from uid: 10006. pid: 3576
12-18 07:18:09.529 10063  3140  3617 I MediaProvider: Changed schema version on internal from 0 to 1407, 0 items taking 29ms UUID dc157204-650f-43a1-9e94-53d177b03ea7
12-18 07:18:09.530 10063  3140  3617 V MediaProvider: onOpen() for internal.db
12-18 07:18:09.533   nfc  3630  3630 I com.android.nfc: Using CollectorTypeCC GC.
12-18 07:18:09.534  1000  1855  2449 W PermissionManagerService: Datasource android.content.AttributionSource@fc64a94e protecting data with platform defined runtime permission android.permission.READ_CELL_BROADCASTS while not having android.permission.UPDATE_APP_OPS_STATS
12-18 07:18:09.535  1000  3612  3612 D CompatibilityChangeReporter: Compat change id reported: 171979766; UID 1000; state: ENABLED
12-18 07:18:09.537  1000  3612  3612 D CompatibilityChangeReporter: Compat change id reported: 242716250; UID 1000; state: ENABLED
12-18 07:18:09.537 u0_a6  3576  3607 D LegacyCellBroadcastContentProvider: query: uri=content://cellbroadcast-legacy values=[_id, slot_index, geo_scope, plmn, lac, cid, serial_number, service_category, language, body, date, read, format, priority, etws_warning_type, cmas_message_class, cmas_category, cmas_response_type, cmas_severity, cmas_urgency, cmas_certainty] selection=null selectionArgs=null
12-18 07:18:09.538   nfc  3630  3630 E com.android.nfc: Not starting debugger since process cannot load the jdwp agent.
12-18 07:18:09.539 10063  3140  3617 D MediaProvider: Starting migration from legacy provider
12-18 07:18:09.541  1000  1855  1990 I commit_sys_config_file: [settings-0-0,7]
12-18 07:18:09.545 10054  2659  3412 I jank_cuj_events_end_request: [69,1702883889544756000,33065056080,33065056757]
12-18 07:18:09.546  root  1138  1138 E ANDR-PERF-MPCTL: ANDR-PERF-MPCTL: internal_perf_lock_acq_verification() 386: Perflock Submit request limit reached.
12-18 07:18:09.546  1000  1855  3445 D SafetySourceDataValidator: No cert check requested for package com.android.settings
12-18 07:18:09.547  1000  1855  1967 I am_proc_bound: [0,3630,com.android.nfc]
12-18 07:18:09.549  1000  1855  1967 D CompatibilityChangeReporter: Compat change id reported: 168419799; UID 1027; state: DISABLED
12-18 07:18:09.549  1000  1855  1967 D CompatibilityChangeReporter: Compat change id reported: 273564678; UID 1027; state: DISABLED
12-18 07:18:09.552  1000  1855  1967 I am_uid_active: 1027
12-18 07:18:09.553 10010  3582  3582 V GraphicsEnvironment: Currently set values for:
12-18 07:18:09.553  1000  1855  1980 D CompatibilityChangeReporter: Compat change id reported: 265195908; UID 1027; state: ENABLED
12-18 07:18:09.554 10010  3582  3582 V GraphicsEnvironment:   angle_gl_driver_selection_pkgs=[]
12-18 07:18:09.554 10010  3582  3582 V GraphicsEnvironment:   angle_gl_driver_selection_values=[]
12-18 07:18:09.554 u0_a7  3269  3301 V MediaProvider: onConfigure() for internal.db
12-18 07:18:09.555 u0_a7  3269  3301 V MediaProvider: onCreate() for internal.db
12-18 07:18:09.555 10010  3582  3582 V GraphicsEnvironment: ANGLE GameManagerService for com.android.intentresolver: false
12-18 07:18:09.555 10010  3582  3582 V GraphicsEnvironment: com.android.intentresolver is not listed in per-application setting
12-18 07:18:09.555  1000  3612  3612 D nativeloader: Configuring clns-shared-6 for other apk /system/priv-app/DynamicSystemInstallationService/DynamicSystemInstallationService.apk. target_sdk_version=34, uses_libraries=, library_path=/system/priv-app/DynamicSystemInstallationService/lib/arm64:/system/lib64, permitted_path=/data:/mnt/expand:/data/user/0/com.android.dynsystem:/system/priv-app/DynamicSystemInstallationService:/system/lib64
12-18 07:18:09.556 10010  3582  3582 V GraphicsEnvironment: Neither updatable production driver nor prerelease driver is supported.
12-18 07:18:09.556  1000  1855  1990 I commit_sys_config_file: [settings-2-0,15]
12-18 07:18:09.561   nfc  3630  3630 D CompatibilityChangeReporter: Compat change id reported: 171979766; UID 1027; state: ENABLED
12-18 07:18:09.562 u0_a7  3269  3301 V MediaProvider: onOpen() for internal.db
12-18 07:18:09.562   nfc  3630  3630 D CompatibilityChangeReporter: Compat change id reported: 242716250; UID 1027; state: ENABLED
12-18 07:18:09.564 10063  3140  3617 D MediaProvider: Finished migration from legacy provider
12-18 07:18:09.567  root  1138  1138 E ANDR-PERF-MPCTL: ANDR-PERF-MPCTL: internal_perf_lock_acq_verification() 386: Perflock Submit request limit reached.
12-18 07:18:09.575 u0_a6  3576  3607 D LegacyCellBroadcastContentProvider: query from legacy cellbroadcast, returned 0 messages
12-18 07:18:09.576 10073  3514  3554 D CellBroadcastDatabaseHelper: Finished migration from legacy provider
12-18 07:18:09.576 10063  3140  3617 V MediaProvider: onOpen() finished for internal.db
12-18 07:18:09.580 10063  3140  3617 W ModernMediaScanner: Failed to visit /system/media: java.nio.file.NoSuchFileException: /system/media
12-18 07:18:09.580  1000  1855  1926 I am_uid_running: 10014
12-18 07:18:09.580  1000  1855  1926 I ActivityManager: com.android.packageinstaller is exempt from freezer
12-18 07:18:09.580  1000  1855  1926 D CompatibilityChangeReporter: Compat change id reported: 135634846; UID 10014; state: DISABLED
12-18 07:18:09.580  1000  1855  1926 D CompatibilityChangeReporter: Compat change id reported: 177438394; UID 10014; state: DISABLED
12-18 07:18:09.581  1000  1855  1926 D CompatibilityChangeReporter: Compat change id reported: 135772972; UID 10014; state: DISABLED
12-18 07:18:09.581  1000  1855  1926 D CompatibilityChangeReporter: Compat change id reported: 135754954; UID 10014; state: ENABLED
12-18 07:18:09.581  1000  1855  1927 D CompatibilityChangeReporter: Compat change id reported: 143937733; UID 10014; state: ENABLED
12-18 07:18:09.581  1000  1855  2507 D CompatibilityChangeReporter: Compat change id reported: 182734110; UID 10063; state: ENABLED
12-18 07:18:09.582   nfc  3630  3630 D nativeloader: Configuring clns-shared-6 for other apk /system/app/NfcNci/NfcNci.apk. target_sdk_version=34, uses_libraries=, library_path=/system/app/NfcNci/lib/arm64:/system/app/NfcNci/NfcNci.apk!/lib/arm64-v8a:/system/lib64, permitted_path=/data:/mnt/expand:/data/user/0/com.android.nfc:/system/app/NfcNci:/system/lib64
12-18 07:18:09.582  1000  3612  3612 V GraphicsEnvironment: Currently set values for:
12-18 07:18:09.582  1000  3612  3612 V GraphicsEnvironment:   angle_gl_driver_selection_pkgs=[]
12-18 07:18:09.582  1000  3612  3612 V GraphicsEnvironment:   angle_gl_driver_selection_values=[]
12-18 07:18:09.583 10063  3140  3617 I MediaProvider: Scanned internal due to REASON_MOUNTED, found 0 items in 4ms, 0 inserts 0 updates 0 deletes
12-18 07:18:09.583  1000  3612  3612 V GraphicsEnvironment: ANGLE GameManagerService for com.android.dynsystem: false
12-18 07:18:09.584  1000  3612  3612 V GraphicsEnvironment: com.android.dynsystem is not listed in per-application setting
12-18 07:18:09.584  1000  3612  3612 V GraphicsEnvironment: Neither updatable production driver nor prerelease driver is supported.
12-18 07:18:09.585 10063  3140  3617 W ModernMediaScanner: Failed to visit /oem/media: java.nio.file.NoSuchFileException: /oem/media
12-18 07:18:09.586 10063  3140  3617 I MediaProvider: Scanned internal due to REASON_MOUNTED, found 0 items in 1ms, 0 inserts 0 updates 0 deletes
12-18 07:18:09.586  1000  1855  1905 I ActivityManager: Flag disabled. Ignoring finishAttachApplication from uid: 10010. pid: 3582
12-18 07:18:09.590  root  1013  1013 D Zygote  : Forked child process 3653
12-18 07:18:09.593  1000  1855  1927 I am_proc_start: [0,3653,10014,com.android.packageinstaller,broadcast,{com.android.packageinstaller/com.android.packageinstaller.TemporaryFileManager}]
12-18 07:18:09.593  1000  1855  1927 I ActivityManager: Start proc 3653:com.android.packageinstaller/u0a14 for broadcast {com.android.packageinstaller/com.android.packageinstaller.TemporaryFileManager}
12-18 07:18:09.594  1000  1855  1967 I ActivityManager: Flag disabled. Ignoring finishAttachApplication from uid: 1000. pid: 3612
12-18 07:18:09.595 10073  3514  3573 D CellBroadcastContentProvider: database changed: notifying observers...
12-18 07:18:09.598  1000  1855  1951 I am_uid_stopped: 10010
12-18 07:18:09.599  1000  1855  1951 I ActivityManager: Killing 3582:com.android.intentresolver/u0a10 (adj 905): change com.android.intentresolver
12-18 07:18:09.600  1000  1855  1917 D DisplayManagerService: Drop pending events for gone uid 10010
12-18 07:18:09.600  1000  1855  1951 I am_kill : [0,3582,com.android.intentresolver,905,change com.android.intentresolver]
12-18 07:18:09.602 10014  3653  3653 I ackageinstaller: Using CollectorTypeCC GC.
12-18 07:18:09.604  1000  1855  1980 D CompatibilityChangeReporter: Compat change id reported: 265195908; UID 10014; state: ENABLED
12-18 07:18:09.606  1000  1855  2507 I sysui_multi_action: [757,856,758,1,806,com.android.dynsystem,857,com.android.dynsystem,858,2]
12-18 07:18:09.609 10014  3653  3653 E ackageinstaller: Not starting debugger since process cannot load the jdwp agent.
12-18 07:18:09.611  1000  3612  3612 D DynamicSystemInstallationService: onStartCommand(): action=android.os.image.action.NOTIFY_IF_IN_USE
12-18 07:18:09.611   nfc  3630  3630 I service_manager_slow: [10,game]
12-18 07:18:09.612   nfc  3630  3630 V GraphicsEnvironment: Currently set values for:
12-18 07:18:09.612   nfc  3630  3630 V GraphicsEnvironment:   angle_gl_driver_selection_pkgs=[]
12-18 07:18:09.612   nfc  3630  3630 V GraphicsEnvironment:   angle_gl_driver_selection_values=[]
12-18 07:18:09.614  1000  1855  1905 I DynamicSystemService: isInstalled(): false
12-18 07:18:09.615   nfc  3630  3630 V GraphicsEnvironment: ANGLE GameManagerService for com.android.nfc: false
12-18 07:18:09.615   nfc  3630  3630 V GraphicsEnvironment: com.android.nfc is not listed in per-application setting
12-18 07:18:09.615   nfc  3630  3630 V GraphicsEnvironment: Neither updatable production driver nor prerelease driver is supported.
12-18 07:18:09.616  1000  1855  1992 I RoleService: Granting default roles...
12-18 07:18:09.621  1000  1855  1967 I am_proc_bound: [0,3653,com.android.packageinstaller]
12-18 07:18:09.622  1000  1855  1967 D CompatibilityChangeReporter: Compat change id reported: 168419799; UID 10014; state: DISABLED
12-18 07:18:09.622  1000  1855  1967 D CompatibilityChangeReporter: Compat change id reported: 273564678; UID 10014; state: DISABLED
12-18 07:18:09.624 10057  2356  2356 D ControlsListingControllerImpl: ServiceConfig reloaded, count: 0
12-18 07:18:09.625  1000  1855  1967 I am_uid_active: 10014
12-18 07:18:09.626  1000  1855  2008 I InputReader: Reconfiguring input devices, changes=KEYBOARD_LAYOUTS
12-18 07:18:09.626 10069  2362  2544 W Role    : Cannot get ApplicationInfo for default holder: com.android.contacts
12-18 07:18:09.626 10069  2362  2462 I PermissionControllerServiceImpl: Updating user sensitive for uid 1000
12-18 07:18:09.626  1000  1855  1925 W Searchables: No global search activity found
12-18 07:18:09.628  1000  1855  1926 I am_uid_running: 10070
12-18 07:18:09.628  1000  1855  1926 D CompatibilityChangeReporter: Compat change id reported: 135634846; UID 10070; state: DISABLED
12-18 07:18:09.628  1000  1855  1926 D CompatibilityChangeReporter: Compat change id reported: 177438394; UID 10070; state: DISABLED
12-18 07:18:09.628  1000  1855  1926 D CompatibilityChangeReporter: Compat change id reported: 135772972; UID 10070; state: DISABLED
12-18 07:18:09.628  1000  1855  1926 D CompatibilityChangeReporter: Compat change id reported: 135754954; UID 10070; state: ENABLED
12-18 07:18:09.629  1000  1855  1927 D CompatibilityChangeReporter: Compat change id reported: 143937733; UID 10070; state: ENABLED
12-18 07:18:09.630 10069  2362  2544 W Role    : Cannot get ApplicationInfo for default holder: com.android.settings.intelligence
12-18 07:18:09.635  1000  1855  1931 E libprocessgroup: AddTidToCgroup failed to write '3653'; fd=457: Invalid argument
12-18 07:18:09.635  1000  1855  1931 E libprocessgroup: Failed to add task into cgroup
12-18 07:18:09.636 10069  2362  2386 I PermissionControllerServiceImpl: Updating user sensitive for uid 10010
12-18 07:18:09.639  root  1013  1013 D Zygote  : Forked child process 3670
12-18 07:18:09.641  root  1013  1013 I Zygote  : Process 3582 exited due to signal 9 (Killed)
12-18 07:18:09.642  1000  1855  2506 V ActivityManager: Got obituary of 3582:com.android.intentresolver
12-18 07:18:09.643  1000  1855  1925 W VoiceInteractionManager: no available voice recognition services found for user 0
12-18 07:18:09.644 10014  3653  3653 D CompatibilityChangeReporter: Compat change id reported: 171979766; UID 10014; state: ENABLED
12-18 07:18:09.644 10014  3653  3653 D CompatibilityChangeReporter: Compat change id reported: 242716250; UID 10014; state: ENABLED
12-18 07:18:09.647  1000  1855  1927 I am_proc_start: [0,3670,10070,com.android.rkpdapp,broadcast,{com.android.rkpdapp/com.android.rkpdapp.BootReceiver}]
12-18 07:18:09.647  1000  1855  1927 I ActivityManager: Start proc 3670:com.android.rkpdapp/u0a70 for broadcast {com.android.rkpdapp/com.android.rkpdapp.BootReceiver}
12-18 07:18:09.648  1000  1855  3445 I ActivityManager: Flag disabled. Ignoring finishAttachApplication from uid: 1027. pid: 3630
12-18 07:18:09.649 10070  3670  3670 I android.rkpdapp: Using CollectorTypeCC GC.
12-18 07:18:09.650  1000  1855  2449 D CompatibilityChangeReporter: Compat change id reported: 170503758; UID 10014; state: ENABLED
12-18 07:18:09.658  1000  1855  1951 I am_uid_stopped: 1027
12-18 07:18:09.659  1000  1855  1917 D DisplayManagerService: Drop pending events for gone uid 1027
12-18 07:18:09.659 10014  3653  3653 D nativeloader: Configuring clns-shared-6 for other apk /system/priv-app/PackageInstaller/PackageInstaller.apk. target_sdk_version=34, uses_libraries=, library_path=/system/priv-app/PackageInstaller/lib/arm64:/system/lib64, permitted_path=/data:/mnt/expand:/data/user_de/0/com.android.packageinstaller:/system/priv-app/PackageInstaller:/system/lib64
12-18 07:18:09.660 10070  3670  3670 E android.rkpdapp: Not starting debugger since process cannot load the jdwp agent.
12-18 07:18:09.660  1000  1855  1951 I ActivityManager: Killing 3630:com.android.nfc/1027 (adj 905): change com.android.nfc
12-18 07:18:09.661  1000  1855  1951 I am_kill : [0,3630,com.android.nfc,905,change com.android.nfc]
12-18 07:18:09.667  1000  1855  1980 D CompatibilityChangeReporter: Compat change id reported: 265195908; UID 10070; state: ENABLED
12-18 07:18:09.667  1000  1855  1928 I libprocessgroup: Successfully killed process cgroup uid 1027 pid 3630 in 5ms
12-18 07:18:09.672 10069  2362  2544 W Role    : Cannot get ApplicationInfo for default holder: com.android.gallery3d
12-18 07:18:09.682 10063  3140  3617 D CompatibilityChangeReporter: Compat change id reported: 263076149; UID 10063; state: ENABLED
12-18 07:18:09.685  1000  1855  2282 D WifiService: Remove settings for package:com.android.nfc
12-18 07:18:09.685  1000  1855  2282 D WifiConfigManager: Remove all networks for app ApplicationInfo{f192d64 com.android.nfc}
12-18 07:18:09.687  1000  1855  2449 I am_proc_bound: [0,3670,com.android.rkpdapp]
12-18 07:18:09.688  1000  1855  1925 W Searchables: No global search activity found
12-18 07:18:09.689  1000  1855  2008 I InputReader: Reconfiguring input devices, changes=KEYBOARD_LAYOUTS
12-18 07:18:09.689  1000  1855  2449 D CompatibilityChangeReporter: Compat change id reported: 168419799; UID 10070; state: DISABLED
12-18 07:18:09.689  1000  1855  2449 D CompatibilityChangeReporter: Compat change id reported: 273564678; UID 10070; state: DISABLED
12-18 07:18:09.692  1000  1855  1855 I notification_cancel_all: [1000,1855,com.android.nfc,0,0,0,5,NULL]
12-18 07:18:09.692 10069  2362  3668 I PermissionControllerServiceImpl: Updating user sensitive for uid 1027
12-18 07:18:09.693  root  1013  1013 I Zygote  : Process 3630 exited due to signal 9 (Killed)
12-18 07:18:09.693  1000  1855  2449 I am_uid_active: 10070
12-18 07:18:09.694 10014  3653  3653 V GraphicsEnvironment: Currently set values for:
12-18 07:18:09.694 10014  3653  3653 V GraphicsEnvironment:   angle_gl_driver_selection_pkgs=[]
12-18 07:18:09.695 10014  3653  3653 V GraphicsEnvironment:   angle_gl_driver_selection_values=[]
12-18 07:18:09.696 10014  3653  3653 V GraphicsEnvironment: ANGLE GameManagerService for com.android.packageinstaller: false
12-18 07:18:09.696 10070  3670  3670 D CompatibilityChangeReporter: Compat change id reported: 171979766; UID 10070; state: ENABLED
12-18 07:18:09.696 10014  3653  3653 V GraphicsEnvironment: com.android.packageinstaller is not listed in per-application setting
12-18 07:18:09.696 10070  3670  3670 D CompatibilityChangeReporter: Compat change id reported: 242716250; UID 10070; state: ENABLED
12-18 07:18:09.696 10014  3653  3653 V GraphicsEnvironment: Neither updatable production driver nor prerelease driver is supported.
12-18 07:18:09.697  1000  1855  2282 D WifiConfigStore: Writing to stores completed in 11 ms.
12-18 07:18:09.697  1000  1855  2282 I PasspointManager: No app ops listener found for com.android.nfc
12-18 07:18:09.699 10057  2356  2356 D ControlsListingControllerImpl: ServiceConfig reloaded, count: 0
12-18 07:18:09.701  1000  1855  2406 D CompatibilityChangeReporter: Compat change id reported: 170503758; UID 10070; state: ENABLED
12-18 07:18:09.702  1000  1855  1926 I am_uid_running: 2000
12-18 07:18:09.703  1000  1855  1926 I ActivityManager: com.android.shell is exempt from freezer
12-18 07:18:09.703  1000  1855  1926 D CompatibilityChangeReporter: Compat change id reported: 135634846; UID 2000; state: DISABLED
12-18 07:18:09.703  1000  1855  1926 D CompatibilityChangeReporter: Compat change id reported: 177438394; UID 2000; state: DISABLED
12-18 07:18:09.703  1000  1855  1926 D CompatibilityChangeReporter: Compat change id reported: 135772972; UID 2000; state: DISABLED
12-18 07:18:09.704  1000  1855  1926 D CompatibilityChangeReporter: Compat change id reported: 135754954; UID 2000; state: ENABLED
12-18 07:18:09.704  1000  1855  3445 V ActivityManager: Got obituary of 3630:com.android.nfc
12-18 07:18:09.706  1000  1855  1925 W Searchables: No global search activity found
12-18 07:18:09.711 10070  3670  3670 D nativeloader: Configuring clns-shared-6 for other apk /apex/com.android.rkpd/priv-app/rkpdapp@UGR1.231217.001.A1/rkpdapp.apk. target_sdk_version=34, uses_libraries=, library_path=/apex/com.android.rkpd/priv-app/rkpdapp@UGR1.231217.001.A1/lib/arm64:/system/lib64, permitted_path=/data:/mnt/expand:/data/user/0/com.android.rkpdapp:/apex/com.android.rkpd/priv-app/rkpdapp@UGR1.231217.001.A1:/system/lib64
12-18 07:18:09.712  root  1013  1013 D Zygote  : Forked child process 3688
12-18 07:18:09.713  1000  1855  2506 I ActivityManager: Flag disabled. Ignoring finishAttachApplication from uid: 10014. pid: 3653
12-18 07:18:09.713 10070  3670  3670 D nativeloader: InitApexLibraries:
12-18 07:18:09.713 10070  3670  3670 D nativeloader:   com_android_adservices: libhpke_jni.so:libtflite_support_classifiers_native.so
12-18 07:18:09.713 10070  3670  3670 D nativeloader:   com_android_appsearch: libicing.so
12-18 07:18:09.713 10070  3670  3670 D nativeloader:   com_android_art: libartservice.so
12-18 07:18:09.713 10070  3670  3670 D nativeloader:   com_android_btservices: libbluetooth_jni.so
12-18 07:18:09.713 10070  3670  3670 D nativeloader:   com_android_conscrypt: libjavacrypto.so
12-18 07:18:09.713 10070  3670  3670 D nativeloader:   com_android_extservices: libhpke_jni.so:libtflite_support_classifiers_native.so
12-18 07:18:09.713 10070  3670  3670 D nativeloader:   com_android_os_statsd: libstats_jni.so
12-18 07:18:09.713 10070  3670  3670 D nativeloader:   com_android_tethering: libcronet.114.0.5735.84.so:libframework-connectivity-jni.so:libframework-connectivity-tiramisu-jni.so:libandroid_net_connectivity_com_android_net_module_util_jni.so:libservice-connectivity.so
12-18 07:18:09.713 10070  3670  3670 D nativeloader:   com_android_uwb: libuwb_uci_jni_rust.so
12-18 07:18:09.713 10070  3670  3670 D nativeloader:   com_android_virt: libvirtualizationservice_jni.so:libvirtualmachine_jni.so
12-18 07:18:09.713  1000  1855  1927 I am_proc_start: [0,3688,2000,com.android.shell,broadcast,{com.android.shell/com.android.shell.HeapDumpReceiver}]
12-18 07:18:09.713  1000  1855  1927 I ActivityManager: Start proc 3688:com.android.shell/2000 for broadcast {com.android.shell/com.android.shell.HeapDumpReceiver}
12-18 07:18:09.720  1000  1855  1925 W VoiceInteractionManager: no available voice recognition services found for user 0
12-18 07:18:09.722 shell  3688  3688 I m.android.shell: Using CollectorTypeCC GC.
12-18 07:18:09.727 10070  3670  3670 V GraphicsEnvironment: Currently set values for:
12-18 07:18:09.728 10070  3670  3670 V GraphicsEnvironment:   angle_gl_driver_selection_pkgs=[]
12-18 07:18:09.728 10070  3670  3670 V GraphicsEnvironment:   angle_gl_driver_selection_values=[]
12-18 07:18:09.728 shell  3688  3688 E m.android.shell: Not starting debugger since process cannot load the jdwp agent.
12-18 07:18:09.729 10070  3670  3670 V GraphicsEnvironment: ANGLE GameManagerService for com.android.rkpdapp: false
12-18 07:18:09.729 10070  3670  3670 V GraphicsEnvironment: com.android.rkpdapp is not listed in per-application setting
12-18 07:18:09.729 10070  3670  3670 V GraphicsEnvironment: Neither updatable production driver nor prerelease driver is supported.
12-18 07:18:09.735 10054  2659  2690 D ModelWriter: removing items from db . Reason: [removed because the corresponding package or component is removed. mOp=2 removedPackages=[com.android.nfc] removedComponents=[]]
12-18 07:18:09.738 10070  3670  3670 D WM-WrkMgrInitializer: Initializing WorkManager with default configuration.
12-18 07:18:09.739  1000  1855  2449 I am_proc_bound: [0,3688,com.android.shell]
12-18 07:18:09.741  1000  1855  2449 D CompatibilityChangeReporter: Compat change id reported: 168419799; UID 2000; state: DISABLED
12-18 07:18:09.741  1000  1855  2449 D CompatibilityChangeReporter: Compat change id reported: 273564678; UID 2000; state: DISABLED
12-18 07:18:09.746  1000  1855  1980 D CompatibilityChangeReporter: Compat change id reported: 265195908; UID 2000; state: ENABLED
12-18 07:18:09.749  1000  1855  2449 I am_uid_active: 2000
12-18 07:18:09.752  1000  1855  1926 I am_uid_running: 10011
12-18 07:18:09.752  1000  1855  1926 D CompatibilityChangeReporter: Compat change id reported: 135634846; UID 10011; state: DISABLED
12-18 07:18:09.752  1000  1855  1926 D CompatibilityChangeReporter: Compat change id reported: 177438394; UID 10011; state: DISABLED
12-18 07:18:09.752 shell  3688  3688 D CompatibilityChangeReporter: Compat change id reported: 171979766; UID 2000; state: ENABLED
12-18 07:18:09.752  1000  1855  1926 D CompatibilityChangeReporter: Compat change id reported: 135772972; UID 10011; state: DISABLED
12-18 07:18:09.752  1000  1855  1926 D CompatibilityChangeReporter: Compat change id reported: 135754954; UID 10011; state: DISABLED
12-18 07:18:09.753 shell  3688  3688 D CompatibilityChangeReporter: Compat change id reported: 242716250; UID 2000; state: ENABLED
12-18 07:18:09.753  1000  1855  1927 D CompatibilityChangeReporter: Compat change id reported: 143937733; UID 10011; state: DISABLED
12-18 07:18:09.759 10070  3670  3670 D WM-PackageManagerHelper: androidx.work.impl.background.systemjob.SystemJobService enabled
12-18 07:18:09.759 10070  3670  3670 D WM-Schedulers: Created SystemJobScheduler and enabled SystemJobService
12-18 07:18:09.762  root  1013  1013 D Zygote  : Forked child process 3705
12-18 07:18:09.763  1000  1855  1927 I am_proc_start: [0,3705,10011,com.android.statementservice,broadcast,{com.android.statementservice/com.android.statementservice.domain.BootCompletedReceiver}]
12-18 07:18:09.763  1000  1855  1927 I ActivityManager: Start proc 3705:com.android.statementservice/u0a11 for broadcast {com.android.statementservice/com.android.statementservice.domain.BootCompletedReceiver}
12-18 07:18:09.765 shell  3688  3688 D nativeloader: Configuring clns-shared-6 for other apk /system/priv-app/Shell/Shell.apk. target_sdk_version=34, uses_libraries=, library_path=/system/priv-app/Shell/lib/arm64:/system/lib64, permitted_path=/data:/mnt/expand:/data/user_de/0/com.android.shell:/system/priv-app/Shell:/system/lib64
12-18 07:18:09.766 10011  3705  3705 I libc    : SetHeapTaggingLevel: tag level set to 0
12-18 07:18:09.767  root  1138  1138 E ANDR-PERF-MPCTL: ANDR-PERF-MPCTL: internal_perf_lock_acq_verification() 386: Perflock Submit request limit reached.
12-18 07:18:09.768  1000  1855  1918 I commit_sys_config_file: [jobs,5]
12-18 07:18:09.769  1000  1855  2449 I ActivityManager: Flag disabled. Ignoring finishAttachApplication from uid: 10070. pid: 3670
12-18 07:18:09.770 10070  3670  3670 I RkpdBootReceiver: Caught boot intent, waking up.
12-18 07:18:09.773 10069  2362  2544 I Role    : com.android.provision not qualified for android.app.role.HOME due to missing RequiredComponent{mIntentFilterData=IntentFilterData{mAction='android.intent.action.MAIN', mCategories='[android.intent.category.HOME]', mDataScheme='null', mDataType='null'}, mMinTargetSdkVersion=1, mFlags='0', mPermission='null', mQueryFlags=0, mMetaData=[]}
12-18 07:18:09.773 10069  2362  2544 I RoleControllerServiceImpl: Removing package that no longer qualifies for the role, package: com.android.provision, role: android.app.role.HOME
12-18 07:18:09.773  1000  1855  1918 I commit_sys_config_file: [jobs,5]
12-18 07:18:09.775 10011  3705  3705 I tatementservice: Using CollectorTypeCC GC.
12-18 07:18:09.777 10070  3670  3670 I RkpdSettings: Setting ID
12-18 07:18:09.778 10069  2362  2544 I RoleControllerServiceImpl: Adding package as default/fallback role holder, package: com.android.launcher3, role: android.app.role.HOME
12-18 07:18:09.781 10011  3705  3705 E tatementservice: Not starting debugger since process cannot load the jdwp agent.
12-18 07:18:09.781  1000  1855  1855 W CarrierConfigManager: Error getting config for subId -1 ICarrierConfigLoader is null
12-18 07:18:09.782  1000  1855  1855 I Telecom : PhoneAccountRegistrar: getSimCallManager: SimCallManager for subId -1 queried, returning: null: TSI.gSCMFU(a)@ADY
12-18 07:18:09.785 shell  3688  3688 V GraphicsEnvironment: Currently set values for:
12-18 07:18:09.785 shell  3688  3688 V GraphicsEnvironment:   angle_gl_driver_selection_pkgs=[]
12-18 07:18:09.785 shell  3688  3688 V GraphicsEnvironment:   angle_gl_driver_selection_values=[]
12-18 07:18:09.785  1000  1855  1855 W CarrierConfigManager: Error getting config for subId -1 ICarrierConfigLoader is null
12-18 07:18:09.785  1000  1855  1855 I Telecom : PhoneAccountRegistrar: getSimCallManager: SimCallManager for subId -1 queried, returning: null: TSI.gSCMFU(a)@ADc
12-18 07:18:09.786 shell  3688  3688 V GraphicsEnvironment: ANGLE GameManagerService for com.android.shell: false
12-18 07:18:09.787 shell  3688  3688 V GraphicsEnvironment: com.android.shell is not listed in per-application setting
12-18 07:18:09.787 shell  3688  3688 V GraphicsEnvironment: Neither updatable production driver nor prerelease driver is supported.
12-18 07:18:09.792  1000  1855  2449 I am_proc_bound: [0,3705,com.android.statementservice]
12-18 07:18:09.792  1000  1855  2449 D CompatibilityChangeReporter: Compat change id reported: 168419799; UID 10011; state: DISABLED
12-18 07:18:09.792  1000  1855  2449 D CompatibilityChangeReporter: Compat change id reported: 273564678; UID 10011; state: DISABLED
12-18 07:18:09.794 10070  3670  3670 I RkpdBootReceiver: Queueing a one-time provisioning job for widevine provisioning.
12-18 07:18:09.796  1000  1855  2449 I am_uid_active: 10011
12-18 07:18:09.796  1000  1855  1980 D CompatibilityChangeReporter: Compat change id reported: 265195908; UID 10011; state: ENABLED
12-18 07:18:09.803  1000  1855  1926 I am_uid_running: 10044
12-18 07:18:09.803 10054  2659  2659 I OverviewComponentObserver: updateOverviewTargets: mIsHomeDisabled=false, isDefaultHomeNull=false, mIsDefaultHome=true
12-18 07:18:09.804 10011  3705  3705 D CompatibilityChangeReporter: Compat change id reported: 171979766; UID 10011; state: DISABLED
12-18 07:18:09.804  1000  1855  1926 D CompatibilityChangeReporter: Compat change id reported: 135634846; UID 10044; state: DISABLED
12-18 07:18:09.804  1000  1855  1926 D CompatibilityChangeReporter: Compat change id reported: 177438394; UID 10044; state: DISABLED
12-18 07:18:09.804 10011  3705  3705 D CompatibilityChangeReporter: Compat change id reported: 242716250; UID 10011; state: DISABLED
12-18 07:18:09.804  1000  1855  1926 D CompatibilityChangeReporter: Compat change id reported: 135772972; UID 10044; state: DISABLED
12-18 07:18:09.804  1000  1855  1926 D CompatibilityChangeReporter: Compat change id reported: 135754954; UID 10044; state: ENABLED
12-18 07:18:09.805  1000  1855  1927 D CompatibilityChangeReporter: Compat change id reported: 143937733; UID 10044; state: ENABLED
12-18 07:18:09.806 10054  2659  2659 I OverviewComponentObserver: updateOverviewTargets: mIsHomeDisabled=false, isDefaultHomeNull=false, mIsDefaultHome=true
12-18 07:18:09.810  1000  1855  2449 D CompatibilityChangeReporter: Compat change id reported: 170503758; UID 10011; state: DISABLED
12-18 07:18:09.814 10011  3705  3705 D ApplicationLoaders: Returning zygote-cached class loader: /system/framework/android.test.base.jar
12-18 07:18:09.814  root  1013  1013 D Zygote  : Forked child process 3726
12-18 07:18:09.815  1000  1855  1927 I am_proc_start: [0,3726,10044,com.qualcomm.qti.qms.service.connectionsecurity,broadcast,{com.qualcomm.qti.qms.service.connectionsecurity/com.qualcomm.qti.qms.service.connectionsecurity.ConnSecBroadcastReceiver}]
12-18 07:18:09.815  1000  1855  1927 I ActivityManager: Start proc 3726:com.qualcomm.qti.qms.service.connectionsecurity/u0a44 for broadcast {com.qualcomm.qti.qms.service.connectionsecurity/com.qualcomm.qti.qms.service.connectionsecurity.ConnSecBroadcastReceiver}
12-18 07:18:09.815  1000  1855  1905 I ActivityManager: Flag disabled. Ignoring finishAttachApplication from uid: 2000. pid: 3688
12-18 07:18:09.817 shell  3688  3688 D HeapDumpReceiver: onReceive(): Intent { act=android.intent.action.BOOT_COMPLETED flg=0x89000010 cmp=com.android.shell/.HeapDumpReceiver (has extras) }
12-18 07:18:09.818 shell  3688  3727 D HeapDumpReceiver: Deleting from /data/user_de/0/com.android.shell/files/heapdumps
12-18 07:18:09.820 10011  3705  3705 D nativeloader: Configuring clns-shared-6 for other apk /system/priv-app/StatementService/StatementService.apk. target_sdk_version=29, uses_libraries=, library_path=/system/priv-app/StatementService/lib/arm64:/system/lib64, permitted_path=/data:/mnt/expand:/data/user/0/com.android.statementservice:/system/priv-app/StatementService:/system/lib64
12-18 07:18:09.824 10044  3726  3726 I nectionsecurity: Using CollectorTypeCC GC.
12-18 07:18:09.829 10044  3726  3726 E nectionsecurity: Not starting debugger since process cannot load the jdwp agent.
12-18 07:18:09.838  1000  1855  2506 I am_proc_bound: [0,3726,com.qualcomm.qti.qms.service.connectionsecurity]
12-18 07:18:09.840  1000  1855  2506 D CompatibilityChangeReporter: Compat change id reported: 168419799; UID 10044; state: DISABLED
12-18 07:18:09.840 10011  3705  3705 V GraphicsEnvironment: Currently set values for:
12-18 07:18:09.840 10011  3705  3705 V GraphicsEnvironment:   angle_gl_driver_selection_pkgs=[]
12-18 07:18:09.841 10011  3705  3705 V GraphicsEnvironment:   angle_gl_driver_selection_values=[]
12-18 07:18:09.841  1000  1855  2506 D CompatibilityChangeReporter: Compat change id reported: 273564678; UID 10044; state: DISABLED
12-18 07:18:09.842 10011  3705  3705 V GraphicsEnvironment: ANGLE GameManagerService for com.android.statementservice: false
12-18 07:18:09.842 10011  3705  3705 V GraphicsEnvironment: com.android.statementservice is not listed in per-application setting
12-18 07:18:09.842 10011  3705  3705 V GraphicsEnvironment: Neither updatable production driver nor prerelease driver is supported.
12-18 07:18:09.847  1000  1855  1980 D CompatibilityChangeReporter: Compat change id reported: 265195908; UID 10044; state: ENABLED
12-18 07:18:09.848  1000  1855  2506 I am_uid_active: 10044
12-18 07:18:09.853 10044  3726  3726 D CompatibilityChangeReporter: Compat change id reported: 171979766; UID 10044; state: ENABLED
12-18 07:18:09.854 10044  3726  3726 D CompatibilityChangeReporter: Compat change id reported: 242716250; UID 10044; state: DISABLED
12-18 07:18:09.857 10070  3670  3706 D CompatibilityChangeReporter: Compat change id reported: 160794467; UID 10070; state: ENABLED
12-18 07:18:09.860  1000  1855  2506 D CompatibilityChangeReporter: Compat change id reported: 170503758; UID 10044; state: ENABLED
12-18 07:18:09.861  1000  1855  1918 I commit_sys_config_file: [notification-policy,6180]
12-18 07:18:09.862 10011  3705  3705 D WM-WrkMgrInitializer: Initializing WorkManager with default configuration.
12-18 07:18:09.881 10044  3726  3726 D nativeloader: InitLlndkLibrariesVendor: libEGL.so:libGLESv1_CM.so:libGLESv2.so:libGLESv3.so:libRS.so:libandroid_net.so:libbinder_ndk.so:libc.so:libcgrouprc.so:libclang_rt.asan-aarch64-android.so:libclang_rt.asan-arm-android.so:libclang_rt.hwasan-aarch64-android.so:libdl.so:libft2.so:liblog.so:libm.so:libmediandk.so:libnativewindow.so:libneuralnetworks.so:libselinux.so:libsync.so:libvndksupport.so:libvulkan.so
12-18 07:18:09.882 10044  3726  3726 D nativeloader: Configuring vendor-clns-6 for unbundled vendor apk /vendor/app/ConnectionSecurityService/ConnectionSecurityService.apk. target_sdk_version=31, uses_libraries=, library_path=/vendor/app/ConnectionSecurityService/lib/arm64:/vendor/app/ConnectionSecurityService/ConnectionSecurityService.apk!/lib/arm64-v8a:/vendor/lib64, permitted_path=/data:/mnt/expand:/data/user/0/com.qualcomm.qti.qms.service.connectionsecurity:/vendor/lib64
12-18 07:18:09.884 10044  3726  3726 D nativeloader: InitVndkspLibrariesVendor: android.hardware.common-V2-ndk.so:android.hardware.common.fmq-V1-ndk.so:android.hardware.graphics.allocator-V1-ndk.so:android.hardware.graphics.common-V3-ndk.so:android.hardware.graphics.common@1.0.so:android.hardware.graphics.common@1.1.so:android.hardware.graphics.common@1.2.so:android.hardware.graphics.composer3-V1-ndk.so:android.hardware.graphics.mapper@2.0.so:android.hardware.graphics.mapper@2.1.so:android.hardware.graphics.mapper@3.0.so:android.hardware.graphics.mapper@4.0.so:android.hardware.renderscript@1.0.so:android.hidl.memory.token@1.0.so:android.hidl.memory@1.0-impl.so:android.hidl.memory@1.0.so:android.hidl.safe_union@1.0.so:libRSCpuRef.so:libRSDriver.so:libRS_internal.so:libbacktrace.so:libbase.so:libbcinfo.so:libblas.so:libc++.so:libcompiler_rt.so:libcutils.so:libdmabufheap.so:libgralloctypes.so:libhardware.so:libhidlbase.so:libhidlmemory.so:libion.so:libjsoncpp.so:liblzma.so:libprocessgroup.so:libunwindstack.so:libutils.so:libutilscallstack.so:libz.so
12-18 07:18:09.890 10011  3705  3705 D WM-PackageManagerHelper: androidx.work.impl.background.systemjob.SystemJobService enabled
12-18 07:18:09.890 10011  3705  3705 D WM-Schedulers: Created SystemJobScheduler and enabled SystemJobService
12-18 07:18:09.899 10070  3670  3746 D CompatibilityChangeReporter: Compat change id reported: 194532703; UID 10070; state: ENABLED
12-18 07:18:09.899 10070  3670  3746 D CompatibilityChangeReporter: Compat change id reported: 253665015; UID 10070; state: ENABLED
12-18 07:18:09.902  1000  1855  2506 D CompatibilityChangeReporter: Compat change id reported: 271850009; UID 10070; state: ENABLED
12-18 07:18:09.903  1000  1855  2506 D CompatibilityChangeReporter: Compat change id reported: 253665015; UID 10070; state: ENABLED
12-18 07:18:09.904  1000  1855  2506 D CompatibilityChangeReporter: Compat change id reported: 194532703; UID 10070; state: ENABLED
12-18 07:18:09.905  1000  1855  2506 D ConnectivityService: requestNetwork for uid/pid:1000/1855 asUid: 10070 activeRequest: null callbackRequest: 39 [NetworkRequest [ REQUEST id=40, [ Capabilities: INTERNET&NOT_RESTRICTED&TRUSTED&NOT_VCN_MANAGED Uid: 10070 RequestorUid: 1000 RequestorPkg: android UnderlyingNetworks: Null] ]] callback flags: 0 order: 2147483647
12-18 07:18:09.907  1000  1855  2282 D WifiNetworkFactory: got request NetworkRequest [ REQUEST id=40, [ Capabilities: INTERNET&NOT_RESTRICTED&TRUSTED&NOT_VCN_MANAGED Uid: 10070 RequestorUid: 1000 RequestorPkg: android UnderlyingNetworks: Null] ]
12-18 07:18:09.907  1000  1855  2282 D UntrustedWifiNetworkFactory: got request NetworkRequest [ REQUEST id=40, [ Capabilities: INTERNET&NOT_RESTRICTED&TRUSTED&NOT_VCN_MANAGED Uid: 10070 RequestorUid: 1000 RequestorPkg: android UnderlyingNetworks: Null] ]
12-18 07:18:09.907  1000  1855  2282 D OemPaidWifiNetworkFactory: got request NetworkRequest [ REQUEST id=40, [ Capabilities: INTERNET&NOT_RESTRICTED&TRUSTED&NOT_VCN_MANAGED Uid: 10070 RequestorUid: 1000 RequestorPkg: android UnderlyingNetworks: Null] ]
12-18 07:18:09.908  1000  1855  2290 D ConnectivityService: NetReassign [no changes] [c 0] [a 0] [i 2]
12-18 07:18:09.908  1000  1855  2282 D MultiInternetWifiNetworkFactory: got request NetworkRequest [ REQUEST id=40, [ Capabilities: INTERNET&NOT_RESTRICTED&TRUSTED&NOT_VCN_MANAGED Uid: 10070 RequestorUid: 1000 RequestorPkg: android UnderlyingNetworks: Null] ]
12-18 07:18:09.909 10011  3705  3705 D CompatibilityChangeReporter: Compat change id reported: 183155436; UID 10011; state: DISABLED
12-18 07:18:09.916 10044  3726  3726 V GraphicsEnvironment: Currently set values for:
12-18 07:18:09.916 10044  3726  3726 V GraphicsEnvironment:   angle_gl_driver_selection_pkgs=[]
12-18 07:18:09.916 10044  3726  3726 V GraphicsEnvironment:   angle_gl_driver_selection_values=[]
12-18 07:18:09.918 10044  3726  3726 V GraphicsEnvironment: ANGLE GameManagerService for com.qualcomm.qti.qms.service.connectionsecurity: false
12-18 07:18:09.919 10044  3726  3726 V GraphicsEnvironment: com.qualcomm.qti.qms.service.connectionsecurity is not listed in per-application setting
12-18 07:18:09.919 10044  3726  3726 V GraphicsEnvironment: Neither updatable production driver nor prerelease driver is supported.
12-18 07:18:09.922  1000  1855  2506 D ConnectivityService: requestNetwork for uid/pid:10070/3670 activeRequest: null callbackRequest: 41 [NetworkRequest [ REQUEST id=42, [ Capabilities: INTERNET&NOT_RESTRICTED&TRUSTED&NOT_VCN_MANAGED Uid: 10070 RequestorUid: 10070 RequestorPkg: com.android.rkpdapp UnderlyingNetworks: Null] ]] callback flags: 0 order: 2147483647
12-18 07:18:09.924  1000  1855  2282 D WifiNetworkFactory: got request NetworkRequest [ REQUEST id=42, [ Capabilities: INTERNET&NOT_RESTRICTED&TRUSTED&NOT_VCN_MANAGED Uid: 10070 RequestorUid: 10070 RequestorPkg: com.android.rkpdapp UnderlyingNetworks: Null] ]
12-18 07:18:09.924  1000  1855  2282 D UntrustedWifiNetworkFactory: got request NetworkRequest [ REQUEST id=42, [ Capabilities: INTERNET&NOT_RESTRICTED&TRUSTED&NOT_VCN_MANAGED Uid: 10070 RequestorUid: 10070 RequestorPkg: com.android.rkpdapp UnderlyingNetworks: Null] ]
