02-27 02:18:14.379  1000  1855  1904 I ActivityTaskManager: Config changes=20000400 {1.0 ?mcc0mnc [en_US] ldltr sw800dp w800dp h1249dp 240dpi xlrg widecg port finger qwerty/v/v -nav/h winConfig={ mBounds=Rect(0, 0 - 1200, 2000) mAppBounds=Rect(0, 0 - 1200, 1910) mMaxBounds=Rect(0, 0 - 1200, 2000) mDisplayRotation=ROTATION_0 mWindowingMode=fullscreen mDisplayWindowingMode=fullscreen mActivityType=undefined mAlwaysOnTop=undefined mRotation=ROTATION_0} as.2 s.151 fontWeightAdjustment=0}
02-27 02:18:14.384  1000  1855  1904 I WindowManager: Override config changes=20000400 {1.0 ?mcc0mnc [en_US] ldltr sw800dp w800dp h1249dp 240dpi xlrg widecg port finger qwerty/v/v -nav/h winConfig={ mBounds=Rect(0, 0 - 1200, 2000) mAppBounds=Rect(0, 0 - 1200, 1910) mMaxBounds=Rect(0, 0 - 1200, 2000) mDisplayRotation=ROTATION_0 mWindowingMode=fullscreen mDisplayWindowingMode=fullscreen mActivityType=undefined mAlwaysOnTop=undefined mRotation=ROTATION_0} as.2 s.151 fontWeightAdjustment=0} for displayId=0
02-27 02:18:14.391 10057  2356  2403 V WindowManagerShell: Display changed: 0
02-27 02:18:14.393 10057  2356  2356 I NoBackGesture: NavbarController: newConfig={1.0 ?mcc0mnc [en_US] ldltr sw800dp w800dp h1249dp 240dpi xlrg widecg port finger qwerty/v/v -nav/h winConfig={ mBounds=Rect(0, 0 - 1200, 2000) mAppBounds=Rect(0, 0 - 1200, 1910) mMaxBounds=Rect(0, 0 - 1200, 2000) mDisplayRotation=ROTATION_0 mWindowingMode=fullscreen mDisplayWindowingMode=fullscreen mActivityType=undefined mAlwaysOnTop=undefined mRotation=ROTATION_0} as.2 s.177 fontWeightAdjustment=0} mTaskbarDelegate initialized=true willApplyConfigToNavbars=false navBarCount=0
02-27 02:18:14.394 10057  2356  2356 I NoBackGesture: Config changed: newConfig={1.0 ?mcc0mnc [en_US] ldltr sw800dp w800dp h1249dp 240dpi xlrg widecg port finger qwerty/v/v -nav/h winConfig={ mBounds=Rect(0, 0 - 1200, 2000) mAppBounds=Rect(0, 0 - 1200, 1910) mMaxBounds=Rect(0, 0 - 1200, 2000) mDisplayRotation=ROTATION_0 mWindowingMode=fullscreen mDisplayWindowingMode=fullscreen mActivityType=undefined mAlwaysOnTop=undefined mRotation=ROTATION_0} as.2 s.177 fontWeightAdjustment=0} lastReportedConfig={1.0 ?mcc0mnc [en_US] ldltr sw800dp w800dp h1309dp 240dpi xlrg widecg port finger qwerty/v/v -nav/h winConfig={ mBounds=Rect(0, 0 - 1200, 2000) mAppBounds=Rect(0, 0 - 1200, 2000) mMaxBounds=Rect(0, 0 - 1200, 2000) mDisplayRotation=ROTATION_0 mWindowingMode=fullscreen mDisplayWindowingMode=fullscreen mActivityType=undefined mAlwaysOnTop=undefined mRotation=ROTATION_0} as.2 s.147 fontWeightAdjustment=0}
02-27 02:18:14.398 10054  2659  2659 D b/260135164: updateIconAlphaForHome - setIconsAlpha(0), isTaskbarPresent: true
02-27 02:18:14.399 10054  2659  2659 D b/260135164: updateIconAlphaForHome - setIconsAlpha(1), isTaskbarPresent: true
02-27 02:18:14.400 10054  2659  2659 D b/260135164: updateIconAlphaForHome - setIconsAlpha(0), isTaskbarPresent: true
02-27 02:18:14.401 10054  2659  2659 D b/260135164: updateIconAlphaForHome - setIconsAlpha(1), isTaskbarPresent: true
02-27 02:18:14.411  1000  1855  3416 D CoreBackPreview: Window{da3e36 u0 Taskbar}: Setting back callback OnBackInvokedCallbackInfo{mCallback=android.window.IOnBackInvokedCallback$Stub$Proxy@ed1002f, mPriority=0, mIsAnimationCallback=false}
02-27 02:18:14.419 10054  2659  3217 E OpenGLRenderer: Unable to match the desired swap behavior.
02-27 02:18:14.419  1000  1855  1990 I commit_sys_config_file: [settings-0-0,11]
02-27 02:18:14.420 10054  2659  2659 D b/260135164: updateIconAlphaForHome - setIconsAlpha(1), isTaskbarPresent: true
02-27 02:18:14.428 shell  5760  5760 D nativeloader: InitDefaultPublicLibraries for_preload=1: libandroid.so:libaaudio.so:libamidi.so:libbinder_ndk.so:libc.so:libcamera2ndk.so:libdl.so:libEGL.so:libGLESv1_CM.so:libGLESv2.so:libGLESv3.so:libicu.so:libicui18n.so:libicuuc.so:libjnigraphics.so:liblog.so:libmediandk.so:libm.so:libnativehelper.so:libnativewindow.so:libOpenMAXAL.so:libOpenSLES.so:libRS.so:libstdc++.so:libsync.so:libvulkan.so:libwebviewchromium_plat_support.so:libz.so
02-27 02:18:14.435 10054  2659  2659 D b/254119092: TaskbarManager#mComponentCallbacks.onConfigurationChanged: {1.0 ?mcc0mnc [en_US] ldltr sw800dp w800dp h1309dp 240dpi xlrg widecg port finger qwerty/v/v -nav/h winConfig={ mBounds=Rect(0, 0 - 1200, 2000) mAppBounds=Rect(0, 0 - 1200, 2000) mMaxBounds=Rect(0, 0 - 1200, 2000) mDisplayRotation=ROTATION_0 mWindowingMode=fullscreen mDisplayWindowingMode=fullscreen mActivityType=undefined mAlwaysOnTop=undefined mRotation=ROTATION_0} as.2 s.121 fontWeightAdjustment=0}
02-27 02:18:14.435 10054  2659  2659 D b/254119092: mActivity and mContext agree taskbarIsPresent=true
02-27 02:18:14.435 10054  2659  2659 D b/254119092: ComponentCallbacks#onConfigurationChanged() configDiffForRecreate={CONFIG_WINDOW_CONFIGURATION}
02-27 02:18:14.435 10054  2659  2659 D b/254119092: mActivity and mContext agree taskbarIsPresent=true
02-27 02:18:14.440 10054  2659  3217 E FrameEvents: updateAcquireFence: Did not find frame.
02-27 02:18:14.444 10054  2659  2659 D b/254119092: DisplayController#onConfigurationChanged: {1.0 ?mcc0mnc [en_US] ldltr sw800dp w800dp h1309dp 240dpi xlrg widecg port finger qwerty/v/v -nav/h winConfig={ mBounds=Rect(0, 0 - 1200, 2000) mAppBounds=Rect(0, 0 - 1200, 2000) mMaxBounds=Rect(0, 0 - 1200, 2000) mDisplayRotation=ROTATION_0 mWindowingMode=fullscreen mDisplayWindowingMode=fullscreen mActivityType=undefined mAlwaysOnTop=undefined mRotation=ROTATION_0} as.2 s.121 fontWeightAdjustment=0}
02-27 02:18:14.445 shell  5760  5760 D app_process: Time zone APEX ICU file found: /apex/com.android.tzdata/etc/icu/icu_tzdata.dat
02-27 02:18:14.445 shell  5760  5760 D app_process: I18n APEX ICU file found: /apex/com.android.i18n/etc/icu/icudt72l.dat
02-27 02:18:14.448  1000  1855  1990 I commit_sys_config_file: [settings-2-0,6]
02-27 02:18:14.450 10054  2659  2659 D b/254119092: DisplayController#onConfigurationChanged: {1.0 ?mcc0mnc [en_US] ldltr sw800dp w800dp h1249dp 240dpi xlrg widecg port finger qwerty/v/v -nav/h winConfig={ mBounds=Rect(0, 0 - 1200, 2000) mAppBounds=Rect(0, 0 - 1200, 1910) mMaxBounds=Rect(0, 0 - 1200, 2000) mDisplayRotation=ROTATION_0 mWindowingMode=fullscreen mDisplayWindowingMode=fullscreen mActivityType=undefined mAlwaysOnTop=undefined mRotation=ROTATION_0} as.2 s.151 fontWeightAdjustment=0}
02-27 02:18:14.451 10054  2659  2659 D b/254119092: TaskbarManager#mComponentCallbacks.onConfigurationChanged: {1.0 ?mcc0mnc [en_US] ldltr sw800dp w800dp h1249dp 240dpi xlrg widecg port finger qwerty/v/v -nav/h winConfig={ mBounds=Rect(0, 0 - 1200, 2000) mAppBounds=Rect(0, 0 - 1200, 1910) mMaxBounds=Rect(0, 0 - 1200, 2000) mDisplayRotation=ROTATION_0 mWindowingMode=fullscreen mDisplayWindowingMode=fullscreen mActivityType=undefined mAlwaysOnTop=undefined mRotation=ROTATION_0} as.2 s.151 fontWeightAdjustment=0}
02-27 02:18:14.451 10054  2659  2659 D b/254119092: mActivity and mContext agree taskbarIsPresent=true
02-27 02:18:14.451 10054  2659  2659 D b/254119092: ComponentCallbacks#onConfigurationChanged() configDiffForRecreate={CONFIG_WINDOW_CONFIGURATION}
02-27 02:18:14.451 10054  2659  2659 D b/254119092: mActivity and mContext agree taskbarIsPresent=true
02-27 02:18:14.456 10054  2659  3217 E FrameEvents: updateAcquireFence: Did not find frame.
02-27 02:18:14.484  1000  1855  1916 V WindowManager: Sent Transition #33 createdAt=02-27 02:18:14.258 via request=TransitionRequestInfo { type = CHANGE, triggerTask = null, remoteTransition = null, displayChange = null }
02-27 02:18:14.484  1000  1855  1916 V WindowManager:     startWCT=WindowContainerTransaction { changes = {} hops = [] errorCallbackToken=null taskFragmentOrganizer=null }
02-27 02:18:14.485  1000  1855  1916 V WindowManager:     info={id=33 t=CHANGE f=0x0 trk=0 r=[0@Point(0, 0)] c=[{WCT{RemoteToken{477704b Display{#0 state=ON size=1200x2000 ROTATION_0}}} m=CHANGE f=SHOW_WALLPAPER|IS_DISPLAY leash=Surface(name=WindowedMagnification:0:31)/@0x2f8c5ed sb=Rect(0, 0 - 1200, 2000) eb=Rect(0, 0 - 1200, 2000) d=0}]}
02-27 02:18:14.486 10057  2356  2403 V WindowManagerShell: onTransitionReady android.os.BinderProxy@6c1f5dc: {id=33 t=CHANGE f=0x0 trk=0 r=[0@Point(0, 0)] c=[{WCT{android.window.IWindowContainerToken$Stub$Proxy@4af3585} m=CHANGE f=SHOW_WALLPAPER|IS_DISPLAY leash=Surface(name=WindowedMagnification:0:31)/@0xa3ce4ce sb=Rect(0, 0 - 1200, 2000) eb=Rect(0, 0 - 1200, 2000) d=0 snapshot=Surface(name=transition snapshot: Display{#0 state=ON size=1200x2000 ROTATION_0})/@0xef85fef}]}
02-27 02:18:14.488 10057  2356  2403 V WindowManagerShell: Playing animation for (#33)android.os.BinderProxy@6c1f5dc@0
02-27 02:18:14.488 10057  2356  2403 V WindowManagerShell:  try handler com.android.wm.shell.transition.DefaultMixedHandler@cf12ba4
02-27 02:18:14.489 10057  2356  2403 V WindowManagerShell:  try handler com.android.wm.shell.keyguard.KeyguardTransitionHandler@2d3bd0d
02-27 02:18:14.489 10057  2356  2403 V WindowManagerShell:  try handler com.android.wm.shell.activityembedding.ActivityEmbeddingController@ccfa4c2
02-27 02:18:14.489 10057  2356  2403 V WindowManagerShell:  try handler com.android.wm.shell.recents.RecentsTransitionHandler@8a872d3
02-27 02:18:14.490 10057  2356  2403 V ShellRecents: RecentsTransitionHandler.startAnimation: no controller found
02-27 02:18:14.490 10057  2356  2403 V WindowManagerShell:  try handler com.android.wm.shell.pip.PipTransition@4e75e10
02-27 02:18:14.490 10057  2356  2403 V WindowManagerShell:  try handler com.android.wm.shell.splitscreen.StageCoordinator@58c1d09
02-27 02:18:14.491 10057  2356  2403 V WindowManagerShell:  try handler com.android.wm.shell.transition.RemoteTransitionHandler@b774b0e
02-27 02:18:14.491 10057  2356  2403 V WindowManagerShell:  try handler com.android.wm.shell.transition.DefaultTransitionHandler@35080c5
02-27 02:18:14.491 10057  2356  2403 V WindowManagerShell: start default transition animation, info = {id=33 t=CHANGE f=0x0 trk=0 r=[0@Point(0, 0)] c=[{WCT{android.window.IWindowContainerToken$Stub$Proxy@4af3585} m=CHANGE f=SHOW_WALLPAPER|IS_DISPLAY leash=Surface(name=WindowedMagnification:0:31)/@0xa3ce4ce sb=Rect(0, 0 - 1200, 2000) eb=Rect(0, 0 - 1200, 2000) d=0 snapshot=Surface(name=transition snapshot: Display{#0 state=ON size=1200x2000 ROTATION_0})/@0xef85fef}]}
02-27 02:18:14.491 shell  5760  5760 W libc    : Access denied finding property "ro.product.name_for_attestation"
02-27 02:18:14.492 shell  5760  5760 W libc    : Access denied finding property "ro.product.device_for_attestation"
02-27 02:18:14.492 shell  5760  5760 W libc    : Access denied finding property "ro.product.manufacturer_for_attestation"
02-27 02:18:14.492 shell  5760  5760 W libc    : Access denied finding property "ro.product.brand_for_attestation"
02-27 02:18:14.492 shell  5760  5760 W libc    : Access denied finding property "ro.product.model_for_attestation"
02-27 02:18:14.492 10057  2356  2403 V WindowManagerShell: Display is changing, resolve the animation hint.
02-27 02:18:14.489 shell  5760  5760 I auditd  : type=1400 audit(0.0:706): avc:  denied  { read } for  comm="main" name="u:object_r:build_attestation_prop:s0" dev="tmpfs" ino=113 scontext=u:r:shell:s0 tcontext=u:object_r:build_attestation_prop:s0 tclass=file permissive=0
02-27 02:18:14.489 shell  5760  5760 W main    : type=1400 audit(0.0:706): avc:  denied  { read } for  name="u:object_r:build_attestation_prop:s0" dev="tmpfs" ino=113 scontext=u:r:shell:s0 tcontext=u:object_r:build_attestation_prop:s0 tclass=file permissive=0
02-27 02:18:14.489 shell  5760  5760 I auditd  : type=1400 audit(0.0:707): avc:  denied  { read } for  comm="main" name="u:object_r:build_attestation_prop:s0" dev="tmpfs" ino=113 scontext=u:r:shell:s0 tcontext=u:object_r:build_attestation_prop:s0 tclass=file permissive=0
02-27 02:18:14.489 shell  5760  5760 W main    : type=1400 audit(0.0:707): avc:  denied  { read } for  name="u:object_r:build_attestation_prop:s0" dev="tmpfs" ino=113 scontext=u:r:shell:s0 tcontext=u:object_r:build_attestation_prop:s0 tclass=file permissive=0
02-27 02:18:14.489 shell  5760  5760 I auditd  : type=1400 audit(0.0:708): avc:  denied  { read } for  comm="main" name="u:object_r:build_attestation_prop:s0" dev="tmpfs" ino=113 scontext=u:r:shell:s0 tcontext=u:object_r:build_attestation_prop:s0 tclass=file permissive=0
02-27 02:18:14.489 shell  5760  5760 W main    : type=1400 audit(0.0:708): avc:  denied  { read } for  name="u:object_r:build_attestation_prop:s0" dev="tmpfs" ino=113 scontext=u:r:shell:s0 tcontext=u:object_r:build_attestation_prop:s0 tclass=file permissive=0
02-27 02:18:14.489 shell  5760  5760 I auditd  : type=1400 audit(0.0:709): avc:  denied  { read } for  comm="main" name="u:object_r:build_attestation_prop:s0" dev="tmpfs" ino=113 scontext=u:r:shell:s0 tcontext=u:object_r:build_attestation_prop:s0 tclass=file permissive=0
02-27 02:18:14.489 shell  5760  5760 W main    : type=1400 audit(0.0:709): avc:  denied  { read } for  name="u:object_r:build_attestation_prop:s0" dev="tmpfs" ino=113 scontext=u:r:shell:s0 tcontext=u:object_r:build_attestation_prop:s0 tclass=file permissive=0
02-27 02:18:14.489 shell  5760  5760 I auditd  : type=1400 audit(0.0:710): avc:  denied  { read } for  comm="main" name="u:object_r:build_attestation_prop:s0" dev="tmpfs" ino=113 scontext=u:r:shell:s0 tcontext=u:object_r:build_attestation_prop:s0 tclass=file permissive=0
02-27 02:18:14.489 shell  5760  5760 W main    : type=1400 audit(0.0:710): avc:  denied  { read } for  name="u:object_r:build_attestation_prop:s0" dev="tmpfs" ino=113 scontext=u:r:shell:s0 tcontext=u:object_r:build_attestation_prop:s0 tclass=file permissive=0
02-27 02:18:14.494 shell  5760  5760 D AndroidRuntime: Calling main entry com.android.commands.locksettings.LockSettingsCmd
02-27 02:18:14.501 10057  2356  2403 V WindowManagerShell:  animated by com.android.wm.shell.transition.DefaultTransitionHandler@35080c5
02-27 02:18:14.502  1000  1855  2507 I LockSettingsService: Executing shell command 'get-disabled'; callingPid=5760, callingUid=2000
02-27 02:18:14.505 shell  5760  5760 D AndroidRuntime: Shutting down VM
02-27 02:18:14.657 10057  2356  2403 V WindowManagerShell: Transition animation finished (aborted=false), notifying core (#33)android.os.BinderProxy@6c1f5dc@0
02-27 02:18:14.660  1000  1855  1916 V WindowManager: Finish Transition #33: created at 02-27 02:18:14.258 collect-started=0.056ms request-sent=0.173ms started=55.533ms ready=58.941ms sent=225.258ms finished=401.471ms
02-27 02:18:14.662 10057  2356  2403 V WindowManagerShell: Track 0 became idle
02-27 02:18:14.663 10057  2356  2403 V WindowManagerShell: All active transition animations finished
02-27 02:18:15.257  1000  1855  2507 E BatteryStatsService: Invalid uid for waking network packet: -1
02-27 02:18:15.261  1000  1855  2507 E BatteryStatsService: Invalid uid for waking network packet: -1
02-27 02:18:15.317  1000  1855  1951 I commit_sys_config_file: [package,55]
02-27 02:18:15.326  1000  1855  1948 I commit_sys_config_file: [package-user-0,8]
02-27 02:18:15.530  1000  1855  1919 I commit_sys_config_file: [warnings-config,25046]
02-27 02:18:15.600  1000  1855  2350 W FileUtils: Failed to chmod(AtomicFile[/data/system_de/0/system/game-manager-service.xml]): android.system.ErrnoException: chmod failed: ENOENT (No such file or directory)
02-27 02:18:15.656  1000  1855  1991 D ActivityManager: freezing 3174 com.android.documentsui
02-27 02:18:15.660  1000  1855  1991 I am_freeze: [3174,com.android.documentsui]
02-27 02:18:15.692  1000  1855  1991 D ActivityManager: freezing 3269 android.process.media
02-27 02:18:15.692  1000  1855  1991 I am_freeze: [3269,android.process.media]
02-27 02:18:15.942 10063  3140  5358 W MediaProvider: isAppCloneUserPair for user 0: false
02-27 02:18:16.138  1017   779  4925 I keystore2: system/security/keystore2/src/watchdog.rs:319 - Watchdog thread idle -> terminating. Have a great day.
02-27 02:18:16.142 10063  3140  3387 I MediaProvider: Deleted 1 0 0 0 0 0 0 items on external_primary due to com.android.shell
02-27 02:18:16.262  artd  5867  5867 I artd    : Starting artd
02-27 02:18:16.263  artd  5867  5867 I AidlLazyServiceRegistrar: Registering service artd
02-27 02:18:16.468 shell  5872  5872 D AndroidRuntime: >>>>>> START com.android.internal.os.RuntimeInit uid 2000 <<<<<<
02-27 02:18:16.473 shell  5872  5872 I AndroidRuntime: Using default boot image
02-27 02:18:16.474 shell  5872  5872 I AndroidRuntime: Leaving lock profiling enabled
02-27 02:18:16.477 shell  5872  5872 I app_process: Using CollectorTypeCC GC.
02-27 02:18:16.569 shell  5872  5872 D nativeloader: InitDefaultPublicLibraries for_preload=1: libandroid.so:libaaudio.so:libamidi.so:libbinder_ndk.so:libc.so:libcamera2ndk.so:libdl.so:libEGL.so:libGLESv1_CM.so:libGLESv2.so:libGLESv3.so:libicu.so:libicui18n.so:libicuuc.so:libjnigraphics.so:liblog.so:libmediandk.so:libm.so:libnativehelper.so:libnativewindow.so:libOpenMAXAL.so:libOpenSLES.so:libRS.so:libstdc++.so:libsync.so:libvulkan.so:libwebviewchromium_plat_support.so:libz.so
02-27 02:18:16.580 shell  5872  5872 D app_process: Time zone APEX ICU file found: /apex/com.android.tzdata/etc/icu/icu_tzdata.dat
02-27 02:18:16.580 shell  5872  5872 D app_process: I18n APEX ICU file found: /apex/com.android.i18n/etc/icu/icudt72l.dat
02-27 02:18:16.613 shell  5872  5872 W libc    : Access denied finding property "ro.product.name_for_attestation"
02-27 02:18:16.613 shell  5872  5872 W libc    : Access denied finding property "ro.product.device_for_attestation"
02-27 02:18:16.613 shell  5872  5872 W libc    : Access denied finding property "ro.product.manufacturer_for_attestation"
02-27 02:18:16.609 shell  5872  5872 I auditd  : type=1400 audit(0.0:711): avc:  denied  { read } for  comm="main" name="u:object_r:build_attestation_prop:s0" dev="tmpfs" ino=113 scontext=u:r:shell:s0 tcontext=u:object_r:build_attestation_prop:s0 tclass=file permissive=0
02-27 02:18:16.613 shell  5872  5872 W libc    : Access denied finding property "ro.product.brand_for_attestation"
02-27 02:18:16.609 shell  5872  5872 W main    : type=1400 audit(0.0:711): avc:  denied  { read } for  name="u:object_r:build_attestation_prop:s0" dev="tmpfs" ino=113 scontext=u:r:shell:s0 tcontext=u:object_r:build_attestation_prop:s0 tclass=file permissive=0
02-27 02:18:16.614 shell  5872  5872 W libc    : Access denied finding property "ro.product.model_for_attestation"
02-27 02:18:16.609 shell  5872  5872 I auditd  : type=1400 audit(0.0:712): avc:  denied  { read } for  comm="main" name="u:object_r:build_attestation_prop:s0" dev="tmpfs" ino=113 scontext=u:r:shell:s0 tcontext=u:object_r:build_attestation_prop:s0 tclass=file permissive=0
02-27 02:18:16.609 shell  5872  5872 W main    : type=1400 audit(0.0:712): avc:  denied  { read } for  name="u:object_r:build_attestation_prop:s0" dev="tmpfs" ino=113 scontext=u:r:shell:s0 tcontext=u:object_r:build_attestation_prop:s0 tclass=file permissive=0
02-27 02:18:16.609 shell  5872  5872 I auditd  : type=1400 audit(0.0:713): avc:  denied  { read } for  comm="main" name="u:object_r:build_attestation_prop:s0" dev="tmpfs" ino=113 scontext=u:r:shell:s0 tcontext=u:object_r:build_attestation_prop:s0 tclass=file permissive=0
02-27 02:18:16.609 shell  5872  5872 W main    : type=1400 audit(0.0:713): avc:  denied  { read } for  name="u:object_r:build_attestation_prop:s0" dev="tmpfs" ino=113 scontext=u:r:shell:s0 tcontext=u:object_r:build_attestation_prop:s0 tclass=file permissive=0
02-27 02:18:16.609 shell  5872  5872 I auditd  : type=1400 audit(0.0:714): avc:  denied  { read } for  comm="main" name="u:object_r:build_attestation_prop:s0" dev="tmpfs" ino=113 scontext=u:r:shell:s0 tcontext=u:object_r:build_attestation_prop:s0 tclass=file permissive=0
02-27 02:18:16.609 shell  5872  5872 W main    : type=1400 audit(0.0:714): avc:  denied  { read } for  name="u:object_r:build_attestation_prop:s0" dev="tmpfs" ino=113 scontext=u:r:shell:s0 tcontext=u:object_r:build_attestation_prop:s0 tclass=file permissive=0
02-27 02:18:16.609 shell  5872  5872 I auditd  : type=1400 audit(0.0:715): avc:  denied  { read } for  comm="main" name="u:object_r:build_attestation_prop:s0" dev="tmpfs" ino=113 scontext=u:r:shell:s0 tcontext=u:object_r:build_attestation_prop:s0 tclass=file permissive=0
02-27 02:18:16.609 shell  5872  5872 W main    : type=1400 audit(0.0:715): avc:  denied  { read } for  name="u:object_r:build_attestation_prop:s0" dev="tmpfs" ino=113 scontext=u:r:shell:s0 tcontext=u:object_r:build_attestation_prop:s0 tclass=file permissive=0
02-27 02:18:16.615 shell  5872  5872 D AndroidRuntime: Calling main entry com.android.commands.am.Am
02-27 02:18:16.623 shell  5872  5872 D UiAutomationConnection: Created on user UserHandle{0}
02-27 02:18:16.625  1000  1855  1904 I ActivityManager: Force stopping com.android.tradefed.utils.wifi appid=10085 user=0: start instr
02-27 02:18:16.630  1000  1855  1904 I am_uid_running: 10085
02-27 02:18:16.632  1000  1855  1904 D CompatibilityChangeReporter: Compat change id reported: 135634846; UID 10085; state: DISABLED
02-27 02:18:16.632  1000  1855  1904 D CompatibilityChangeReporter: Compat change id reported: 177438394; UID 10085; state: DISABLED
02-27 02:18:16.633  1000  1855  1904 D CompatibilityChangeReporter: Compat change id reported: 135772972; UID 10085; state: DISABLED
02-27 02:18:16.633  1000  1855  1904 D CompatibilityChangeReporter: Compat change id reported: 135754954; UID 10085; state: ENABLED
02-27 02:18:16.636  1000  1855  1927 D CompatibilityChangeReporter: Compat change id reported: 143937733; UID 10085; state: ENABLED
02-27 02:18:16.639  1000  1855  1980 D CompatibilityChangeReporter: Compat change id reported: 265195908; UID 10085; state: ENABLED
02-27 02:18:16.648  1000  1855  1925 I am_pss  : [4419,1000,com.android.settings,80429056,68931584,0,227569664,0,10,16]
02-27 02:18:16.653  root  1013  1013 D Zygote  : Forked child process 5886
02-27 02:18:16.655  1000  1855  1927 I am_proc_start: [0,5886,10085,com.android.tradefed.utils.wifi,added application,com.android.tradefed.utils.wifi]
02-27 02:18:16.655  1000  1855  1927 I ActivityManager: Start proc 5886:com.android.tradefed.utils.wifi/u0a85 for added application com.android.tradefed.utils.wifi
02-27 02:18:16.673 10085  5886  5886 I efed.utils.wifi: Using CollectorTypeCC GC.
02-27 02:18:16.680 10085  5886  5886 E efed.utils.wifi: Not starting debugger since process cannot load the jdwp agent.
02-27 02:18:16.692  1000  1855  1904 I am_proc_bound: [0,5886,com.android.tradefed.utils.wifi]
02-27 02:18:16.693  1000  1855  1904 D CompatibilityChangeReporter: Compat change id reported: 168419799; UID 10085; state: DISABLED
02-27 02:18:16.693  1000  1855  1904 D CompatibilityChangeReporter: Compat change id reported: 273564678; UID 10085; state: DISABLED
02-27 02:18:16.694  1000  1855  1904 I am_uid_active: 10085
02-27 02:18:16.699 10085  5886  5886 D CompatibilityChangeReporter: Compat change id reported: 171979766; UID 10085; state: ENABLED
02-27 02:18:16.699 10085  5886  5886 D CompatibilityChangeReporter: Compat change id reported: 242716250; UID 10085; state: DISABLED
02-27 02:18:16.701  1000  1855  1904 D CompatibilityChangeReporter: Compat change id reported: 170503758; UID 10085; state: ENABLED
02-27 02:18:16.703 10085  5886  5886 D ApplicationLoaders: Returning zygote-cached class loader: /system/framework/android.test.base.jar
02-27 02:18:16.705 10085  5886  5886 D nativeloader: Configuring clns-6 for other apk /system/framework/android.test.mock.jar. target_sdk_version=31, uses_libraries=ALL, library_path=/data/app/~~HzXju5W_q5ZzpxH6Q8m7MA==/com.android.tradefed.utils.wifi-1Uhnb0vRv8xaSP2I45AYcQ==/lib/arm64, permitted_path=/data:/mnt/expand:/data/user/0/com.android.tradefed.utils.wifi
02-27 02:18:16.706 10085  5886  5886 D ApplicationLoaders: Returning zygote-cached class loader: /system/framework/android.test.base.jar
02-27 02:18:16.707 10085  5886  5886 D nativeloader: Configuring clns-7 for other apk /system/framework/android.test.runner.jar. target_sdk_version=31, uses_libraries=ALL, library_path=/data/app/~~HzXju5W_q5ZzpxH6Q8m7MA==/com.android.tradefed.utils.wifi-1Uhnb0vRv8xaSP2I45AYcQ==/lib/arm64, permitted_path=/data:/mnt/expand:/data/user/0/com.android.tradefed.utils.wifi
02-27 02:18:16.709 10085  5886  5886 D nativeloader: Configuring clns-8 for other apk /data/app/~~HzXju5W_q5ZzpxH6Q8m7MA==/com.android.tradefed.utils.wifi-1Uhnb0vRv8xaSP2I45AYcQ==/base.apk. target_sdk_version=31, uses_libraries=, library_path=/data/app/~~HzXju5W_q5ZzpxH6Q8m7MA==/com.android.tradefed.utils.wifi-1Uhnb0vRv8xaSP2I45AYcQ==/lib/arm64, permitted_path=/data:/mnt/expand:/data/user/0/com.android.tradefed.utils.wifi
02-27 02:18:16.715 10085  5886  5886 V GraphicsEnvironment: Currently set values for:
02-27 02:18:16.715 10085  5886  5886 V GraphicsEnvironment:   angle_gl_driver_selection_pkgs=[]
02-27 02:18:16.715 10085  5886  5886 V GraphicsEnvironment:   angle_gl_driver_selection_values=[]
02-27 02:18:16.716 10085  5886  5886 V GraphicsEnvironment: ANGLE GameManagerService for com.android.tradefed.utils.wifi: false
02-27 02:18:16.716 10085  5886  5886 V GraphicsEnvironment: com.android.tradefed.utils.wifi is not listed in per-application setting
02-27 02:18:16.716 10085  5886  5886 V GraphicsEnvironment: Neither updatable production driver nor prerelease driver is supported.
02-27 02:18:16.720 10085  5886  5886 I UiAutomation: Initialized for user 0 on display 0
02-27 02:18:16.724  1000  1855  1904 D AccessibilityManagerService: changeCurrentUserForTestAutomationIfNeededLocked(0): ignoring because device doesn't support visible background users
02-27 02:18:16.725  1000  1855  1904 I UiAutomationManager: Registering UiTestAutomationService (id=com.android.server.accessibility/UiAutomation) when called by user 0
02-27 02:18:16.728  1000  1855  1944 V DisplayPowerController2[0]: Brightness [0.05] reason changing to: 'manual [ dim ]', previous reason: 'manual'.
02-27 02:18:16.729  1000  1855  1944 I DisplayPowerController2[0]: BrightnessEvent: disp=0, physDisp=local:4630947252063890817, brt=0.05, initBrt=0.39763778, rcmdBrt=NaN, preBrt=NaN, lux=0.0, preLux=0.0, hbmMax=1.0, hbmMode=off, rbcStrength=0, thrmMax=1.0, powerFactor=1.0, wasShortTermModelActive=false, flags=, reason=manual [ dim ], autoBrightness=false, strategy=InvalidBrightnessStrategy
02-27 02:18:16.731  1000  1855  1944 I sysui_multi_action: [757,1696,758,6,759,2]
02-27 02:18:16.734  1000  1855  1904 W WindowMagnificationMgr: requestConnection duplicated request: connect=false, mConnectionState=DISCONNECTED
02-27 02:18:16.747  1000  1855  2449 I ActivityManager: Flag disabled. Ignoring finishAttachApplication from uid: 10085. pid: 5886
02-27 02:18:16.755  1000  1855  1855 D BatterySaverPolicy: accessibility changed to true, updating policy.
02-27 02:18:16.799 10085  5886  5904 D TrafficStats: tagSocket(63) with statsTag=0xffffffff, statsUid=-1
02-27 02:18:16.841  1000  1855  1968 W WindowMagnificationMgr: requestConnection duplicated request: connect=false, mConnectionState=DISCONNECTED
02-27 02:18:16.841  1000  1855  1968 D AccessibilityManagerService: restoreCurrentUserForTestAutomationIfNeededLocked(): ignoring because device doesn't support visible background users
02-27 02:18:16.849  1000  1855  2442 I ActivityManager: Force stopping com.android.tradefed.utils.wifi appid=10085 user=0: finished inst
02-27 02:18:16.850  1000  1855  2442 E ActivityManager: Unable to freeze binder for 5886: -11
02-27 02:18:16.853 shell  5872  5872 I app_process: System.exit called, status: 0
02-27 02:18:16.853 shell  5872  5872 I AndroidRuntime: VM exiting with result code 0.
02-27 02:18:16.855  1000  1855  2442 I am_uid_stopped: 10085
02-27 02:18:16.856  1000  1855  1917 D DisplayManagerService: Drop pending events for gone uid 10085
02-27 02:18:16.859  1000  1855  2442 I ActivityManager: Killing 5886:com.android.tradefed.utils.wifi/u0a85 (adj 0): stop com.android.tradefed.utils.wifi due to finished inst
02-27 02:18:16.860  1000  1855  2442 I am_kill : [0,5886,com.android.tradefed.utils.wifi,0,stop com.android.tradefed.utils.wifi due to finished inst]
02-27 02:18:16.873  1000  1855  1855 D BatterySaverPolicy: accessibility changed to false, updating policy.
02-27 02:18:16.881  1000  1855  3445 V ActivityManager: Got obituary of 5886:com.android.tradefed.utils.wifi
02-27 02:18:16.882  root  1013  1013 I Zygote  : Process 5886 exited due to signal 9 (Killed)
02-27 02:18:16.944  1000  1855  1990 I commit_sys_config_file: [settings-2-0,9]
02-27 02:18:17.129  1000  1855  3445 D CompatibilityChangeReporter: Compat change id reported: 168419799; UID 1000; state: DISABLED
02-27 02:18:17.130  1000  1855  3445 D CompatibilityChangeReporter: Compat change id reported: 273564678; UID 1000; state: DISABLED
02-27 02:18:17.134  1000  1855  3445 D CompatibilityChangeReporter: Compat change id reported: 184838306; UID 1000; state: DISABLED
02-27 02:18:17.135  1000  1855  3445 D CompatibilityChangeReporter: Compat change id reported: 185004937; UID 1000; state: DISABLED
02-27 02:18:17.820  1000  1855  3445 E BatteryStatsService: Invalid uid for waking network packet: -1
02-27 02:18:18.183  root  1012  5709 W resolv  : SSL_connect ssl error =5, mark 0xf0066: Connection refused
02-27 02:18:18.183  root  1012  5709 W resolv  : TLS Handshake failed
02-27 02:18:18.183  root  1012  5709 W resolv  : query failed
02-27 02:18:18.183  root  1012  5709 W resolv  : validateDnsTlsServer returned 0 for 2403:e840:8fff:fffc:642:1aff:fe4e:c430
02-27 02:18:18.184  root  1012  5709 W resolv  : Validation failed
02-27 02:18:18.955 shell  5994  5994 D AndroidRuntime: >>>>>> START com.android.internal.os.RuntimeInit uid 2000 <<<<<<
02-27 02:18:18.960 shell  5994  5994 I AndroidRuntime: Using default boot image
02-27 02:18:18.960 shell  5994  5994 I AndroidRuntime: Leaving lock profiling enabled
02-27 02:18:18.964 shell  5994  5994 I app_process: Using CollectorTypeCC GC.
02-27 02:18:19.056 shell  5994  5994 D nativeloader: InitDefaultPublicLibraries for_preload=1: libandroid.so:libaaudio.so:libamidi.so:libbinder_ndk.so:libc.so:libcamera2ndk.so:libdl.so:libEGL.so:libGLESv1_CM.so:libGLESv2.so:libGLESv3.so:libicu.so:libicui18n.so:libicuuc.so:libjnigraphics.so:liblog.so:libmediandk.so:libm.so:libnativehelper.so:libnativewindow.so:libOpenMAXAL.so:libOpenSLES.so:libRS.so:libstdc++.so:libsync.so:libvulkan.so:libwebviewchromium_plat_support.so:libz.so
02-27 02:18:19.068 shell  5994  5994 D app_process: Time zone APEX ICU file found: /apex/com.android.tzdata/etc/icu/icu_tzdata.dat
02-27 02:18:19.068 shell  5994  5994 D app_process: I18n APEX ICU file found: /apex/com.android.i18n/etc/icu/icudt72l.dat
02-27 02:18:19.069  1000  1855  1990 I commit_sys_config_file: [settings-2-0,8]
02-27 02:18:19.088  1000  1855  1990 I commit_sys_config_file: [settings-0-0,7]
02-27 02:18:19.101 shell  5994  5994 W libc    : Access denied finding property "ro.product.name_for_attestation"
02-27 02:18:19.101 shell  5994  5994 W libc    : Access denied finding property "ro.product.device_for_attestation"
02-27 02:18:19.101 shell  5994  5994 W libc    : Access denied finding property "ro.product.manufacturer_for_attestation"
02-27 02:18:19.097 shell  5994  5994 I auditd  : type=1400 audit(0.0:716): avc:  denied  { read } for  comm="main" name="u:object_r:build_attestation_prop:s0" dev="tmpfs" ino=113 scontext=u:r:shell:s0 tcontext=u:object_r:build_attestation_prop:s0 tclass=file permissive=0
02-27 02:18:19.101 shell  5994  5994 W libc    : Access denied finding property "ro.product.brand_for_attestation"
02-27 02:18:19.097 shell  5994  5994 W main    : type=1400 audit(0.0:716): avc:  denied  { read } for  name="u:object_r:build_attestation_prop:s0" dev="tmpfs" ino=113 scontext=u:r:shell:s0 tcontext=u:object_r:build_attestation_prop:s0 tclass=file permissive=0
02-27 02:18:19.101 shell  5994  5994 W libc    : Access denied finding property "ro.product.model_for_attestation"
02-27 02:18:19.097 shell  5994  5994 I auditd  : type=1400 audit(0.0:717): avc:  denied  { read } for  comm="main" name="u:object_r:build_attestation_prop:s0" dev="tmpfs" ino=113 scontext=u:r:shell:s0 tcontext=u:object_r:build_attestation_prop:s0 tclass=file permissive=0
02-27 02:18:19.097 shell  5994  5994 W main    : type=1400 audit(0.0:717): avc:  denied  { read } for  name="u:object_r:build_attestation_prop:s0" dev="tmpfs" ino=113 scontext=u:r:shell:s0 tcontext=u:object_r:build_attestation_prop:s0 tclass=file permissive=0
02-27 02:18:19.097 shell  5994  5994 I auditd  : type=1400 audit(0.0:718): avc:  denied  { read } for  comm="main" name="u:object_r:build_attestation_prop:s0" dev="tmpfs" ino=113 scontext=u:r:shell:s0 tcontext=u:object_r:build_attestation_prop:s0 tclass=file permissive=0
02-27 02:18:19.097 shell  5994  5994 W main    : type=1400 audit(0.0:718): avc:  denied  { read } for  name="u:object_r:build_attestation_prop:s0" dev="tmpfs" ino=113 scontext=u:r:shell:s0 tcontext=u:object_r:build_attestation_prop:s0 tclass=file permissive=0
02-27 02:18:19.097 shell  5994  5994 I auditd  : type=1400 audit(0.0:719): avc:  denied  { read } for  comm="main" name="u:object_r:build_attestation_prop:s0" dev="tmpfs" ino=113 scontext=u:r:shell:s0 tcontext=u:object_r:build_attestation_prop:s0 tclass=file permissive=0
02-27 02:18:19.097 shell  5994  5994 W main    : type=1400 audit(0.0:719): avc:  denied  { read } for  name="u:object_r:build_attestation_prop:s0" dev="tmpfs" ino=113 scontext=u:r:shell:s0 tcontext=u:object_r:build_attestation_prop:s0 tclass=file permissive=0
02-27 02:18:19.097 shell  5994  5994 I auditd  : type=1400 audit(0.0:720): avc:  denied  { read } for  comm="main" name="u:object_r:build_attestation_prop:s0" dev="tmpfs" ino=113 scontext=u:r:shell:s0 tcontext=u:object_r:build_attestation_prop:s0 tclass=file permissive=0
02-27 02:18:19.097 shell  5994  5994 W main    : type=1400 audit(0.0:720): avc:  denied  { read } for  name="u:object_r:build_attestation_prop:s0" dev="tmpfs" ino=113 scontext=u:r:shell:s0 tcontext=u:object_r:build_attestation_prop:s0 tclass=file permissive=0
02-27 02:18:19.103 shell  5994  5994 D AndroidRuntime: Calling main entry com.android.commands.locksettings.LockSettingsCmd
02-27 02:18:19.109  1000  1855  2442 I LockSettingsService: Executing shell command 'get-disabled'; callingPid=5994, callingUid=2000
02-27 02:18:19.111 shell  5994  5994 D AndroidRuntime: Shutting down VM
02-27 02:18:19.930  artd  5867  5867 I AidlLazyServiceRegistrar: Process has 1 (of 1 available) client(s) in use after notification artd has clients: 1
02-27 02:18:19.993  1073  2510  5696 D NetworkMonitor/102: PROBE_HTTP http://connectivitycheck.gstatic.com/generate_204 Probe failed with exception java.net.SocketTimeoutException: failed to connect to connectivitycheck.gstatic.com/14.215.177.38 (port 80) from /192.168.50.34 (port 58832) after 10000ms
02-27 02:18:20.549 10063  3140  3385 W MediaProvider: isAppCloneUserPair for user 0: false
02-27 02:18:20.732 10063  3140  5358 I MediaProvider: Deleted 1 0 0 0 0 0 0 items on external_primary due to com.android.shell
02-27 02:18:20.991  1000  1855  1926 I am_uid_idle: 10009
02-27 02:18:21.000  1000  1855  1926 I am_uid_idle: 10011
02-27 02:18:21.002 shell  6089  6089 D AndroidRuntime: >>>>>> START com.android.internal.os.RuntimeInit uid 2000 <<<<<<
02-27 02:18:21.007 shell  6089  6089 I AndroidRuntime: Using default boot image
02-27 02:18:21.007 shell  6089  6089 I AndroidRuntime: Leaving lock profiling enabled
02-27 02:18:21.011 shell  6089  6089 I app_process: Using CollectorTypeCC GC.
02-27 02:18:21.058  1000  1855  1926 I am_uid_idle: 10074
02-27 02:18:21.097  1000  1855  1926 I am_uid_idle: 10041
02-27 02:18:21.103 shell  6089  6089 D nativeloader: InitDefaultPublicLibraries for_preload=1: libandroid.so:libaaudio.so:libamidi.so:libbinder_ndk.so:libc.so:libcamera2ndk.so:libdl.so:libEGL.so:libGLESv1_CM.so:libGLESv2.so:libGLESv3.so:libicu.so:libicui18n.so:libicuuc.so:libjnigraphics.so:liblog.so:libmediandk.so:libm.so:libnativehelper.so:libnativewindow.so:libOpenMAXAL.so:libOpenSLES.so:libRS.so:libstdc++.so:libsync.so:libvulkan.so:libwebviewchromium_plat_support.so:libz.so
02-27 02:18:21.114 shell  6089  6089 D app_process: Time zone APEX ICU file found: /apex/com.android.tzdata/etc/icu/icu_tzdata.dat
02-27 02:18:21.114 shell  6089  6089 D app_process: I18n APEX ICU file found: /apex/com.android.i18n/etc/icu/icudt72l.dat
02-27 02:18:21.147 shell  6089  6089 W libc    : Access denied finding property "ro.product.name_for_attestation"
02-27 02:18:21.147 shell  6089  6089 W libc    : Access denied finding property "ro.product.device_for_attestation"
02-27 02:18:21.147 shell  6089  6089 W libc    : Access denied finding property "ro.product.manufacturer_for_attestation"
02-27 02:18:21.147 shell  6089  6089 W libc    : Access denied finding property "ro.product.brand_for_attestation"
02-27 02:18:21.145 shell  6089  6089 I auditd  : type=1400 audit(0.0:721): avc:  denied  { read } for  comm="main" name="u:object_r:build_attestation_prop:s0" dev="tmpfs" ino=113 scontext=u:r:shell:s0 tcontext=u:object_r:build_attestation_prop:s0 tclass=file permissive=0
02-27 02:18:21.147 shell  6089  6089 W libc    : Access denied finding property "ro.product.model_for_attestation"
02-27 02:18:21.145 shell  6089  6089 W main    : type=1400 audit(0.0:721): avc:  denied  { read } for  name="u:object_r:build_attestation_prop:s0" dev="tmpfs" ino=113 scontext=u:r:shell:s0 tcontext=u:object_r:build_attestation_prop:s0 tclass=file permissive=0
02-27 02:18:21.145 shell  6089  6089 I auditd  : type=1400 audit(0.0:722): avc:  denied  { read } for  comm="main" name="u:object_r:build_attestation_prop:s0" dev="tmpfs" ino=113 scontext=u:r:shell:s0 tcontext=u:object_r:build_attestation_prop:s0 tclass=file permissive=0
02-27 02:18:21.145 shell  6089  6089 W main    : type=1400 audit(0.0:722): avc:  denied  { read } for  name="u:object_r:build_attestation_prop:s0" dev="tmpfs" ino=113 scontext=u:r:shell:s0 tcontext=u:object_r:build_attestation_prop:s0 tclass=file permissive=0
02-27 02:18:21.145 shell  6089  6089 I auditd  : type=1400 audit(0.0:723): avc:  denied  { read } for  comm="main" name="u:object_r:build_attestation_prop:s0" dev="tmpfs" ino=113 scontext=u:r:shell:s0 tcontext=u:object_r:build_attestation_prop:s0 tclass=file permissive=0
02-27 02:18:21.145 shell  6089  6089 W main    : type=1400 audit(0.0:723): avc:  denied  { read } for  name="u:object_r:build_attestation_prop:s0" dev="tmpfs" ino=113 scontext=u:r:shell:s0 tcontext=u:object_r:build_attestation_prop:s0 tclass=file permissive=0
02-27 02:18:21.145 shell  6089  6089 I auditd  : type=1400 audit(0.0:724): avc:  denied  { read } for  comm="main" name="u:object_r:build_attestation_prop:s0" dev="tmpfs" ino=113 scontext=u:r:shell:s0 tcontext=u:object_r:build_attestation_prop:s0 tclass=file permissive=0
02-27 02:18:21.145 shell  6089  6089 W main    : type=1400 audit(0.0:724): avc:  denied  { read } for  name="u:object_r:build_attestation_prop:s0" dev="tmpfs" ino=113 scontext=u:r:shell:s0 tcontext=u:object_r:build_attestation_prop:s0 tclass=file permissive=0
02-27 02:18:21.145 shell  6089  6089 I auditd  : type=1400 audit(0.0:725): avc:  denied  { read } for  comm="main" name="u:object_r:build_attestation_prop:s0" dev="tmpfs" ino=113 scontext=u:r:shell:s0 tcontext=u:object_r:build_attestation_prop:s0 tclass=file permissive=0
02-27 02:18:21.145 shell  6089  6089 W main    : type=1400 audit(0.0:725): avc:  denied  { read } for  name="u:object_r:build_attestation_prop:s0" dev="tmpfs" ino=113 scontext=u:r:shell:s0 tcontext=u:object_r:build_attestation_prop:s0 tclass=file permissive=0
02-27 02:18:21.149 shell  6089  6089 D AndroidRuntime: Calling main entry com.android.commands.am.Am
02-27 02:18:21.157 shell  6089  6089 D UiAutomationConnection: Created on user UserHandle{0}
02-27 02:18:21.158  1000  1855  3445 I ActivityManager: Force stopping com.android.tradefed.utils.wifi appid=10085 user=0: start instr
02-27 02:18:21.160  1000  1855  3445 I am_uid_running: 10085
02-27 02:18:21.162  1000  1855  3445 D CompatibilityChangeReporter: Compat change id reported: 135634846; UID 10085; state: DISABLED
02-27 02:18:21.162  1000  1855  3445 D CompatibilityChangeReporter: Compat change id reported: 177438394; UID 10085; state: DISABLED
02-27 02:18:21.163  1000  1855  3445 D CompatibilityChangeReporter: Compat change id reported: 135772972; UID 10085; state: DISABLED
02-27 02:18:21.164  1000  1855  3445 D CompatibilityChangeReporter: Compat change id reported: 135754954; UID 10085; state: ENABLED
02-27 02:18:21.165  1000  1855  1927 D CompatibilityChangeReporter: Compat change id reported: 143937733; UID 10085; state: ENABLED
02-27 02:18:21.176  root  1013  1013 D Zygote  : Forked child process 6103
02-27 02:18:21.177  1000  1855  1927 I am_proc_start: [0,6103,10085,com.android.tradefed.utils.wifi,added application,com.android.tradefed.utils.wifi]
02-27 02:18:21.177  1000  1855  1927 I ActivityManager: Start proc 6103:com.android.tradefed.utils.wifi/u0a85 for added application com.android.tradefed.utils.wifi
02-27 02:18:21.186 10085  6103  6103 I efed.utils.wifi: Using CollectorTypeCC GC.
02-27 02:18:21.192 10085  6103  6103 E efed.utils.wifi: Not starting debugger since process cannot load the jdwp agent.
02-27 02:18:21.202  1000  1855  3445 I am_proc_bound: [0,6103,com.android.tradefed.utils.wifi]
02-27 02:18:21.204  1000  1855  3445 I am_uid_active: 10085
02-27 02:18:21.210 10085  6103  6103 D CompatibilityChangeReporter: Compat change id reported: 171979766; UID 10085; state: ENABLED
02-27 02:18:21.210 10085  6103  6103 D CompatibilityChangeReporter: Compat change id reported: 242716250; UID 10085; state: DISABLED
02-27 02:18:21.215 10085  6103  6103 D ApplicationLoaders: Returning zygote-cached class loader: /system/framework/android.test.base.jar
02-27 02:18:21.217 10085  6103  6103 D nativeloader: Configuring clns-6 for other apk /system/framework/android.test.mock.jar. target_sdk_version=31, uses_libraries=ALL, library_path=/data/app/~~HzXju5W_q5ZzpxH6Q8m7MA==/com.android.tradefed.utils.wifi-1Uhnb0vRv8xaSP2I45AYcQ==/lib/arm64, permitted_path=/data:/mnt/expand:/data/user/0/com.android.tradefed.utils.wifi
02-27 02:18:21.218 10085  6103  6103 D ApplicationLoaders: Returning zygote-cached class loader: /system/framework/android.test.base.jar
02-27 02:18:21.219 10085  6103  6103 D nativeloader: Configuring clns-7 for other apk /system/framework/android.test.runner.jar. target_sdk_version=31, uses_libraries=ALL, library_path=/data/app/~~HzXju5W_q5ZzpxH6Q8m7MA==/com.android.tradefed.utils.wifi-1Uhnb0vRv8xaSP2I45AYcQ==/lib/arm64, permitted_path=/data:/mnt/expand:/data/user/0/com.android.tradefed.utils.wifi
02-27 02:18:21.222 10085  6103  6103 D nativeloader: Configuring clns-8 for other apk /data/app/~~HzXju5W_q5ZzpxH6Q8m7MA==/com.android.tradefed.utils.wifi-1Uhnb0vRv8xaSP2I45AYcQ==/base.apk. target_sdk_version=31, uses_libraries=, library_path=/data/app/~~HzXju5W_q5ZzpxH6Q8m7MA==/com.android.tradefed.utils.wifi-1Uhnb0vRv8xaSP2I45AYcQ==/lib/arm64, permitted_path=/data:/mnt/expand:/data/user/0/com.android.tradefed.utils.wifi
02-27 02:18:21.228 10085  6103  6103 V GraphicsEnvironment: Currently set values for:
02-27 02:18:21.228 10085  6103  6103 V GraphicsEnvironment:   angle_gl_driver_selection_pkgs=[]
02-27 02:18:21.228 10085  6103  6103 V GraphicsEnvironment:   angle_gl_driver_selection_values=[]
02-27 02:18:21.229 10085  6103  6103 V GraphicsEnvironment: ANGLE GameManagerService for com.android.tradefed.utils.wifi: false
02-27 02:18:21.229 10085  6103  6103 V GraphicsEnvironment: com.android.tradefed.utils.wifi is not listed in per-application setting
02-27 02:18:21.229 10085  6103  6103 V GraphicsEnvironment: Neither updatable production driver nor prerelease driver is supported.
02-27 02:18:21.233 10085  6103  6103 I UiAutomation: Initialized for user 0 on display 0
02-27 02:18:21.236  1000  1855  3445 D AccessibilityManagerService: changeCurrentUserForTestAutomationIfNeededLocked(0): ignoring because device doesn't support visible background users
02-27 02:18:21.236  1000  1855  3445 I UiAutomationManager: Registering UiTestAutomationService (id=com.android.server.accessibility/UiAutomation) when called by user 0
02-27 02:18:21.241  1000  1855  3445 W WindowMagnificationMgr: requestConnection duplicated request: connect=false, mConnectionState=DISCONNECTED
02-27 02:18:21.250  1000  1855  2507 I ActivityManager: Flag disabled. Ignoring finishAttachApplication from uid: 10085. pid: 6103
02-27 02:18:21.255  1000  1855  1855 D BatterySaverPolicy: accessibility changed to true, updating policy.
02-27 02:18:21.269 10085  6103  6121 D TrafficStats: tagSocket(63) with statsTag=0xffffffff, statsUid=-1
02-27 02:18:21.367  1000  1855  1968 W WindowMagnificationMgr: requestConnection duplicated request: connect=false, mConnectionState=DISCONNECTED
02-27 02:18:21.367  1000  1855  1968 D AccessibilityManagerService: restoreCurrentUserForTestAutomationIfNeededLocked(): ignoring because device doesn't support visible background users
02-27 02:18:21.373  1000  1855  1968 I ActivityManager: Force stopping com.android.tradefed.utils.wifi appid=10085 user=0: finished inst
02-27 02:18:21.374  1000  1855  1968 E ActivityManager: Unable to freeze binder for 6103: -11
02-27 02:18:21.376 shell  6089  6089 I app_process: System.exit called, status: 0
02-27 02:18:21.376 shell  6089  6089 I AndroidRuntime: VM exiting with result code 0.
02-27 02:18:21.377  1000  1855  1968 I am_uid_stopped: 10085
02-27 02:18:21.379  1000  1855  1917 D DisplayManagerService: Drop pending events for gone uid 10085
02-27 02:18:21.380  1000  1855  1968 I ActivityManager: Killing 6103:com.android.tradefed.utils.wifi/u0a85 (adj 0): stop com.android.tradefed.utils.wifi due to finished inst
02-27 02:18:21.380  1000  1855  1968 I am_kill : [0,6103,com.android.tradefed.utils.wifi,0,stop com.android.tradefed.utils.wifi due to finished inst]
02-27 02:18:21.391  1000  1855  1855 D BatterySaverPolicy: accessibility changed to false, updating policy.
02-27 02:18:21.401  1000  1855  1968 V ActivityManager: Got obituary of 6103:com.android.tradefed.utils.wifi
02-27 02:18:21.401  root  1013  1013 I Zygote  : Process 6103 exited due to signal 9 (Killed)
02-27 02:18:21.451  1000  1855  1990 I commit_sys_config_file: [settings-2-0,9]
02-27 02:18:22.363  1000  1855  1968 E BatteryStatsService: Invalid uid for waking network packet: -1
02-27 02:18:23.472 shell  6208  6208 D AndroidRuntime: >>>>>> START com.android.internal.os.RuntimeInit uid 2000 <<<<<<
02-27 02:18:23.477 shell  6208  6208 I AndroidRuntime: Using default boot image
02-27 02:18:23.477 shell  6208  6208 I AndroidRuntime: Leaving lock profiling enabled
02-27 02:18:23.481 shell  6208  6208 I app_process: Using CollectorTypeCC GC.
02-27 02:18:23.574 shell  6208  6208 D nativeloader: InitDefaultPublicLibraries for_preload=1: libandroid.so:libaaudio.so:libamidi.so:libbinder_ndk.so:libc.so:libcamera2ndk.so:libdl.so:libEGL.so:libGLESv1_CM.so:libGLESv2.so:libGLESv3.so:libicu.so:libicui18n.so:libicuuc.so:libjnigraphics.so:liblog.so:libmediandk.so:libm.so:libnativehelper.so:libnativewindow.so:libOpenMAXAL.so:libOpenSLES.so:libRS.so:libstdc++.so:libsync.so:libvulkan.so:libwebviewchromium_plat_support.so:libz.so
02-27 02:18:23.585 shell  6208  6208 D app_process: Time zone APEX ICU file found: /apex/com.android.tzdata/etc/icu/icu_tzdata.dat
02-27 02:18:23.585 shell  6208  6208 D app_process: I18n APEX ICU file found: /apex/com.android.i18n/etc/icu/icudt72l.dat
02-27 02:18:23.618 shell  6208  6208 W libc    : Access denied finding property "ro.product.name_for_attestation"
02-27 02:18:23.618 shell  6208  6208 W libc    : Access denied finding property "ro.product.device_for_attestation"
02-27 02:18:23.618 shell  6208  6208 W libc    : Access denied finding property "ro.product.manufacturer_for_attestation"
02-27 02:18:23.619 shell  6208  6208 W libc    : Access denied finding property "ro.product.brand_for_attestation"
02-27 02:18:23.619 shell  6208  6208 W libc    : Access denied finding property "ro.product.model_for_attestation"
02-27 02:18:23.613 shell  6208  6208 I auditd  : type=1400 audit(0.0:726): avc:  denied  { read } for  comm="main" name="u:object_r:build_attestation_prop:s0" dev="tmpfs" ino=113 scontext=u:r:shell:s0 tcontext=u:object_r:build_attestation_prop:s0 tclass=file permissive=0
02-27 02:18:23.613 shell  6208  6208 W main    : type=1400 audit(0.0:726): avc:  denied  { read } for  name="u:object_r:build_attestation_prop:s0" dev="tmpfs" ino=113 scontext=u:r:shell:s0 tcontext=u:object_r:build_attestation_prop:s0 tclass=file permissive=0
02-27 02:18:23.617 shell  6208  6208 I auditd  : type=1400 audit(0.0:727): avc:  denied  { read } for  comm="main" name="u:object_r:build_attestation_prop:s0" dev="tmpfs" ino=113 scontext=u:r:shell:s0 tcontext=u:object_r:build_attestation_prop:s0 tclass=file permissive=0
02-27 02:18:23.617 shell  6208  6208 W main    : type=1400 audit(0.0:727): avc:  denied  { read } for  name="u:object_r:build_attestation_prop:s0" dev="tmpfs" ino=113 scontext=u:r:shell:s0 tcontext=u:object_r:build_attestation_prop:s0 tclass=file permissive=0
02-27 02:18:23.617 shell  6208  6208 I auditd  : type=1400 audit(0.0:728): avc:  denied  { read } for  comm="main" name="u:object_r:build_attestation_prop:s0" dev="tmpfs" ino=113 scontext=u:r:shell:s0 tcontext=u:object_r:build_attestation_prop:s0 tclass=file permissive=0
02-27 02:18:23.617 shell  6208  6208 W main    : type=1400 audit(0.0:728): avc:  denied  { read } for  name="u:object_r:build_attestation_prop:s0" dev="tmpfs" ino=113 scontext=u:r:shell:s0 tcontext=u:object_r:build_attestation_prop:s0 tclass=file permissive=0
