02-27 02:18:37.353  1000  1855  3145 V BackupManagerService: Stopping backup handler
02-27 02:18:37.359 10088  6434  6521 D EventLibEvents: DeviceAdminEnabledEvent{ intent=Intent { act=android.app.action.DEVICE_ADMIN_ENABLED flg=0x10 cmp=android.keystore.cts/com.android.eventlib.premade.EventLibDeviceAdminReceiver }, deviceAdminReceiver=DeviceAdminReceiver{broadcastReceiver=BroadcastReceiver{class=Class{className=com.android.eventlib.premade.EventLibDeviceAdminReceiver}}}, packageName='android.keystore.cts', timestamp=2024-02-27T02:18:37.346123Z}
02-27 02:18:37.359 10088  6434  6521 E EventLibEvents: writing event to file: DeviceAdminEnabledEvent{ intent=Intent { act=android.app.action.DEVICE_ADMIN_ENABLED flg=0x10 cmp=android.keystore.cts/com.android.eventlib.premade.EventLibDeviceAdminReceiver }, deviceAdminReceiver=DeviceAdminReceiver{broadcastReceiver=BroadcastReceiver{class=Class{className=com.android.eventlib.premade.EventLibDeviceAdminReceiver}}}, packageName='android.keystore.cts', timestamp=2024-02-27T02:18:37.346123Z}
02-27 02:18:37.363  1000  1855  4412 W DevicePolicyManager: Cannot change existing ro.organization_owned to true
02-27 02:18:37.368  1000  1855  1855 I AutofillManagerService: Updating for user 0: disabled=false
02-27 02:18:37.369  1000  1855  4412 I DevicePolicyManager: Device owner set: ComponentInfo{android.keystore.cts/com.android.eventlib.premade.EventLibDeviceAdminReceiver} on user 0
02-27 02:18:37.374  1000  1855  1855 I AutofillManagerService: Updating for user 0: disabled=false
02-27 02:18:37.376  1000  1855  2282 D WifiService: user restrictions changed
02-27 02:18:37.379 radio  2588  2588 D TelephonyAdminReceiver: Processing onReceive
02-27 02:18:37.380 radio  2588  2588 I TelephonyAdminReceiver: Skipping update of allowed network types. Restriction no_cellular_2g unchanged: false
02-27 02:18:37.385  1000  1855  2282 D WifiService: user restrictions changed
02-27 02:18:37.388 radio  2588  2588 D TelephonyAdminReceiver: Processing onReceive
02-27 02:18:37.392 radio  2588  2588 I TelephonyAdminReceiver: Skipping update of allowed network types. Restriction no_cellular_2g unchanged: false
02-27 02:18:37.392 10088  6434  6512 E Versions: meetsSdkVersionRequirements(31,-1): true (Current: REL, sdk: 34)
02-27 02:18:37.397 10088  6434  6512 E Versions: meetsSdkVersionRequirements(31,-1): true (Current: REL, sdk: 34)
02-27 02:18:37.399  1000  1855  1855 V BluetoothManagerService: Searching package com.android.bluetooth
02-27 02:18:37.400  1000  1855  1855 V BluetoothManagerService: Checking activity com.android.bluetooth.BluetoothPrefs
02-27 02:18:37.401  1000  1855  1855 V BluetoothManagerService: Checking activity com.android.bluetooth.map.BluetoothMapSettings
02-27 02:18:37.401  1000  1855  1855 V BluetoothManagerService: Checking activity com.android.bluetooth.opp.BluetoothOppLauncherActivity
02-27 02:18:37.402  1000  1855  1855 D WifiP2pService: user restrictions changed
02-27 02:18:37.405  1000  1855  1855 V BluetoothManagerService: Searching package com.android.bluetooth
02-27 02:18:37.405  1000  1855  1855 V BluetoothManagerService: Checking activity com.android.bluetooth.BluetoothPrefs
02-27 02:18:37.405  1000  1855  1855 V BluetoothManagerService: Checking activity com.android.bluetooth.map.BluetoothMapSettings
02-27 02:18:37.405  1000  1855  1855 V BluetoothManagerService: Checking activity com.android.bluetooth.opp.BluetoothOppLauncherActivity
02-27 02:18:37.405  1000  1855  1855 D WifiP2pService: user restrictions changed
02-27 02:18:37.453  1000  1855  2443 W PackageManager: Cannot suspend package "com.android.dialer": is the default dialer
02-27 02:18:37.453  1000  1855  2443 W PackageManager: Cannot suspend package "android.keystore.cts": has an active device admin
02-27 02:18:37.453  1000  1855  2443 I DevicePolicyManager: Packages subject to suspension: com.android.documentsui,com.android.tradefed.utils.wifi,com.android.camera2,org.chromium.webview_shell,androidx.test.services
02-27 02:18:37.462 10088  6434  6512 E Versions: meetsSdkVersionRequirements(31,-1): true (Current: REL, sdk: 34)
02-27 02:18:37.465 10088  6434  6512 D Permissions: Applying permissions granting: [android.permission.READ_PHONE_STATE] denying: []
02-27 02:18:37.465 10088  6434  6512 D Permissions: Trying to grant android.permission.READ_PHONE_STATE
02-27 02:18:37.467 10088  6434  6512 D Permissions: Adopting [android.permission.READ_PHONE_STATE]
02-27 02:18:37.485 10088  6434  6512 D TelephonyManager: getMeid: return null because MEID is not available
02-27 02:18:37.503  1000  5063  5087 I KeyChain: About to generate key with alias com.android.test.attested-rsa, algorithm RSA
02-27 02:18:37.511  1000  1855  4412 I RemoteProvisionSysSvc: getRegistration(android.hardware.security.keymint.IRemotelyProvisionedComponent/default)
02-27 02:18:37.516  1000  1855  4412 D ActivityManager: sync unfroze 3670 com.android.rkpdapp for 6
02-27 02:18:37.517  1000  1855  1991 I am_unfreeze: [3670,com.android.rkpdapp,6]
02-27 02:18:37.527  1000  1855  1855 I RegistrationProxy: onServiceConnected: com.android.rkpdapp.service.RemoteProvisioningService
02-27 02:18:37.529  1000  1855  4412 I RegistrationProxy: IGetRegistrationCallback.onError:RKP is disabled. System configured with no default URL.
02-27 02:18:37.533  1017   779   779 E keystore2: system/security/keystore2/src/rkpd_client.rs:102 - IGetRegistrationCallback failed: 'android.os.RemoteException: RKP is disabled. System configured with no default URL.'
02-27 02:18:37.533  1017   779   802 W keystore2: system/security/keystore2/src/remote_provisioning.rs:102 - Error occurred: system/security/keystore2/src/rkpd_client.rs:226: Trying to get to IRegistration service.
02-27 02:18:37.533  1017   779   802 W keystore2: 
02-27 02:18:37.533  1017   779   802 W keystore2: Caused by:
02-27 02:18:37.533  1017   779   802 W keystore2:     0: system/security/keystore2/src/rkpd_client.rs:105: GetRegistrationCallback failed: "android.os.RemoteException: RKP is disabled. System configured with no default URL."
02-27 02:18:37.533  1017   779   802 W keystore2:     1: Error::Rc(r#OUT_OF_KEYS_TRANSIENT_ERROR)
02-27 02:18:37.536  1000   734   741 D DrmLibTime: got the req here! ret=0
02-27 02:18:37.537  1000   734   741 D DrmLibTime: command id, time_cmd_id = 770
02-27 02:18:37.537  1000   734   741 D DrmLibTime: time_getutcsec starts!
02-27 02:18:37.537  1000   734   741 D DrmLibTime: QSEE Time Listener: time_getutcsec
02-27 02:18:37.537  1000   734   741 D DrmLibTime: QSEE Time Listener: get_utc_seconds
02-27 02:18:37.537  1000   734   741 D DrmLibTime: QSEE Time Listener: time_get_modem_time
02-27 02:18:37.537  1000   734   741 D DrmLibTime: QSEE Time Listener: Checking if ATS_MODEM is set or not.
02-27 02:18:37.537  1000   734   741 D QC-time-services: Lib:time_genoff_operation: pargs->base = 13
02-27 02:18:37.537  1000   734   741 D QC-time-services: Lib:time_genoff_operation: pargs->operation = 2
02-27 02:18:37.537  1000   734   741 D QC-time-services: Lib:time_genoff_operation: pargs->ts_val = 0
02-27 02:18:37.537  1000   734   741 D QC-time-services: Lib:time_genoff_operation: Send to server  passed!!
02-27 02:18:37.537  1000   985   995 D QC-time-services: Daemon: Connection accepted:time_genoff
02-27 02:18:37.538  1000   985  6531 D QC-time-services: Daemon:Received base = 13, unit = 1, operation = 2,value = 0
02-27 02:18:37.538  1000   985  6531 D QC-time-services: Daemon:genoff_opr: Base = 13, val = 0, operation = 2
02-27 02:18:37.538  1000   985  6531 D QC-time-services: offset is: 0 for base: 13
02-27 02:18:37.538  1000   734   741 E QC-time-services: Receive Passed == base = 13, unit = 1, operation = 2, result = 0
02-27 02:18:37.538  1000   734   741 D DrmLibTime: QSEE Time Listener: ATS_MODEM is not set. Fallback to Android system time.
02-27 02:18:37.538  1000   734   741 D DrmLibTime: QSEE Time Listener: Retrieved Android system time: 1709000317
02-27 02:18:37.538  1000   734   741 D DrmLibTime: time_getutcsec returns 0, sec = 1709000317; nsec = 0
02-27 02:18:37.538  1000   734   741 D DrmLibTime: time_getutcsec finished! 
02-27 02:18:37.538  1000   734   741 D DrmLibTime: iotcl_continue_command finished! and return 0 
02-27 02:18:37.538  1000   734   741 D DrmLibTime: before calling ioctl to read the next time_cmd
02-27 02:18:37.538  1000   985   995 E QC-time-services: Daemon: Time-services: Waiting to acceptconnection
02-27 02:18:38.104  1000   748   748 E KeymasterUtils: rsp_header->status: -66
02-27 02:18:38.104  1000   748   748 E KeyMasterHalDevice: keymint_generate_key
02-27 02:18:38.104  1000   748   748 E KeyMasterHalDevice: ret: -66
02-27 02:18:38.104  1017   779   802 E keystore2: system/security/keystore2/src/error.rs:180 - system/security/keystore2/src/security_level.rs:622
02-27 02:18:38.104  1017   779   802 E keystore2: 
02-27 02:18:38.104  1017   779   802 E keystore2: Caused by:
02-27 02:18:38.104  1017   779   802 E keystore2:     0: system/security/keystore2/src/security_level.rs:620: While generating Key without explicit attestation key.
02-27 02:18:38.104  1017   779   802 E keystore2:     1: Error::Km(r#CANNOT_ATTEST_IDS)
02-27 02:18:38.105  1000  1855  3445 E DevicePolicyManager: KeyChain failed to generate a keypair, error 3.
02-27 02:18:38.118  1000  5063  6532 W KeyChain: WARNING: Removing alias com.android.test.attested-rsa, existing grants will be revoked.
02-27 02:18:38.128 10088  6434  6512 E Versions: meetsSdkVersionRequirements(31,-1): true (Current: REL, sdk: 34)
02-27 02:18:38.131 10088  6434  6512 E Versions: meetsSdkVersionRequirements(31,-1): true (Current: REL, sdk: 34)
02-27 02:18:38.133 10088  6434  6512 E Versions: meetsSdkVersionRequirements(31,-1): true (Current: REL, sdk: 34)
02-27 02:18:38.137 10088  6434  6512 D Permissions: Applying permissions granting: [android.permission.MANAGE_PROFILE_AND_DEVICE_OWNERS] denying: []
02-27 02:18:38.138 10088  6434  6512 D Permissions: Trying to grant android.permission.MANAGE_PROFILE_AND_DEVICE_OWNERS
02-27 02:18:38.139 10088  6434  6512 D Permissions: Adopting [android.permission.MANAGE_PROFILE_AND_DEVICE_OWNERS]
02-27 02:18:38.188  1000  1855  1855 W HealthFirstGrantTimeMan: onPermissionsChanged: no known packages for UID: -1
02-27 02:18:38.196  1000  1855  1855 W HealthFirstGrantTimeMan: onPermissionsChanged: no known packages for UID: -1
02-27 02:18:38.233  1000  1855  4412 I SecurityLogMonitor: Stopping security logging.
02-27 02:18:38.236  1000  1855  1855 W HealthFirstGrantTimeMan: onPermissionsChanged: no known packages for UID: -1
02-27 02:18:38.240  1000  1855  4412 I BackupManagerService: Making backup active
02-27 02:18:38.242  1000  1855  4412 I BackupManagerService: Starting service for user: 0
02-27 02:18:38.245  1000  1855  4412 V BackupManagerService: [UserID:0] Starting with transport com.android.localtransport/.LocalTransport
02-27 02:18:38.246  1000  1855  4412 D BackupManagerService: [UserID:0] Started thread backup-0
02-27 02:18:38.251  1000  1855  1855 W HealthFirstGrantTimeMan: onPermissionsChanged: no known packages for UID: -1
02-27 02:18:38.253  1000  1855  4412 E BackupPasswordManager: Unable to read backup pw version
02-27 02:18:38.254  1000  1855  4412 E BackupPasswordManager: Unable to read saved backup pw hash
02-27 02:18:38.255  1000  1855  1855 W HealthFirstGrantTimeMan: onPermissionsChanged: no known packages for UID: -1
02-27 02:18:38.255  1000  1855  4412 D CompatibilityChangeReporter: Compat change id reported: 161145287; UID 1000; state: ENABLED
02-27 02:18:38.260  1000  1855  4412 V BackupManagerService: [UserID:0] No ancestral data
02-27 02:18:38.265  1000  1855  6536 V BackupManagerConstants: getKeyValueBackupIntervalMilliseconds(...) returns 14400000
02-27 02:18:38.265  1000  1855  6536 V BackupManagerConstants: getKeyValueBackupFuzzMilliseconds(...) returns 600000
02-27 02:18:38.266  1000  1855  6536 V BackupManagerConstants: getKeyValueBackupRequiredNetworkType(...) returns 1
02-27 02:18:38.266  1000  1855  6536 V BackupManagerConstants: getKeyValueBackupRequireCharging(...) returns true
02-27 02:18:38.267  1000  1855  6536 V KeyValueBackupJob: Scheduling k/v pass in 241 minutes
02-27 02:18:38.269  1000  1855  4412 I BackupManagerService: [UserID:0] Package com.android.preconditions.cts not installed; dropping from full backup
02-27 02:18:38.269  1000  1855  4412 I BackupManagerService: [UserID:0] Package com.android.compatibility.common.deviceinfo not installed; dropping from full backup
02-27 02:18:38.270  1000  1855  4412 I BackupManagerService: isBackupEnabled() => false due to absent settings file
02-27 02:18:38.270  1000  1855  4412 D BackupManagerService: user:0 readBackupEnableState enabled:false
02-27 02:18:38.270  1000  1855  4412 I BackupManagerService: [UserID:0] Backup enabled => false
02-27 02:18:38.274  1000  1855  1855 W HealthFirstGrantTimeMan: onPermissionsChanged: no known packages for UID: -1
02-27 02:18:38.281  1000  1855  6536 V BackupManagerConstants: getKeyValueBackupIntervalMilliseconds(...) returns 14400000
02-27 02:18:38.282  1000  1855  6536 V BackupManagerConstants: getKeyValueBackupFuzzMilliseconds(...) returns 600000
02-27 02:18:38.282  1000  1855  6536 V BackupManagerConstants: getKeyValueBackupRequiredNetworkType(...) returns 1
02-27 02:18:38.282  1000  1855  6536 V BackupManagerConstants: getKeyValueBackupRequireCharging(...) returns true
02-27 02:18:38.282  1000  1855  6536 V KeyValueBackupJob: Scheduling k/v pass in 249 minutes
02-27 02:18:38.283  1000  1855  1855 W HealthFirstGrantTimeMan: onPermissionsChanged: no known packages for UID: -1
02-27 02:18:38.284  1000  1855  4412 I DevicePolicyManager: Device admin ComponentInfo{android.keystore.cts/com.android.eventlib.premade.EventLibDeviceAdminReceiver} removed from user 0
02-27 02:18:38.284  1000  1855  4412 I DevicePolicyManager: Admin ComponentInfo{android.keystore.cts/com.android.eventlib.premade.EventLibDeviceAdminReceiver} removed from user 0
02-27 02:18:38.285 10088  6434  6512 E Versions: meetsSdkVersionRequirements(31,-1): true (Current: REL, sdk: 34)
02-27 02:18:38.286 10088  6434  6512 E Versions: meetsSdkVersionRequirements(31,-1): true (Current: REL, sdk: 34)
02-27 02:18:38.287  1000  1855  1855 W HealthFirstGrantTimeMan: onPermissionsChanged: no known packages for UID: -1
02-27 02:18:38.289  1000  1855  1855 W HealthFirstGrantTimeMan: onPermissionsChanged: no known packages for UID: -1
02-27 02:18:38.289  1000  1855  1855 W HealthFirstGrantTimeMan: onPermissionsChanged: no known packages for UID: -1
02-27 02:18:38.292  1000  1855  1855 W HealthFirstGrantTimeMan: onPermissionsChanged: no known packages for UID: -1
02-27 02:18:38.301  1000  1855  1855 W HealthFirstGrantTimeMan: onPermissionsChanged: no known packages for UID: -1
02-27 02:18:38.304  1000  1855  1855 W HealthFirstGrantTimeMan: onPermissionsChanged: no known packages for UID: -1
02-27 02:18:38.304  1000  1855  1855 W HealthFirstGrantTimeMan: onPermissionsChanged: no known packages for UID: -1
02-27 02:18:38.306  1000  1855  1855 W HealthFirstGrantTimeMan: onPermissionsChanged: no known packages for UID: -1
02-27 02:18:38.307  1000  1855  1855 W HealthFirstGrantTimeMan: onPermissionsChanged: no known packages for UID: -1
02-27 02:18:38.312  1000  1855  1855 W HealthFirstGrantTimeMan: onPermissionsChanged: no known packages for UID: -1
02-27 02:18:38.314  1000  1855  1855 W HealthFirstGrantTimeMan: onPermissionsChanged: no known packages for UID: -1
02-27 02:18:38.321  1000  1855  1855 W HealthFirstGrantTimeMan: onPermissionsChanged: no known packages for UID: -1
02-27 02:18:38.323  1000  1855  1855 W HealthFirstGrantTimeMan: onPermissionsChanged: no known packages for UID: -1
02-27 02:18:38.328  1000  1855  1855 W HealthFirstGrantTimeMan: onPermissionsChanged: no known packages for UID: -1
02-27 02:18:38.330  1000  1855  5556 W PackageManager: Cannot suspend package "com.android.dialer": is the default dialer
02-27 02:18:38.331  1000  1855  5556 I DevicePolicyManager: Packages subject to suspension: com.android.documentsui,com.android.tradefed.utils.wifi,com.android.camera2,org.chromium.webview_shell,androidx.test.services,android.keystore.cts
02-27 02:18:38.336 10088  6434  6454 D DeviceState: Tearing down state for test testAllVariationsOfDeviceIdAttestation
02-27 02:18:38.336 10088  6434  6454 E Versions: meetsSdkVersionRequirements(31,-1): true (Current: REL, sdk: 34)
02-27 02:18:38.337 10088  6434  6454 E Versions: meetsSdkVersionRequirements(31,-1): true (Current: REL, sdk: 34)
02-27 02:18:38.338 10088  6434  6454 D Permissions: Applying permissions granting: [android.permission.INTERACT_ACROSS_USERS_FULL] denying: []
02-27 02:18:38.338 10088  6434  6454 D Permissions: Trying to grant android.permission.INTERACT_ACROSS_USERS_FULL
02-27 02:18:38.338 10088  6434  6454 D Permissions: Adopting [android.permission.INTERACT_ACROSS_USERS_FULL]
02-27 02:18:38.339  1000  1855  1855 W HealthFirstGrantTimeMan: onPermissionsChanged: no known packages for UID: -1
02-27 02:18:38.342 10088  6434  6454 D Users   : current(): finding 0
02-27 02:18:38.342 10088  6434  6454 E Versions: meetsSdkVersionRequirements(31,-1): true (Current: REL, sdk: 34)
02-27 02:18:38.344 10088  6434  6454 E Versions: meetsSdkVersionRequirements(31,-1): true (Current: REL, sdk: 34)
02-27 02:18:38.344 10088  6434  6454 E Versions: meetsSdkVersionRequirements(31,-1): true (Current: REL, sdk: 34)
02-27 02:18:38.345 10088  6434  6454 D Permissions: Applying permissions granting: [android.permission.CREATE_USERS] denying: []
02-27 02:18:38.345 10088  6434  6454 D Permissions: Trying to grant android.permission.CREATE_USERS
02-27 02:18:38.345 10088  6434  6454 D Permissions: Adopting [android.permission.CREATE_USERS]
02-27 02:18:38.347 10088  6434  6454 E Versions: meetsSdkVersionRequirements(34,-1): true (Current: REL, sdk: 34)
02-27 02:18:38.349 10088  6434  6454 D Permissions: Applying permissions granting: [android.permission.QUERY_USERS, android.permission.CREATE_USERS] denying: []
02-27 02:18:38.349 10088  6434  6454 D Permissions: Trying to grant android.permission.QUERY_USERS
02-27 02:18:38.351 10088  6434  6454 D Permissions: Trying to grant android.permission.CREATE_USERS
02-27 02:18:38.352 10088  6434  6454 D Permissions: Adopting [android.permission.QUERY_USERS, android.permission.CREATE_USERS]
02-27 02:18:38.353  1000  1855  1855 W HealthFirstGrantTimeMan: onPermissionsChanged: no known packages for UID: -1
02-27 02:18:38.355  1000  1855  1855 W HealthFirstGrantTimeMan: onPermissionsChanged: no known packages for UID: -1
02-27 02:18:38.355 10088  6434  6454 E Versions: meetsSdkVersionRequirements(31,-1): true (Current: REL, sdk: 34)
02-27 02:18:38.356  1000  1855  1855 W HealthFirstGrantTimeMan: onPermissionsChanged: no known packages for UID: -1
02-27 02:18:38.357 10088  6434  6454 E Versions: meetsSdkVersionRequirements(31,-1): true (Current: REL, sdk: 34)
02-27 02:18:38.358 10088  6434  6454 E Versions: meetsSdkVersionRequirements(31,-1): true (Current: REL, sdk: 34)
02-27 02:18:38.360 10088  6434  6454 D Permissions: Applying permissions granting: [android.permission.INTERACT_ACROSS_USERS] denying: []
02-27 02:18:38.361 10088  6434  6454 D Permissions: Trying to grant android.permission.INTERACT_ACROSS_USERS
02-27 02:18:38.362 10088  6434  6454 D Permissions: Adopting [android.permission.INTERACT_ACROSS_USERS]
02-27 02:18:38.363  1000  1855  1855 W HealthFirstGrantTimeMan: onPermissionsChanged: no known packages for UID: -1
02-27 02:18:38.365  1000  1855  1855 W HealthFirstGrantTimeMan: onPermissionsChanged: no known packages for UID: -1
02-27 02:18:38.365 10088  6434  6454 E Versions: meetsSdkVersionRequirements(31,-1): true (Current: REL, sdk: 34)
02-27 02:18:38.367  1000  1855  1855 W HealthFirstGrantTimeMan: onPermissionsChanged: no known packages for UID: -1
02-27 02:18:38.367 10088  6434  6454 D Permissions: Applying permissions granting: [android.permission.INTERACT_ACROSS_USERS, android.permission.CREATE_USERS] denying: []
02-27 02:18:38.368 10088  6434  6454 D Permissions: Trying to grant android.permission.INTERACT_ACROSS_USERS
02-27 02:18:38.369  1000  1855  1855 W HealthFirstGrantTimeMan: onPermissionsChanged: no known packages for UID: -1
02-27 02:18:38.369 10088  6434  6454 D Permissions: Trying to grant android.permission.CREATE_USERS
02-27 02:18:38.369 10088  6434  6454 D Permissions: Adopting [android.permission.INTERACT_ACROSS_USERS, android.permission.CREATE_USERS]
02-27 02:18:38.370  1000  1855  1855 W HealthFirstGrantTimeMan: onPermissionsChanged: no known packages for UID: -1
02-27 02:18:38.371 10088  6434  6454 E Versions: meetsSdkVersionRequirements(34,-1): true (Current: REL, sdk: 34)
02-27 02:18:38.371  1000  1855  1855 W HealthFirstGrantTimeMan: onPermissionsChanged: no known packages for UID: -1
02-27 02:18:38.374 10088  6434  6454 D Permissions: Applying permissions granting: [android.permission.QUERY_USERS, android.permission.INTERACT_ACROSS_USERS, android.permission.CREATE_USERS] denying: []
02-27 02:18:38.374 10088  6434  6454 D Permissions: Trying to grant android.permission.QUERY_USERS
02-27 02:18:38.375  1000  1855  1855 W HealthFirstGrantTimeMan: onPermissionsChanged: no known packages for UID: -1
02-27 02:18:38.375 10088  6434  6454 D Permissions: Trying to grant android.permission.INTERACT_ACROSS_USERS
02-27 02:18:38.376 10088  6434  6454 D Permissions: Trying to grant android.permission.CREATE_USERS
02-27 02:18:38.377 10088  6434  6454 D Permissions: Adopting [android.permission.QUERY_USERS, android.permission.INTERACT_ACROSS_USERS, android.permission.CREATE_USERS]
02-27 02:18:38.378  1000  1855  1855 W HealthFirstGrantTimeMan: onPermissionsChanged: no known packages for UID: -1
02-27 02:18:38.382 10088  6434  6454 D Permissions: Applying permissions granting: [android.permission.INTERACT_ACROSS_USERS] denying: []
02-27 02:18:38.382 10088  6434  6454 D Permissions: Trying to grant android.permission.INTERACT_ACROSS_USERS
02-27 02:18:38.383 10088  6434  6454 D Permissions: Adopting [android.permission.INTERACT_ACROSS_USERS]
02-27 02:18:38.384 10088  6434  6454 E Versions: meetsSdkVersionRequirements(31,-1): true (Current: REL, sdk: 34)
02-27 02:18:38.387 10088  6434  6454 E Versions: meetsSdkVersionRequirements(31,-1): true (Current: REL, sdk: 34)
02-27 02:18:38.387 10088  6434  6454 E Versions: meetsSdkVersionRequirements(31,-1): true (Current: REL, sdk: 34)
02-27 02:18:38.388  1000  1855  1855 W HealthFirstGrantTimeMan: onPermissionsChanged: no known packages for UID: -1
02-27 02:18:38.388 10088  6434  6454 D Permissions: Applying permissions granting: [android.permission.INTERACT_ACROSS_USERS_FULL] denying: []
02-27 02:18:38.388 10088  6434  6454 D Permissions: Trying to grant android.permission.INTERACT_ACROSS_USERS_FULL
02-27 02:18:38.389 10088  6434  6454 D Permissions: Adopting [android.permission.INTERACT_ACROSS_USERS_FULL]
02-27 02:18:38.389 10088  6434  6454 D Users   : current(): finding 0
02-27 02:18:38.389 10088  6434  6454 E Versions: meetsSdkVersionRequirements(31,-1): true (Current: REL, sdk: 34)
02-27 02:18:38.391 10088  6434  6454 E Versions: meetsSdkVersionRequirements(31,-1): true (Current: REL, sdk: 34)
02-27 02:18:38.391 10088  6434  6454 E Versions: meetsSdkVersionRequirements(31,-1): true (Current: REL, sdk: 34)
02-27 02:18:38.392 10088  6434  6454 D Permissions: Applying permissions granting: [android.permission.MANAGE_ACTIVITY_TASKS] denying: []
02-27 02:18:38.392 10088  6434  6454 D Permissions: Trying to grant android.permission.MANAGE_ACTIVITY_TASKS
02-27 02:18:38.392 10088  6434  6454 D Permissions: Adopting [android.permission.MANAGE_ACTIVITY_TASKS]
02-27 02:18:38.393  1000  1855  1855 W HealthFirstGrantTimeMan: onPermissionsChanged: no known packages for UID: -1
02-27 02:18:38.394  1000  1855  1855 W HealthFirstGrantTimeMan: onPermissionsChanged: no known packages for UID: -1
02-27 02:18:38.394  1000  1855  2443 W ActivityTaskManager: No component for base intent of task: Task{5773ff1 #3 type=undefined}
02-27 02:18:38.396  1000  1855  1916 I sysui_multi_action: [757,803,799,window_time_0,802,1]
02-27 02:18:38.397  1000  1855  2443 W ActivityTaskManager: No component for base intent of task: Task{3820bae #4 type=undefined}
02-27 02:18:38.399 10088  6434  6454 E Versions: meetsSdkVersionRequirements(31,-1): true (Current: REL, sdk: 34)
02-27 02:18:38.400  1000  1855  1916 I sysui_multi_action: [757,803,799,window_time_0,802,0]
02-27 02:18:38.400 10088  6434  6454 D DeviceState: Finished tearing down state for test testAllVariationsOfDeviceIdAttestation
02-27 02:18:38.403 10088  6434  6451 E TestRunner: failed: testAllVariationsOfDeviceIdAttestation(android.keystore.cts.DeviceOwnerKeyManagementTest)
02-27 02:18:38.403 10088  6434  6451 E TestRunner: ----- begin exception -----
02-27 02:18:38.405 10088  6434  6451 E TestRunner: Unexpected failure while generating key RSA with ID flags 1: java.lang.UnsupportedOperationException: Device does not support Device ID attestation.
02-27 02:18:38.405 10088  6434  6451 E TestRunner: In case of AOSP/GSI builds, system provided properties could be different from provisioned properties in KeyMaster/KeyMint. In such cases, make sure attestation specific properties (Build.*_FOR_ATTESTATION) are configured correctly.
02-27 02:18:38.405 10088  6434  6451 E TestRunner: expected to be true
02-27 02:18:38.405 10088  6434  6451 E TestRunner: 	at android.keystore.cts.DeviceOwnerKeyManagementTest.generateKeyAndCheckAttestation(DeviceOwnerKeyManagementTest.java:380)
02-27 02:18:38.405 10088  6434  6451 E TestRunner: 	at android.keystore.cts.DeviceOwnerKeyManagementTest.assertAllVariantsOfDeviceIdAttestation(DeviceOwnerKeyManagementTest.java:429)
02-27 02:18:38.405 10088  6434  6451 E TestRunner: 	at android.keystore.cts.DeviceOwnerKeyManagementTest.testAllVariationsOfDeviceIdAttestation(DeviceOwnerKeyManagementTest.java:492)
02-27 02:18:38.405 10088  6434  6451 E TestRunner: ----- end exception -----
02-27 02:18:38.408 10088  6434  6451 I TestRunner: finished: testAllVariationsOfDeviceIdAttestation(android.keystore.cts.DeviceOwnerKeyManagementTest)
02-27 02:18:38.413  1000  1855  1855 W HealthFirstGrantTimeMan: onPermissionsChanged: no known packages for UID: -1
02-27 02:18:38.414  1000  1855  1855 W Looper  : Slow delivery took 200ms main h=android.os.Handler c=null m=1
02-27 02:18:38.415 10088  6434  6451 E Versions: meetsSdkVersionRequirements(31,-1): true (Current: REL, sdk: 34)
02-27 02:18:38.415 10088  6434  6451 E Versions: meetsSdkVersionRequirements(31,-1): true (Current: REL, sdk: 34)
02-27 02:18:38.417 10088  6434  6451 D Permissions: Applying permissions granting: [android.permission.INTERACT_ACROSS_USERS_FULL] denying: []
02-27 02:18:38.417 10088  6434  6451 D Permissions: Trying to grant android.permission.INTERACT_ACROSS_USERS_FULL
02-27 02:18:38.417 10088  6434  6451 D Permissions: Adopting [android.permission.INTERACT_ACROSS_USERS_FULL]
02-27 02:18:38.420 10088  6434  6451 D Users   : current(): finding 0
02-27 02:18:38.420 10088  6434  6451 E Versions: meetsSdkVersionRequirements(31,-1): true (Current: REL, sdk: 34)
02-27 02:18:38.421 10088  6434  6451 E Versions: meetsSdkVersionRequirements(31,-1): true (Current: REL, sdk: 34)
02-27 02:18:38.422 10088  6434  6451 E Versions: meetsSdkVersionRequirements(31,-1): true (Current: REL, sdk: 34)
02-27 02:18:38.423 10088  6434  6451 D Permissions: Applying permissions granting: [android.permission.MANAGE_ACTIVITY_TASKS] denying: []
02-27 02:18:38.423 10088  6434  6451 D Permissions: Trying to grant android.permission.MANAGE_ACTIVITY_TASKS
02-27 02:18:38.423 10088  6434  6451 D Permissions: Adopting [android.permission.MANAGE_ACTIVITY_TASKS]
02-27 02:18:38.424  1000  1855  5556 W ActivityTaskManager: No component for base intent of task: Task{5773ff1 #3 type=undefined}
02-27 02:18:38.424  1000  1855  5556 W ActivityTaskManager: No component for base intent of task: Task{3820bae #4 type=undefined}
02-27 02:18:38.425 10088  6434  6451 E Versions: meetsSdkVersionRequirements(31,-1): true (Current: REL, sdk: 34)
02-27 02:18:38.425 10088  6434  6451 E Versions: meetsSdkVersionRequirements(31,-1): true (Current: REL, sdk: 34)
02-27 02:18:38.425  1000  1855  1916 I sysui_multi_action: [757,803,799,window_time_0,802,0]
02-27 02:18:38.426 10088  6434  6451 D Permissions: Applying permissions granting: [android.permission.DISABLE_KEYGUARD] denying: []
02-27 02:18:38.426 10088  6434  6451 D Permissions: Trying to grant android.permission.DISABLE_KEYGUARD
02-27 02:18:38.426 10088  6434  6451 D Permissions: Adopting [android.permission.DISABLE_KEYGUARD]
02-27 02:18:38.426  1000  1855  1916 I sysui_multi_action: [757,803,799,window_time_0,802,0]
02-27 02:18:38.427 10088  6434  6451 E Versions: meetsSdkVersionRequirements(31,-1): true (Current: REL, sdk: 34)
02-27 02:18:38.427 10088  6434  6451 E Versions: meetsSdkVersionRequirements(32,-1): true (Current: REL, sdk: 34)
02-27 02:18:38.427 10088  6434  6451 E Versions: meetsSdkVersionRequirements(31,-1): true (Current: REL, sdk: 34)
02-27 02:18:38.428 10088  6434  6451 D Permissions: Applying permissions granting: [android.permission.INTERACT_ACROSS_USERS] denying: []
02-27 02:18:38.428 10088  6434  6451 D Permissions: Trying to grant android.permission.INTERACT_ACROSS_USERS
02-27 02:18:38.428 10088  6434  6451 D Permissions: Adopting [android.permission.INTERACT_ACROSS_USERS]
02-27 02:18:38.430  1000  1855  5556 I ActivityManager: setStopUserOnSwitch(): 0 -> -1
02-27 02:18:38.430 10088  6434  6451 E Versions: meetsSdkVersionRequirements(31,-1): true (Current: REL, sdk: 34)
02-27 02:18:38.432 10088  6434  6451 E Versions: meetsSdkVersionRequirements(33,-1): true (Current: REL, sdk: 34)
02-27 02:18:38.432 10088  6434  6451 E Versions: meetsSdkVersionRequirements(33,-1): true (Current: REL, sdk: 34)
02-27 02:18:38.432 10088  6434  6451 E Versions: meetsSdkVersionRequirements(31,-1): true (Current: REL, sdk: 34)
02-27 02:18:38.432  1000  1855  1855 W HealthFirstGrantTimeMan: onPermissionsChanged: no known packages for UID: -1
02-27 02:18:38.433  1000  1855  1855 I AutofillManagerService: Updating for user 0: disabled=false
02-27 02:18:38.434  1000  1855  1855 I AutofillManagerService: Updating for user 0: disabled=false
02-27 02:18:38.436  1000  1855  2282 D WifiService: user restrictions changed
02-27 02:18:38.436  1000  1855  1855 D DevicePolicyManager: Not cancelling network logging notification for USER_NULL
02-27 02:18:38.438  1000  1855  1855 W Looper  : Drained
02-27 02:18:38.439  1000  1855  2282 D WifiService: user restrictions changed
02-27 02:18:38.441  1000  1855  1855 V BluetoothManagerService: Searching package com.android.bluetooth
02-27 02:18:38.441  1000  1855  1855 V BluetoothManagerService: Checking activity com.android.bluetooth.BluetoothPrefs
02-27 02:18:38.441  1000  1855  1855 V BluetoothManagerService: Checking activity com.android.bluetooth.map.BluetoothMapSettings
02-27 02:18:38.441  1000  1855  1855 V BluetoothManagerService: Checking activity com.android.bluetooth.opp.BluetoothOppLauncherActivity
02-27 02:18:38.441  1000  1855  1855 D WifiP2pService: user restrictions changed
02-27 02:18:38.442  1000  1855  1855 V BluetoothManagerService: Searching package com.android.bluetooth
02-27 02:18:38.442  1000  1855  1855 V BluetoothManagerService: Checking activity com.android.bluetooth.BluetoothPrefs
02-27 02:18:38.442  1000  1855  1855 V BluetoothManagerService: Checking activity com.android.bluetooth.map.BluetoothMapSettings
02-27 02:18:38.442  1000  1855  1855 V BluetoothManagerService: Checking activity com.android.bluetooth.opp.BluetoothOppLauncherActivity
02-27 02:18:38.442  1000  1855  1855 D WifiP2pService: user restrictions changed
02-27 02:18:38.444 radio  2588  2588 D TelephonyAdminReceiver: Processing onReceive
02-27 02:18:38.445 radio  2588  2588 I TelephonyAdminReceiver: Skipping update of allowed network types. Restriction no_cellular_2g unchanged: false
02-27 02:18:38.475 10088  6434  6451 D CtsTestRunListener: Total memory  : 16246413
02-27 02:18:38.476 10088  6434  6451 D CtsTestRunListener: Used memory   : 9756728
02-27 02:18:38.476 10088  6434  6451 D CtsTestRunListener: Free memory   : 6489685
02-27 02:18:38.476 10088  6434  6451 D CtsTestRunListener: java.io.tmpdir is:/data/user/0/android.keystore.cts/cache
02-27 02:18:38.476 10088  6434  6451 D CtsTestRunListener: About to .exec df
02-27 02:18:38.480 10088  6434  6451 D CtsTestRunListener: .exec returned
02-27 02:18:38.480 10088  6434  6451 D CtsTestRunListener: Stream reader created
02-27 02:18:38.484  1000  1855  1990 I commit_sys_config_file: [settings-0-0,9]
02-27 02:18:38.497 10088  6554  6554 I auditd  : type=1400 audit(0.0:810): avc:  denied  { getattr } for  comm="df" path="/mnt/vendor/persist" dev="sda2" ino=2 scontext=u:r:untrusted_app:s0:c88,c256,c512,c768 tcontext=u:object_r:vendor_firmware_file:s0 tclass=dir permissive=0 app=android.keystore.cts
02-27 02:18:38.497 10088  6554  6554 W df      : type=1400 audit(0.0:810): avc:  denied  { getattr } for  path="/mnt/vendor/persist" dev="sda2" ino=2 scontext=u:r:untrusted_app:s0:c88,c256,c512,c768 tcontext=u:object_r:vendor_firmware_file:s0 tclass=dir permissive=0 app=android.keystore.cts
02-27 02:18:38.497 10088  6554  6554 I auditd  : type=1400 audit(0.0:811): avc:  denied  { getattr } for  comm="df" path="/metadata" dev="sda13" ino=3 scontext=u:r:untrusted_app:s0:c88,c256,c512,c768 tcontext=u:object_r:metadata_file:s0 tclass=dir permissive=0 app=android.keystore.cts
02-27 02:18:38.497 10088  6554  6554 W df      : type=1400 audit(0.0:811): avc:  denied  { getattr } for  path="/metadata" dev="sda13" ino=3 scontext=u:r:untrusted_app:s0:c88,c256,c512,c768 tcontext=u:object_r:metadata_file:s0 tclass=dir permissive=0 app=android.keystore.cts
02-27 02:18:38.497 10088  6554  6554 I auditd  : type=1400 audit(0.0:812): avc:  denied  { getattr } for  comm="df" path="/vendor/firmware_mnt" dev="sde4" ino=1 scontext=u:r:untrusted_app:s0:c88,c256,c512,c768 tcontext=u:object_r:firmware_file:s0 tclass=dir permissive=0 app=android.keystore.cts
02-27 02:18:38.497 10088  6554  6554 W df      : type=1400 audit(0.0:812): avc:  denied  { getattr } for  path="/vendor/firmware_mnt" dev="sde4" ino=1 scontext=u:r:untrusted_app:s0:c88,c256,c512,c768 tcontext=u:object_r:firmware_file:s0 tclass=dir permissive=0 app=android.keystore.cts
02-27 02:18:38.502 10088  6434  6451 D CtsTestRunListener: Filesystem       1K-blocks    Used Available Use% Mounted on
02-27 02:18:38.503 10088  6434  6451 D CtsTestRunListener: /dev/block/dm-50  36452684 1415580  34906032   4% /data/data/android.keystore.cts
02-27 02:18:38.497 10088  6554  6554 I auditd  : type=1400 audit(0.0:813): avc:  denied  { getattr } for  comm="df" name="/" dev="sde4" ino=1 scontext=u:r:untrusted_app:s0:c88,c256,c512,c768 tcontext=u:object_r:firmware_file:s0 tclass=filesystem permissive=0 app=android.keystore.cts
02-27 02:18:38.503 10088  6434  6451 D CtsTestRunListener: In finally
02-27 02:18:38.504 10088  6434  6451 D CtsTestRunListener: Now executing : android.keystore.cts.KeyAttestationTest
02-27 02:18:38.504 10088  6434  6451 I TestRunner: started: testRsaAttestation(android.keystore.cts.KeyAttestationTest)
02-27 02:18:38.497 10088  6554  6554 W df      : type=1400 audit(0.0:813): avc:  denied  { getattr } for  name="/" dev="sde4" ino=1 scontext=u:r:untrusted_app:s0:c88,c256,c512,c768 tcontext=u:object_r:firmware_file:s0 tclass=filesystem permissive=0 app=android.keystore.cts
02-27 02:18:38.497 10088  6554  6554 I auditd  : type=1400 audit(0.0:814): avc:  denied  { getattr } for  comm="df" path="/vendor/dsp" dev="sde9" ino=2 scontext=u:r:untrusted_app:s0:c88,c256,c512,c768 tcontext=u:object_r:adsprpcd_file:s0 tclass=dir permissive=0 app=android.keystore.cts
02-27 02:18:38.497 10088  6554  6554 W df      : type=1400 audit(0.0:814): avc:  denied  { getattr } for  path="/vendor/dsp" dev="sde9" ino=2 scontext=u:r:untrusted_app:s0:c88,c256,c512,c768 tcontext=u:object_r:adsprpcd_file:s0 tclass=dir permissive=0 app=android.keystore.cts
02-27 02:18:38.509 10088  6434  6555 I AndroidKeyStoreTest: RSA key attestation with: challenge [] / includeValidityDates true / keySize 512 / purposes 12 / paddingModes [PKCS1] / devicePropertiesAttestation true
02-27 02:18:38.519  1000  1855  2443 I RemoteProvisionSysSvc: getRegistration(android.hardware.security.keymint.IRemotelyProvisionedComponent/default)
02-27 02:18:38.531  1000  1855  1855 I RegistrationProxy: onServiceConnected: com.android.rkpdapp.service.RemoteProvisioningService
02-27 02:18:38.534  1000  1855  2443 I RegistrationProxy: IGetRegistrationCallback.onError:RKP is disabled. System configured with no default URL.
02-27 02:18:38.537  1017   779   779 E keystore2: system/security/keystore2/src/rkpd_client.rs:102 - IGetRegistrationCallback failed: 'android.os.RemoteException: RKP is disabled. System configured with no default URL.'
02-27 02:18:38.538  1017   779   802 W keystore2: system/security/keystore2/src/remote_provisioning.rs:102 - Error occurred: system/security/keystore2/src/rkpd_client.rs:226: Trying to get to IRegistration service.
02-27 02:18:38.538  1017   779   802 W keystore2: 
02-27 02:18:38.538  1017   779   802 W keystore2: Caused by:
02-27 02:18:38.538  1017   779   802 W keystore2:     0: system/security/keystore2/src/rkpd_client.rs:105: GetRegistrationCallback failed: "android.os.RemoteException: RKP is disabled. System configured with no default URL."
02-27 02:18:38.538  1017   779   802 W keystore2:     1: Error::Rc(r#OUT_OF_KEYS_TRANSIENT_ERROR)
02-27 02:18:38.543  1000   734   741 D DrmLibTime: got the req here! ret=0
02-27 02:18:38.544  1000   734   741 D DrmLibTime: command id, time_cmd_id = 770
02-27 02:18:38.544  1000   734   741 D DrmLibTime: time_getutcsec starts!
02-27 02:18:38.544  1000   734   741 D DrmLibTime: QSEE Time Listener: time_getutcsec
02-27 02:18:38.544  1000   734   741 D DrmLibTime: QSEE Time Listener: get_utc_seconds
02-27 02:18:38.544  1000   734   741 D DrmLibTime: QSEE Time Listener: time_get_modem_time
02-27 02:18:38.544  1000   734   741 D DrmLibTime: QSEE Time Listener: Checking if ATS_MODEM is set or not.
02-27 02:18:38.544  1000   734   741 D QC-time-services: Lib:time_genoff_operation: pargs->base = 13
02-27 02:18:38.544  1000   734   741 D QC-time-services: Lib:time_genoff_operation: pargs->operation = 2
02-27 02:18:38.544  1000   734   741 D QC-time-services: Lib:time_genoff_operation: pargs->ts_val = 0
02-27 02:18:38.544  1000   734   741 D QC-time-services: Lib:time_genoff_operation: Send to server  passed!!
02-27 02:18:38.544  1000   985   995 D QC-time-services: Daemon: Connection accepted:time_genoff
02-27 02:18:38.545  1000   985  6556 D QC-time-services: Daemon:Received base = 13, unit = 1, operation = 2,value = 0
02-27 02:18:38.545  1000   985  6556 D QC-time-services: Daemon:genoff_opr: Base = 13, val = 0, operation = 2
02-27 02:18:38.545  1000   985  6556 D QC-time-services: offset is: 0 for base: 13
02-27 02:18:38.545  1000   734   741 E QC-time-services: Receive Passed == base = 13, unit = 1, operation = 2, result = 0
02-27 02:18:38.545  1000   734   741 D DrmLibTime: QSEE Time Listener: ATS_MODEM is not set. Fallback to Android system time.
02-27 02:18:38.545  1000   734   741 D DrmLibTime: QSEE Time Listener: Retrieved Android system time: 1709000318
02-27 02:18:38.545  1000   734   741 D DrmLibTime: time_getutcsec returns 0, sec = 1709000318; nsec = 0
02-27 02:18:38.545  1000   734   741 D DrmLibTime: time_getutcsec finished! 
02-27 02:18:38.546  1000   734   741 D DrmLibTime: iotcl_continue_command finished! and return 0 
02-27 02:18:38.546  1000   734   741 D DrmLibTime: before calling ioctl to read the next time_cmd
02-27 02:18:38.546  1000   985   995 E QC-time-services: Daemon: Time-services: Waiting to acceptconnection
02-27 02:18:38.609  1000   748   748 E KeymasterUtils: rsp_header->status: -66
02-27 02:18:38.609  1000   748   748 E KeyMasterHalDevice: keymint_generate_key
02-27 02:18:38.609  1000   748   748 E KeyMasterHalDevice: ret: -66
02-27 02:18:38.609  1017   779   802 E keystore2: system/security/keystore2/src/error.rs:180 - system/security/keystore2/src/security_level.rs:622
02-27 02:18:38.609  1017   779   802 E keystore2: 
02-27 02:18:38.609  1017   779   802 E keystore2: Caused by:
02-27 02:18:38.609  1017   779   802 E keystore2:     0: system/security/keystore2/src/security_level.rs:620: While generating Key without explicit attestation key.
02-27 02:18:38.609  1017   779   802 E keystore2:     1: Error::Km(r#CANNOT_ATTEST_IDS)
02-27 02:18:38.611 10088  6434  6451 E TestRunner: failed: testRsaAttestation(android.keystore.cts.KeyAttestationTest)
02-27 02:18:38.611 10088  6434  6451 E TestRunner: ----- begin exception -----
02-27 02:18:38.612 10088  6434  6451 E TestRunner: java.lang.Exception: Unexpected failure while generating key.
02-27 02:18:38.612 10088  6434  6451 E TestRunner: In case of AOSP/GSI builds, system provided properties could be different from provisioned properties in KeyMaster/KeyMint. In such cases, make sure attestation specific properties (Build.*_FOR_ATTESTATION) are configured correctly.
02-27 02:18:38.612 10088  6434  6451 E TestRunner: 	at android.keystore.cts.KeyAttestationTest.testRsaAttestations(KeyAttestationTest.java:820)
02-27 02:18:38.612 10088  6434  6451 E TestRunner: 	at android.keystore.cts.KeyAttestationTest.testRsaAttestation(KeyAttestationTest.java:625)
02-27 02:18:38.612 10088  6434  6451 E TestRunner: 	at java.lang.reflect.Method.invoke(Native Method)
02-27 02:18:38.612 10088  6434  6451 E TestRunner: 	at org.junit.runners.model.FrameworkMethod$1.runReflectiveCall(FrameworkMethod.java:59)
02-27 02:18:38.612 10088  6434  6451 E TestRunner: 	at org.junit.internal.runners.model.ReflectiveCallable.run(ReflectiveCallable.java:12)
02-27 02:18:38.612 10088  6434  6451 E TestRunner: 	at org.junit.runners.model.FrameworkMethod.invokeExplosively(FrameworkMethod.java:61)
02-27 02:18:38.612 10088  6434  6451 E TestRunner: 	at org.junit.internal.runners.statements.InvokeMethod.evaluate(InvokeMethod.java:17)
02-27 02:18:38.612 10088  6434  6451 E TestRunner: 	at org.junit.internal.runners.statements.FailOnTimeout$CallableStatement.call(FailOnTimeout.java:148)
02-27 02:18:38.612 10088  6434  6451 E TestRunner: 	at org.junit.internal.runners.statements.FailOnTimeout$CallableStatement.call(FailOnTimeout.java:142)
02-27 02:18:38.612 10088  6434  6451 E TestRunner: 	at java.util.concurrent.FutureTask.run(FutureTask.java:264)
02-27 02:18:38.612 10088  6434  6451 E TestRunner: 	at java.lang.Thread.run(Thread.java:1012)
02-27 02:18:38.612 10088  6434  6451 E TestRunner: Caused by: java.security.ProviderException: Failed to generate key pair.
02-27 02:18:38.612 10088  6434  6451 E TestRunner: 	at android.security.keystore2.AndroidKeyStoreKeyPairGeneratorSpi.generateKeyPair(AndroidKeyStoreKeyPairGeneratorSpi.java:664)
02-27 02:18:38.612 10088  6434  6451 E TestRunner: 	at java.security.KeyPairGenerator$Delegate.generateKeyPair(KeyPairGenerator.java:746)
02-27 02:18:38.612 10088  6434  6451 E TestRunner: 	at android.keystore.cts.KeyAttestationTest.generateKeyPair(KeyAttestationTest.java:1579)
02-27 02:18:38.612 10088  6434  6451 E TestRunner: 	at android.keystore.cts.KeyAttestationTest.testRsaAttestation(KeyAttestationTest.java:881)
02-27 02:18:38.612 10088  6434  6451 E TestRunner: 	at android.keystore.cts.KeyAttestationTest.testRsaAttestations(KeyAttestationTest.java:808)
02-27 02:18:38.612 10088  6434  6451 E TestRunner: 	... 10 more
02-27 02:18:38.612 10088  6434  6451 E TestRunner: Caused by: android.security.KeyStoreException: Unable to attest device ids (internal Keystore code: -66 message: system/security/keystore2/src/security_level.rs:622
02-27 02:18:38.612 10088  6434  6451 E TestRunner: 
02-27 02:18:38.612 10088  6434  6451 E TestRunner: Caused by:
02-27 02:18:38.612 10088  6434  6451 E TestRunner:     0: system/security/keystore2/src/security_level.rs:620: While generating Key without explicit attestation key.
02-27 02:18:38.612 10088  6434  6451 E TestRunner:     1: Error::Km(r#CANNOT_ATTEST_IDS)) (public error code: 8 internal Keystore code: -66)
02-27 02:18:38.612 10088  6434  6451 E TestRunner: 	at android.security.KeyStore2.getKeyStoreException(KeyStore2.java:386)
02-27 02:18:38.612 10088  6434  6451 E TestRunner: 	at android.security.KeyStoreSecurityLevel.handleExceptions(KeyStoreSecurityLevel.java:57)
02-27 02:18:38.612 10088  6434  6451 E TestRunner: 	at android.security.KeyStoreSecurityLevel.generateKey(KeyStoreSecurityLevel.java:145)
02-27 02:18:38.612 10088  6434  6451 E TestRunner: 	at android.security.keystore2.AndroidKeyStoreKeyPairGeneratorSpi.generateKeyPair(AndroidKeyStoreKeyPairGeneratorSpi.java:651)
02-27 02:18:38.612 10088  6434  6451 E TestRunner: 	... 14 more
02-27 02:18:38.613 10088  6434  6451 E TestRunner: ----- end exception -----
02-27 02:18:38.615 10088  6434  6451 I TestRunner: finished: testRsaAttestation(android.keystore.cts.KeyAttestationTest)
02-27 02:18:38.621 10088  6434  6451 I TestRunner: started: testEcAttestation(android.keystore.cts.KeyAttestationTest)
02-27 02:18:38.627 10088  6434  6557 I AndroidKeyStoreTest: EC key attestation with: challenge [] / includeValidityDates true / ecCurve secp224r1 / keySize 224 / purposes 2 / devicePropertiesAttestation true
02-27 02:18:38.635  1000  1855  4412 I RemoteProvisionSysSvc: getRegistration(android.hardware.security.keymint.IRemotelyProvisionedComponent/default)
02-27 02:18:38.682  1000  1855  1951 I commit_sys_config_file: [package,46]
02-27 02:18:38.693  1000  1855  1855 I RegistrationProxy: onServiceConnected: com.android.rkpdapp.service.RemoteProvisioningService
02-27 02:18:38.693  1000  1855  1948 I commit_sys_config_file: [package-user-0,12]
02-27 02:18:38.695  1000  1855  4412 I RegistrationProxy: IGetRegistrationCallback.onError:RKP is disabled. System configured with no default URL.
02-27 02:18:38.699  1017   779   779 E keystore2: system/security/keystore2/src/rkpd_client.rs:102 - IGetRegistrationCallback failed: 'android.os.RemoteException: RKP is disabled. System configured with no default URL.'
02-27 02:18:38.699  1017   779   802 W keystore2: system/security/keystore2/src/remote_provisioning.rs:102 - Error occurred: system/security/keystore2/src/rkpd_client.rs:226: Trying to get to IRegistration service.
02-27 02:18:38.699  1017   779   802 W keystore2: 
02-27 02:18:38.699  1017   779   802 W keystore2: Caused by:
02-27 02:18:38.699  1017   779   802 W keystore2:     0: system/security/keystore2/src/rkpd_client.rs:105: GetRegistrationCallback failed: "android.os.RemoteException: RKP is disabled. System configured with no default URL."
02-27 02:18:38.699  1017   779   802 W keystore2:     1: Error::Rc(r#OUT_OF_KEYS_TRANSIENT_ERROR)
02-27 02:18:38.704  1000   734   741 D DrmLibTime: got the req here! ret=0
02-27 02:18:38.704  1000   734   741 D DrmLibTime: command id, time_cmd_id = 770
02-27 02:18:38.704  1000   734   741 D DrmLibTime: time_getutcsec starts!
02-27 02:18:38.704  1000   734   741 D DrmLibTime: QSEE Time Listener: time_getutcsec
02-27 02:18:38.704  1000   734   741 D DrmLibTime: QSEE Time Listener: get_utc_seconds
02-27 02:18:38.704  1000   734   741 D DrmLibTime: QSEE Time Listener: time_get_modem_time
02-27 02:18:38.704  1000   734   741 D DrmLibTime: QSEE Time Listener: Checking if ATS_MODEM is set or not.
02-27 02:18:38.704  1000   734   741 D QC-time-services: Lib:time_genoff_operation: pargs->base = 13
02-27 02:18:38.704  1000   734   741 D QC-time-services: Lib:time_genoff_operation: pargs->operation = 2
02-27 02:18:38.704  1000   734   741 D QC-time-services: Lib:time_genoff_operation: pargs->ts_val = 0
02-27 02:18:38.704  1000   734   741 D QC-time-services: Lib:time_genoff_operation: Send to server  passed!!
02-27 02:18:38.704  1000   985   995 D QC-time-services: Daemon: Connection accepted:time_genoff
02-27 02:18:38.705  1000   985  6558 D QC-time-services: Daemon:Received base = 13, unit = 1, operation = 2,value = 0
02-27 02:18:38.705  1000   985  6558 D QC-time-services: Daemon:genoff_opr: Base = 13, val = 0, operation = 2
02-27 02:18:38.705  1000   985  6558 D QC-time-services: offset is: 0 for base: 13
02-27 02:18:38.705  1000   734   741 E QC-time-services: Receive Passed == base = 13, unit = 1, operation = 2, result = 0
02-27 02:18:38.705  1000   734   741 D DrmLibTime: QSEE Time Listener: ATS_MODEM is not set. Fallback to Android system time.
02-27 02:18:38.705  1000   734   741 D DrmLibTime: QSEE Time Listener: Retrieved Android system time: 1709000318
02-27 02:18:38.705  1000   734   741 D DrmLibTime: time_getutcsec returns 0, sec = 1709000318; nsec = 0
02-27 02:18:38.705  1000   734   741 D DrmLibTime: time_getutcsec finished! 
02-27 02:18:38.705  1000   734   741 D DrmLibTime: iotcl_continue_command finished! and return 0 
02-27 02:18:38.705  1000   734   741 D DrmLibTime: before calling ioctl to read the next time_cmd
02-27 02:18:38.706  1000   985   995 E QC-time-services: Daemon: Time-services: Waiting to acceptconnection
02-27 02:18:38.752  1000   748   748 E KeymasterUtils: rsp_header->status: -66
02-27 02:18:38.752  1000   748   748 E KeyMasterHalDevice: keymint_generate_key
02-27 02:18:38.752  1000   748   748 E KeyMasterHalDevice: ret: -66
02-27 02:18:38.752  1017   779   802 E keystore2: system/security/keystore2/src/error.rs:180 - system/security/keystore2/src/security_level.rs:622
02-27 02:18:38.752  1017   779   802 E keystore2: 
02-27 02:18:38.752  1017   779   802 E keystore2: Caused by:
02-27 02:18:38.752  1017   779   802 E keystore2:     0: system/security/keystore2/src/security_level.rs:620: While generating Key without explicit attestation key.
02-27 02:18:38.752  1017   779   802 E keystore2:     1: Error::Km(r#CANNOT_ATTEST_IDS)
