02-27 02:18:33.788 10088  6377  6412 I CtsTestRunListener: Test lacks permission to disable keyguard. UI based tests may fail if keyguard is up
02-27 02:18:33.789 10088  6377  6412 D CtsTestRunListener: Total memory  : 134217728
02-27 02:18:33.789 10088  6377  6412 D CtsTestRunListener: Used memory   : 45949992
02-27 02:18:33.789 10088  6377  6412 D CtsTestRunListener: Free memory   : 88267736
02-27 02:18:33.789 10088  6377  6412 D CtsTestRunListener: java.io.tmpdir is:/data/user/0/android.keystore.cts/cache
02-27 02:18:33.789 10088  6377  6412 D CtsTestRunListener: About to .exec df
02-27 02:18:33.793 10088  6377  6412 D CtsTestRunListener: .exec returned
02-27 02:18:33.793 10088  6377  6412 D CtsTestRunListener: Stream reader created
02-27 02:18:33.817 10088  6414  6414 I auditd  : type=1400 audit(0.0:745): avc:  denied  { getattr } for  comm="df" path="/mnt/vendor/persist" dev="sda2" ino=2 scontext=u:r:untrusted_app:s0:c88,c256,c512,c768 tcontext=u:object_r:vendor_firmware_file:s0 tclass=dir permissive=0 app=android.keystore.cts
02-27 02:18:33.817 10088  6414  6414 W df      : type=1400 audit(0.0:745): avc:  denied  { getattr } for  path="/mnt/vendor/persist" dev="sda2" ino=2 scontext=u:r:untrusted_app:s0:c88,c256,c512,c768 tcontext=u:object_r:vendor_firmware_file:s0 tclass=dir permissive=0 app=android.keystore.cts
02-27 02:18:33.817 10088  6414  6414 I auditd  : type=1400 audit(0.0:746): avc:  denied  { getattr } for  comm="df" path="/metadata" dev="sda13" ino=3 scontext=u:r:untrusted_app:s0:c88,c256,c512,c768 tcontext=u:object_r:metadata_file:s0 tclass=dir permissive=0 app=android.keystore.cts
02-27 02:18:33.817 10088  6414  6414 W df      : type=1400 audit(0.0:746): avc:  denied  { getattr } for  path="/metadata" dev="sda13" ino=3 scontext=u:r:untrusted_app:s0:c88,c256,c512,c768 tcontext=u:object_r:metadata_file:s0 tclass=dir permissive=0 app=android.keystore.cts
02-27 02:18:33.817 10088  6414  6414 I auditd  : type=1400 audit(0.0:747): avc:  denied  { getattr } for  comm="df" path="/vendor/firmware_mnt" dev="sde4" ino=1 scontext=u:r:untrusted_app:s0:c88,c256,c512,c768 tcontext=u:object_r:firmware_file:s0 tclass=dir permissive=0 app=android.keystore.cts
02-27 02:18:33.817 10088  6414  6414 W df      : type=1400 audit(0.0:747): avc:  denied  { getattr } for  path="/vendor/firmware_mnt" dev="sde4" ino=1 scontext=u:r:untrusted_app:s0:c88,c256,c512,c768 tcontext=u:object_r:firmware_file:s0 tclass=dir permissive=0 app=android.keystore.cts
02-27 02:18:33.817 10088  6414  6414 I auditd  : type=1400 audit(0.0:748): avc:  denied  { getattr } for  comm="df" name="/" dev="sde4" ino=1 scontext=u:r:untrusted_app:s0:c88,c256,c512,c768 tcontext=u:object_r:firmware_file:s0 tclass=filesystem permissive=0 app=android.keystore.cts
02-27 02:18:33.817 10088  6414  6414 W df      : type=1400 audit(0.0:748): avc:  denied  { getattr } for  name="/" dev="sde4" ino=1 scontext=u:r:untrusted_app:s0:c88,c256,c512,c768 tcontext=u:object_r:firmware_file:s0 tclass=filesystem permissive=0 app=android.keystore.cts
02-27 02:18:33.817 10088  6414  6414 I auditd  : type=1400 audit(0.0:749): avc:  denied  { getattr } for  comm="df" path="/vendor/dsp" dev="sde9" ino=2 scontext=u:r:untrusted_app:s0:c88,c256,c512,c768 tcontext=u:object_r:adsprpcd_file:s0 tclass=dir permissive=0 app=android.keystore.cts
02-27 02:18:33.817 10088  6414  6414 W df      : type=1400 audit(0.0:749): avc:  denied  { getattr } for  path="/vendor/dsp" dev="sde9" ino=2 scontext=u:r:untrusted_app:s0:c88,c256,c512,c768 tcontext=u:object_r:adsprpcd_file:s0 tclass=dir permissive=0 app=android.keystore.cts
02-27 02:18:33.821 10088  6377  6412 D CtsTestRunListener: Filesystem       1K-blocks    Used Available Use% Mounted on
02-27 02:18:33.821 10088  6377  6412 D CtsTestRunListener: /dev/block/dm-50  36452684 1415992  34905620   4% /data/data/android.keystore.cts
02-27 02:18:33.821 10088  6377  6412 D CtsTestRunListener: In finally
02-27 02:18:33.821 10088  6377  6412 D CtsTestRunListener: Now executing : android.keystore.cts.DeviceOwnerKeyManagementTest
02-27 02:18:33.826 10088  6377  6412 D CtsTestRunListener: Total memory  : 134217728
02-27 02:18:33.826 10088  6377  6412 D CtsTestRunListener: Used memory   : 46019816
02-27 02:18:33.826 10088  6377  6412 D CtsTestRunListener: Free memory   : 88197912
02-27 02:18:33.827 10088  6377  6412 D CtsTestRunListener: java.io.tmpdir is:/data/user/0/android.keystore.cts/cache
02-27 02:18:33.827 10088  6377  6412 D CtsTestRunListener: About to .exec df
02-27 02:18:33.829 10088  6377  6412 D CtsTestRunListener: .exec returned
02-27 02:18:33.829 10088  6377  6412 D CtsTestRunListener: Stream reader created
02-27 02:18:33.856 10088  6377  6412 D CtsTestRunListener: Filesystem       1K-blocks    Used Available Use% Mounted on
02-27 02:18:33.856 10088  6377  6412 D CtsTestRunListener: /dev/block/dm-50  36452684 1415992  34905620   4% /data/data/android.keystore.cts
02-27 02:18:33.857 10088  6377  6412 D CtsTestRunListener: In finally
02-27 02:18:33.858 10088  6377  6412 D CtsTestRunListener: Now executing : android.keystore.cts.KeyAttestationTest
02-27 02:18:33.868  1000  1855  3445 I ActivityManager: Force stopping android.keystore.cts appid=10088 user=0: finished inst
02-27 02:18:33.868  1000  1855  3445 E ActivityManager: Unable to freeze binder for 6377: -11
02-27 02:18:33.871 shell  6362  6362 I app_process: System.exit called, status: 0
02-27 02:18:33.871 shell  6362  6362 I AndroidRuntime: VM exiting with result code 0.
02-27 02:18:33.875 10063  3140  3324 D MediaGrants: Removed 0 media_grants for 0 user for android.keystore.cts. Reason: Mode changed: android:read_external_storage
02-27 02:18:33.877  1000  1855  3445 I am_uid_stopped: 10088
02-27 02:18:33.879  1000  1855  3445 I ActivityManager: Killing 6377:android.keystore.cts/u0a88 (adj 0): stop android.keystore.cts due to finished inst
02-27 02:18:33.879  1000  1855  1917 D DisplayManagerService: Drop pending events for gone uid 10088
02-27 02:18:33.879  1000  1855  3445 I am_kill : [0,6377,android.keystore.cts,0,stop android.keystore.cts due to finished inst]
02-27 02:18:33.914  1000  1855  3445 V ActivityManager: Got obituary of 6377:android.keystore.cts
02-27 02:18:33.915  root  1013  1013 I Zygote  : Process 6377 exited due to signal 9 (Killed)
02-27 02:18:34.027 shell  6419  6419 D AndroidRuntime: >>>>>> START com.android.internal.os.RuntimeInit uid 2000 <<<<<<
02-27 02:18:34.032 shell  6419  6419 I AndroidRuntime: Using default boot image
02-27 02:18:34.032 shell  6419  6419 I AndroidRuntime: Leaving lock profiling enabled
02-27 02:18:34.036 shell  6419  6419 I app_process: Using CollectorTypeCC GC.
02-27 02:18:34.128 shell  6419  6419 D nativeloader: InitDefaultPublicLibraries for_preload=1: libandroid.so:libaaudio.so:libamidi.so:libbinder_ndk.so:libc.so:libcamera2ndk.so:libdl.so:libEGL.so:libGLESv1_CM.so:libGLESv2.so:libGLESv3.so:libicu.so:libicui18n.so:libicuuc.so:libjnigraphics.so:liblog.so:libmediandk.so:libm.so:libnativehelper.so:libnativewindow.so:libOpenMAXAL.so:libOpenSLES.so:libRS.so:libstdc++.so:libsync.so:libvulkan.so:libwebviewchromium_plat_support.so:libz.so
02-27 02:18:34.142 shell  6419  6419 D app_process: Time zone APEX ICU file found: /apex/com.android.tzdata/etc/icu/icu_tzdata.dat
02-27 02:18:34.142 shell  6419  6419 D app_process: I18n APEX ICU file found: /apex/com.android.i18n/etc/icu/icudt72l.dat
02-27 02:18:34.175 shell  6419  6419 W libc    : Access denied finding property "ro.product.name_for_attestation"
02-27 02:18:34.175 shell  6419  6419 W libc    : Access denied finding property "ro.product.device_for_attestation"
02-27 02:18:34.175 shell  6419  6419 W libc    : Access denied finding property "ro.product.manufacturer_for_attestation"
02-27 02:18:34.175 shell  6419  6419 W libc    : Access denied finding property "ro.product.brand_for_attestation"
02-27 02:18:34.175 shell  6419  6419 W libc    : Access denied finding property "ro.product.model_for_attestation"
02-27 02:18:34.177 shell  6419  6419 D AndroidRuntime: Calling main entry com.android.commands.am.Am
02-27 02:18:34.185 shell  6419  6419 D UiAutomationConnection: Created on user UserHandle{0}
02-27 02:18:34.187  1000  1855  3445 I ActivityManager: Force stopping android.keystore.cts appid=10088 user=0: start instr
02-27 02:18:34.188  1000  1855  3445 I am_uid_running: 10088
02-27 02:18:34.188  1000  1855  3445 D CompatibilityChangeReporter: Compat change id reported: 135634846; UID 10088; state: DISABLED
02-27 02:18:34.188  1000  1855  3445 D CompatibilityChangeReporter: Compat change id reported: 177438394; UID 10088; state: DISABLED
02-27 02:18:34.189  1000  1855  3445 D CompatibilityChangeReporter: Compat change id reported: 135772972; UID 10088; state: DISABLED
02-27 02:18:34.189  1000  1855  3445 D CompatibilityChangeReporter: Compat change id reported: 135754954; UID 10088; state: ENABLED
02-27 02:18:34.189  1000  1855  1927 D CompatibilityChangeReporter: Compat change id reported: 143937733; UID 10088; state: ENABLED
02-27 02:18:34.193 10063  3140  3324 D MediaGrants: Removed 0 media_grants for 0 user for android.keystore.cts. Reason: Mode changed: android:read_external_storage
02-27 02:18:34.198  root  1013  1013 D Zygote  : Forked child process 6434
02-27 02:18:34.199  1000  1855  1927 I am_proc_start: [0,6434,10088,android.keystore.cts,added application,android.keystore.cts]
02-27 02:18:34.199  1000  1855  1927 I ActivityManager: Start proc 6434:android.keystore.cts/u0a88 for added application android.keystore.cts
02-27 02:18:34.207 10088  6434  6434 I id.keystore.cts: Using CollectorTypeCC GC.
02-27 02:18:34.212 10088  6434  6434 E id.keystore.cts: Not starting debugger since process cannot load the jdwp agent.
02-27 02:18:34.220  1000  1855  3445 I am_proc_bound: [0,6434,android.keystore.cts]
02-27 02:18:34.222  1000  1855  3445 I am_uid_active: 10088
02-27 02:18:34.227 10088  6434  6434 D CompatibilityChangeReporter: Compat change id reported: 171979766; UID 10088; state: ENABLED
02-27 02:18:34.227 10088  6434  6434 D CompatibilityChangeReporter: Compat change id reported: 242716250; UID 10088; state: ENABLED
02-27 02:18:34.231 10088  6434  6434 D ApplicationLoaders: Returning zygote-cached class loader: /system/framework/android.test.base.jar
02-27 02:18:34.233 10088  6434  6434 D nativeloader: Configuring clns-6 for other apk /system/framework/android.test.mock.jar. target_sdk_version=34, uses_libraries=ALL, library_path=/data/app/~~V2uKXmZn_EUSQaSGks5rXA==/android.keystore.cts-HRfXH04WMJOQA3icn8z1yA==/lib/arm64:/data/app/~~V2uKXmZn_EUSQaSGks5rXA==/android.keystore.cts-HRfXH04WMJOQA3icn8z1yA==/base.apk!/lib/arm64-v8a, permitted_path=/data:/mnt/expand:/data/user/0/android.keystore.cts
02-27 02:18:34.235 10088  6434  6434 D nativeloader: Configuring clns-7 for other apk /system/framework/android.test.runner.jar. target_sdk_version=34, uses_libraries=ALL, library_path=/data/app/~~V2uKXmZn_EUSQaSGks5rXA==/android.keystore.cts-HRfXH04WMJOQA3icn8z1yA==/lib/arm64:/data/app/~~V2uKXmZn_EUSQaSGks5rXA==/android.keystore.cts-HRfXH04WMJOQA3icn8z1yA==/base.apk!/lib/arm64-v8a, permitted_path=/data:/mnt/expand:/data/user/0/android.keystore.cts
02-27 02:18:34.235 10088  6434  6434 D ApplicationLoaders: Returning zygote-cached class loader: /system/framework/android.test.base.jar
02-27 02:18:34.237 10088  6434  6434 D nativeloader: Configuring clns-8 for other apk /data/app/~~V2uKXmZn_EUSQaSGks5rXA==/android.keystore.cts-HRfXH04WMJOQA3icn8z1yA==/base.apk. target_sdk_version=34, uses_libraries=, library_path=/data/app/~~V2uKXmZn_EUSQaSGks5rXA==/android.keystore.cts-HRfXH04WMJOQA3icn8z1yA==/lib/arm64:/data/app/~~V2uKXmZn_EUSQaSGks5rXA==/android.keystore.cts-HRfXH04WMJOQA3icn8z1yA==/base.apk!/lib/arm64-v8a, permitted_path=/data:/mnt/expand:/data/user/0/android.keystore.cts
02-27 02:18:34.243 10088  6434  6434 V GraphicsEnvironment: Currently set values for:
02-27 02:18:34.243 10088  6434  6434 V GraphicsEnvironment:   angle_gl_driver_selection_pkgs=[]
02-27 02:18:34.243 10088  6434  6434 V GraphicsEnvironment:   angle_gl_driver_selection_values=[]
02-27 02:18:34.245 10088  6434  6434 V GraphicsEnvironment: ANGLE GameManagerService for android.keystore.cts: false
02-27 02:18:34.245 10088  6434  6434 V GraphicsEnvironment: android.keystore.cts is not listed in per-application setting
02-27 02:18:34.246 10088  6434  6434 V GraphicsEnvironment: Neither updatable production driver nor prerelease driver is supported.
02-27 02:18:34.253 10088  6434  6434 I MonitoringInstr: newApplication called!
02-27 02:18:34.254 10088  6434  6434 I MonitoringInstr: Instrumentation started!
02-27 02:18:34.255 10088  6434  6434 D AndroidJUnitRunner: Use the test storage service for managing file I/O.
02-27 02:18:34.268 10089  6394  6408 I AbstractFileContentProvider: file '/storage/emulated/0/googletest/test_runfiles/data/local/tmp/ajur/excludes.txt': found
02-27 02:18:34.292 10088  6434  6434 I AndroidJUnitRunner: onCreate Bundle[{notTestFile=/data/local/tmp/ajur/excludes.txt, log=false, debug=false, timeout_msec=3000000, useTestStorageService=true, newRunListenerMode=true, notAnnotation=android.platform.test.annotations.AsbSecurityTest,android.platform.test.annotations.AppModeInstant,android.platform.test.annotations.RestrictedBuildTest,com.android.compatibility.common.util.CtsDownstreamingTest}]
02-27 02:18:34.293 10088  6434  6434 V TestEventClient: No service name argument was given (testDiscoveryService, testRunEventService or orchestratorService)
02-27 02:18:34.294  1000  1855  3445 I ActivityManager: Flag disabled. Ignoring finishAttachApplication from uid: 10088. pid: 6434
02-27 02:18:34.294 10088  6434  6451 D AndroidJUnitRunner: onStart is called.
02-27 02:18:34.296 10088  6434  6434 I MonitoringInstr: No JSBridge.
02-27 02:18:34.303 10088  6434  6451 I InstrConnection: Could not send broadcast or register receiver (isolatedProcess?)
02-27 02:18:34.320 10088  6434  6451 D TestRequestBuilder: Using class path scanning to discover tests
02-27 02:18:34.321 10088  6434  6451 I TestRequestBuilder: Scanning classpath to find tests in paths [/data/app/~~V2uKXmZn_EUSQaSGks5rXA==/android.keystore.cts-HRfXH04WMJOQA3icn8z1yA==/base.apk]
02-27 02:18:34.322 10088  6434  6451 W id.keystore.cts: Opening an oat file without a class loader. Are you using the deprecated DexFile APIs?
02-27 02:18:34.803 10088  6434  6451 D CompatibilityChangeReporter: Compat change id reported: 247079863; UID 10088; state: ENABLED
02-27 02:18:34.930  artd  5867  5867 I AidlLazyServiceRegistrar: Process has 0 (of 1 available) client(s) in use after notification artd has clients: 0
02-27 02:18:34.930  artd  5867  5867 I AidlLazyServiceRegistrar: Trying to shut down the service. No clients in use for any service in process.
02-27 02:18:34.931  artd  5867  5867 I AidlLazyServiceRegistrar: Unregistered all clients and exiting
02-27 02:18:35.541 10088  6434  6451 D TestExecutor: Adding listener com.android.cts.runner.CtsTestRunListener
02-27 02:18:35.541 10088  6434  6451 D TestExecutor: Adding listener androidx.test.internal.runner.listener.LogRunListener
02-27 02:18:35.541 10088  6434  6451 D TestExecutor: Adding listener androidx.test.internal.runner.listener.InstrumentationResultPrinter
02-27 02:18:35.541 10088  6434  6451 D TestExecutor: Adding listener androidx.test.internal.runner.listener.ActivityFinisherRunListener
02-27 02:18:35.541 10088  6434  6451 D TestExecutor: Adding listener androidx.test.internal.runner.listener.TraceRunListener
02-27 02:18:35.603 10088  6434  6451 I CtsTestRunListener: Test lacks permission to disable keyguard. UI based tests may fail if keyguard is up
02-27 02:18:35.603 10088  6434  6451 I TestRunner: run started: 3 tests
02-27 02:18:35.679 10088  6434  6451 I UiAutomation: Initialized for user 0 on display 0
02-27 02:18:35.683  1000  1855  3445 D AccessibilityManagerService: changeCurrentUserForTestAutomationIfNeededLocked(0): ignoring because device doesn't support visible background users
02-27 02:18:35.683  1000  1855  3445 I UiAutomationManager: Registering UiTestAutomationService (id=com.android.server.accessibility/UiAutomation) when called by user 0
02-27 02:18:35.691  1000  1855  3445 W WindowMagnificationMgr: requestConnection duplicated request: connect=false, mConnectionState=DISCONNECTED
02-27 02:18:35.704 10088  6434  6451 D DeviceState: Preparing state for suite android.keystore.cts.DeviceOwnerKeyManagementTest
02-27 02:18:35.706 10088  6434  6451 E Versions: meetsSdkVersionRequirements(33,-1): true (Current: REL, sdk: 34)
02-27 02:18:35.713  1000  1855  1855 D BatterySaverPolicy: accessibility changed to true, updating policy.
02-27 02:18:35.713 10088  6434  6451 E Versions: meetsSdkVersionRequirements(31,-1): true (Current: REL, sdk: 34)
02-27 02:18:35.735 10088  6434  6451 I System.out: JNI not loaded
02-27 02:18:35.811  1000  1855  1904 W WindowMagnificationMgr: requestConnection duplicated request: connect=false, mConnectionState=DISCONNECTED
02-27 02:18:35.824 10088  6434  6451 E Versions: meetsSdkVersionRequirements(31,-1): true (Current: REL, sdk: 34)
02-27 02:18:35.827  1000  1855  3416 D SafetySourceDataValidator: No cert check requested for package com.android.permissioncontroller
02-27 02:18:35.828 10088  6434  6451 E Versions: meetsSdkVersionRequirements(31,-1): true (Current: REL, sdk: 34)
02-27 02:18:35.831 10088  6434  6451 E Versions: meetsSdkVersionRequirements(31,-1): true (Current: REL, sdk: 34)
02-27 02:18:35.832 10088  6434  6451 E Versions: meetsSdkVersionRequirements(31,-1): true (Current: REL, sdk: 34)
02-27 02:18:35.833 10088  6434  6451 E Versions: meetsSdkVersionRequirements(31,-1): true (Current: REL, sdk: 34)
02-27 02:18:35.834 10088  6434  6451 D Permissions: Applying permissions granting: [android.permission.WRITE_SECURE_SETTINGS] denying: []
02-27 02:18:35.834 10088  6434  6451 D Permissions: Trying to grant android.permission.WRITE_SECURE_SETTINGS
02-27 02:18:35.834 10088  6434  6451 D Permissions: Adopting [android.permission.WRITE_SECURE_SETTINGS]
02-27 02:18:35.836 10088  6434  6451 E Versions: meetsSdkVersionRequirements(31,-1): true (Current: REL, sdk: 34)
02-27 02:18:35.836 10088  6434  6451 E Versions: meetsSdkVersionRequirements(31,-1): true (Current: REL, sdk: 34)
02-27 02:18:35.840  1000  1855  1944 V DisplayPowerController2[0]: Brightness [0.39763778] reason changing to: 'manual', previous reason: 'manual [ dim ]'.
02-27 02:18:35.841  1000  1855  1944 I DisplayPowerController2[0]: BrightnessEvent: disp=0, physDisp=local:4630947252063890817, brt=0.39763778, initBrt=0.05, rcmdBrt=NaN, preBrt=NaN, lux=0.0, preLux=0.0, hbmMax=1.0, hbmMode=off, rbcStrength=0, thrmMax=1.0, powerFactor=1.0, wasShortTermModelActive=false, flags=, reason=manual, autoBrightness=false, strategy=InvalidBrightnessStrategy
02-27 02:18:35.842  1000  1855  1944 I sysui_multi_action: [757,1696,758,6,759,3]
02-27 02:18:35.905  1000  1855  1990 I commit_sys_config_file: [settings-2-0,13]
02-27 02:18:35.953 shell  6466  6466 D AndroidRuntime: >>>>>> START com.android.internal.os.RuntimeInit uid 2000 <<<<<<
02-27 02:18:35.958 shell  6466  6466 I AndroidRuntime: Using default boot image
02-27 02:18:35.958 shell  6466  6466 I AndroidRuntime: Leaving lock profiling enabled
02-27 02:18:35.961 shell  6466  6466 I app_process: Using CollectorTypeCC GC.
02-27 02:18:36.045  1000  1855  1990 I commit_sys_config_file: [settings-1-0,9]
02-27 02:18:36.055 shell  6466  6466 D nativeloader: InitDefaultPublicLibraries for_preload=1: libandroid.so:libaaudio.so:libamidi.so:libbinder_ndk.so:libc.so:libcamera2ndk.so:libdl.so:libEGL.so:libGLESv1_CM.so:libGLESv2.so:libGLESv3.so:libicu.so:libicui18n.so:libicuuc.so:libjnigraphics.so:liblog.so:libmediandk.so:libm.so:libnativehelper.so:libnativewindow.so:libOpenMAXAL.so:libOpenSLES.so:libRS.so:libstdc++.so:libsync.so:libvulkan.so:libwebviewchromium_plat_support.so:libz.so
02-27 02:18:36.067 shell  6466  6466 D app_process: Time zone APEX ICU file found: /apex/com.android.tzdata/etc/icu/icu_tzdata.dat
02-27 02:18:36.067 shell  6466  6466 D app_process: I18n APEX ICU file found: /apex/com.android.i18n/etc/icu/icudt72l.dat
02-27 02:18:36.105 shell  6466  6466 W libc    : Access denied finding property "ro.product.name_for_attestation"
02-27 02:18:36.105 shell  6466  6466 W libc    : Access denied finding property "ro.product.device_for_attestation"
02-27 02:18:36.105 shell  6466  6466 W libc    : Access denied finding property "ro.product.manufacturer_for_attestation"
02-27 02:18:36.101 shell  6466  6466 I auditd  : type=1400 audit(0.0:786): avc:  denied  { read } for  comm="main" name="u:object_r:build_attestation_prop:s0" dev="tmpfs" ino=113 scontext=u:r:shell:s0 tcontext=u:object_r:build_attestation_prop:s0 tclass=file permissive=0
02-27 02:18:36.101 shell  6466  6466 W main    : type=1400 audit(0.0:786): avc:  denied  { read } for  name="u:object_r:build_attestation_prop:s0" dev="tmpfs" ino=113 scontext=u:r:shell:s0 tcontext=u:object_r:build_attestation_prop:s0 tclass=file permissive=0
02-27 02:18:36.106 shell  6466  6466 W libc    : Access denied finding property "ro.product.model_for_attestation"
02-27 02:18:36.101 shell  6466  6466 I auditd  : type=1400 audit(0.0:787): avc:  denied  { read } for  comm="main" name="u:object_r:build_attestation_prop:s0" dev="tmpfs" ino=113 scontext=u:r:shell:s0 tcontext=u:object_r:build_attestation_prop:s0 tclass=file permissive=0
02-27 02:18:36.101 shell  6466  6466 W main    : type=1400 audit(0.0:787): avc:  denied  { read } for  name="u:object_r:build_attestation_prop:s0" dev="tmpfs" ino=113 scontext=u:r:shell:s0 tcontext=u:object_r:build_attestation_prop:s0 tclass=file permissive=0
02-27 02:18:36.101 shell  6466  6466 I auditd  : type=1400 audit(0.0:788): avc:  denied  { read } for  comm="main" name="u:object_r:build_attestation_prop:s0" dev="tmpfs" ino=113 scontext=u:r:shell:s0 tcontext=u:object_r:build_attestation_prop:s0 tclass=file permissive=0
02-27 02:18:36.101 shell  6466  6466 W main    : type=1400 audit(0.0:788): avc:  denied  { read } for  name="u:object_r:build_attestation_prop:s0" dev="tmpfs" ino=113 scontext=u:r:shell:s0 tcontext=u:object_r:build_attestation_prop:s0 tclass=file permissive=0
02-27 02:18:36.101 shell  6466  6466 I auditd  : type=1400 audit(0.0:789): avc:  denied  { read } for  comm="main" name="u:object_r:build_attestation_prop:s0" dev="tmpfs" ino=113 scontext=u:r:shell:s0 tcontext=u:object_r:build_attestation_prop:s0 tclass=file permissive=0
02-27 02:18:36.101 shell  6466  6466 W main    : type=1400 audit(0.0:789): avc:  denied  { read } for  name="u:object_r:build_attestation_prop:s0" dev="tmpfs" ino=113 scontext=u:r:shell:s0 tcontext=u:object_r:build_attestation_prop:s0 tclass=file permissive=0
02-27 02:18:36.101 shell  6466  6466 I auditd  : type=1400 audit(0.0:790): avc:  denied  { read } for  comm="main" name="u:object_r:build_attestation_prop:s0" dev="tmpfs" ino=113 scontext=u:r:shell:s0 tcontext=u:object_r:build_attestation_prop:s0 tclass=file permissive=0
02-27 02:18:36.101 shell  6466  6466 W main    : type=1400 audit(0.0:790): avc:  denied  { read } for  name="u:object_r:build_attestation_prop:s0" dev="tmpfs" ino=113 scontext=u:r:shell:s0 tcontext=u:object_r:build_attestation_prop:s0 tclass=file permissive=0
02-27 02:18:36.107 shell  6466  6466 D AndroidRuntime: Calling main entry com.android.commands.svc.Svc
02-27 02:18:36.113 shell  6466  6466 D AndroidRuntime: Shutting down VM
02-27 02:18:36.329  1000  1855  1990 I commit_sys_config_file: [settings-0-0,14]
02-27 02:18:36.954 10088  6434  6451 E Versions: meetsSdkVersionRequirements(31,-1): true (Current: REL, sdk: 34)
02-27 02:18:37.021 10088  6434  6451 E Versions: meetsSdkVersionRequirements(33,-1): true (Current: REL, sdk: 34)
02-27 02:18:37.021 10088  6434  6451 E Versions: meetsSdkVersionRequirements(33,-1): true (Current: REL, sdk: 34)
02-27 02:18:37.021 10088  6434  6451 E Versions: meetsSdkVersionRequirements(31,-1): true (Current: REL, sdk: 34)
02-27 02:18:37.066 10088  6434  6451 E Versions: meetsSdkVersionRequirements(31,-1): true (Current: REL, sdk: 34)
02-27 02:18:37.069 10088  6434  6451 D Permissions: Applying permissions granting: [android.permission.DISABLE_KEYGUARD] denying: []
02-27 02:18:37.069 10088  6434  6451 D Permissions: Trying to grant android.permission.DISABLE_KEYGUARD
02-27 02:18:37.069 10088  6434  6451 D Permissions: Adopting [android.permission.DISABLE_KEYGUARD]
02-27 02:18:37.074 10088  6434  6451 E Versions: meetsSdkVersionRequirements(31,-1): true (Current: REL, sdk: 34)
02-27 02:18:37.076 10088  6434  6451 E Versions: meetsSdkVersionRequirements(32,-1): true (Current: REL, sdk: 34)
02-27 02:18:37.076 10088  6434  6451 E Versions: meetsSdkVersionRequirements(31,-1): true (Current: REL, sdk: 34)
02-27 02:18:37.080 10088  6434  6451 D Permissions: Applying permissions granting: [android.permission.INTERACT_ACROSS_USERS] denying: []
02-27 02:18:37.080 10088  6434  6451 D Permissions: Trying to grant android.permission.INTERACT_ACROSS_USERS
02-27 02:18:37.082 10088  6434  6451 D Permissions: Adopting [android.permission.INTERACT_ACROSS_USERS]
02-27 02:18:37.085  1000  1855  1904 I ActivityManager: setStopUserOnSwitch(): -1 -> 0
02-27 02:18:37.086 10088  6434  6451 E Versions: meetsSdkVersionRequirements(31,-1): true (Current: REL, sdk: 34)
02-27 02:18:37.089 10088  6434  6451 D DeviceState: Applying annotations: []
02-27 02:18:37.089 10088  6434  6451 E Versions: meetsSdkVersionRequirements(0,2147483647): true (Current: REL, sdk: 34)
02-27 02:18:37.089 10088  6434  6451 D DeviceState: Finished preparing state for suite android.keystore.cts.DeviceOwnerKeyManagementTest
02-27 02:18:37.090 10088  6434  6451 D CtsTestRunListener: Total memory  : 16246413
02-27 02:18:37.090 10088  6434  6451 D CtsTestRunListener: Used memory   : 8192840
02-27 02:18:37.090 10088  6434  6451 D CtsTestRunListener: Free memory   : 8053573
02-27 02:18:37.090 10088  6434  6451 D CtsTestRunListener: java.io.tmpdir is:/data/user/0/android.keystore.cts/cache
02-27 02:18:37.090 10088  6434  6451 D CtsTestRunListener: About to .exec df
02-27 02:18:37.093 10088  6434  6451 D CtsTestRunListener: .exec returned
02-27 02:18:37.094 10088  6434  6451 D CtsTestRunListener: Stream reader created
02-27 02:18:37.105 10088  6503  6503 I auditd  : type=1400 audit(0.0:791): avc:  denied  { getattr } for  comm="df" path="/mnt/vendor/persist" dev="sda2" ino=2 scontext=u:r:untrusted_app:s0:c88,c256,c512,c768 tcontext=u:object_r:vendor_firmware_file:s0 tclass=dir permissive=0 app=android.keystore.cts
02-27 02:18:37.105 10088  6503  6503 W df      : type=1400 audit(0.0:791): avc:  denied  { getattr } for  path="/mnt/vendor/persist" dev="sda2" ino=2 scontext=u:r:untrusted_app:s0:c88,c256,c512,c768 tcontext=u:object_r:vendor_firmware_file:s0 tclass=dir permissive=0 app=android.keystore.cts
02-27 02:18:37.105 10088  6503  6503 I auditd  : type=1400 audit(0.0:792): avc:  denied  { getattr } for  comm="df" path="/metadata" dev="sda13" ino=3 scontext=u:r:untrusted_app:s0:c88,c256,c512,c768 tcontext=u:object_r:metadata_file:s0 tclass=dir permissive=0 app=android.keystore.cts
02-27 02:18:37.105 10088  6503  6503 W df      : type=1400 audit(0.0:792): avc:  denied  { getattr } for  path="/metadata" dev="sda13" ino=3 scontext=u:r:untrusted_app:s0:c88,c256,c512,c768 tcontext=u:object_r:metadata_file:s0 tclass=dir permissive=0 app=android.keystore.cts
02-27 02:18:37.105 10088  6503  6503 I auditd  : type=1400 audit(0.0:793): avc:  denied  { getattr } for  comm="df" path="/vendor/firmware_mnt" dev="sde4" ino=1 scontext=u:r:untrusted_app:s0:c88,c256,c512,c768 tcontext=u:object_r:firmware_file:s0 tclass=dir permissive=0 app=android.keystore.cts
02-27 02:18:37.105 10088  6503  6503 W df      : type=1400 audit(0.0:793): avc:  denied  { getattr } for  path="/vendor/firmware_mnt" dev="sde4" ino=1 scontext=u:r:untrusted_app:s0:c88,c256,c512,c768 tcontext=u:object_r:firmware_file:s0 tclass=dir permissive=0 app=android.keystore.cts
02-27 02:18:37.105 10088  6503  6503 I auditd  : type=1400 audit(0.0:794): avc:  denied  { getattr } for  comm="df" name="/" dev="sde4" ino=1 scontext=u:r:untrusted_app:s0:c88,c256,c512,c768 tcontext=u:object_r:firmware_file:s0 tclass=filesystem permissive=0 app=android.keystore.cts
02-27 02:18:37.105 10088  6503  6503 W df      : type=1400 audit(0.0:794): avc:  denied  { getattr } for  name="/" dev="sde4" ino=1 scontext=u:r:untrusted_app:s0:c88,c256,c512,c768 tcontext=u:object_r:firmware_file:s0 tclass=filesystem permissive=0 app=android.keystore.cts
02-27 02:18:37.105 10088  6503  6503 I auditd  : type=1400 audit(0.0:795): avc:  denied  { getattr } for  comm="df" path="/vendor/dsp" dev="sde9" ino=2 scontext=u:r:untrusted_app:s0:c88,c256,c512,c768 tcontext=u:object_r:adsprpcd_file:s0 tclass=dir permissive=0 app=android.keystore.cts
02-27 02:18:37.105 10088  6503  6503 W df      : type=1400 audit(0.0:795): avc:  denied  { getattr } for  path="/vendor/dsp" dev="sde9" ino=2 scontext=u:r:untrusted_app:s0:c88,c256,c512,c768 tcontext=u:object_r:adsprpcd_file:s0 tclass=dir permissive=0 app=android.keystore.cts
02-27 02:18:37.112 10088  6434  6451 D CtsTestRunListener: Filesystem       1K-blocks    Used Available Use% Mounted on
02-27 02:18:37.112 10088  6434  6451 D CtsTestRunListener: /dev/block/dm-50  36452684 1415992  34905620   4% /data/data/android.keystore.cts
02-27 02:18:37.113 10088  6434  6451 D CtsTestRunListener: In finally
02-27 02:18:37.113 10088  6434  6451 D CtsTestRunListener: Now executing : android.keystore.cts.DeviceOwnerKeyManagementTest
02-27 02:18:37.114 10088  6434  6451 I TestRunner: started: testAllVariationsOfDeviceIdAttestation(android.keystore.cts.DeviceOwnerKeyManagementTest)
02-27 02:18:37.122 10088  6434  6454 D DeviceState: Preparing state for test testAllVariationsOfDeviceIdAttestation
02-27 02:18:37.123 10088  6434  6454 E Versions: meetsSdkVersionRequirements(31,-1): true (Current: REL, sdk: 34)
02-27 02:18:37.123 10088  6434  6454 E Versions: meetsSdkVersionRequirements(31,-1): true (Current: REL, sdk: 34)
02-27 02:18:37.128 10088  6434  6454 D Permissions: Applying permissions granting: [android.permission.INTERACT_ACROSS_USERS_FULL] denying: []
02-27 02:18:37.128 10088  6434  6454 D Permissions: Trying to grant android.permission.INTERACT_ACROSS_USERS_FULL
02-27 02:18:37.130 10088  6434  6454 D Permissions: Adopting [android.permission.INTERACT_ACROSS_USERS_FULL]
02-27 02:18:37.134 10088  6434  6454 D Users   : current(): finding 0
02-27 02:18:37.135 10088  6434  6454 E Versions: meetsSdkVersionRequirements(31,-1): true (Current: REL, sdk: 34)
02-27 02:18:37.140 10088  6434  6454 E Versions: meetsSdkVersionRequirements(31,-1): true (Current: REL, sdk: 34)
02-27 02:18:37.141 10088  6434  6454 E Versions: meetsSdkVersionRequirements(31,-1): true (Current: REL, sdk: 34)
02-27 02:18:37.145 10088  6434  6454 D Permissions: Applying permissions granting: [android.permission.MANAGE_ACTIVITY_TASKS] denying: []
02-27 02:18:37.145 10088  6434  6454 D Permissions: Trying to grant android.permission.MANAGE_ACTIVITY_TASKS
02-27 02:18:37.147 10088  6434  6454 D Permissions: Adopting [android.permission.MANAGE_ACTIVITY_TASKS]
02-27 02:18:37.153  1000  1855  1904 W ActivityTaskManager: No component for base intent of task: Task{5773ff1 #3 type=undefined}
02-27 02:18:37.154  1000  1855  1916 I sysui_multi_action: [757,803,799,window_time_0,802,32]
02-27 02:18:37.156  1000  1855  1904 W ActivityTaskManager: No component for base intent of task: Task{3820bae #4 type=undefined}
02-27 02:18:37.157  1000  1855  1916 I sysui_multi_action: [757,803,799,window_time_0,802,0]
02-27 02:18:37.159  1000  1855  1904 I wm_destroy_activity: [0,49751276,9,com.android.settings/.Settings,finish-imm:remove-root-task]
02-27 02:18:37.161  1000  1855  1904 I wm_destroy_activity: [0,261840327,9,com.android.settings/.SubSettings,finish-imm:remove-root-task]
02-27 02:18:37.163  1000  4419  4419 W WindowOnBackDispatcher: sendCancelIfRunning: isInProgress=falsecallback=android.app.Activity$$ExternalSyntheticLambda0@cddf3a0
02-27 02:18:37.164  1000  1855  1904 I wm_destroy_activity: [0,129121579,9,com.android.settings/.SubSettings,finish-imm:remove-root-task]
02-27 02:18:37.165  1000  1855  1916 I sysui_multi_action: [757,803,799,window_time_0,802,0]
02-27 02:18:37.166 10088  6434  6454 E Versions: meetsSdkVersionRequirements(31,-1): true (Current: REL, sdk: 34)
02-27 02:18:37.168  1000  1855  1919 I ActivityManager: Killing 4419:com.android.settings/1000 (adj 0): remove task
02-27 02:18:37.168  1000  1855  3416 D CoreBackPreview: Window{ca188f1 u0 com.android.settings/com.android.settings.Settings}: Setting back callback null
02-27 02:18:37.168  1000  1855  1919 I am_kill : [0,4419,com.android.settings,0,remove task]
02-27 02:18:37.170 10088  6434  6454 D DeviceState: Applying annotations: [@com.android.bedstead.harrier.annotations.RequireFeature(failureMode=SKIP, value=android.software.device_admin, weight=0), @com.android.bedstead.harrier.annotations.RequireFeature(failureMode=SKIP, value=android.software.device_id_attestation, weight=0), @java.lang.annotation.Retention(value=RUNTIME), @java.lang.annotation.Target(value=[METHOD, ANNOTATION_TYPE, TYPE]), @com.android.bedstead.harrier.annotations.RequireRunOnSystemUser(switchedToUser=ANY, weight=4999), @com.android.bedstead.harrier.annotations.meta.RequireRunOnUserAnnotation(value=[android.os.usertype.full.SYSTEM, android.os.usertype.system.HEADLESS]), @java.lang.annotation.Retention(value=RUNTIME), @java.lang.annotation.Target(value=[METHOD, TYPE]), @com.android.compatibility.common.util.ApiTest(apis=[android.app.admin.DevicePolicyManager#generateKeyPair, android.app.admin.DevicePolicyManager#ID_TYPE_IMEI, android.app.admin.DevicePolicyManager#ID_TYPE_MEID, android.app.admin.DevicePolicyManager#ID_TYPE_SERIAL]), @org.junit.Test(expected=class org.junit.Test$None, timeout=0)]
02-27 02:18:37.170 10088  6434  6454 V DeviceState: Applying annotation @com.android.bedstead.harrier.annotations.RequireFeature(failureMode=SKIP, value=android.software.device_admin, weight=0)
02-27 02:18:37.171  1000  1855  3478 E TaskPersister: File error accessing recents directory (directory doesn't exist?).
02-27 02:18:37.172 10088  6434  6454 V DeviceState: Applying annotation @com.android.bedstead.harrier.annotations.RequireFeature(failureMode=SKIP, value=android.software.device_id_attestation, weight=0)
02-27 02:18:37.172 10088  6434  6454 V DeviceState: Applying annotation @java.lang.annotation.Retention(value=RUNTIME)
02-27 02:18:37.172 10088  6434  6454 V DeviceState: Applying annotation @java.lang.annotation.Target(value=[METHOD, ANNOTATION_TYPE, TYPE])
02-27 02:18:37.172 10088  6434  6454 V DeviceState: Applying annotation @com.android.bedstead.harrier.annotations.RequireRunOnSystemUser(switchedToUser=ANY, weight=4999)
02-27 02:18:37.172 10088  6434  6454 E Versions: meetsSdkVersionRequirements(31,-1): true (Current: REL, sdk: 34)
02-27 02:18:37.172 10088  6434  6454 E Versions: meetsSdkVersionRequirements(31,-1): true (Current: REL, sdk: 34)
02-27 02:18:37.174 10088  6434  6454 D Permissions: Applying permissions granting: [android.permission.QUERY_USERS, android.permission.CREATE_USERS] denying: []
02-27 02:18:37.174 10088  6434  6454 D Permissions: Trying to grant android.permission.QUERY_USERS
02-27 02:18:37.174 10088  6434  6454 D Permissions: Trying to grant android.permission.CREATE_USERS
02-27 02:18:37.175 10088  6434  6454 D Permissions: Adopting [android.permission.QUERY_USERS, android.permission.CREATE_USERS]
02-27 02:18:37.175 10088  6434  6454 E Versions: meetsSdkVersionRequirements(31,-1): true (Current: REL, sdk: 34)
02-27 02:18:37.176  1000  1855  1928 I libprocessgroup: Successfully killed process cgroup uid 1000 pid 4419 in 4ms
02-27 02:18:37.205  1000  1855  3416 W libc    : Access denied finding property "persist.debug.user_mode_emulation"
02-27 02:18:37.209  1000  1855  3416 V UserSystemPackageInstaller: dumpPackageWhitelistProblems(): using mode d
02-27 02:18:37.227 10088  6434  6454 E Versions: meetsSdkVersionRequirements(31,-1): true (Current: REL, sdk: 34)
02-27 02:18:37.229 10088  6434  6454 E Versions: meetsSdkVersionRequirements(31,-1): true (Current: REL, sdk: 34)
02-27 02:18:37.231 10088  6434  6454 D Users   : isHeadlessSystemUserMode: false
02-27 02:18:37.232  1000  1855  3445 I am_proc_died: [0,4419,com.android.settings,0,10]
02-27 02:18:37.232  1000  1855  3445 W ActivityManager: Scheduling restart of crashed service com.android.settings/.SettingsDumpService in 210960ms for start-requested
02-27 02:18:37.233  1000  1855  3445 I am_schedule_service_restart: [0,com.android.settings/.SettingsDumpService,210960]
02-27 02:18:37.233  1000  1855  2507 I WindowManager: WIN DEATH: Window{ca188f1 u0 com.android.settings/com.android.settings.Settings}
02-27 02:18:37.233  1000  1855  2507 W InputManager-JNI: Input channel object 'ca188f1 com.android.settings/com.android.settings.Settings (client)' was disposed without first being removed with the input manager!
02-27 02:18:37.234 10088  6434  6454 E Versions: meetsSdkVersionRequirements(31,-1): true (Current: REL, sdk: 34)
02-27 02:18:37.243  1000  1855  2507 D TaskFragmentOrganizerController: Exception sending TaskFragmentTransaction
02-27 02:18:37.243  1000  1855  2507 D TaskFragmentOrganizerController: android.os.DeadObjectException
02-27 02:18:37.243  1000  1855  2507 D TaskFragmentOrganizerController: 	at android.os.BinderProxy.transactNative(Native Method)
02-27 02:18:37.243  1000  1855  2507 D TaskFragmentOrganizerController: 	at android.os.BinderProxy.transact(BinderProxy.java:584)
02-27 02:18:37.243  1000  1855  2507 D TaskFragmentOrganizerController: 	at android.window.ITaskFragmentOrganizer$Stub$Proxy.onTransactionReady(ITaskFragmentOrganizer.java:118)
02-27 02:18:37.243  1000  1855  2507 D TaskFragmentOrganizerController: 	at com.android.server.wm.TaskFragmentOrganizerController$TaskFragmentOrganizerState.dispatchTransaction(TaskFragmentOrganizerController.java:363)
02-27 02:18:37.243  1000  1855  2507 D TaskFragmentOrganizerController: 	at com.android.server.wm.TaskFragmentOrganizerController.dispatchPendingEvents(TaskFragmentOrganizerController.java:975)
02-27 02:18:37.243  1000  1855  2507 D TaskFragmentOrganizerController: 	at com.android.server.wm.TaskFragmentOrganizerController.dispatchPendingEvents(TaskFragmentOrganizerController.java:944)
02-27 02:18:37.243  1000  1855  2507 D TaskFragmentOrganizerController: 	at com.android.server.wm.RootWindowContainer.performSurfacePlacementNoTrace(RootWindowContainer.java:809)
02-27 02:18:37.243  1000  1855  2507 D TaskFragmentOrganizerController: 	at com.android.server.wm.RootWindowContainer.performSurfacePlacement(RootWindowContainer.java:756)
02-27 02:18:37.243  1000  1855  2507 D TaskFragmentOrganizerController: 	at com.android.server.wm.WindowSurfacePlacer.performSurfacePlacementLoop(WindowSurfacePlacer.java:177)
02-27 02:18:37.243  1000  1855  2507 D TaskFragmentOrganizerController: 	at com.android.server.wm.WindowSurfacePlacer.performSurfacePlacement(WindowSurfacePlacer.java:126)
02-27 02:18:37.243  1000  1855  2507 D TaskFragmentOrganizerController: 	at com.android.server.wm.WindowSurfacePlacer.performSurfacePlacement(WindowSurfacePlacer.java:115)
02-27 02:18:37.243  1000  1855  2507 D TaskFragmentOrganizerController: 	at com.android.server.wm.WindowManagerService.postWindowRemoveCleanupLocked(WindowManagerService.java:2035)
02-27 02:18:37.243  1000  1855  2507 D TaskFragmentOrganizerController: 	at com.android.server.wm.WindowState.removeImmediately(WindowState.java:2391)
02-27 02:18:37.243  1000  1855  2507 D TaskFragmentOrganizerController: 	at com.android.server.wm.WindowState.removeIfPossible(WindowState.java:2509)
02-27 02:18:37.243  1000  1855  2507 D TaskFragmentOrganizerController: 	at com.android.server.wm.WindowState$DeathRecipient.binderDied(WindowState.java:2929)
02-27 02:18:37.243  1000  1855  2507 D TaskFragmentOrganizerController: 	at android.os.IBinder$DeathRecipient.binderDied(IBinder.java:319)
02-27 02:18:37.243  1000  1855  2507 D TaskFragmentOrganizerController: 	at android.os.BinderProxy.sendDeathNotice(BinderProxy.java:704)
02-27 02:18:37.244  1000  1855  3824 W WindowManager: Cannot find window which accessibility connection is added to
02-27 02:18:37.245  1000  1855  2443 I WindowManager: WIN DEATH: Window{bc409a u0 com.android.settings/com.android.settings.SubSettings}
02-27 02:18:37.245  1000  1855  2443 W InputManager-JNI: Input channel object 'bc409a com.android.settings/com.android.settings.SubSettings (client)' was disposed without first being removed with the input manager!
02-27 02:18:37.246 10088  6434  6454 D Permissions: Applying permissions granting: [android.permission.CREATE_USERS] denying: []
02-27 02:18:37.247 10088  6434  6454 D Permissions: Trying to grant android.permission.CREATE_USERS
02-27 02:18:37.248  1000  1855  1905 I WindowManager: WIN DEATH: Window{7aa83f2 u0 com.android.settings/com.android.settings.SubSettings}
02-27 02:18:37.248 10088  6434  6454 D Permissions: Adopting [android.permission.CREATE_USERS]
02-27 02:18:37.248  root  1013  1013 I Zygote  : Process 4419 exited due to signal 9 (Killed)
02-27 02:18:37.248  1000  1855  1905 W InputManager-JNI: Input channel object '7aa83f2 com.android.settings/com.android.settings.SubSettings (client)' was disposed without first being removed with the input manager!
02-27 02:18:37.249 10088  6434  6454 E Versions: meetsSdkVersionRequirements(34,-1): true (Current: REL, sdk: 34)
02-27 02:18:37.250 10088  6434  6454 D Permissions: Applying permissions granting: [android.permission.QUERY_USERS, android.permission.CREATE_USERS] denying: []
02-27 02:18:37.250 10088  6434  6454 D Permissions: Trying to grant android.permission.QUERY_USERS
02-27 02:18:37.250 10088  6434  6454 D Permissions: Trying to grant android.permission.CREATE_USERS
02-27 02:18:37.250 10088  6434  6454 D Permissions: Adopting [android.permission.QUERY_USERS, android.permission.CREATE_USERS]
02-27 02:18:37.251 10088  6434  6454 E Versions: meetsSdkVersionRequirements(31,-1): true (Current: REL, sdk: 34)
02-27 02:18:37.251  1000  1855  2449 W ActivityTaskManager: Force remove immediately ActivityRecord{2f724ec u0 com.android.settings/.Settings t9 f}} state=DESTROYING
02-27 02:18:37.251 10088  6434  6454 E Versions: meetsSdkVersionRequirements(31,-1): true (Current: REL, sdk: 34)
02-27 02:18:37.251 10088  6434  6454 D Users   : isHeadlessSystemUserMode: false
02-27 02:18:37.251 10088  6434  6454 E Versions: meetsSdkVersionRequirements(31,-1): true (Current: REL, sdk: 34)
02-27 02:18:37.252 10088  6434  6454 D Permissions: Applying permissions granting: [android.permission.CREATE_USERS] denying: []
02-27 02:18:37.252 10088  6434  6454 D Permissions: Trying to grant android.permission.CREATE_USERS
02-27 02:18:37.252 10088  6434  6454 D Permissions: Adopting [android.permission.CREATE_USERS]
02-27 02:18:37.253 10088  6434  6454 E Versions: meetsSdkVersionRequirements(34,-1): true (Current: REL, sdk: 34)
02-27 02:18:37.253 10088  6434  6454 D Permissions: Applying permissions granting: [android.permission.QUERY_USERS, android.permission.CREATE_USERS] denying: []
02-27 02:18:37.253 10088  6434  6454 D Permissions: Trying to grant android.permission.QUERY_USERS
02-27 02:18:37.253 10088  6434  6454 D Permissions: Trying to grant android.permission.CREATE_USERS
02-27 02:18:37.254 10088  6434  6454 D Permissions: Adopting [android.permission.QUERY_USERS, android.permission.CREATE_USERS]
02-27 02:18:37.254 10088  6434  6454 E Versions: meetsSdkVersionRequirements(31,-1): true (Current: REL, sdk: 34)
02-27 02:18:37.255 10088  6434  6454 E Versions: meetsSdkVersionRequirements(31,-1): true (Current: REL, sdk: 34)
02-27 02:18:37.255 10088  6434  6454 E Versions: meetsSdkVersionRequirements(31,-1): true (Current: REL, sdk: 34)
02-27 02:18:37.255  1000  1855  2449 W ActivityTaskManager: Force remove immediately ActivityRecord{7b23d2b u0 com.android.settings/.SubSettings t9 f}} state=DESTROYING
02-27 02:18:37.255 10088  6434  6454 D Permissions: Applying permissions granting: [android.permission.INTERACT_ACROSS_USERS_FULL] denying: []
02-27 02:18:37.255 10088  6434  6454 D Permissions: Trying to grant android.permission.INTERACT_ACROSS_USERS_FULL
02-27 02:18:37.255 10088  6434  6454 D Permissions: Adopting [android.permission.INTERACT_ACROSS_USERS_FULL]
02-27 02:18:37.256 10088  6434  6454 D Users   : current(): finding 0
02-27 02:18:37.256 10088  6434  6454 E Versions: meetsSdkVersionRequirements(31,-1): true (Current: REL, sdk: 34)
02-27 02:18:37.256 10088  6434  6454 V DeviceState: Applying annotation @com.android.bedstead.harrier.annotations.meta.RequireRunOnUserAnnotation(value=[android.os.usertype.full.SYSTEM, android.os.usertype.system.HEADLESS])
02-27 02:18:37.256 10088  6434  6454 V DeviceState: Applying annotation @java.lang.annotation.Retention(value=RUNTIME)
02-27 02:18:37.256 10088  6434  6454 V DeviceState: Applying annotation @java.lang.annotation.Target(value=[METHOD, TYPE])
02-27 02:18:37.256 10088  6434  6454 V DeviceState: Applying annotation @com.android.compatibility.common.util.ApiTest(apis=[android.app.admin.DevicePolicyManager#generateKeyPair, android.app.admin.DevicePolicyManager#ID_TYPE_IMEI, android.app.admin.DevicePolicyManager#ID_TYPE_MEID, android.app.admin.DevicePolicyManager#ID_TYPE_SERIAL])
02-27 02:18:37.256 10088  6434  6454 V DeviceState: Applying annotation @org.junit.Test(expected=class org.junit.Test$None, timeout=0)
02-27 02:18:37.256 10088  6434  6454 E Versions: meetsSdkVersionRequirements(34,2147483647): true (Current: REL, sdk: 34)
02-27 02:18:37.256 10088  6434  6454 D DeviceState: Finished preparing state for test testAllVariationsOfDeviceIdAttestation
02-27 02:18:37.256  1000  1855  2449 W ActivityTaskManager: Force remove immediately ActivityRecord{f9b5dc7 u0 com.android.settings/.SubSettings t9 f}} state=DESTROYING
02-27 02:18:37.258 10088  6434  6512 E Versions: meetsSdkVersionRequirements(31,-1): true (Current: REL, sdk: 34)
02-27 02:18:37.258 10088  6434  6512 E Versions: meetsSdkVersionRequirements(34,-1): true (Current: REL, sdk: 34)
02-27 02:18:37.258 10088  6434  6512 E Versions: meetsSdkVersionRequirements(31,-1): true (Current: REL, sdk: 34)
02-27 02:18:37.259  1000  1855  2449 I wm_task_removed: [9,9,0,removeChild, last child = TaskFragment{bba7748 mode=multi-window} in Task{b02d0b5 #9 type=standard A=1000:com.android.settings.root}]
02-27 02:18:37.260 10088  6434  6512 D Permissions: Applying permissions granting: [android.permission.MANAGE_DEVICE_ADMINS, android.permission.INTERACT_ACROSS_USERS_FULL, android.permission.INTERACT_ACROSS_USERS, android.permission.MANAGE_PROFILE_AND_DEVICE_OWNERS, android.permission.CREATE_USERS] denying: []
02-27 02:18:37.261 10088  6434  6512 D Permissions: Trying to grant android.permission.MANAGE_DEVICE_ADMINS
02-27 02:18:37.261 10088  6434  6512 D Permissions: Trying to grant android.permission.INTERACT_ACROSS_USERS_FULL
02-27 02:18:37.264 10088  6434  6512 D Permissions: Trying to grant android.permission.INTERACT_ACROSS_USERS
02-27 02:18:37.265 10088  6434  6512 D Permissions: Trying to grant android.permission.MANAGE_PROFILE_AND_DEVICE_OWNERS
02-27 02:18:37.265 10088  6434  6512 D Permissions: Trying to grant android.permission.CREATE_USERS
02-27 02:18:37.266 10088  6434  6512 D Permissions: Adopting [android.permission.MANAGE_DEVICE_ADMINS, android.permission.INTERACT_ACROSS_USERS_FULL, android.permission.INTERACT_ACROSS_USERS, android.permission.MANAGE_PROFILE_AND_DEVICE_OWNERS, android.permission.CREATE_USERS]
02-27 02:18:37.267  1000  1855  5556 W WindowManager: Cannot find window which accessibility connection is added to
02-27 02:18:37.267  1000  1855  4412 W WindowManager: Cannot find window which accessibility connection is added to
02-27 02:18:37.269  1000  1855  1919 W ActivityManager: setHasOverlayUi called on unknown pid: 4419
02-27 02:18:37.269 10088  6434  6512 E Versions: meetsSdkVersionRequirements(31,-1): true (Current: REL, sdk: 34)
02-27 02:18:37.271  1000  1855  1925 W UsageStatsService: Unexpected activity event reported! (com.android.settings/com.android.settings.homepage.SettingsHomepageActivity event : 23 instanceId : 214446922)
02-27 02:18:37.271  1000  1855  1925 W UsageStatsService: Unexpected activity event reported! (com.android.settings/com.android.settings.SubSettings event : 23 instanceId : 264852872)
02-27 02:18:37.272  1000  1855  1925 W UsageStatsService: Unexpected activity event reported! (com.android.settings/com.android.settings.SubSettings event : 23 instanceId : 178503668)
02-27 02:18:37.273  1000  1855  1990 I commit_sys_config_file: [settings-0-0,10]
02-27 02:18:37.344  1000  1855  4412 I BackupManagerService: Making backup inactive
02-27 02:18:37.346 10088  6434  6521 D EventLibEvents: BroadcastReceivedEvent{ intent=Intent { act=android.app.action.DEVICE_ADMIN_ENABLED flg=0x10 cmp=android.keystore.cts/com.android.eventlib.premade.EventLibDeviceAdminReceiver } resultCode=-1, broadcastReceiver=BroadcastReceiver{class=Class{className=com.android.eventlib.premade.EventLibDeviceAdminReceiver}}, packageName='android.keystore.cts', timestamp=2024-02-27T02:18:37.344420Z}
02-27 02:18:37.348  1000  1855  4412 I sysui_multi_action: [757,617,758,4,806,device-owner]
02-27 02:18:37.349  1000  1855  2320 I BackupManagerService: Stopping service for user: 0
02-27 02:18:37.350 10088  6434  6521 E EventLibEvents: writing event to file: BroadcastReceivedEvent{ intent=Intent { act=android.app.action.DEVICE_ADMIN_ENABLED flg=0x10 cmp=android.keystore.cts/com.android.eventlib.premade.EventLibDeviceAdminReceiver } resultCode=-1, broadcastReceiver=BroadcastReceiver{class=Class{className=com.android.eventlib.premade.EventLibDeviceAdminReceiver}}, packageName='android.keystore.cts', timestamp=2024-02-27T02:18:37.344420Z}
