02-27 02:19:36.479 10085  6994  7012 E WifiConnector: Failed to open connection to check connectivity
02-27 02:19:36.483  1000  1855  2507 W WindowMagnificationMgr: requestConnection duplicated request: connect=false, mConnectionState=DISCONNECTED
02-27 02:19:36.483  1000  1855  2507 D AccessibilityManagerService: restoreCurrentUserForTestAutomationIfNeededLocked(): ignoring because device doesn't support visible background users
02-27 02:19:36.487  1000  1855  2504 I ActivityManager: Force stopping com.android.tradefed.utils.wifi appid=10085 user=0: finished inst
02-27 02:19:36.489  1000  1855  2504 E ActivityManager: Unable to freeze binder for 6994: -11
02-27 02:19:36.491 shell  6980  6980 I app_process: System.exit called, status: 0
02-27 02:19:36.492  1000  1855  2504 I am_uid_stopped: 10085
02-27 02:19:36.492 shell  6980  6980 I AndroidRuntime: VM exiting with result code 0.
02-27 02:19:36.494  1000  1855  1917 D DisplayManagerService: Drop pending events for gone uid 10085
02-27 02:19:36.497  1000  1855  2504 I ActivityManager: Killing 6994:com.android.tradefed.utils.wifi/u0a85 (adj 0): stop com.android.tradefed.utils.wifi due to finished inst
02-27 02:19:36.498  1000  1855  2504 I am_kill : [0,6994,com.android.tradefed.utils.wifi,0,stop com.android.tradefed.utils.wifi due to finished inst]
02-27 02:19:36.507  1000  1855  1855 D BatterySaverPolicy: accessibility changed to false, updating policy.
02-27 02:19:36.512  1000  1855  1904 V ActivityManager: Got obituary of 6994:com.android.tradefed.utils.wifi
02-27 02:19:36.512  root  1013  1013 I Zygote  : Process 6994 exited due to signal 9 (Killed)
02-27 02:19:36.665  1000  1855  1990 I commit_sys_config_file: [settings-2-0,14]
02-27 02:19:38.700  1000  1855  1926 I am_uid_idle: 10070
02-27 02:19:40.526  1073  2510  6796 D ApfFilter: (wlan0): shutting down
02-27 02:19:40.531  1073  2510  6796 D DhcpClient: doQuit
02-27 02:19:40.548  1073  2510  6796 D DhcpClient: DHCP Packet Handler stopped
02-27 02:19:40.549  1073  2510  6796 D DhcpClient: onQuitting
02-27 02:19:40.565  1000  1500  1500 I cnss-daemon: nl80211 response handler invoked
02-27 02:19:40.565  1000  1500  1500 I cnss-daemon: nl80211_response_handler: cmd 103, vendorID 4120, subcmd 1  received
02-27 02:19:40.619  wifi  4160  4160 I wpa_supplicant: wlan0: CTRL-EVENT-DISCONNECTED bssid=04:42:1a:4e:c4:30 reason=3 locally_generated=1
02-27 02:19:40.631  1073  2510  6796 D IpClient/wlan0: interfaceLinkStateChanged: ifindex 16 up
02-27 02:19:40.634  wifi  4160  4160 I wpa_supplicant: wlan0: CTRL-EVENT-DSCP-POLICY clear_all
02-27 02:19:40.636  wifi  4160  4160 I wpa_supplicant: [DHD]< 1071.037709> wl_cfgvendor_send_supp_eventstring: [wlan0] Mode:0 event:16 status:0x0 reason:2
02-27 02:19:40.636  wifi  4160  4160 W wpa_supplicant: nl80211: Was expecting local disconnect but got another disconnect event first
02-27 02:19:40.638  1000  1855  2282 W LastMileLogger: Failed to stop event tracing: /sys/kernel/debug/tracing/instances/wifi/tracing_on: open failed: ENOENT (No such file or directory)
02-27 02:19:40.639  1000  1855  2282 W LastMileLogger: Failed to read event trace: /sys/kernel/debug/tracing/instances/wifi/trace
02-27 02:19:40.640  wifi  1096  1096 D WifiHAL : Start get packet fate command
02-27 02:19:40.640  wifi  1096  1096 D WifiHAL : createRequest Get Tx packet fate request
02-27 02:19:40.640  wifi  1096  1096 D WifiHAL : error code -95 mapped to -3
02-27 02:19:40.640  wifi  1096  1096 E WifiHAL : Failed to register get pkt fate response; result = -3
02-27 02:19:40.641  1000  1855  2282 E WifiStaIfaceHidlImpl: getDebugTxPacketFates failed with status: {.code = ERROR_NOT_SUPPORTED, .description = }
02-27 02:19:40.642  wifi  1096  1096 D WifiHAL : Start get packet fate command
02-27 02:19:40.642  wifi  1096  1096 D WifiHAL : createRequest Get Rx packet fate request
02-27 02:19:40.642  wifi  1096  1096 D WifiHAL : error code -95 mapped to -3
02-27 02:19:40.643  wifi  1096  1096 E WifiHAL : Failed to register get pkt fate response; result = -3
02-27 02:19:40.643  1000  1855  2282 E WifiStaIfaceHidlImpl: getDebugRxPacketFates failed with status: {.code = ERROR_NOT_SUPPORTED, .description = }
02-27 02:19:40.644  1000  1855  2282 D WifiLastResortWatchdog: updateFailureCountForNetwork: Failed connection attempt has wrong ssid. Failed [null, 04:42:1a:4e:c4:30], buffered ["CMCC", 04:42:1a:4e:c4:30]
02-27 02:19:40.646  1000  1855  2282 E WifiStaIfaceHidlImpl: stopRssiMonitoring failed with status: {.code = ERROR_NOT_AVAILABLE, .description = }
02-27 02:19:40.652  1000  1855  2282 W ContextImpl: Calling a method in the system process without a qualified user: android.app.ContextImpl.sendStickyBroadcast:1626 com.android.server.wifi.ClientModeImpl.sendNetworkChangeBroadcast:3008 com.android.server.wifi.ClientModeImpl.lambda$sendNetworkChangeBroadcastWithCurrentState$14:2985 com.android.server.wifi.ClientModeImpl.$r8$lambda$q-j88Pjw4gROgoJFr8wBlBVbuJI:0 com.android.server.wifi.ClientModeImpl$$ExternalSyntheticLambda4.send:0 
02-27 02:19:40.653  1000  1855  2290 D ConnectivityService: [104 WIFI] EVENT_NETWORK_INFO_CHANGED, going from CONNECTING to DISCONNECTED
02-27 02:19:40.653  1000  1855  2290 D ConnectivityService: [104 WIFI] disconnected, was satisfying 0
02-27 02:19:40.658  1000  1855  2282 D WifiCountryCode: evaluateAllCmmStateAndApplyIfAllReady: {ConcreteClientModeManager{id=890927 iface=wlan0 role=ROLE_CLIENT_PRIMARY}=true}
02-27 02:19:40.659  1000  1855  2282 D WifiCountryCode: Reading country code from telephony
02-27 02:19:40.662  1000  1855  2282 D WifiCountryCode: Set telephony country code to: 
02-27 02:19:40.663  1000  1855  2282 D WifiCountryCode: updateCountryCode to CN
02-27 02:19:40.663  1000  1855  2282 D WifiCountryCode: setCountryCodeNative: CN, isClientModeOnly: true mDriverCountryCode: CN
02-27 02:19:40.666  wifi  4160  4160 I wpa_supplicant: wlan0: CTRL-EVENT-REGDOM-CHANGE init=USER type=COUNTRY alpha2=CN
02-27 02:19:40.667  1000  1855  2290 I netstats_mobile_sample: [0,0,0,0,0,0,0,0,1709000380669]
02-27 02:19:40.668  1000  1855  2282 D WifiNative: onSetCountryCodeSucceeded: CN
02-27 02:19:40.668  1000  1855  2290 I netstats_wifi_sample: [58713,19434,266,232,12416,19434,65,232,1709000380669]
02-27 02:19:40.669  1000  1855  2282 I WifiCountryCode: Receive onSetCountryCodeSucceeded CN
02-27 02:19:40.669  1000  1855  2282 I WifiNl80211Manager: Receive country code change to CN
02-27 02:19:40.669  wifi  1461  1461 I wificond: Receive notifyCountryCodeChanged
02-27 02:19:40.669  wifi  1461  1461 I wificond: UpdateBandInfo
02-27 02:19:40.671  1000  1855  2282 I WifiClientModeImpl[892546:wlan0]: disconnectedstate enter
02-27 02:19:40.672  1000  1855  2282 E WifiScoringParams: Invalid frequency(-1), using 5G as default rssi array
02-27 02:19:40.674  1000  1855  2282 D WifiStaIfaceHidlImpl: setDtimMultiplier is not implemented by HIDL
02-27 02:19:40.677  wifi  1461  1461 I wificond: 2.4Ghz frequencies: 2412 2417 2422 2427 2432 2437 2442 2447 2452 2457 2462 2467 2472
02-27 02:19:40.677  wifi  1461  1461 I wificond: 5Ghz non-DFS frequencies: 5180 5190 5200 5210 5220 5230 5240 5745 5765 5785 5805 5825
02-27 02:19:40.677  wifi  1461  1461 I wificond: 5Ghz DFS frequencies: 5260 5280 5300 5320
02-27 02:19:40.678  1000  1855  2282 D WifiNetworkAgent: NetworkAgent: NetworkAgent channel lost
02-27 02:19:40.678  wifi  1461  1461 I wificond: 6Ghz frequencies:
02-27 02:19:40.678  wifi  1461  1461 I wificond: 60Ghz frequencies:
02-27 02:19:40.773  root  1012  1044 E IptablesRestoreController: iptables error:
02-27 02:19:40.774  root  1012  1044 E IptablesRestoreController: ------- COMMAND -------
02-27 02:19:40.774  root  1012  1044 E IptablesRestoreController: *mangle
02-27 02:19:40.774  root  1012  1044 E IptablesRestoreController: -D wakeupctrl_mangle_INPUT -i wlan0 -m mark --mark 0x80000000/0x80000000 -m limit --limit 10/s -j NFLOG --nflog-prefix 450082295821:wlan0 --nflog-group 3 --nflog-threshold 8
02-27 02:19:40.774  root  1012  1044 E IptablesRestoreController: COMMIT
02-27 02:19:40.774  root  1012  1044 E IptablesRestoreController: -------  ERROR -------
02-27 02:19:40.774  root  1012  1044 E IptablesRestoreController: iptables-restore: line 503 failed
02-27 02:19:40.774  root  1012  1044 E IptablesRestoreController: ----------------------
02-27 02:19:40.883  root  1012  1044 E IptablesRestoreController: iptables error:
02-27 02:19:40.884  root  1012  1044 E IptablesRestoreController: ------- COMMAND -------
02-27 02:19:40.884  root  1012  1044 E IptablesRestoreController: *mangle
02-27 02:19:40.884  root  1012  1044 E IptablesRestoreController: -D wakeupctrl_mangle_INPUT -i wlan0 -m mark --mark 0x80000000/0x80000000 -m limit --limit 10/s -j NFLOG --nflog-prefix 450082295821:wlan0 --nflog-group 3 --nflog-threshold 8
02-27 02:19:40.884  root  1012  1044 E IptablesRestoreController: COMMIT
02-27 02:19:40.884  root  1012  1044 E IptablesRestoreController: -------  ERROR -------
02-27 02:19:40.884  root  1012  1044 E IptablesRestoreController: ip6tables-restore: line 476 failed
02-27 02:19:40.884  root  1012  1044 E IptablesRestoreController: ----------------------
02-27 02:19:40.884  root  1012  1044 E WakeupController: Status[code: -1, msg: "Failed to execute iptables cmd: *mangle
02-27 02:19:40.884  root  1012  1044 E WakeupController: -D wakeupctrl_mangle_INPUT -i wlan0 -m mark --mark 0x80000000/0x80000000 -m limit --limit 10/s -j NFLOG --nflog-prefix 450082295821:wlan0 --nflog-group 3 --nflog-threshold 8
02-27 02:19:40.884  root  1012  1044 E WakeupController: COMMIT
02-27 02:19:40.884  root  1012  1044 E WakeupController: , out: "]
02-27 02:19:40.891  1000  1855  2290 E ConnectivityService: Exception modifying wakeup packet monitoring: android.os.ServiceSpecificException: Failed to execute iptables cmd: *mangle
02-27 02:19:40.891  1000  1855  2290 E ConnectivityService: -D wakeupctrl_mangle_INPUT -i wlan0 -m mark --mark 0x80000000/0x80000000 -m limit --limit 10/s -j NFLOG --nflog-prefix 450082295821:wlan0 --nflog-group 3 --nflog-threshold 8
02-27 02:19:40.891  1000  1855  2290 E ConnectivityService: COMMIT
02-27 02:19:40.891  1000  1855  2290 E ConnectivityService: , out:  (code -1)
02-27 02:19:40.896  1000  1855  2290 D ConnectivityService: NetReassign [no changes] [c 0] [a 1] [i 2]
02-27 02:19:41.824 10063  3140  5358 W MediaProvider: isAppCloneUserPair for user 0: false
02-27 02:19:41.982 10063  3140  3387 I MediaProvider: Deleted 1 0 0 0 0 0 0 items on external_primary due to com.android.shell
02-27 02:19:42.253 shell  7043  7043 D AndroidRuntime: >>>>>> START com.android.internal.os.RuntimeInit uid 2000 <<<<<<
02-27 02:19:42.258 shell  7043  7043 I AndroidRuntime: Using default boot image
02-27 02:19:42.258 shell  7043  7043 I AndroidRuntime: Leaving lock profiling enabled
02-27 02:19:42.261 shell  7043  7043 I app_process: Using CollectorTypeCC GC.
02-27 02:19:42.356 shell  7043  7043 D nativeloader: InitDefaultPublicLibraries for_preload=1: libandroid.so:libaaudio.so:libamidi.so:libbinder_ndk.so:libc.so:libcamera2ndk.so:libdl.so:libEGL.so:libGLESv1_CM.so:libGLESv2.so:libGLESv3.so:libicu.so:libicui18n.so:libicuuc.so:libjnigraphics.so:liblog.so:libmediandk.so:libm.so:libnativehelper.so:libnativewindow.so:libOpenMAXAL.so:libOpenSLES.so:libRS.so:libstdc++.so:libsync.so:libvulkan.so:libwebviewchromium_plat_support.so:libz.so
02-27 02:19:42.370 shell  7043  7043 D app_process: Time zone APEX ICU file found: /apex/com.android.tzdata/etc/icu/icu_tzdata.dat
02-27 02:19:42.370 shell  7043  7043 D app_process: I18n APEX ICU file found: /apex/com.android.i18n/etc/icu/icudt72l.dat
02-27 02:19:42.403 shell  7043  7043 W libc    : Access denied finding property "ro.product.name_for_attestation"
02-27 02:19:42.403 shell  7043  7043 W libc    : Access denied finding property "ro.product.device_for_attestation"
02-27 02:19:42.403 shell  7043  7043 W libc    : Access denied finding property "ro.product.manufacturer_for_attestation"
02-27 02:19:42.403 shell  7043  7043 W libc    : Access denied finding property "ro.product.brand_for_attestation"
02-27 02:19:42.403 shell  7043  7043 W libc    : Access denied finding property "ro.product.model_for_attestation"
02-27 02:19:42.401 shell  7043  7043 I auditd  : type=1400 audit(0.0:850): avc:  denied  { read } for  comm="main" name="u:object_r:build_attestation_prop:s0" dev="tmpfs" ino=113 scontext=u:r:shell:s0 tcontext=u:object_r:build_attestation_prop:s0 tclass=file permissive=0
02-27 02:19:42.401 shell  7043  7043 W main    : type=1400 audit(0.0:850): avc:  denied  { read } for  name="u:object_r:build_attestation_prop:s0" dev="tmpfs" ino=113 scontext=u:r:shell:s0 tcontext=u:object_r:build_attestation_prop:s0 tclass=file permissive=0
02-27 02:19:42.401 shell  7043  7043 I auditd  : type=1400 audit(0.0:851): avc:  denied  { read } for  comm="main" name="u:object_r:build_attestation_prop:s0" dev="tmpfs" ino=113 scontext=u:r:shell:s0 tcontext=u:object_r:build_attestation_prop:s0 tclass=file permissive=0
02-27 02:19:42.401 shell  7043  7043 W main    : type=1400 audit(0.0:851): avc:  denied  { read } for  name="u:object_r:build_attestation_prop:s0" dev="tmpfs" ino=113 scontext=u:r:shell:s0 tcontext=u:object_r:build_attestation_prop:s0 tclass=file permissive=0
02-27 02:19:42.401 shell  7043  7043 I auditd  : type=1400 audit(0.0:852): avc:  denied  { read } for  comm="main" name="u:object_r:build_attestation_prop:s0" dev="tmpfs" ino=113 scontext=u:r:shell:s0 tcontext=u:object_r:build_attestation_prop:s0 tclass=file permissive=0
02-27 02:19:42.401 shell  7043  7043 W main    : type=1400 audit(0.0:852): avc:  denied  { read } for  name="u:object_r:build_attestation_prop:s0" dev="tmpfs" ino=113 scontext=u:r:shell:s0 tcontext=u:object_r:build_attestation_prop:s0 tclass=file permissive=0
02-27 02:19:42.401 shell  7043  7043 I auditd  : type=1400 audit(0.0:853): avc:  denied  { read } for  comm="main" name="u:object_r:build_attestation_prop:s0" dev="tmpfs" ino=113 scontext=u:r:shell:s0 tcontext=u:object_r:build_attestation_prop:s0 tclass=file permissive=0
02-27 02:19:42.401 shell  7043  7043 W main    : type=1400 audit(0.0:853): avc:  denied  { read } for  name="u:object_r:build_attestation_prop:s0" dev="tmpfs" ino=113 scontext=u:r:shell:s0 tcontext=u:object_r:build_attestation_prop:s0 tclass=file permissive=0
02-27 02:19:42.401 shell  7043  7043 I auditd  : type=1400 audit(0.0:854): avc:  denied  { read } for  comm="main" name="u:object_r:build_attestation_prop:s0" dev="tmpfs" ino=113 scontext=u:r:shell:s0 tcontext=u:object_r:build_attestation_prop:s0 tclass=file permissive=0
02-27 02:19:42.401 shell  7043  7043 W main    : type=1400 audit(0.0:854): avc:  denied  { read } for  name="u:object_r:build_attestation_prop:s0" dev="tmpfs" ino=113 scontext=u:r:shell:s0 tcontext=u:object_r:build_attestation_prop:s0 tclass=file permissive=0
02-27 02:19:42.405 shell  7043  7043 D AndroidRuntime: Calling main entry com.android.commands.am.Am
02-27 02:19:42.413 shell  7043  7043 D UiAutomationConnection: Created on user UserHandle{0}
02-27 02:19:42.414  1000  1855  1968 I ActivityManager: Force stopping com.android.tradefed.utils.wifi appid=10085 user=0: start instr
02-27 02:19:42.416  1000  1855  1968 I am_uid_running: 10085
02-27 02:19:42.419  1000  1855  1968 D CompatibilityChangeReporter: Compat change id reported: 135634846; UID 10085; state: DISABLED
02-27 02:19:42.419  1000  1855  1968 D CompatibilityChangeReporter: Compat change id reported: 177438394; UID 10085; state: DISABLED
02-27 02:19:42.420  1000  1855  1968 D CompatibilityChangeReporter: Compat change id reported: 135772972; UID 10085; state: DISABLED
02-27 02:19:42.420  1000  1855  1968 D CompatibilityChangeReporter: Compat change id reported: 135754954; UID 10085; state: ENABLED
02-27 02:19:42.422  1000  1855  1927 D CompatibilityChangeReporter: Compat change id reported: 143937733; UID 10085; state: ENABLED
02-27 02:19:42.439  root  1013  1013 D Zygote  : Forked child process 7057
02-27 02:19:42.440  1000  1855  1927 I am_proc_start: [0,7057,10085,com.android.tradefed.utils.wifi,added application,com.android.tradefed.utils.wifi]
02-27 02:19:42.440  1000  1855  1927 I ActivityManager: Start proc 7057:com.android.tradefed.utils.wifi/u0a85 for added application com.android.tradefed.utils.wifi
02-27 02:19:42.459 10085  7057  7057 I efed.utils.wifi: Using CollectorTypeCC GC.
02-27 02:19:42.465 10085  7057  7057 E efed.utils.wifi: Not starting debugger since process cannot load the jdwp agent.
02-27 02:19:42.474  1000  1855  1968 I am_proc_bound: [0,7057,com.android.tradefed.utils.wifi]
02-27 02:19:42.475  1000  1855  1968 I am_uid_active: 10085
02-27 02:19:42.480 10085  7057  7057 D CompatibilityChangeReporter: Compat change id reported: 171979766; UID 10085; state: ENABLED
02-27 02:19:42.480 10085  7057  7057 D CompatibilityChangeReporter: Compat change id reported: 242716250; UID 10085; state: DISABLED
02-27 02:19:42.483 10085  7057  7057 D ApplicationLoaders: Returning zygote-cached class loader: /system/framework/android.test.base.jar
02-27 02:19:42.485 10085  7057  7057 D nativeloader: Configuring clns-6 for other apk /system/framework/android.test.mock.jar. target_sdk_version=31, uses_libraries=ALL, library_path=/data/app/~~HzXju5W_q5ZzpxH6Q8m7MA==/com.android.tradefed.utils.wifi-1Uhnb0vRv8xaSP2I45AYcQ==/lib/arm64, permitted_path=/data:/mnt/expand:/data/user/0/com.android.tradefed.utils.wifi
02-27 02:19:42.486 10085  7057  7057 D ApplicationLoaders: Returning zygote-cached class loader: /system/framework/android.test.base.jar
02-27 02:19:42.487 10085  7057  7057 D nativeloader: Configuring clns-7 for other apk /system/framework/android.test.runner.jar. target_sdk_version=31, uses_libraries=ALL, library_path=/data/app/~~HzXju5W_q5ZzpxH6Q8m7MA==/com.android.tradefed.utils.wifi-1Uhnb0vRv8xaSP2I45AYcQ==/lib/arm64, permitted_path=/data:/mnt/expand:/data/user/0/com.android.tradefed.utils.wifi
02-27 02:19:42.490 10085  7057  7057 D nativeloader: Configuring clns-8 for other apk /data/app/~~HzXju5W_q5ZzpxH6Q8m7MA==/com.android.tradefed.utils.wifi-1Uhnb0vRv8xaSP2I45AYcQ==/base.apk. target_sdk_version=31, uses_libraries=, library_path=/data/app/~~HzXju5W_q5ZzpxH6Q8m7MA==/com.android.tradefed.utils.wifi-1Uhnb0vRv8xaSP2I45AYcQ==/lib/arm64, permitted_path=/data:/mnt/expand:/data/user/0/com.android.tradefed.utils.wifi
02-27 02:19:42.496 10085  7057  7057 V GraphicsEnvironment: Currently set values for:
02-27 02:19:42.496 10085  7057  7057 V GraphicsEnvironment:   angle_gl_driver_selection_pkgs=[]
02-27 02:19:42.496 10085  7057  7057 V GraphicsEnvironment:   angle_gl_driver_selection_values=[]
02-27 02:19:42.497 10085  7057  7057 V GraphicsEnvironment: ANGLE GameManagerService for com.android.tradefed.utils.wifi: false
02-27 02:19:42.497 10085  7057  7057 V GraphicsEnvironment: com.android.tradefed.utils.wifi is not listed in per-application setting
02-27 02:19:42.497 10085  7057  7057 V GraphicsEnvironment: Neither updatable production driver nor prerelease driver is supported.
02-27 02:19:42.500 10085  7057  7057 I UiAutomation: Initialized for user 0 on display 0
02-27 02:19:42.504  1000  1855  1968 D AccessibilityManagerService: changeCurrentUserForTestAutomationIfNeededLocked(0): ignoring because device doesn't support visible background users
02-27 02:19:42.505  1000  1855  1968 I UiAutomationManager: Registering UiTestAutomationService (id=com.android.server.accessibility/UiAutomation) when called by user 0
02-27 02:19:42.511  1000  1855  1968 W WindowMagnificationMgr: requestConnection duplicated request: connect=false, mConnectionState=DISCONNECTED
02-27 02:19:42.522  1000  1855  1855 D BatterySaverPolicy: accessibility changed to true, updating policy.
02-27 02:19:42.527  1000  1855  2507 I ActivityManager: Flag disabled. Ignoring finishAttachApplication from uid: 10085. pid: 7057
02-27 02:19:42.540 10085  7057  7075 E WifiConnector: Failed to open connection to check connectivity
02-27 02:19:42.545  1000  1855  2449 W WindowMagnificationMgr: requestConnection duplicated request: connect=false, mConnectionState=DISCONNECTED
02-27 02:19:42.545  1000  1855  2449 D AccessibilityManagerService: restoreCurrentUserForTestAutomationIfNeededLocked(): ignoring because device doesn't support visible background users
02-27 02:19:42.549  1000  1855  2449 I ActivityManager: Force stopping com.android.tradefed.utils.wifi appid=10085 user=0: finished inst
02-27 02:19:42.550  1000  1855  2449 E ActivityManager: Unable to freeze binder for 7057: -11
02-27 02:19:42.554  1000  1855  2449 I am_uid_stopped: 10085
02-27 02:19:42.557  1000  1855  1917 D DisplayManagerService: Drop pending events for gone uid 10085
02-27 02:19:42.557  1000  1855  2449 I ActivityManager: Killing 7057:com.android.tradefed.utils.wifi/u0a85 (adj 0): stop com.android.tradefed.utils.wifi due to finished inst
02-27 02:19:42.557  1000  1855  2449 I am_kill : [0,7057,com.android.tradefed.utils.wifi,0,stop com.android.tradefed.utils.wifi due to finished inst]
02-27 02:19:42.560 shell  7043  7043 I app_process: System.exit called, status: 0
02-27 02:19:42.560 shell  7043  7043 I AndroidRuntime: VM exiting with result code 0.
02-27 02:19:42.568  1000  1855  1855 D BatterySaverPolicy: accessibility changed to false, updating policy.
02-27 02:19:42.581  1000  1855  3445 V ActivityManager: Got obituary of 7057:com.android.tradefed.utils.wifi
02-27 02:19:42.582  root  1013  1013 I Zygote  : Process 7057 exited due to signal 9 (Killed)
02-27 02:19:42.727  1000  1855  1990 I commit_sys_config_file: [settings-2-0,15]
02-27 02:19:43.197  1000  1855  3445 D WifiNl80211Manager: Scan result ready event
02-27 02:19:43.197  1000  1855  3445 D WifiNative: Scan result ready event
02-27 02:19:43.272  1000  1855  2282 D WifiScoreReport: setShouldReduceNetworkScore=false mNetworkAgent is null? true
02-27 02:19:43.273  1000  1855  2282 D WifiClientModeImpl[892546:wlan0]: CMD_START_CONNECT  my state DisconnectedState nid=0 roam=false
02-27 02:19:43.275  wifi  1096  1096 I WifiHAL : wifi_configure_roaming: num_blacklist_bssid == 0 (flush)
02-27 02:19:43.276  wifi  1096  1096 I WifiHAL : Successfully added 0 blacklist bssids
02-27 02:19:43.279  1000  1855  2282 W LastMileLogger: Failed to open free_buffer pseudo-file: /sys/kernel/debug/tracing/instances/wifi/free_buffer: open failed: ENOENT (No such file or directory)
02-27 02:19:43.279  1000  1855  2282 W LastMileLogger: Failed to arm fail-safe.
02-27 02:19:43.281  wifi  1461  1461 W wificond: Scan is not started. Ignore abort request
02-27 02:19:43.281  1000  1855  2282 D SupplicantStaIfaceHalAidlImpl: connectToNetwork "CMCC"WPA_PSK, actualSsid=null
02-27 02:19:43.282  1000  1855  2282 D SupplicantStaIfaceHalAidlImpl: Network is already saved, will not trigger remove and add.
02-27 02:19:43.284  wifi  4160  4160 I wpa_supplicant: wlan0: Trying to associate with SSID 'CMCC'
02-27 02:19:43.285  1000  1855  2282 D WifiCountryCode: evaluateAllCmmStateAndApplyIfAllReady: {ConcreteClientModeManager{id=890927 iface=wlan0 role=ROLE_CLIENT_PRIMARY}=false}
02-27 02:19:43.286  1000  1855  2282 D WifiClientModeImpl[892546:wlan0]: Start Connecting Watchdog 5
02-27 02:19:43.289  1000  1855  2282 W ContextImpl: Calling a method in the system process without a qualified user: android.app.ContextImpl.sendStickyBroadcast:1626 com.android.server.wifi.ClientModeImpl.sendNetworkChangeBroadcast:3008 com.android.server.wifi.ClientModeImpl.lambda$sendNetworkChangeBroadcastWithCurrentState$14:2985 com.android.server.wifi.ClientModeImpl.$r8$lambda$q-j88Pjw4gROgoJFr8wBlBVbuJI:0 com.android.server.wifi.ClientModeImpl$$ExternalSyntheticLambda4.send:0 
02-27 02:19:43.291  1000  1855  2282 I WifiClientModeImpl[892546:wlan0]: Update current security type to 2
02-27 02:19:43.293  1000  1855  2282 I service_manager_stats: [100,125,97971]
02-27 02:19:43.306  1000  1500  1500 I cnss-daemon: nl80211 response handler invoked
02-27 02:19:43.306  1000  1500  1500 I cnss-daemon: nl80211_response_handler: cmd 103, vendorID 4120, subcmd 1  received
02-27 02:19:43.311  wifi  4160  4160 I wpa_supplicant: [DHD]< 1073.778680> wl_cfgvendor_send_supp_eventstring: [wlan0] Connecting with ff:ff:ff:ff:ff:ff ssid "CMCC",chan_cnt:1
02-27 02:19:43.463  1000  1500  1500 I cnss-daemon: nl80211 response handler invoked
02-27 02:19:43.464  1000  1500  1500 I cnss-daemon: nl80211_response_handler: cmd 103, vendorID 4120, subcmd 1  received
02-27 02:19:43.464  1000  1500  1500 I cnss-daemon: nl80211 response handler invoked
02-27 02:19:43.464  wifi  4160  4160 I wpa_supplicant: [DHD]< 1073.934877> wl_cfgvendor_send_supp_eventstring: [wlan0] Mode:0 event:87 status:0x0 reason:0
02-27 02:19:43.464  1000  1500  1500 I cnss-daemon: nl80211_response_handler: cmd 103, vendorID 4120, subcmd 1  received
02-27 02:19:43.467  wifi  4160  4160 I wpa_supplicant: [DHD]< 1073.935547> wl_cfgvendor_send_supp_eventstring: [wlan0] Mode:0 event:3 status:0x0 reason:0
02-27 02:19:43.471  1000  1500  1500 I cnss-daemon: nl80211 response handler invoked
02-27 02:19:43.471  1000  1500  1500 I cnss-daemon: nl80211_response_handler: cmd 103, vendorID 4120, subcmd 1  received
02-27 02:19:43.472  1000  1500  1500 I cnss-daemon: nl80211 response handler invoked
02-27 02:19:43.472  1000  1500  1500 I cnss-daemon: nl80211_response_handler: cmd 103, vendorID 4120, subcmd 1  received
02-27 02:19:43.473  wifi  4160  4160 I wpa_supplicant: [DHD]< 1073.943750> wl_cfgvendor_send_supp_eventstring: [wlan0] Mode:0 event:88 status:0x0 reason:0
02-27 02:19:43.476  wifi  4160  4160 I wpa_supplicant: [DHD]< 1073.944496> wl_cfgvendor_send_supp_eventstring: [wlan0] Mode:0 event:16 status:0x0 reason:0
02-27 02:19:43.480  wifi  4160  4160 I wpa_supplicant: nl80211: key_mgmt_set_key with key_len 32
02-27 02:19:43.489  wifi  4160  4160 I wpa_supplicant: wlan0: Associated with 04:42:1a:4e:c4:30
02-27 02:19:43.490  wifi  4160  4160 I wpa_supplicant: wlan0: WPA: RX message 1 of 4-Way Handshake from 04:42:1a:4e:c4:30 (ver=2)
02-27 02:19:43.491  wifi  4160  4160 I wpa_supplicant: wlan0: WPA: Sending EAPOL-Key 2/4
02-27 02:19:43.491  wifi  4160  4160 I wpa_supplicant: wlan0: CTRL-EVENT-SUBNET-STATUS-UPDATE status=0
02-27 02:19:43.493  1000  1855  2282 I WifiClientModeImpl[892546:wlan0]: Update current security type to 2
02-27 02:19:43.498  wifi  4160  4160 I wpa_supplicant: wlan0: RSN: RX message 3 of 4-Way Handshake from 04:42:1a:4e:c4:30 (ver=2)
02-27 02:19:43.498  wifi  4160  4160 I wpa_supplicant: wlan0: WPA: Sending EAPOL-Key 4/4
02-27 02:19:43.502  1000  1500  1500 I cnss-daemon: nl80211 response handler invoked
02-27 02:19:43.502  1000  1500  1500 I cnss-daemon: nl80211_response_handler: cmd 103, vendorID 4120, subcmd 1  received
02-27 02:19:43.502  1000  1855  2282 W ContextImpl: Calling a method in the system process without a qualified user: android.app.ContextImpl.sendStickyBroadcast:1626 com.android.server.wifi.ClientModeImpl.sendNetworkChangeBroadcast:3008 com.android.server.wifi.ClientModeImpl.lambda$sendNetworkChangeBroadcastWithCurrentState$14:2985 com.android.server.wifi.ClientModeImpl.$r8$lambda$q-j88Pjw4gROgoJFr8wBlBVbuJI:0 com.android.server.wifi.ClientModeImpl$$ExternalSyntheticLambda4.send:0 
02-27 02:19:43.504  1000  1855  2282 I WifiClientModeImpl[892546:wlan0]: Update current security type to 2
02-27 02:19:43.509  1000  1855  2282 I WifiClientModeImpl[892546:wlan0]: Update current security type to 2
02-27 02:19:43.509  wifi  4160  4160 I wpa_supplicant: wlan0: WPA: Key negotiation completed with 04:42:1a:4e:c4:30 [PTK=CCMP GTK=CCMP]
02-27 02:19:43.509  wifi  4160  4160 I wpa_supplicant: wlan0: CTRL-EVENT-CONNECTED - Connection to 04:42:1a:4e:c4:30 completed [id=0 id_str=%7B%22configKey%22%3A%22%5C%22CMCC%5C%22WPA_PSK%22%2C%22creatorUid%22%3A%221000%22%7D]
02-27 02:19:43.511  1073  2510  6796 D IpClient/wlan0: interfaceLinkStateChanged: ifindex 16 up
02-27 02:19:43.516  wifi  4160  4160 I wpa_supplicant: [DHD]< 1073.974366> wl_cfgvendor_send_supp_eventstring: [wlan0] Mode:0 event:7 status:0x0 reason:0
02-27 02:19:43.519  1000  1855  2282 W ContextImpl: Calling a method in the system process without a qualified user: android.app.ContextImpl.sendStickyBroadcast:1626 com.android.server.wifi.ClientModeImpl.sendNetworkChangeBroadcast:3008 com.android.server.wifi.ClientModeImpl.lambda$sendNetworkChangeBroadcastWithCurrentState$14:2985 com.android.server.wifi.ClientModeImpl.$r8$lambda$q-j88Pjw4gROgoJFr8wBlBVbuJI:0 com.android.server.wifi.ClientModeImpl$$ExternalSyntheticLambda4.send:0 
02-27 02:19:43.520  1000  1855  2282 I ConnectivityService: Update score for net 105 : +IS_UNMETERED
02-27 02:19:43.521  1000  1855  2282 D ConnectivityService: registerNetworkAgent NetworkAgentInfo{network{105}  handle{454377263117}  ni{WIFI CONNECTING extra: } created=2024-02-27T02:19:43.520Z Score(Policies : IS_UNMETERED ; KeepConnected : 0)   lp{{InterfaceName: wlan0 LinkAddresses: [ ] DnsAddresses: [ ] Domains: null MTU: 0 Routes: [ ]}}  nc{[ Transports: WIFI Capabilities: NOT_METERED&INTERNET&NOT_RESTRICTED&TRUSTED&NOT_VPN&NOT_ROAMING&NOT_CONGESTED&NOT_SUSPENDED&NOT_VCN_MANAGED LinkUpBandwidth>=286000Kbps LinkDnBandwidth>=286000Kbps Specifier: <WifiNetworkAgentSpecifier [WifiConfiguration=, SSID="CMCC", BSSID=04:42:1a:4e:c4:30, band=1, mMatchLocalOnlySpecifiers=false]> TransportInfo: <SSID: "CMCC", BSSID: 04:42:1a:4e:c4:30, MAC: 00:90:4c:12:d0:01, IP: null, Security type: 2, Supplicant state: GROUP_HANDSHAKE, Wi-Fi standard: 6, RSSI: -127, Link speed: -1Mbps, Tx Link speed: -1Mbps, Max Supported Tx Link speed: 286Mbps, Rx Link speed: -1Mbps, Max Supported Rx Link speed: 286Mbps, Frequency: 2457MHz, Net ID: 0, Metered hint: false, score: 0, isUsable: true, CarrierMerged: false, SubscriptionId: -1, IsPrimary: 1, Trusted: true, Restricted: false, Ephemeral: false, OEM paid: false, OEM private: false, OSU AP: false, FQDN: <none>, Provider friendly name: <none>, Requesting package name: <none>"CMCC"wpa2-pskMLO Information: , Is TID-To-Link negotiation supported by the AP: false, AP MLD Address: <none>, AP MLO Link Id: <none>, AP MLO Affiliated links: <none>> AllowedUids: <{1000}> OwnerUid: 1000 AdminUids: [1000] SSID: "CMCC" UnderlyingNetworks: Null]}  factorySerialNumber=4}
02-27 02:19:43.523  1000  1855  2282 W ContextImpl: Calling a method in the system process without a qualified user: android.app.ContextImpl.sendStickyBroadcast:1626 com.android.server.wifi.ClientModeImpl.sendNetworkChangeBroadcast:3008 com.android.server.wifi.ClientModeImpl.lambda$sendNetworkChangeBroadcastWithCurrentState$14:2985 com.android.server.wifi.ClientModeImpl.$r8$lambda$q-j88Pjw4gROgoJFr8wBlBVbuJI:0 com.android.server.wifi.ClientModeImpl$$ExternalSyntheticLambda4.send:0 
02-27 02:19:43.526  wifi  1096  1096 D WifiHAL : Getting APF capabilities, halHandle = 0xb400006f04392e90
02-27 02:19:43.526  wifi  1096  1096 I WifiHAL : createRequest: APF get capabilities request
02-27 02:19:43.529  wifi  1096  1096 D WifiHAL : In SetAPFCommand::handleResponse
02-27 02:19:43.529  wifi  1096  1096 D WifiHAL : Id = 0, subcmd = 0, len = 16
02-27 02:19:43.529  wifi  1096  1096 D WifiHAL : Response received for get packet filter capabilities command
02-27 02:19:43.529  wifi  1096  1096 I WifiHAL : APF version is 4
02-27 02:19:43.529  wifi  1096  1096 I WifiHAL : APF max len is 4096
02-27 02:19:43.529  wifi  1096  1096 I WifiHAL : Done!
02-27 02:19:43.529  wifi  1096  1096 D WifiHAL : Getting APF capability, version = 4, max_len = 4096
02-27 02:19:43.535  1000  1855  2290 D ConnectivityService: [105 WIFI] EVENT_NETWORK_INFO_CHANGED, going from CONNECTING to CONNECTING
02-27 02:19:43.538  1073  2510  7080 D NetworkMonitor/105: checkAndRenewResourceConfig: update captive portal https urls to [https://www.google.com/generate_204]
02-27 02:19:43.539  1073  2510  7080 D NetworkMonitor/105: checkAndRenewResourceConfig: update captive portal http urls to [http://connectivitycheck.gstatic.com/generate_204]
02-27 02:19:43.539  1073  2510  7080 D NetworkMonitor/105: checkAndRenewResourceConfig: update captive portal fallback urls to[http://www.google.com/gen_204, http://play.googleapis.com/generate_204]
02-27 02:19:43.539  1073  2510  7080 D NetworkMonitor: Starting on network 105 with capport HTTPS URL [https://www.google.com/generate_204] and HTTP URL [http://connectivitycheck.gstatic.com/generate_204]
02-27 02:19:43.549  1000  1500  1500 I cnss-daemon: nl80211 response handler invoked
02-27 02:19:43.549  1000  1500  1500 I cnss-daemon: nl80211_response_handler: cmd 103, vendorID 4120, subcmd 1  received
02-27 02:19:43.549  1000  1500  1500 I cnss-daemon: nl80211 response handler invoked
02-27 02:19:43.549  1000  1500  1500 I cnss-daemon: nl80211_response_handler: cmd 103, vendorID 4120, subcmd 1  received
02-27 02:19:43.549  wifi  4160  4160 I wpa_supplicant: [DHD]< 1074.021176> wl_cfgvendor_send_supp_eventstring: [wlan0] Mode:0 event:1 status:0x0 reason:0
02-27 02:19:43.550  1000  1855  2282 I WifiClientModeImpl[892546:wlan0]: Update current security type to 2
02-27 02:19:43.551  wifi  4160  4160 I wpa_supplicant: [DHD]< 1074.021770> wl_cfgvendor_send_supp_eventstring: [wlan0] Mode:0 event:0 status:0x0 reason:0
02-27 02:19:43.552  1073  2510  7081 D ApfFilter: (wlan0): begin monitoring
02-27 02:19:43.561  1073  2510  6796 D IpClient/wlan0: routeUpdated: fe80::/64 -> :: wlan0 mtu 0
02-27 02:19:43.562  1073  2510  6796 D IpClient/wlan0: addressUpdated: fe80::133b:5bb4:f366:75bd/64 on ifindex 16 flags 0x000008C4 scope 253
02-27 02:19:43.563  1073  2510  6796 D TrafficStats: tagSocket(93) with statsTag=0xfffffe01, statsUid=-1
02-27 02:19:43.566  1073  2510  6796 D IpClient.wlan0: set max DTIM multiplier to 1
02-27 02:19:43.580  1000  1855  2290 I ConnectivityService: Update score for net 105 : +TRANSPORT_PRIMARY
02-27 02:19:43.583  1000  1855  2290 D ConnectivityService: NetReassign [no changes] [c 0] [a 0] [i 2]
02-27 02:19:43.583  wifi  1096  1096 D WifiHAL : Setting APF program, halHandle = 0xb400006f04392e90
02-27 02:19:43.584  wifi  1096  1096 I WifiHAL : createRequest: APF set program request
02-27 02:19:43.584  1000  1855  2282 E WifiStaIfaceHidlImpl: installApfPacketFilter failed with status: {.code = ERROR_INVALID_ARGS, .description = }
02-27 02:19:43.585  wifi  1096  1096 D WifiHAL : Setting APF program, halHandle = 0xb400006f04392e90
02-27 02:19:43.585  wifi  1096  1096 I WifiHAL : createRequest: APF set program request
02-27 02:19:43.587  1000  1855  2290 D ConnectivityService: NetReassign [no changes] [c 0] [a 0] [i 2]
02-27 02:19:43.590  wifi  1096  1096 I WifiHAL : Done!
02-27 02:19:43.591  1000  1855  2282 D WifiStaIfaceHidlImpl: setDtimMultiplier is not implemented by HIDL
02-27 02:19:43.592  root  1012  1046 E Netd    : no such netId 105
02-27 02:19:43.740  1073  2510  6796 D DhcpClient: l2key: W376f27727d9ed04c lease address: /192.168.50.34 lease expiry: 1709086731784 current time: 1709000383740
02-27 02:19:43.744  1073  2510  6796 D DhcpClient: Broadcasting DHCPREQUEST ciaddr=0.0.0.0 request=192.168.50.34 serverid=null
02-27 02:19:43.749  1073  2510  6796 D DhcpClient: Received packet: 00:90:4c:12:d0:01 ACK: your new IP /192.168.50.34, netmask /255.255.255.0, gateways [/192.168.50.1] DNS servers: /202.81.252.1 /192.168.50.1 , lease time 86400
02-27 02:19:43.751  1073  2510  6796 D DhcpClient: Confirmed lease: com.android.networkstack.android.net.DhcpResults@192b389 DHCP server /192.168.50.1 Vendor info null lease 86400 seconds Servername 
02-27 02:19:43.762  1073  2510  6796 D IpClient/wlan0: addressUpdated: 192.168.50.34/24 on ifindex 16 flags 0x00000080 scope 0
02-27 02:19:43.765  1000  1855  2282 I WifiClientModeImpl[892546:wlan0]: Update current security type to 2
02-27 02:19:43.765  1073  2510  6796 D DhcpClient: Scheduling renewal in 43199s
02-27 02:19:43.765  1073  2510  6796 D DhcpClient: Scheduling rebind in 75599s
02-27 02:19:43.765  1073  2510  6796 D DhcpClient: Scheduling expiry in 86399s
02-27 02:19:43.767  1000  1855  2282 W ContextImpl: Calling a method in the system process without a qualified user: android.app.ContextImpl.sendStickyBroadcast:1626 com.android.server.wifi.ClientModeImpl.sendNetworkChangeBroadcast:3008 com.android.server.wifi.ClientModeImpl.lambda$sendNetworkChangeBroadcastWithCurrentState$14:2985 com.android.server.wifi.ClientModeImpl.$r8$lambda$q-j88Pjw4gROgoJFr8wBlBVbuJI:0 com.android.server.wifi.ClientModeImpl$$ExternalSyntheticLambda4.send:0 
02-27 02:19:43.770  wifi  1096  1096 D WifiHAL : Setting APF program, halHandle = 0xb400006f04392e90
02-27 02:19:43.770  root  1012  1046 E Netd    : no such netId 105
02-27 02:19:43.770  wifi  1096  1096 I WifiHAL : createRequest: APF set program request
02-27 02:19:43.771  1000  1855  2290 E ConnectivityService: Exception in networkAddRouteParcel for non-gateway: android.os.ServiceSpecificException: Machine is not on the network (code 64)
02-27 02:19:43.771  root  1012  1046 E Netd    : no such netId 105
02-27 02:19:43.771  1000  1855  2290 E ConnectivityService: Exception in networkAddRouteParcel for gateway: android.os.ServiceSpecificException: Machine is not on the network (code 64)
02-27 02:19:43.774  wifi  1096  1096 I WifiHAL : Done!
02-27 02:19:43.775  1000  1855  2290 D ConnectivityService: Setting DNS servers for network 105 to [/202.81.252.1, /192.168.50.1]
02-27 02:19:43.776  1000  1855  2282 W ContextImpl: Calling a method in the system process without a qualified user: android.app.ContextImpl.sendStickyBroadcast:1626 com.android.server.wifi.ClientModeImpl.sendNetworkChangeBroadcast:3008 com.android.server.wifi.ClientModeImpl.lambda$sendNetworkChangeBroadcastWithCurrentState$14:2985 com.android.server.wifi.ClientModeImpl.$r8$lambda$q-j88Pjw4gROgoJFr8wBlBVbuJI:0 com.android.server.wifi.ClientModeImpl$$ExternalSyntheticLambda4.send:0 
02-27 02:19:43.777  1000  1855  2290 D ConnectivityService: [105 WIFI] EVENT_NETWORK_INFO_CHANGED, going from CONNECTING to CONNECTED
02-27 02:19:43.779  1000  1855  2290 D DnsManager: sendDnsConfigurationForNetwork(105, [202.81.252.1, 192.168.50.1], [], 1800, 25, 8, 64, 0, 0, , [])
02-27 02:19:43.783  1000  1855  2290 W DnsManager: updatePrivateDns(105, PrivateDnsConfig{true:/[]})
02-27 02:19:43.783  1000  1855  2290 D ConnectivityService: Setting DNS servers for network 105 to [/202.81.252.1, /192.168.50.1]
02-27 02:19:43.784  1000  1855  2290 D DnsManager: sendDnsConfigurationForNetwork(105, [202.81.252.1, 192.168.50.1], [], 1800, 25, 8, 64, 0, 0, , [202.81.252.1, 192.168.50.1])
02-27 02:19:43.787  1000  1855  2290 D ConnectivityService: Adding iface wlan0 to network 105
02-27 02:19:43.787  root  1012  7083 W resolv  : Validating DnsTlsServer 202.81.252.1 with mark 0xf0069
02-27 02:19:43.788  1000  1855  2282 W WifiScoreReport: Cannot start external scoring netId=105 currentNetId=105 currentNetCapabilities=[ Transports: WIFI Capabilities: NOT_METERED&INTERNET&NOT_RESTRICTED&TRUSTED&NOT_VPN&NOT_ROAMING&NOT_CONGESTED&NOT_SUSPENDED&NOT_VCN_MANAGED LinkUpBandwidth>=12000Kbps LinkDnBandwidth>=30000Kbps Specifier: <WifiNetworkAgentSpecifier [WifiConfiguration=, SSID="CMCC", BSSID=04:42:1a:4e:c4:30, band=1, mMatchLocalOnlySpecifiers=false]> TransportInfo: <SSID: "CMCC", BSSID: 04:42:1a:4e:c4:30, MAC: 00:90:4c:12:d0:01, IP: /192.168.50.34, Security type: 2, Supplicant state: COMPLETED, Wi-Fi standard: 6, RSSI: -23, Link speed: 270Mbps, Tx Link speed: 270Mbps, Max Supported Tx Link speed: 286Mbps, Rx Link speed: 1Mbps, Max Supported Rx Link speed: 286Mbps, Frequency: 2457MHz, Net ID: 0, Metered hint: false, score: 60, isUsable: true, CarrierMerged: false, SubscriptionId: -1, IsPrimary: 1, Trusted: true, Restricted: false, Ephemeral: false, OEM paid: false, OEM private: false, OSU AP: false, FQDN: <none>, Provider friendly name: <none>, Requesting package name: <none>"CMCC"wpa2-pskMLO Information: , Is TID-To-Link negotiation supported by the AP: false, AP MLD Address: <none>, AP MLO Link Id: <none>, AP MLO Affiliated links: <none>> SignalStrength: -23 AllowedUids: <{1000}> OwnerUid: 1000 AdminUids: [1000] SSID: "CMCC" UnderlyingNetworks: Null] sessionId=1053
02-27 02:19:43.789  root  1012  7083 W resolv  : Socket failed to connect: Network is unreachable
02-27 02:19:43.789  root  1012  7083 W resolv  : TCP Handshake failed: 101
02-27 02:19:43.793  root  1012  7082 W resolv  : Validating DnsTlsServer 192.168.50.1 with mark 0xf0069
02-27 02:19:43.795  root  1012  7082 W resolv  : Socket failed to connect: Network is unreachable
02-27 02:19:43.795  root  1012  7083 W resolv  : query failed
02-27 02:19:43.795  root  1012  7083 W resolv  : validateDnsTlsServer returned 0 for 202.81.252.1
02-27 02:19:43.795  1000  1855  2290 D ConnectivityService: Setting DNS servers for network 105 to [/202.81.252.1, /192.168.50.1]
02-27 02:19:43.796  root  1012  7082 W resolv  : TCP Handshake failed: 101
02-27 02:19:43.796  1000  1855  2290 D DnsManager: sendDnsConfigurationForNetwork(105, [202.81.252.1, 192.168.50.1], [], 1800, 25, 8, 64, 0, 0, , [202.81.252.1, 192.168.50.1])
02-27 02:19:43.796  root  1012  7082 W resolv  : query failed
02-27 02:19:43.796  root  1012  7082 W resolv  : validateDnsTlsServer returned 0 for 192.168.50.1
02-27 02:19:43.797  root  1012  7083 W resolv  : Validation failed
02-27 02:19:43.798  root  1012  7082 W resolv  : Validation failed
02-27 02:19:43.799  root  1012  7084 W resolv  : Validating DnsTlsServer 202.81.252.1 with mark 0xf0069
02-27 02:19:43.802  1000  1855  2504 D WifiMemoryStoreImpl: Set cluster G478d2376b9f247d4 for W376f27727d9ed04c: SUCCESS
02-27 02:19:43.803  1000  1500  1500 I cnss-daemon: Ready to update GW parameters
02-27 02:19:43.809  1000  1855  2290 I netstats_mobile_sample: [0,0,0,0,0,0,0,0,1709000383810]
02-27 02:19:43.809  1000  1855  2504 D WifiMemoryStoreImpl: Set cluster G478d2376b9f247d4 for W478d2376b9f247d4: SUCCESS
02-27 02:19:43.810  1000  1855  2290 I netstats_wifi_sample: [58713,19434,266,232,12416,19434,65,232,1709000383810]
02-27 02:19:43.812  1000  1855  2290 D ConnectivityService: Switching to new default network for: uid/pid:1000/1855 activeRequest: 1 callbackRequest: 1 [NetworkRequest [ REQUEST id=1, [ Capabilities: INTERNET&NOT_RESTRICTED&TRUSTED&NOT_VPN&NOT_VCN_MANAGED RequestorUid: 1000 RequestorPkg: android UnderlyingNetworks: Null] ]] callback flags: 1 order: 2147483647 using NetworkAgentInfo{network{105}  handle{454377263117}  ni{WIFI CONNECTED extra: } created=2024-02-27T02:19:43.520Z Score(Policies : TRANSPORT_PRIMARY&IS_UNMETERED ; KeepConnected : 0)  created 1074249  lp{{InterfaceName: wlan0 LinkAddresses: [ fe80::133b:5bb4:f366:75bd/64,192.168.50.34/24 ] DnsAddresses: [ /202.81.252.1,/192.168.50.1 ] Domains: null MTU: 0 ServerAddress: /192.168.50.1 TcpBufferSizes: 524288,1048576,2097152,262144,524288,1048576 Routes: [ fe80::/64 -> :: wlan0 mtu 0,192.168.50.0/24 -> 0.0.0.0 wlan0 mtu 0,0.0.0.0/0 -> 192.168.50.1 wlan0 mtu 0 ]}}  nc{[ Transports: WIFI Capabilities: NOT_METERED&INTERNET&NOT_RESTRICTED&TRUSTED&NOT_VPN&NOT_ROAMING&FOREGROUND&NOT_CONGESTED&NOT_SUSPENDED&NOT_VCN_MANAGED LinkUpBandwidth>=12000Kbps LinkDnBandwidth>=30000Kbps Specifier: <WifiNetworkAgentSpecifier [WifiConfiguration=, SSID="CMCC", BSSID=04:42:1a:4e:c4:30, band=1, mMatchLocalOnlySpecifiers=false]> TransportInfo: <SSID: "CMCC", BSSID: 04:42:1a:4e:c4:30, MAC: 00:90:4c:12:d0:01, IP: /192.168.50.34, Security type: 2, Supplicant state: COMPLETED, Wi-Fi standard: 6, RSSI: -23, Link speed: 270Mbps, Tx Link speed: 270Mbps, Max Supported Tx Link speed: 286Mbps, Rx Link speed: 1Mbps, Max Supported Rx Link speed: 286Mbps, Frequency: 2457MHz, Net ID: 0, Metered hint: false, score: 60, isUsable: true, CarrierMerged: false, SubscriptionId: -1, IsPrimary: 1, Trusted: true, Restricted: false, Ephemeral: false, OEM paid: false, OEM private: false, OSU AP: false, FQDN: <none>, Provider friendly name: <none>, Requesting package name: <none>"CMCC"wpa2-pskMLO Information: , Is TID-To-Link negotiation supported by the AP: false, AP MLD Address: <none>, AP MLO Link Id: <none>, AP MLO Affiliated links: <none>> SignalStrength: -23 OwnerUid: 1000 AdminUids: [1000] SSID: "CMCC" UnderlyingNetworks: Null]}  factorySerialNumber=4}
02-27 02:19:43.813  1000  1855  2282 E WifiStaIfaceHidlImpl: stopRssiMonitoring failed with status: {.code = ERROR_NOT_AVAILABLE, .description = }
02-27 02:19:43.815  root  1012  1034 E NetlinkEvent: NetlinkEvent::FindParam(): Parameter 'INTERFACE' not found
02-27 02:19:43.815  root  1012  1034 E NetlinkEvent: NetlinkEvent::FindParam(): Parameter 'STATE' not found
02-27 02:19:43.815  root  1012  1034 E NetlinkEvent: NetlinkEvent::FindParam(): Parameter 'TIME_NS' not found
02-27 02:19:43.815  root  1012  1034 E NetlinkEvent: NetlinkEvent::FindParam(): Parameter 'UID' not found
02-27 02:19:43.819  root  1012  7084 W resolv  : SSL_connect ssl error =5, mark 0xf0069: Connection refused
02-27 02:19:43.820  root  1012  7084 W resolv  : TLS Handshake failed
02-27 02:19:43.820  root  1012  7084 W resolv  : query failed
02-27 02:19:43.820  root  1012  7084 W resolv  : validateDnsTlsServer returned 0 for 202.81.252.1
02-27 02:19:43.820  root  1012  7084 W resolv  : Validation failed
02-27 02:19:43.821  1073  2510  7087 D TrafficStats: tagSocket(96) with statsTag=0xffffff81, statsUid=-1
02-27 02:19:43.822  1073  2510  7086 D TrafficStats: tagSocket(99) with statsTag=0xffffff81, statsUid=-1
02-27 02:19:43.824  1000  1855  2290 I netstats_mobile_sample: [0,0,0,0,0,0,0,0,1709000383826]
02-27 02:19:43.824  1000  1855  2290 I netstats_wifi_sample: [58805,19434,267,232,12416,19434,65,232,1709000383826]
02-27 02:19:43.827  1073  2510  7087 D TrafficStats: tagSocket(96) with statsTag=0xffffff81, statsUid=-1
02-27 02:19:43.827 10045  2565  2938 D QCNEJ/DefaultNetworkInfoRelay: Default network available: 105
02-27 02:19:43.828  1073  2510  2549 D UpstreamNetworkMonitor: New default Internet network: 105
02-27 02:19:43.829  1000  1855  2290 D ConnectivityService: Sending CONNECTED broadcast for type 1 [105 WIFI] isDefaultNetwork=true
02-27 02:19:43.829  1000  1855  2323 D NetworkTimeUpdateService: New default network 105; checking time.
02-27 02:19:43.829  1000  1855  2290 W ContextImpl: Calling a method in the system process without a qualified user: android.app.ContextImpl.sendStickyBroadcast:1626 android.net.connectivity.com.android.server.ConnectivityService.sendStickyBroadcast:3278 android.net.connectivity.com.android.server.ConnectivityService.sendGeneralBroadcast:3248 android.net.connectivity.com.android.server.ConnectivityService.sendConnectedBroadcast:3221 android.net.connectivity.com.android.server.ConnectivityService.sendLegacyNetworkBroadcast:10126 
02-27 02:19:43.830  1000  1855  2290 D ConnectivityService: NetReassign [49 : null → 105, 17 : null → 105, 7 : null → 105, 34 : null → 105, 1 : null → 105, 44 : null → 105, 15 : null → 105, 27 : null → 105, 22 : null → 105, 19 : null → 105, 24 : null → 105, 40 : null → 105, 36 : null → 105, 30 : null → 105, 51 : null → 105] [c 0] [a 18] [i 0]
02-27 02:19:43.830 10045  2565  2938 D QCNEJ/NativeHalConnector: -> SND notifyWifiAvailable(v4Connected = truev6Connected = , false, isAndroidValidated = false)
02-27 02:19:43.831 10045  2565  2938 D QCNEJ/NativeHalConnector: -> SND notifyDefaultNetworkChanged(1)
02-27 02:19:43.832 10045  2565  2938 D QCNEJ/NativeHalConnector: -> SND notifyDefaultNetworkChanged(1)
02-27 02:19:43.833 10045  2565  2938 D QCNEJ/WlanStaInfoRelay: network available: 105
02-27 02:19:43.835 10045  2565  2938 D QCNEJ/NativeHalConnector: -> SND notifyWifiAvailable(v4Connected = truev6Connected = , false, isAndroidValidated = false)
02-27 02:19:43.837 10045  2565  2938 D QCNEJ/NativeHalConnector: -> SND notifyWifiAvailable(v4Connected = truev6Connected = , false, isAndroidValidated = false)
02-27 02:19:43.838  1073  2510  7086 D TrafficStats: tagSocket(98) with statsTag=0xffffff81, statsUid=-1
02-27 02:19:43.843  1073  2510  2510 D TrafficStats: tagSocket(96) with statsTag=0xffffffff, statsUid=-1
02-27 02:19:43.847  1073  2510  7087 D NetworkMonitor/105: PROBE_DNS connectivitycheck.gstatic.com 26ms OK 14.215.177.38
02-27 02:19:43.853  1073  2510  7087 D TrafficStats: tagSocket(96) with statsTag=0xffffff81, statsUid=-1
02-27 02:19:43.853 10057  2356  2356 D StatusBarIconController: ignoring old pipeline callback because the new wifi icon is enabled
02-27 02:19:43.868  1073  2510  2510 D TrafficStats: tagSocket(98) with statsTag=0xffffffff, statsUid=-1
02-27 02:19:43.872  1073  2510  7086 D NetworkMonitor/105: PROBE_DNS www.google.com 50ms OK 142.250.66.68
02-27 02:19:43.879  1073  2510  7086 D TrafficStats: tagSocket(98) with statsTag=0xffffff81, statsUid=-1
02-27 02:19:43.967  1073  2510  7086 D NetworkMonitor/105: PROBE_HTTPS https://www.google.com/generate_204 time=90ms ret=204 request={Connection=[close], User-Agent=[Mozilla/5.0 (X11; Linux x86_64) AppleWebKit/537.36 (KHTML, like Gecko) Chrome/60.0.3112.32 Safari/537.36]} headers={null=[HTTP/1.1 204 No Content], Alt-Svc=[h3=":443"; ma=2592000,h3-29=":443"; ma=2592000], Connection=[close], Content-Length=[0], Cross-Origin-Resource-Policy=[cross-origin], Date=[Tue, 27 Feb 2024 02:19:43 GMT], X-Android-Received-Millis=[1709000383963], X-Android-Response-Source=[NETWORK 204], X-Android-Selected-Protocol=[http/1.1], X-Android-Sent-Millis=[1709000383932]}
02-27 02:19:43.971  1073  2510  7085 D NetworkMonitor/105: isCaptivePortal: isSuccessful()=true isPortal()=false RedirectUrl=null isPartialConnectivity()=false Time=152ms
02-27 02:19:43.974  1000  1855  2290 I ConnectivityService: Update score for net 105 : +EVER_EVALUATED
02-27 02:19:43.975  1000  1855  2290 D ConnectivityService: [105 WIFI] validation passed
02-27 02:19:43.975  1000  1855  2290 I ConnectivityService: Update capabilities for net 105 : +VALIDATED
02-27 02:19:43.975  1000  1855  2290 I ConnectivityService: Update score for net 105 : +EVER_VALIDATED+IS_VALIDATED
02-27 02:19:43.977  1000  1855  2290 D ConnectivityService: NetReassign [no changes] [c 0] [a 1] [i 1]
