02-27 02:18:38.753 10088  6434  6451 E TestRunner: failed: testEcAttestation(android.keystore.cts.KeyAttestationTest)
02-27 02:18:38.754 10088  6434  6451 E TestRunner: ----- begin exception -----
02-27 02:18:38.755 10088  6434  6451 E TestRunner: java.lang.Exception: Unexpected failure while generating key.
02-27 02:18:38.755 10088  6434  6451 E TestRunner: In case of AOSP/GSI builds, system provided properties could be different from provisioned properties in KeyMaster/KeyMint. In such cases, make sure attestation specific properties (Build.*_FOR_ATTESTATION) are configured correctly.
02-27 02:18:38.755 10088  6434  6451 E TestRunner: 	at android.keystore.cts.KeyAttestationTest.testEcAttestation(KeyAttestationTest.java:225)
02-27 02:18:38.755 10088  6434  6451 E TestRunner: 	at java.lang.reflect.Method.invoke(Native Method)
02-27 02:18:38.755 10088  6434  6451 E TestRunner: 	at org.junit.runners.model.FrameworkMethod$1.runReflectiveCall(FrameworkMethod.java:59)
02-27 02:18:38.755 10088  6434  6451 E TestRunner: 	at org.junit.internal.runners.model.ReflectiveCallable.run(ReflectiveCallable.java:12)
02-27 02:18:38.755 10088  6434  6451 E TestRunner: 	at org.junit.runners.model.FrameworkMethod.invokeExplosively(FrameworkMethod.java:61)
02-27 02:18:38.755 10088  6434  6451 E TestRunner: 	at org.junit.internal.runners.statements.InvokeMethod.evaluate(InvokeMethod.java:17)
02-27 02:18:38.755 10088  6434  6451 E TestRunner: 	at org.junit.internal.runners.statements.FailOnTimeout$CallableStatement.call(FailOnTimeout.java:148)
02-27 02:18:38.755 10088  6434  6451 E TestRunner: 	at org.junit.internal.runners.statements.FailOnTimeout$CallableStatement.call(FailOnTimeout.java:142)
02-27 02:18:38.755 10088  6434  6451 E TestRunner: 	at java.util.concurrent.FutureTask.run(FutureTask.java:264)
02-27 02:18:38.755 10088  6434  6451 E TestRunner: 	at java.lang.Thread.run(Thread.java:1012)
02-27 02:18:38.755 10088  6434  6451 E TestRunner: Caused by: java.security.ProviderException: Failed to generate key pair.
02-27 02:18:38.755 10088  6434  6451 E TestRunner: 	at android.security.keystore2.AndroidKeyStoreKeyPairGeneratorSpi.generateKeyPair(AndroidKeyStoreKeyPairGeneratorSpi.java:664)
02-27 02:18:38.755 10088  6434  6451 E TestRunner: 	at java.security.KeyPairGenerator$Delegate.generateKeyPair(KeyPairGenerator.java:746)
02-27 02:18:38.755 10088  6434  6451 E TestRunner: 	at android.keystore.cts.KeyAttestationTest.generateKeyPair(KeyAttestationTest.java:1579)
02-27 02:18:38.755 10088  6434  6451 E TestRunner: 	at android.keystore.cts.KeyAttestationTest.testEcAttestation(KeyAttestationTest.java:942)
02-27 02:18:38.755 10088  6434  6451 E TestRunner: 	at android.keystore.cts.KeyAttestationTest.testEcAttestation(KeyAttestationTest.java:214)
02-27 02:18:38.755 10088  6434  6451 E TestRunner: 	... 9 more
02-27 02:18:38.755 10088  6434  6451 E TestRunner: Caused by: android.security.KeyStoreException: Unable to attest device ids (internal Keystore code: -66 message: system/security/keystore2/src/security_level.rs:622
02-27 02:18:38.755 10088  6434  6451 E TestRunner: 
02-27 02:18:38.755 10088  6434  6451 E TestRunner: Caused by:
02-27 02:18:38.755 10088  6434  6451 E TestRunner:     0: system/security/keystore2/src/security_level.rs:620: While generating Key without explicit attestation key.
02-27 02:18:38.755 10088  6434  6451 E TestRunner:     1: Error::Km(r#CANNOT_ATTEST_IDS)) (public error code: 8 internal Keystore code: -66)
02-27 02:18:38.755 10088  6434  6451 E TestRunner: 	at android.security.KeyStore2.getKeyStoreException(KeyStore2.java:386)
02-27 02:18:38.755 10088  6434  6451 E TestRunner: 	at android.security.KeyStoreSecurityLevel.handleExceptions(KeyStoreSecurityLevel.java:57)
02-27 02:18:38.755 10088  6434  6451 E TestRunner: 	at android.security.KeyStoreSecurityLevel.generateKey(KeyStoreSecurityLevel.java:145)
02-27 02:18:38.755 10088  6434  6451 E TestRunner: 	at android.security.keystore2.AndroidKeyStoreKeyPairGeneratorSpi.generateKeyPair(AndroidKeyStoreKeyPairGeneratorSpi.java:651)
02-27 02:18:38.755 10088  6434  6451 E TestRunner: 	... 13 more
02-27 02:18:38.755 10088  6434  6451 E TestRunner: ----- end exception -----
02-27 02:18:38.756 10088  6434  6451 I TestRunner: finished: testEcAttestation(android.keystore.cts.KeyAttestationTest)
02-27 02:18:38.760 10088  6434  6451 I TestRunner: run finished: 3 tests, 3 failed, 0 ignored
02-27 02:18:38.778  1000  1855  2443 W WindowMagnificationMgr: requestConnection duplicated request: connect=false, mConnectionState=DISCONNECTED
02-27 02:18:38.779  1000  1855  2443 D AccessibilityManagerService: restoreCurrentUserForTestAutomationIfNeededLocked(): ignoring because device doesn't support visible background users
02-27 02:18:38.786  1000  1855  2443 I ActivityManager: Force stopping android.keystore.cts appid=10088 user=0: finished inst
02-27 02:18:38.790  1000  1855  2443 E ActivityManager: Unable to freeze binder for 6434: -11
02-27 02:18:38.791 shell  6419  6419 I app_process: System.exit called, status: 0
02-27 02:18:38.792 shell  6419  6419 I AndroidRuntime: VM exiting with result code 0.
02-27 02:18:38.795  1000  1855  2443 I am_uid_stopped: 10088
02-27 02:18:38.796  1000  1855  2443 I ActivityManager: Killing 6434:android.keystore.cts/u0a88 (adj 0): stop android.keystore.cts due to finished inst
02-27 02:18:38.797  1000  1855  2443 I am_kill : [0,6434,android.keystore.cts,0,stop android.keystore.cts due to finished inst]
02-27 02:18:38.798  1000  1855  1917 D DisplayManagerService: Drop pending events for gone uid 10088
02-27 02:18:38.806 10063  3140  3324 D MediaGrants: Removed 0 media_grants for 0 user for android.keystore.cts. Reason: Mode changed: android:read_external_storage
02-27 02:18:38.809  1000  1855  1855 D BatterySaverPolicy: accessibility changed to false, updating policy.
02-27 02:18:38.822  1000  1855  4412 V ActivityManager: Got obituary of 6434:android.keystore.cts
02-27 02:18:38.822  root  1013  1013 I Zygote  : Process 6434 exited due to signal 9 (Killed)
02-27 02:18:38.931  1000  1855  1926 I ActivityManager: Force stopping androidx.test.services appid=10089 user=-1: deletePackageX
02-27 02:18:38.932  1000  1855  1926 E libprocessgroup: No such cgroup attribute: /sys/fs/cgroup/uid_4294877385/cgroup.freeze
02-27 02:18:38.932  1000  1855  1926 W libprocessgroup: Failed to apply Frozen process profile: No such file or directory
02-27 02:18:38.932  1000  1855  1926 I am_uid_stopped: 10089
02-27 02:18:38.934  1000  1855  1926 I ActivityManager: Killing 6394:androidx.test.services/u0a89 (adj 915): stop androidx.test.services due to deletePackageX
02-27 02:18:38.934  1000  1855  1926 I am_kill : [0,6394,androidx.test.services,915,stop androidx.test.services due to deletePackageX]
02-27 02:18:38.936  1000  1855  1917 D DisplayManagerService: Drop pending events for gone uid 10089
02-27 02:18:38.937  1000  1855  1926 E libprocessgroup: No such cgroup attribute: /sys/fs/cgroup/uid_4294877385/cgroup.freeze
02-27 02:18:38.938  1000  1855  1926 W libprocessgroup: Failed to apply Unfrozen process profile: No such file or directory
02-27 02:18:38.966  1000  1855  2443 V ActivityManager: Got obituary of 6394:androidx.test.services
02-27 02:18:38.967  root  1013  1013 I Zygote  : Process 6394 exited due to signal 9 (Killed)
02-27 02:18:38.977  artd  6566  6566 I artd    : Starting artd
02-27 02:18:38.978  artd  6566  6566 I AidlLazyServiceRegistrar: Registering service artd
02-27 02:18:38.981  artd  6566  6566 I AidlLazyServiceRegistrar: Process has 1 (of 1 available) client(s) in use after notification artd has clients: 1
02-27 02:18:38.985  1000  1855  1951 W PermissionManager: Package com.android.adservices.api is an APK in APEX, but has permission allowlist on the system image. Please bundle the allowlist in the com.android.adservices APEX instead.
02-27 02:18:38.985  1000  1855  1990 I commit_sys_config_file: [settings-2-0,9]
02-27 02:18:39.018  1000  1855  1951 W PermissionManager: Package com.android.providers.media.module is an APK in APEX, but has permission allowlist on the system image. Please bundle the allowlist in the com.android.mediaprovider APEX instead.
02-27 02:18:39.018  1000  1855  1951 W PermissionManager: Package com.android.providers.media.module is an APK in APEX, but has permission allowlist on the system image. Please bundle the allowlist in the com.android.mediaprovider APEX instead.
02-27 02:18:39.018  1000  1855  1951 W PermissionManager: Package com.android.providers.media.module is an APK in APEX, but has permission allowlist on the system image. Please bundle the allowlist in the com.android.mediaprovider APEX instead.
02-27 02:18:39.018  1000  1855  1951 W PermissionManager: Package com.android.providers.media.module is an APK in APEX, but has permission allowlist on the system image. Please bundle the allowlist in the com.android.mediaprovider APEX instead.
02-27 02:18:39.018  1000  1855  1951 W PermissionManager: Package com.android.providers.media.module is an APK in APEX, but has permission allowlist on the system image. Please bundle the allowlist in the com.android.mediaprovider APEX instead.
02-27 02:18:39.018  1000  1855  1951 W PermissionManager: Package com.android.providers.media.module is an APK in APEX, but has permission allowlist on the system image. Please bundle the allowlist in the com.android.mediaprovider APEX instead.
02-27 02:18:39.018  1000  1855  1951 W PermissionManager: Package com.android.providers.media.module is an APK in APEX, but has permission allowlist on the system image. Please bundle the allowlist in the com.android.mediaprovider APEX instead.
02-27 02:18:39.018  1000  1855  1951 W PermissionManager: Package com.android.providers.media.module is an APK in APEX, but has permission allowlist on the system image. Please bundle the allowlist in the com.android.mediaprovider APEX instead.
02-27 02:18:39.018  1000  1855  1951 W PermissionManager: Package com.android.providers.media.module is an APK in APEX, but has permission allowlist on the system image. Please bundle the allowlist in the com.android.mediaprovider APEX instead.
02-27 02:18:39.018  1000  1855  1951 W PermissionManager: Package com.android.providers.media.module is an APK in APEX, but has permission allowlist on the system image. Please bundle the allowlist in the com.android.mediaprovider APEX instead.
02-27 02:18:39.018  1000  1855  1951 W PermissionManager: Package com.android.providers.media.module is an APK in APEX, but has permission allowlist on the system image. Please bundle the allowlist in the com.android.mediaprovider APEX instead.
02-27 02:18:39.018  1000  1855  1951 W PermissionManager: Package com.android.providers.media.module is an APK in APEX, but has permission allowlist on the system image. Please bundle the allowlist in the com.android.mediaprovider APEX instead.
02-27 02:18:39.019  1000  1855  1951 W PermissionManager: Package com.android.providers.media.module is an APK in APEX, but has permission allowlist on the system image. Please bundle the allowlist in the com.android.mediaprovider APEX instead.
02-27 02:18:39.043  1000  1855  1951 I commit_sys_config_file: [package,18]
02-27 02:18:39.049  1000  1855  3478 E TaskPersister: File error accessing recents directory (directory doesn't exist?).
02-27 02:18:39.054  1000  1855  1951 I ActivityManager: Force stopping androidx.test.services appid=10089 user=0: pkg removed
02-27 02:18:39.054  1000  1855  1948 I commit_sys_config_file: [package-user-0,12]
02-27 02:18:39.087 radio  2588  2588 D CarrierSvcBindHelper: onPackageRemoved: androidx.test.services
02-27 02:18:39.088 radio  2588  2588 D CarrierSvcBindHelper: No carrier app for: 0
02-27 02:18:39.089  1000  1855  1926 D ActivityManager: sync unfroze 3174 com.android.documentsui for 3
02-27 02:18:39.093  1000  1855  1991 I am_unfreeze: [3174,com.android.documentsui,3]
02-27 02:18:39.096 10063  3140  3140 W MediaProvider: WorkProfileOwnerApps cache is empty
02-27 02:18:39.096 10057  2356  2356 D ControlsListingControllerImpl: ServiceConfig reloaded, count: 0
02-27 02:18:39.123 10063  3140  3617 I MediaProvider: Begin Intent { act=android.intent.action.PACKAGE_FULLY_REMOVED dat=package: flg=0x5000010 cmp=com.android.providers.media.module/com.android.providers.media.MediaService (has extras) }
02-27 02:18:39.123 10063  3140  3617 D MediaProvider: Deleted 0 Android/media items belonging to androidx.test.services on /data/user/0/com.android.providers.media.module/databases/external.db
02-27 02:18:39.126 10063  3140  3617 D MediaGrants: Removed 0 media_grants for 0 user for androidx.test.services. Reason: Package orphaned
02-27 02:18:39.126 10063  3140  3617 I MediaProvider: End Intent { act=android.intent.action.PACKAGE_FULLY_REMOVED dat=package: flg=0x5000010 cmp=com.android.providers.media.module/com.android.providers.media.MediaService (has extras) }
02-27 02:18:39.142  1000  1855  1905 D SafetySourceDataValidator: No cert check requested for package com.android.permissioncontroller
02-27 02:18:39.150  1000  1855  1900 I system_server: Background concurrent copying GC freed 234089(9925KB) AllocSpace objects, 42(936KB) LOS objects, 49% free, 18MB/36MB, paused 309us,222us total 103.099ms
02-27 02:18:39.154 10069  2362  2362 D PersistedStoragePackageUninstalledReceiver: Received android.intent.action.PACKAGE_FULLY_REMOVED for androidx.test.services for u0
02-27 02:18:39.156  1000  1855  1902 W System  : A resource failed to call HardwareBuffer.close. 
02-27 02:18:39.157  1000  1855  2282 W WifiService: Couldn't get PackageInfo for package:androidx.test.services
02-27 02:18:39.157  1000  1855  2282 D WifiService: Remove settings for package:androidx.test.services
02-27 02:18:39.157  1000  1855  2282 D WifiConfigManager: Remove all networks for app ApplicationInfo{2b40a33 androidx.test.services}
02-27 02:18:39.159  1000  1855  1985 I RollbackManager: broadcast=ACTION_PACKAGE_FULLY_REMOVED pkg=androidx.test.services
02-27 02:18:39.164  1000  1855  2020 V StorageManagerService: Package androidx.test.services does not have legacy storage
02-27 02:18:39.165  1000  1855  2008 I InputReader: Reconfiguring input devices, changes=KEYBOARD_LAYOUTS
02-27 02:18:39.168  1000  1855  2324 I commit_sys_config_file: [session_index,4]
02-27 02:18:39.171  1000  1855  2282 D WifiConfigStore: Writing to stores completed in 12 ms.
02-27 02:18:39.172  1000  1855  2282 I PasspointManager: No app ops listener found for androidx.test.services
02-27 02:18:39.173  1000  1855  2282 W WifiService: Couldn't get PackageInfo for package:androidx.test.services
02-27 02:18:39.173  1000  1855  2282 D WifiService: Remove settings for package:androidx.test.services
02-27 02:18:39.173  1000  1855  2282 D WifiConfigManager: Remove all networks for app ApplicationInfo{5c3d995 androidx.test.services}
02-27 02:18:39.173  1000  1855  1855 I Telecom : CarModeTracker: Package androidx.test.services is not tracked.: SSH.oR@AIM
02-27 02:18:39.173  1000  1855  1855 I Telecom : InCallController: updateCarModeForConnections: car mode apps: : SSH.oR@AIM
02-27 02:18:39.173  1000  1855  1855 I Telecom : InCallController: update carmode current:UserHandle{0} parent:null: SSH.oR@AIM
02-27 02:18:39.174  1000  1855  1925 W Searchables: No global search activity found
02-27 02:18:39.178  1000  1855  2282 D WifiConfigStore: Writing to stores completed in 5 ms.
02-27 02:18:39.179  1000  1855  2282 I PasspointManager: No app ops listener found for androidx.test.services
02-27 02:18:39.180  1000  1855  1855 I notification_cancel_all: [1000,1855,androidx.test.services,0,0,0,5,NULL]
02-27 02:18:39.180  1000  1855  2324 I commit_sys_config_file: [blobs_index,4]
02-27 02:18:39.181  1000  1855  1992 I RoleService: Granting default roles...
02-27 02:18:39.181  1000  1855  1855 I ConditionProviders: Disallowing condition provider androidx.test.services (userSet: true)
02-27 02:18:39.183 10054  2659  2659 D Launcher.Model: package removed received androidx.test.services
02-27 02:18:39.184 10054  2659  2690 D PackageUpdatedTask: Removing app iconandroidx.test.services
02-27 02:18:39.185  1000  1855  2280 I commit_sys_config_file: [net-policy,981401]
02-27 02:18:39.185 10054  2659  2690 D ModelWriter: removing items from db . Reason: [removed because the corresponding package or component is removed. mOp=3 removedPackages=[androidx.test.services] removedComponents=[]]
02-27 02:18:39.189  1000  1855  1951 I AppsFilter: interaction: PackageSetting{d6c9e8 com.android.microdroid.empty_payload/10059} -> PackageSetting{e1696c android.keystore.cts/10088} BLOCKED
02-27 02:18:39.189 10069  2362  6287 W Role    : Cannot get ApplicationInfo for default holder: com.android.contacts
02-27 02:18:39.194 10069  2362  6287 W Role    : Cannot get ApplicationInfo for default holder: com.android.settings.intelligence
02-27 02:18:39.195  1000  1855  1925 W ProcessStats: Tracking association SourceState{2efacd1 system/1000 ImpFg #1107} whose proc state 5 is better than process ProcessState{96bdd1b com.android.keychain/1000 pkg=com.android.keychain} proc state 8 (0 skipped)
02-27 02:18:39.199  1000  1855  1951 W PermissionManager: Package com.android.adservices.api is an APK in APEX, but has permission allowlist on the system image. Please bundle the allowlist in the com.android.adservices APEX instead.
02-27 02:18:39.199  1000  1855  1926 I ActivityManager: Force stopping android.keystore.cts appid=10088 user=-1: deletePackageX
02-27 02:18:39.200  1000  1855  1926 E libprocessgroup: No such cgroup attribute: /sys/fs/cgroup/uid_4294877384/cgroup.freeze
02-27 02:18:39.200  1000  1855  1926 W libprocessgroup: Failed to apply Frozen process profile: No such file or directory
02-27 02:18:39.202  1000  1855  1926 E libprocessgroup: No such cgroup attribute: /sys/fs/cgroup/uid_4294877384/cgroup.freeze
02-27 02:18:39.202  1000  1855  1926 W libprocessgroup: Failed to apply Unfrozen process profile: No such file or directory
02-27 02:18:39.202  1000  1855  2279 I netstats_mobile_sample: [0,0,0,0,0,0,0,0,1709000319204]
02-27 02:18:39.204  1000  1855  2279 I netstats_wifi_sample: [40137,13751,182,154,12245,13751,62,154,1709000319204]
02-27 02:18:39.228  1000  1855  1951 W PermissionManager: Package com.android.providers.media.module is an APK in APEX, but has permission allowlist on the system image. Please bundle the allowlist in the com.android.mediaprovider APEX instead.
02-27 02:18:39.228  1000  1855  1951 W PermissionManager: Package com.android.providers.media.module is an APK in APEX, but has permission allowlist on the system image. Please bundle the allowlist in the com.android.mediaprovider APEX instead.
02-27 02:18:39.228  1000  1855  1951 W PermissionManager: Package com.android.providers.media.module is an APK in APEX, but has permission allowlist on the system image. Please bundle the allowlist in the com.android.mediaprovider APEX instead.
02-27 02:18:39.228  1000  1855  1951 W PermissionManager: Package com.android.providers.media.module is an APK in APEX, but has permission allowlist on the system image. Please bundle the allowlist in the com.android.mediaprovider APEX instead.
02-27 02:18:39.228  1000  1855  1951 W PermissionManager: Package com.android.providers.media.module is an APK in APEX, but has permission allowlist on the system image. Please bundle the allowlist in the com.android.mediaprovider APEX instead.
02-27 02:18:39.228  1000  1855  1951 W PermissionManager: Package com.android.providers.media.module is an APK in APEX, but has permission allowlist on the system image. Please bundle the allowlist in the com.android.mediaprovider APEX instead.
02-27 02:18:39.228  1000  1855  1951 W PermissionManager: Package com.android.providers.media.module is an APK in APEX, but has permission allowlist on the system image. Please bundle the allowlist in the com.android.mediaprovider APEX instead.
02-27 02:18:39.228  1000  1855  1951 W PermissionManager: Package com.android.providers.media.module is an APK in APEX, but has permission allowlist on the system image. Please bundle the allowlist in the com.android.mediaprovider APEX instead.
02-27 02:18:39.228  1000  1855  1951 W PermissionManager: Package com.android.providers.media.module is an APK in APEX, but has permission allowlist on the system image. Please bundle the allowlist in the com.android.mediaprovider APEX instead.
02-27 02:18:39.228  1000  1855  1951 W PermissionManager: Package com.android.providers.media.module is an APK in APEX, but has permission allowlist on the system image. Please bundle the allowlist in the com.android.mediaprovider APEX instead.
02-27 02:18:39.228  1000  1855  1951 W PermissionManager: Package com.android.providers.media.module is an APK in APEX, but has permission allowlist on the system image. Please bundle the allowlist in the com.android.mediaprovider APEX instead.
02-27 02:18:39.228  1000  1855  1951 W PermissionManager: Package com.android.providers.media.module is an APK in APEX, but has permission allowlist on the system image. Please bundle the allowlist in the com.android.mediaprovider APEX instead.
02-27 02:18:39.228  1000  1855  1951 W PermissionManager: Package com.android.providers.media.module is an APK in APEX, but has permission allowlist on the system image. Please bundle the allowlist in the com.android.mediaprovider APEX instead.
02-27 02:18:39.251  1000  1855  1951 I commit_sys_config_file: [package,17]
02-27 02:18:39.256  1000  1855  3478 E TaskPersister: File error accessing recents directory (directory doesn't exist?).
02-27 02:18:39.257  1000  1855  1926 D ActivityManager: sync unfroze 3269 android.process.media for 3
02-27 02:18:39.260  1041  1179  4121 D AF::TrackHandle: OpPlayAudio: track:55 usage:13 not muted
02-27 02:18:39.261  1041  1179  4121 D AF::TrackHandle: OpPlayAudio: track:55 usage:13 not muted
02-27 02:18:39.261  1041  1179  4121 D AF::TrackHandle: OpPlayAudio: track:55 usage:13 not muted
02-27 02:18:39.261  1041  1179  4121 D AF::TrackHandle: OpPlayAudio: track:55 usage:13 not muted
02-27 02:18:39.261  1041  1179  4121 D AF::TrackHandle: OpPlayAudio: track:55 usage:13 not muted
02-27 02:18:39.261  1041  1179  4121 D AF::TrackHandle: OpPlayAudio: track:55 usage:13 not muted
02-27 02:18:39.262  1041  1179  1179 D AF::TrackHandle: OpPlayAudio: track:59 usage:13 not muted
02-27 02:18:39.262  1041  1179  1179 D AF::TrackHandle: OpPlayAudio: track:59 usage:13 not muted
02-27 02:18:39.263  1000  1855  1991 I am_unfreeze: [3269,android.process.media,3]
02-27 02:18:39.264  1041  1179  1179 D AF::TrackHandle: OpPlayAudio: track:59 usage:13 not muted
02-27 02:18:39.265  1041  1179  1179 D AF::TrackHandle: OpPlayAudio: track:59 usage:13 not muted
02-27 02:18:39.266  1000  1855  1948 I commit_sys_config_file: [package-user-0,15]
02-27 02:18:39.282  1041  1179  1179 D AF::TrackHandle: OpPlayAudio: track:59 usage:13 not muted
02-27 02:18:39.283  1041  1179  1179 D AF::TrackHandle: OpPlayAudio: track:59 usage:13 not muted
02-27 02:18:39.283  1041  1179  1179 D AF::TrackHandle: OpPlayAudio: track:59 usage:13 not muted
02-27 02:18:39.284  1000  1855  1951 I ActivityManager: Force stopping android.keystore.cts appid=10088 user=0: pkg removed
02-27 02:18:39.285  1041  1179  3084 D AF::TrackHandle: OpPlayAudio: track:55 usage:13 not muted
02-27 02:18:39.290  1041  1179  3084 D AF::TrackHandle: OpPlayAudio: track:55 usage:13 not muted
02-27 02:18:39.291  1041  1179  5099 D AF::TrackHandle: OpPlayAudio: track:55 usage:13 not muted
02-27 02:18:39.292  1041  1179  5099 D AF::TrackHandle: OpPlayAudio: track:55 usage:13 not muted
02-27 02:18:39.292  1041  1179  5099 D AF::TrackHandle: OpPlayAudio: track:55 usage:13 not muted
02-27 02:18:39.293  1041  1179  5099 D AF::TrackHandle: OpPlayAudio: track:55 usage:13 not muted
02-27 02:18:39.294  1041  1179  5099 D AF::TrackHandle: OpPlayAudio: track:55 usage:13 not muted
02-27 02:18:39.295  1041  1179  5099 D AF::TrackHandle: OpPlayAudio: track:55 usage:13 not muted
02-27 02:18:39.295  1041  1179  5099 D AF::TrackHandle: OpPlayAudio: track:55 usage:13 not muted
02-27 02:18:39.296  1041  1179  5099 D AF::TrackHandle: OpPlayAudio: track:55 usage:13 not muted
02-27 02:18:39.296  1041  1179  1179 D AF::TrackHandle: OpPlayAudio: track:59 usage:13 not muted
02-27 02:18:39.299  1041  1179  1179 D AF::TrackHandle: OpPlayAudio: track:59 usage:13 not muted
02-27 02:18:39.299  1041  1179  1179 D AF::TrackHandle: OpPlayAudio: track:59 usage:13 not muted
02-27 02:18:39.300  1041  1179  1179 D AF::TrackHandle: OpPlayAudio: track:59 usage:13 not muted
02-27 02:18:39.300  1041  1179  1179 D AF::TrackHandle: OpPlayAudio: track:59 usage:13 not muted
02-27 02:18:39.300  1041  1179  1179 D AF::TrackHandle: OpPlayAudio: track:59 usage:13 not muted
02-27 02:18:39.300  1041  1179  1179 D AF::TrackHandle: OpPlayAudio: track:59 usage:13 not muted
02-27 02:18:39.300  1041  1179  1179 D AF::TrackHandle: OpPlayAudio: track:59 usage:13 not muted
02-27 02:18:39.300  1041  1179  1179 D AF::TrackHandle: OpPlayAudio: track:59 usage:13 not muted
02-27 02:18:39.301 10069  2362  6287 W Role    : Cannot get ApplicationInfo for default holder: com.android.gallery3d
02-27 02:18:39.303 radio  2588  2588 D CarrierSvcBindHelper: onPackageRemoved: android.keystore.cts
02-27 02:18:39.304 radio  2588  2588 D CarrierSvcBindHelper: No carrier app for: 0
02-27 02:18:39.308 10063  3140  3140 W MediaProvider: WorkProfileOwnerApps cache is empty
02-27 02:18:39.314 10057  2356  2356 D ControlsListingControllerImpl: ServiceConfig reloaded, count: 0
02-27 02:18:39.327 10063  3140  3617 I MediaProvider: Begin Intent { act=android.intent.action.PACKAGE_FULLY_REMOVED dat=package: flg=0x5000010 cmp=com.android.providers.media.module/com.android.providers.media.MediaService (has extras) }
02-27 02:18:39.328 10063  3140  3617 D MediaProvider: Deleted 0 Android/media items belonging to android.keystore.cts on /data/user/0/com.android.providers.media.module/databases/external.db
02-27 02:18:39.331 10063  3140  3617 D MediaGrants: Removed 0 media_grants for 0 user for android.keystore.cts. Reason: Package orphaned
02-27 02:18:39.332 10063  3140  3617 I MediaProvider: End Intent { act=android.intent.action.PACKAGE_FULLY_REMOVED dat=package: flg=0x5000010 cmp=com.android.providers.media.module/com.android.providers.media.MediaService (has extras) }
02-27 02:18:39.351  1000  1855  2449 D SafetySourceDataValidator: No cert check requested for package com.android.permissioncontroller
02-27 02:18:39.364 10069  2362  2362 D PersistedStoragePackageUninstalledReceiver: Received android.intent.action.PACKAGE_FULLY_REMOVED for android.keystore.cts for u0
02-27 02:18:39.364  1000  1855  1900 I system_server: Background concurrent copying GC freed 127306(7301KB) AllocSpace objects, 24(896KB) LOS objects, 49% free, 17MB/35MB, paused 654us,194us total 108.725ms
02-27 02:18:39.370  1000  1855  2282 W WifiService: Couldn't get PackageInfo for package:android.keystore.cts
02-27 02:18:39.370  1000  1855  2282 D WifiService: Remove settings for package:android.keystore.cts
02-27 02:18:39.370  1000  1855  2282 D WifiConfigManager: Remove all networks for app ApplicationInfo{de615d3 android.keystore.cts}
02-27 02:18:39.370  1000  1855  2020 V StorageManagerService: Package android.keystore.cts does not have legacy storage
02-27 02:18:39.370  1000  1855  1985 I RollbackManager: broadcast=ACTION_PACKAGE_FULLY_REMOVED pkg=android.keystore.cts
02-27 02:18:39.376  1000  1855  2008 I InputReader: Reconfiguring input devices, changes=KEYBOARD_LAYOUTS
02-27 02:18:39.376  1000  1855  2324 I commit_sys_config_file: [session_index,4]
02-27 02:18:39.378  1000  1855  1925 W Searchables: No global search activity found
02-27 02:18:39.381  1000  1855  2324 I commit_sys_config_file: [blobs_index,6]
02-27 02:18:39.383 10054  2659  2659 D Launcher.Model: package removed received android.keystore.cts
02-27 02:18:39.383 10054  2659  2690 D PackageUpdatedTask: Removing app iconandroid.keystore.cts
02-27 02:18:39.385 10054  2659  2690 D ModelWriter: removing items from db . Reason: [removed because the corresponding package or component is removed. mOp=3 removedPackages=[android.keystore.cts] removedComponents=[]]
02-27 02:18:39.385  1000  1855  2282 D WifiConfigStore: Writing to stores completed in 15 ms.
02-27 02:18:39.386  1000  1855  2282 I PasspointManager: No app ops listener found for android.keystore.cts
02-27 02:18:39.386  1000  1855  2282 W WifiService: Couldn't get PackageInfo for package:android.keystore.cts
02-27 02:18:39.386  1000  1855  2282 D WifiService: Remove settings for package:android.keystore.cts
02-27 02:18:39.386  1000  1855  2282 D WifiConfigManager: Remove all networks for app ApplicationInfo{3e17e0f android.keystore.cts}
02-27 02:18:39.389  1000  1855  2282 D WifiConfigStore: Writing to stores completed in 3 ms.
02-27 02:18:39.389  1000  1855  2282 I PasspointManager: No app ops listener found for android.keystore.cts
02-27 02:18:39.398  1000  1855  1855 I Telecom : CarModeTracker: Package android.keystore.cts is not tracked.: SSH.oR@AIY
02-27 02:18:39.398  1000  1855  1855 I Telecom : InCallController: updateCarModeForConnections: car mode apps: : SSH.oR@AIY
02-27 02:18:39.398  1000  1855  1855 I Telecom : InCallController: update carmode current:UserHandle{0} parent:null: SSH.oR@AIY
02-27 02:18:39.407  1000  1855  1855 I notification_cancel_all: [1000,1855,android.keystore.cts,0,0,0,5,NULL]
02-27 02:18:39.408  1000  1855  1855 I ConditionProviders: Disallowing condition provider android.keystore.cts (userSet: true)
02-27 02:18:39.415  1041  1179  5099 D AF::TrackHandle: OpPlayAudio: track:55 usage:13 not muted
02-27 02:18:39.415  1041  1179  3084 D AF::TrackHandle: OpPlayAudio: track:59 usage:13 not muted
02-27 02:18:39.415  1041  1179  5099 D AF::TrackHandle: OpPlayAudio: track:55 usage:13 not muted
02-27 02:18:39.416  1041  1179  4356 D AF::TrackHandle: OpPlayAudio: track:59 usage:13 not muted
02-27 02:18:39.417  1041  1179  1179 D AF::TrackHandle: OpPlayAudio: track:59 usage:13 not muted
02-27 02:18:39.418  1000  1855  2280 I commit_sys_config_file: [net-policy,981634]
02-27 02:18:39.418  1041  1179  1179 D AF::TrackHandle: OpPlayAudio: track:59 usage:13 not muted
02-27 02:18:39.419  1041  1179  1179 D AF::TrackHandle: OpPlayAudio: track:59 usage:13 not muted
02-27 02:18:39.419  1041  1179  1179 D AF::TrackHandle: OpPlayAudio: track:59 usage:13 not muted
02-27 02:18:39.421  1041  1179  5099 D AF::TrackHandle: OpPlayAudio: track:55 usage:13 not muted
02-27 02:18:39.421  1000  1855  2279 I netstats_mobile_sample: [0,0,0,0,0,0,0,0,1709000319423]
02-27 02:18:39.421  1041  1179  1179 D AF::TrackHandle: OpPlayAudio: track:59 usage:13 not muted
02-27 02:18:39.422  1000  1855  2279 I netstats_wifi_sample: [40137,13751,182,154,12245,13751,62,154,1709000319423]
02-27 02:18:39.422  1041  1179  1179 D AF::TrackHandle: OpPlayAudio: track:59 usage:13 not muted
02-27 02:18:39.422  1041  1179  1179 D AF::TrackHandle: OpPlayAudio: track:59 usage:13 not muted
02-27 02:18:39.423  1041  1179  5099 D AF::TrackHandle: OpPlayAudio: track:55 usage:13 not muted
02-27 02:18:39.423  1041  1179  5099 D AF::TrackHandle: OpPlayAudio: track:55 usage:13 not muted
02-27 02:18:39.424  1041  1179  1179 D AF::TrackHandle: OpPlayAudio: track:59 usage:13 not muted
02-27 02:18:39.424  1041  1179  5099 D AF::TrackHandle: OpPlayAudio: track:55 usage:13 not muted
02-27 02:18:39.424  1041  1179  1179 D AF::TrackHandle: OpPlayAudio: track:59 usage:13 not muted
02-27 02:18:39.425  1041  1179  5099 D AF::TrackHandle: OpPlayAudio: track:55 usage:13 not muted
02-27 02:18:39.425  1041  1179  1179 D AF::TrackHandle: OpPlayAudio: track:59 usage:13 not muted
02-27 02:18:39.425  1041  1179  5099 D AF::TrackHandle: OpPlayAudio: track:55 usage:13 not muted
02-27 02:18:39.426  1041  1179  5099 D AF::TrackHandle: OpPlayAudio: track:55 usage:13 not muted
02-27 02:18:39.426  1041  1179  1179 D AF::TrackHandle: OpPlayAudio: track:59 usage:13 not muted
02-27 02:18:39.426  1041  1179  4356 D AF::TrackHandle: OpPlayAudio: track:55 usage:13 not muted
02-27 02:18:39.426  1041  1179  3084 D AF::TrackHandle: OpPlayAudio: track:59 usage:13 not muted
02-27 02:18:39.427  1041  1179  4356 D AF::TrackHandle: OpPlayAudio: track:55 usage:13 not muted
02-27 02:18:39.428  1041  1179  5099 D AF::TrackHandle: OpPlayAudio: track:55 usage:13 not muted
02-27 02:18:39.428  1041  1179  5099 D AF::TrackHandle: OpPlayAudio: track:55 usage:13 not muted
02-27 02:18:39.428  1041  1179  3084 D AF::TrackHandle: OpPlayAudio: track:59 usage:13 not muted
02-27 02:18:39.428  1041  1179  1266 D AF::TrackHandle: OpPlayAudio: track:55 usage:13 not muted
02-27 02:18:39.429  1041  1179  3084 D AF::TrackHandle: OpPlayAudio: track:59 usage:13 not muted
02-27 02:18:39.430  1041  1179  1266 D AF::TrackHandle: OpPlayAudio: track:55 usage:13 not muted
02-27 02:18:39.432  1041  1179  1266 D AF::TrackHandle: OpPlayAudio: track:55 usage:13 not muted
02-27 02:18:39.444  1000  1855  1918 I commit_sys_config_file: [notification-policy,982712]
02-27 02:18:39.511 10063  3140  3385 W MediaProvider: isAppCloneUserPair for user 0: false
02-27 02:18:39.567 10052  2837  2909 I LatinIME:LogUtils: Dictionary info: dictionary = main:en ; version = 54 ; date = 1414726273
02-27 02:18:39.704 10063  3140  3385 I MediaProvider: Deleted 1 0 0 0 0 0 0 items on external_primary due to com.android.shell
02-27 02:18:39.930  artd  6566  6566 I AidlLazyServiceRegistrar: Process has 0 (of 1 available) client(s) in use after notification artd has clients: 0
02-27 02:18:39.930  artd  6566  6566 I AidlLazyServiceRegistrar: Trying to shut down the service. No clients in use for any service in process.
02-27 02:18:39.932  artd  6566  6566 I AidlLazyServiceRegistrar: Unregistered all clients and exiting
02-27 02:18:40.187  1000  1855  1992 I RoleService: Granting default roles...
02-27 02:18:40.195 10069  2362  6287 W Role    : Cannot get ApplicationInfo for default holder: com.android.contacts
02-27 02:18:40.196 10069  2362  6287 W Role    : Cannot get ApplicationInfo for default holder: com.android.settings.intelligence
02-27 02:18:40.214 10063  3140  5358 W MediaProvider: isAppCloneUserPair for user 0: false
02-27 02:18:40.223 10069  2362  6287 W Role    : Cannot get ApplicationInfo for default holder: com.android.gallery3d
02-27 02:18:40.351 10063  3140  3387 I MediaProvider: Deleted 1 0 0 0 0 0 0 items on external_primary due to com.android.shell
02-27 02:18:40.466  artd  6652  6652 I artd    : Starting artd
02-27 02:18:40.467  artd  6652  6652 I AidlLazyServiceRegistrar: Registering service artd
02-27 02:18:40.694 shell  6656  6656 D AndroidRuntime: >>>>>> START com.android.internal.os.RuntimeInit uid 2000 <<<<<<
02-27 02:18:40.699 shell  6656  6656 I AndroidRuntime: Using default boot image
02-27 02:18:40.699 shell  6656  6656 I AndroidRuntime: Leaving lock profiling enabled
02-27 02:18:40.703 shell  6656  6656 I app_process: Using CollectorTypeCC GC.
02-27 02:18:40.795 shell  6656  6656 D nativeloader: InitDefaultPublicLibraries for_preload=1: libandroid.so:libaaudio.so:libamidi.so:libbinder_ndk.so:libc.so:libcamera2ndk.so:libdl.so:libEGL.so:libGLESv1_CM.so:libGLESv2.so:libGLESv3.so:libicu.so:libicui18n.so:libicuuc.so:libjnigraphics.so:liblog.so:libmediandk.so:libm.so:libnativehelper.so:libnativewindow.so:libOpenMAXAL.so:libOpenSLES.so:libRS.so:libstdc++.so:libsync.so:libvulkan.so:libwebviewchromium_plat_support.so:libz.so
02-27 02:18:40.806 shell  6656  6656 D app_process: Time zone APEX ICU file found: /apex/com.android.tzdata/etc/icu/icu_tzdata.dat
02-27 02:18:40.806 shell  6656  6656 D app_process: I18n APEX ICU file found: /apex/com.android.i18n/etc/icu/icudt72l.dat
02-27 02:18:40.839 shell  6656  6656 W libc    : Access denied finding property "ro.product.name_for_attestation"
02-27 02:18:40.839 shell  6656  6656 W libc    : Access denied finding property "ro.product.device_for_attestation"
02-27 02:18:40.840 shell  6656  6656 W libc    : Access denied finding property "ro.product.manufacturer_for_attestation"
02-27 02:18:40.840 shell  6656  6656 W libc    : Access denied finding property "ro.product.brand_for_attestation"
02-27 02:18:40.840 shell  6656  6656 W libc    : Access denied finding property "ro.product.model_for_attestation"
02-27 02:18:40.837 shell  6656  6656 I auditd  : type=1400 audit(0.0:828): avc:  denied  { read } for  comm="main" name="u:object_r:build_attestation_prop:s0" dev="tmpfs" ino=113 scontext=u:r:shell:s0 tcontext=u:object_r:build_attestation_prop:s0 tclass=file permissive=0
02-27 02:18:40.837 shell  6656  6656 W main    : type=1400 audit(0.0:828): avc:  denied  { read } for  name="u:object_r:build_attestation_prop:s0" dev="tmpfs" ino=113 scontext=u:r:shell:s0 tcontext=u:object_r:build_attestation_prop:s0 tclass=file permissive=0
02-27 02:18:40.837 shell  6656  6656 I auditd  : type=1400 audit(0.0:829): avc:  denied  { read } for  comm="main" name="u:object_r:build_attestation_prop:s0" dev="tmpfs" ino=113 scontext=u:r:shell:s0 tcontext=u:object_r:build_attestation_prop:s0 tclass=file permissive=0
02-27 02:18:40.837 shell  6656  6656 W main    : type=1400 audit(0.0:829): avc:  denied  { read } for  name="u:object_r:build_attestation_prop:s0" dev="tmpfs" ino=113 scontext=u:r:shell:s0 tcontext=u:object_r:build_attestation_prop:s0 tclass=file permissive=0
02-27 02:18:40.837 shell  6656  6656 I auditd  : type=1400 audit(0.0:830): avc:  denied  { read } for  comm="main" name="u:object_r:build_attestation_prop:s0" dev="tmpfs" ino=113 scontext=u:r:shell:s0 tcontext=u:object_r:build_attestation_prop:s0 tclass=file permissive=0
02-27 02:18:40.837 shell  6656  6656 W main    : type=1400 audit(0.0:830): avc:  denied  { read } for  name="u:object_r:build_attestation_prop:s0" dev="tmpfs" ino=113 scontext=u:r:shell:s0 tcontext=u:object_r:build_attestation_prop:s0 tclass=file permissive=0
02-27 02:18:40.837 shell  6656  6656 I auditd  : type=1400 audit(0.0:831): avc:  denied  { read } for  comm="main" name="u:object_r:build_attestation_prop:s0" dev="tmpfs" ino=113 scontext=u:r:shell:s0 tcontext=u:object_r:build_attestation_prop:s0 tclass=file permissive=0
02-27 02:18:40.837 shell  6656  6656 W main    : type=1400 audit(0.0:831): avc:  denied  { read } for  name="u:object_r:build_attestation_prop:s0" dev="tmpfs" ino=113 scontext=u:r:shell:s0 tcontext=u:object_r:build_attestation_prop:s0 tclass=file permissive=0
02-27 02:18:40.837 shell  6656  6656 I auditd  : type=1400 audit(0.0:832): avc:  denied  { read } for  comm="main" name="u:object_r:build_attestation_prop:s0" dev="tmpfs" ino=113 scontext=u:r:shell:s0 tcontext=u:object_r:build_attestation_prop:s0 tclass=file permissive=0
02-27 02:18:40.837 shell  6656  6656 W main    : type=1400 audit(0.0:832): avc:  denied  { read } for  name="u:object_r:build_attestation_prop:s0" dev="tmpfs" ino=113 scontext=u:r:shell:s0 tcontext=u:object_r:build_attestation_prop:s0 tclass=file permissive=0
02-27 02:18:40.841 shell  6656  6656 D AndroidRuntime: Calling main entry com.android.commands.am.Am
02-27 02:18:40.851 shell  6656  6656 D UiAutomationConnection: Created on user UserHandle{0}
02-27 02:18:40.855  1000  1855  1905 I ActivityManager: Force stopping com.android.tradefed.utils.wifi appid=10085 user=0: start instr
02-27 02:18:40.860  1000  1855  1905 I am_uid_running: 10085
02-27 02:18:40.862  1000  1855  1905 D CompatibilityChangeReporter: Compat change id reported: 135634846; UID 10085; state: DISABLED
02-27 02:18:40.864  1000  1855  1905 D CompatibilityChangeReporter: Compat change id reported: 177438394; UID 10085; state: DISABLED
02-27 02:18:40.865  1000  1855  1905 D CompatibilityChangeReporter: Compat change id reported: 135772972; UID 10085; state: DISABLED
02-27 02:18:40.866  1000  1855  1905 D CompatibilityChangeReporter: Compat change id reported: 135754954; UID 10085; state: ENABLED
02-27 02:18:40.869  1000  1855  1927 D CompatibilityChangeReporter: Compat change id reported: 143937733; UID 10085; state: ENABLED
02-27 02:18:40.874  1000  1855  1980 D CompatibilityChangeReporter: Compat change id reported: 265195908; UID 10085; state: ENABLED
02-27 02:18:40.886  root  1013  1013 D Zygote  : Forked child process 6670
02-27 02:18:40.887  1000  1855  1927 I am_proc_start: [0,6670,10085,com.android.tradefed.utils.wifi,added application,com.android.tradefed.utils.wifi]
02-27 02:18:40.887  1000  1855  1927 I ActivityManager: Start proc 6670:com.android.tradefed.utils.wifi/u0a85 for added application com.android.tradefed.utils.wifi
02-27 02:18:40.914 10085  6670  6670 I efed.utils.wifi: Using CollectorTypeCC GC.
02-27 02:18:40.925 10085  6670  6670 E efed.utils.wifi: Not starting debugger since process cannot load the jdwp agent.
02-27 02:18:40.938  1000  1855  1905 I am_proc_bound: [0,6670,com.android.tradefed.utils.wifi]
02-27 02:18:40.939  1000  1855  1905 D CompatibilityChangeReporter: Compat change id reported: 168419799; UID 10085; state: DISABLED
02-27 02:18:40.939  1000  1855  1905 D CompatibilityChangeReporter: Compat change id reported: 273564678; UID 10085; state: DISABLED
02-27 02:18:40.941  1000  1855  1905 I am_uid_active: 10085
02-27 02:18:40.946 10085  6670  6670 D CompatibilityChangeReporter: Compat change id reported: 171979766; UID 10085; state: ENABLED
02-27 02:18:40.946 10085  6670  6670 D CompatibilityChangeReporter: Compat change id reported: 242716250; UID 10085; state: DISABLED
02-27 02:18:40.948  1000  1855  1905 D CompatibilityChangeReporter: Compat change id reported: 170503758; UID 10085; state: ENABLED
02-27 02:18:40.950 10085  6670  6670 D ApplicationLoaders: Returning zygote-cached class loader: /system/framework/android.test.base.jar
02-27 02:18:40.953 10085  6670  6670 D nativeloader: Configuring clns-6 for other apk /system/framework/android.test.mock.jar. target_sdk_version=31, uses_libraries=ALL, library_path=/data/app/~~HzXju5W_q5ZzpxH6Q8m7MA==/com.android.tradefed.utils.wifi-1Uhnb0vRv8xaSP2I45AYcQ==/lib/arm64, permitted_path=/data:/mnt/expand:/data/user/0/com.android.tradefed.utils.wifi
02-27 02:18:40.953 10085  6670  6670 D ApplicationLoaders: Returning zygote-cached class loader: /system/framework/android.test.base.jar
02-27 02:18:40.955 10085  6670  6670 D nativeloader: Configuring clns-7 for other apk /system/framework/android.test.runner.jar. target_sdk_version=31, uses_libraries=ALL, library_path=/data/app/~~HzXju5W_q5ZzpxH6Q8m7MA==/com.android.tradefed.utils.wifi-1Uhnb0vRv8xaSP2I45AYcQ==/lib/arm64, permitted_path=/data:/mnt/expand:/data/user/0/com.android.tradefed.utils.wifi
02-27 02:18:40.957 10085  6670  6670 D nativeloader: Configuring clns-8 for other apk /data/app/~~HzXju5W_q5ZzpxH6Q8m7MA==/com.android.tradefed.utils.wifi-1Uhnb0vRv8xaSP2I45AYcQ==/base.apk. target_sdk_version=31, uses_libraries=, library_path=/data/app/~~HzXju5W_q5ZzpxH6Q8m7MA==/com.android.tradefed.utils.wifi-1Uhnb0vRv8xaSP2I45AYcQ==/lib/arm64, permitted_path=/data:/mnt/expand:/data/user/0/com.android.tradefed.utils.wifi
02-27 02:18:40.963 10085  6670  6670 V GraphicsEnvironment: Currently set values for:
02-27 02:18:40.963 10085  6670  6670 V GraphicsEnvironment:   angle_gl_driver_selection_pkgs=[]
02-27 02:18:40.963 10085  6670  6670 V GraphicsEnvironment:   angle_gl_driver_selection_values=[]
02-27 02:18:40.964 10085  6670  6670 V GraphicsEnvironment: ANGLE GameManagerService for com.android.tradefed.utils.wifi: false
02-27 02:18:40.964 10085  6670  6670 V GraphicsEnvironment: com.android.tradefed.utils.wifi is not listed in per-application setting
02-27 02:18:40.964 10085  6670  6670 V GraphicsEnvironment: Neither updatable production driver nor prerelease driver is supported.
02-27 02:18:40.969 10085  6670  6670 I UiAutomation: Initialized for user 0 on display 0
02-27 02:18:40.973  1000  1855  3824 D AccessibilityManagerService: changeCurrentUserForTestAutomationIfNeededLocked(0): ignoring because device doesn't support visible background users
02-27 02:18:40.974  1000  1855  3824 I UiAutomationManager: Registering UiTestAutomationService (id=com.android.server.accessibility/UiAutomation) when called by user 0
02-27 02:18:40.980  1000  1855  3824 W WindowMagnificationMgr: requestConnection duplicated request: connect=false, mConnectionState=DISCONNECTED
02-27 02:18:40.989  1000  1855  1905 I ActivityManager: Flag disabled. Ignoring finishAttachApplication from uid: 10085. pid: 6670
02-27 02:18:40.993  1000  1855  1855 D BatterySaverPolicy: accessibility changed to true, updating policy.
02-27 02:18:41.193  1000  1855  1990 I commit_sys_config_file: [settings-2-0,12]
02-27 02:18:41.273  1000  1855  6536 I backup_transport_lifecycle: [com.android.localtransport/.LocalTransportService,1]
02-27 02:18:41.283  1000  1855  1855 I backup_transport_connection: [com.android.localtransport/.LocalTransportService,1]
02-27 02:18:41.284  1000  1855  1855 I TransportConnection: LocalTransportService#0: Notifying [TransportManager.registerTransport()] transport = BackupTransportClient
02-27 02:18:41.294  1000  1855  6536 D BackupTransportManager: [UserID:0] Transport com.android.localtransport/.LocalTransportService registered
02-27 02:18:41.295  1000  1855  6536 D BackupManagerService: [UserID:0] Transport com.android.localtransport/.LocalTransport registered 3035ms after first request (delay = 3000ms)
02-27 02:18:41.297  1000  1855  6536 I backup_transport_lifecycle: [com.android.localtransport/.LocalTransportService,0]
02-27 02:18:41.297  1000  1855  6536 I backup_transport_connection: [com.android.localtransport/.LocalTransportService,0]
02-27 02:18:41.300  1000  1855  6536 I BackupManagerService: [UserID:0] Found 1 stale backup journal(s), scheduling.
02-27 02:18:41.309  1000  1855  6536 I BackupManagerService: [UserID:0] Stale backup journals: Scheduled 13 package(s) total
02-27 02:18:43.312 10057  2356  2356 D StatusBarIconController: ignoring old pipeline callback because the new wifi icon is enabled
02-27 02:18:44.932  artd  6652  6653 I AidlLazyServiceRegistrar: Process has 1 (of 1 available) client(s) in use after notification artd has clients: 1
02-27 02:18:46.712  1000  1855  3824 E BatteryStatsService: Invalid uid for waking network packet: -1
02-27 02:18:46.716  1000  1855  3824 E BatteryStatsService: Invalid uid for waking network packet: -1
02-27 02:18:47.631  1000  1500  1500 I cnss-daemon: nl80211 response handler invoked
02-27 02:18:47.631  1000  1500  1500 I cnss-daemon: nl80211_response_handler: cmd 103, vendorID 4120, subcmd 1  received
02-27 02:18:47.634  wifi  4160  4160 I wpa_supplicant: [DHD]< 1018.102354> wl_cfgvendor_send_supp_eventstring: [wlan0] Mode:0 event:6 status:0x0 reason:7
02-27 02:18:47.635  wifi  4160  4160 I wpa_supplicant: wlan0: CTRL-EVENT-DISCONNECTED bssid=04:42:1a:4e:c4:30 reason=7
02-27 02:18:47.642  1000  1855  2282 W LastMileLogger: Failed to read event trace: /sys/kernel/debug/tracing/instances/wifi/trace
02-27 02:18:47.643  wifi  1096  1096 D WifiHAL : Start get packet fate command
02-27 02:18:47.644  wifi  1096  1096 D WifiHAL : createRequest Get Tx packet fate request
02-27 02:18:47.652  wifi  1096  1096 D WifiHAL : error code -95 mapped to -3
02-27 02:18:47.652  wifi  1096  1096 E WifiHAL : Failed to register get pkt fate response; result = -3
02-27 02:18:47.653  1000  1855  2282 E WifiStaIfaceHidlImpl: getDebugTxPacketFates failed with status: {.code = ERROR_NOT_SUPPORTED, .description = }
02-27 02:18:47.655  wifi  1096  1096 D WifiHAL : Start get packet fate command
02-27 02:18:47.655  wifi  1096  1096 D WifiHAL : createRequest Get Rx packet fate request
02-27 02:18:47.657  wifi  1096  1096 D WifiHAL : error code -95 mapped to -3
02-27 02:18:47.657  wifi  1096  1096 E WifiHAL : Failed to register get pkt fate response; result = -3
02-27 02:18:47.658  1000  1855  2282 E WifiStaIfaceHidlImpl: getDebugRxPacketFates failed with status: {.code = ERROR_NOT_SUPPORTED, .description = }
02-27 02:18:47.660  1073  2510  4164 D IpClient/wlan0: interfaceLinkStateChanged: ifindex 16 up
02-27 02:18:47.669  1000  1500  1500 I cnss-daemon: nl80211 response handler invoked
02-27 02:18:47.669  1000  1500  1500 I cnss-daemon: nl80211_response_handler: cmd 103, vendorID 6673, subcmd 32  received
02-27 02:18:47.669  1000  1500  1500 I cnss-daemon: nl80211 response handler invoked
02-27 02:18:47.669  1000  1500  1500 I cnss-daemon: nl80211_response_handler: cmd 103, vendorID 4120, subcmd 101  received
02-27 02:18:47.669  1000  1500  1500 I cnss-daemon: nl80211 response handler invoked
02-27 02:18:47.669  1000  1500  1500 I cnss-daemon: nl80211_response_handler: cmd 103, vendorID 4120, subcmd 101  received
02-27 02:18:47.669  1000  1500  1500 I cnss-daemon: nl80211 response handler invoked
02-27 02:18:47.669  1000  1500  1500 I cnss-daemon: nl80211_response_handler: cmd 103, vendorID 4120, subcmd 1  received
02-27 02:18:47.670  1000  1855  2282 E WifiStaIfaceHidlImpl: stopRssiMonitoring failed with status: {.code = ERROR_NOT_AVAILABLE, .description = }
02-27 02:18:47.675  wifi  4160  4160 I wpa_supplicant: [DHD]< 1018.140955> wl_cfgvendor_send_supp_eventstring: [wlan0] Mode:0 event:16 status:0x0 reason:2
02-27 02:18:47.676  1000  1855  2282 W ContextImpl: Calling a method in the system process without a qualified user: android.app.ContextImpl.sendStickyBroadcast:1626 com.android.server.wifi.ClientModeImpl.sendNetworkChangeBroadcast:3008 com.android.server.wifi.ClientModeImpl.lambda$sendNetworkChangeBroadcastWithCurrentState$14:2985 com.android.server.wifi.ClientModeImpl.$r8$lambda$q-j88Pjw4gROgoJFr8wBlBVbuJI:0 com.android.server.wifi.ClientModeImpl$$ExternalSyntheticLambda4.send:0 
02-27 02:18:47.677  1000  1855  2290 D ConnectivityService: [102 WIFI] EVENT_NETWORK_INFO_CHANGED, going from CONNECTED to DISCONNECTED
02-27 02:18:47.678  1000  1855  2290 D ConnectivityService: [102 WIFI] disconnected, was satisfying 28
02-27 02:18:47.680  1000  1855  2282 D WifiClientModeImpl[892546:wlan0]: ClientModeImpl: Leaving Connected state
