02-27 02:19:43.979  1000  1855  1916 I GnssNetworkConnectivityHandler: updateNetworkState, state=CLOSED, connected=true, network=105, capabilities=[ Transports: WIFI Capabilities: NOT_METERED&INTERNET&NOT_RESTRICTED&TRUSTED&NOT_VPN&VALIDATED&NOT_ROAMING&FOREGROUND&NOT_CONGESTED&NOT_SUSPENDED&NOT_VCN_MANAGED LinkUpBandwidth>=12000Kbps LinkDnBandwidth>=30000Kbps TransportInfo: <SSID: <unknown ssid>, BSSID: 02:00:00:00:00:00, MAC: 02:00:00:00:00:00, IP: /192.168.50.34, Security type: 2, Supplicant state: COMPLETED, Wi-Fi standard: 6, RSSI: -23, Link speed: 270Mbps, Tx Link speed: 270Mbps, Max Supported Tx Link speed: 286Mbps, Rx Link speed: 1Mbps, Max Supported Rx Link speed: 286Mbps, Frequency: 2457MHz, Net ID: -1, Metered hint: false, score: 60, isUsable: true, CarrierMerged: false, SubscriptionId: -1, IsPrimary: 1, Trusted: true, Restricted: false, Ephemeral: false, OEM paid: false, OEM private: false, OSU AP: false, FQDN: <none>, Provider friendly name: <none>, Requesting package name: <none><none>MLO Information: , Is TID-To-Link negotiation supported by the AP: false, AP MLD Address: <none>, AP MLO Link Id: <none>, AP MLO Affiliated links: <none>> SignalStrength: -23 AdminUids: [1000] SSID: "CMCC" UnderlyingNetworks: Null], availableNetworkCount: 1
02-27 02:19:43.979   gps  1424  1424 D gpsd    : WakeLock(Acquire,GPSD)
02-27 02:19:43.979   gps  1424  1424 E power   : Failed to get SystemSuspend service
02-27 02:19:43.979   gps  1424  1424 D gpsd    : WakeLock(Release,GPSD)
02-27 02:19:43.979   gps  1424  1424 D gpsd    : WakeLock(Acquire,GPSD)
02-27 02:19:43.980   gps  1424  1424 E power   : Failed to get SystemSuspend service
02-27 02:19:43.980   gps  1098  2471 D GnssPsdsAidl: downloadRequestCb:
02-27 02:19:43.980 radio  2588  3802 D com.android.ons.ONSProfileActivator: Internet connection available
02-27 02:19:43.980   gps  1098  2471 D GnssPsdsAidl: downloadRequestCb_3_0: psdsType(1)
02-27 02:19:43.981  1000  1855  2504 D GnssPsdsCbJni: downloadRequestCb. psdsType: 1
02-27 02:19:43.981 radio  2588  2588 D TelephonyNetworkFactory[0]: onReleaseNetworkFor [NetworkRequest [ REQUEST id=49, [ Capabilities: INTERNET&NOT_RESTRICTED&TRUSTED&NOT_VCN_MANAGED Uid: 1001 RequestorUid: 1001 RequestorPkg: com.android.phone UnderlyingNetworks: Null] ], mPriority=20, state=UNSATISFIED, mAttachedDataNetwork=null, isMetered=true, created time=02:19:43.979, evaluation result=null] applied false
02-27 02:19:43.981 10045  2565  2938 D QCNEJ/NativeHalConnector: -> SND notifyDefaultNetworkChanged(1)
02-27 02:19:43.981  1000  1855  2507 D AGnssRilCbJni: requestSetIdCb. setIdflag: 1, 
02-27 02:19:43.981 10045  2565  2938 D QCNEJ/WlanStaInfoRelay: AndroidValidate from false to true
02-27 02:19:43.982  1000  1855  1916 I GnssLocationProvider: WakeLock acquired by handleDownloadPsdsData()
02-27 02:19:43.982 radio  2588  2588 D TelephonyNetworkFactory[0]: onReleaseNetworkFor [NetworkRequest [ REQUEST id=40, [ Capabilities: INTERNET&NOT_RESTRICTED&TRUSTED&NOT_VCN_MANAGED Uid: 10070 RequestorUid: 1000 RequestorPkg: android UnderlyingNetworks: Null] ], mPriority=20, state=UNSATISFIED, mAttachedDataNetwork=null, isMetered=true, created time=02:19:43.980, evaluation result=null] applied false
02-27 02:19:43.985  1000  1855  2290 D ConnectivityService: Setting DNS servers for network 105 to [/202.81.252.1, /192.168.50.1]
02-27 02:19:43.985  1000  1855  2290 D DnsManager: sendDnsConfigurationForNetwork(105, [202.81.252.1, 192.168.50.1], [], 1800, 25, 8, 64, 0, 0, , [202.81.252.1, 192.168.50.1])
02-27 02:19:43.985 radio  2588  2588 D TelephonyNetworkFactory[0]: onReleaseNetworkFor [NetworkRequest [ REQUEST id=44, [ Capabilities: INTERNET&NOT_RESTRICTED&TRUSTED&NOT_VCN_MANAGED Uid: 10011 RequestorUid: 1000 RequestorPkg: android UnderlyingNetworks: Null] ], mPriority=20, state=UNSATISFIED, mAttachedDataNetwork=null, isMetered=true, created time=02:19:43.983, evaluation result=null] applied false
02-27 02:19:43.986  root  1012  7099 W resolv  : Validating DnsTlsServer 202.81.252.1 with mark 0xf0069
02-27 02:19:43.987  1000  1855  2290 W ContextImpl: Calling a method in the system process without a qualified user: android.app.ContextImpl.sendStickyBroadcast:1626 android.net.connectivity.com.android.server.ConnectivityService.sendStickyBroadcast:3278 android.net.connectivity.com.android.server.ConnectivityService.sendGeneralBroadcast:3248 android.net.connectivity.com.android.server.ConnectivityService.sendInetConditionBroadcast:3225 android.net.connectivity.com.android.server.ConnectivityService.updateInetCondition:9807 
02-27 02:19:43.988  1000  1855  2282 W LastMileLogger: Failed to stop event tracing: /sys/kernel/debug/tracing/instances/wifi/tracing_on: open failed: ENOENT (No such file or directory)
02-27 02:19:43.989  root  1012  7098 W resolv  : Validating DnsTlsServer 192.168.50.1 with mark 0xf0069
02-27 02:19:43.989 radio  2588  2588 D TelephonyNetworkFactory[0]: onReleaseNetworkFor [NetworkRequest [ REQUEST id=51, [ Capabilities: INTERNET&NOT_RESTRICTED&TRUSTED&NOT_VCN_MANAGED Uid: 1001 RequestorUid: 1001 RequestorPkg: com.android.phone UnderlyingNetworks: Null] ], mPriority=20, state=UNSATISFIED, mAttachedDataNetwork=null, isMetered=true, created time=02:19:43.986, evaluation result=null] applied false
02-27 02:19:43.991  1000  1855  7097 E GnssPsdsDownloader: No Long-Term PSDS servers were specified in the GnssConfiguration
02-27 02:19:43.991 radio  2588  2588 D TelephonyNetworkFactory[0]: onReleaseNetworkFor [NetworkRequest [ REQUEST id=36, [ Capabilities: INTERNET&NOT_RESTRICTED&TRUSTED&NOT_VCN_MANAGED Uid: 10074 RequestorUid: 1000 RequestorPkg: android UnderlyingNetworks: Null] ], mPriority=20, state=UNSATISFIED, mAttachedDataNetwork=null, isMetered=true, created time=02:19:43.990, evaluation result=null] applied false
02-27 02:19:43.992 radio  2588  2588 D TelephonyNetworkFactory[0]: onReleaseNetworkFor [NetworkRequest [ REQUEST id=24, [ Capabilities: INTERNET&NOT_RESTRICTED&TRUSTED&NOT_VCN_MANAGED Uid: 10057 RequestorUid: 10057 RequestorPkg: com.android.systemui UnderlyingNetworks: Null] ], mPriority=20, state=UNSATISFIED, mAttachedDataNetwork=null, isMetered=true, created time=02:19:43.992, evaluation result=null] applied false
02-27 02:19:43.992 radio  2588  2588 D TelephonyNetworkFactory[0]: onReleaseNetworkFor [NetworkRequest [ REQUEST id=15, [ Capabilities: INTERNET&NOT_RESTRICTED&TRUSTED&NOT_VCN_MANAGED Uid: 1000 RequestorUid: 1000 RequestorPkg: android UnderlyingNetworks: Null] ], mPriority=20, state=UNSATISFIED, mAttachedDataNetwork=null, isMetered=true, created time=02:19:43.992, evaluation result=null] applied false
02-27 02:19:43.992  root  1012  7098 W resolv  : SSL_connect ssl error =5, mark 0xf0069: Connection refused
02-27 02:19:43.992  root  1012  7098 W resolv  : TLS Handshake failed
02-27 02:19:43.992  root  1012  7098 W resolv  : query failed
02-27 02:19:43.992  root  1012  7098 W resolv  : validateDnsTlsServer returned 0 for 192.168.50.1
02-27 02:19:43.992 radio  2588  2588 D TelephonyNetworkFactory[0]: onReleaseNetworkFor [NetworkRequest [ REQUEST id=17, [ Capabilities: INTERNET&NOT_RESTRICTED&TRUSTED&NOT_VCN_MANAGED Uid: 1073 RequestorUid: 1073 RequestorPkg: com.android.networkstack UnderlyingNetworks: Null] ], mPriority=20, state=UNSATISFIED, mAttachedDataNetwork=null, isMetered=true, created time=02:19:43.991, evaluation result=null] applied false
02-27 02:19:43.992  root  1012  7098 W resolv  : Validation failed
02-27 02:19:43.993 10045  2565  2938 D QCNEJ/WlanStaInfoRelay: retrieveCountryCode: Returned country code: 
02-27 02:19:43.993 radio  2588  2588 D TelephonyNetworkFactory[0]: onReleaseNetworkFor [NetworkRequest [ REQUEST id=22, [ Capabilities: INTERNET&NOT_RESTRICTED&TRUSTED&NOT_VCN_MANAGED Uid: 10057 RequestorUid: 10057 RequestorPkg: com.android.systemui UnderlyingNetworks: Null] ], mPriority=20, state=UNSATISFIED, mAttachedDataNetwork=null, isMetered=true, created time=02:19:43.993, evaluation result=null] applied false
02-27 02:19:43.993 radio  2588  2588 D TelephonyNetworkFactory[0]: onReleaseNetworkFor [NetworkRequest [ REQUEST id=30, [ Capabilities: INTERNET&NOT_RESTRICTED&TRUSTED&NOT_VCN_MANAGED Uid: 10045 RequestorUid: 10045 RequestorPkg: com.qualcomm.qti.cne UnderlyingNetworks: Null] ], mPriority=20, state=UNSATISFIED, mAttachedDataNetwork=null, isMetered=true, created time=02:19:43.993, evaluation result=null] applied false
02-27 02:19:43.993 radio  2588  2588 D TelephonyNetworkFactory[0]: onReleaseNetworkFor [NetworkRequest [ REQUEST id=7, [ Capabilities: INTERNET&NOT_RESTRICTED&TRUSTED&NOT_VCN_MANAGED Uid: 1000 RequestorUid: 1000 RequestorPkg: android UnderlyingNetworks: Null] ], mPriority=20, state=UNSATISFIED, mAttachedDataNetwork=null, isMetered=true, created time=02:19:43.992, evaluation result=null] applied false
02-27 02:19:43.994 radio  2588  2588 D TelephonyNetworkFactory[0]: onReleaseNetworkFor [NetworkRequest [ REQUEST id=34, [ Capabilities: INTERNET&NOT_RESTRICTED&TRUSTED&NOT_VCN_MANAGED Uid: 1000 RequestorUid: 1000 RequestorPkg: android UnderlyingNetworks: Null] ], mPriority=20, state=UNSATISFIED, mAttachedDataNetwork=null, isMetered=true, created time=02:19:43.993, evaluation result=null] applied false
02-27 02:19:43.995 radio  2588  2588 D TelephonyNetworkFactory[0]: onReleaseNetworkFor [NetworkRequest [ REQUEST id=27, [ Capabilities: INTERNET&NOT_RESTRICTED&TRUSTED&NOT_VCN_MANAGED Uid: 10057 RequestorUid: 10057 RequestorPkg: com.android.systemui UnderlyingNetworks: Null] ], mPriority=20, state=UNSATISFIED, mAttachedDataNetwork=null, isMetered=true, created time=02:19:43.995, evaluation result=null] applied false
02-27 02:19:43.995 10057  2356  2356 D StatusBarIconController: ignoring old pipeline callback because the new wifi icon is enabled
02-27 02:19:43.995 radio  2588  2588 D TelephonyNetworkFactory[0]: onReleaseNetworkFor [NetworkRequest [ REQUEST id=1, [ Capabilities: INTERNET&NOT_RESTRICTED&TRUSTED&NOT_VPN&NOT_VCN_MANAGED RequestorUid: 1000 RequestorPkg: android UnderlyingNetworks: Null] ], mPriority=20, state=UNSATISFIED, mAttachedDataNetwork=null, isMetered=true, created time=02:19:43.994, evaluation result=null] applied false
02-27 02:19:43.997  1000  1855  2507 D WifiMemoryStoreImpl: Set cluster G478d2376b9f247d4 for W376f27727d9ed04c: SUCCESS
02-27 02:19:44.000 radio  2588  2622 W m.android.phone: Reducing the number of considered missed Gc histogram windows from 103 to 100
02-27 02:19:44.000 10057  2356  2356 D StatusBarIconController: ignoring old pipeline callback because the new wifi icon is enabled
02-27 02:19:44.003  root  1012  7099 W resolv  : SSL_connect ssl error =5, mark 0xf0069: Connection refused
02-27 02:19:44.003  root  1012  7099 W resolv  : TLS Handshake failed
02-27 02:19:44.003  1000  1855  2282 D WifiConfigStore: Writing to stores completed in 4 ms.
02-27 02:19:44.004  root  1012  7099 W resolv  : query failed
02-27 02:19:44.004  root  1012  7099 W resolv  : validateDnsTlsServer returned 0 for 202.81.252.1
02-27 02:19:44.004  root  1012  7099 W resolv  : Validation failed
02-27 02:19:44.081   gps  1424  1424 D gpsd    : WakeLock(Release,GPSD)
02-27 02:19:44.316  1073  2510  6796 D IpClient/wlan0: addressUpdated: fe80::133b:5bb4:f366:75bd/64 on ifindex 16 flags 0x00000880 scope 253
02-27 02:19:44.588  1073  2510  7081 D ApfFilter: (wlan0): Adding RA fe80::642:1aff:fe4e:c430 -> ff02::1 1800s 2403:e840:8fff:fffc::/64 2592000s/604800s DNS 1800s 2403:e840:8fff:fffc:642:1aff:fe4e:c430 
02-27 02:19:44.589  1073  2510  6796 D IpClient/wlan0: routeUpdated: ::/0 -> fe80::642:1aff:fe4e:c430 wlan0 mtu 0
02-27 02:19:44.591  1073  2510  6796 D IpClient/wlan0: routeUpdated: 2403:e840:8fff:fffc::/64 -> :: wlan0 mtu 0
02-27 02:19:44.593  1073  2510  6796 D IpClient/wlan0: interfaceDnsServerInfo: [2403:e840:8fff:fffc:642:1aff:fe4e:c430]
02-27 02:19:44.595  1073  2510  6796 D IpClient/wlan0: addressUpdated: 2403:e840:8fff:fffc:980d:6324:1f7b:3ad/64 on ifindex 16 flags 0x00000944 scope 0
02-27 02:19:44.595  1073  2510  6796 D IpClient/wlan0: addressUpdated: 2403:e840:8fff:fffc:64:4708:97a6:91fe/64 on ifindex 16 flags 0x00000045 scope 0
02-27 02:19:44.598  wifi  1096  1096 D WifiHAL : Setting APF program, halHandle = 0xb400006f04392e90
02-27 02:19:44.598  wifi  1096  1096 I WifiHAL : createRequest: APF set program request
02-27 02:19:44.602  wifi  1096  1096 I WifiHAL : Done!
02-27 02:19:44.606  root  1012  1046 E netd    : Error adding route ::/0 -> fe80::642:1aff:fe4e:c430 wlan0 to table 1016: File exists
02-27 02:19:44.607  1000  1855  2290 D ConnectivityService: Setting DNS servers for network 105 to [/2403:e840:8fff:fffc:642:1aff:fe4e:c430, /202.81.252.1, /192.168.50.1]
02-27 02:19:44.608  1000  1855  2290 D DnsManager: sendDnsConfigurationForNetwork(105, [2403:e840:8fff:fffc:642:1aff:fe4e:c430, 202.81.252.1, 192.168.50.1], [], 1800, 25, 8, 64, 0, 0, , [2403:e840:8fff:fffc:642:1aff:fe4e:c430, 202.81.252.1, 192.168.50.1])
02-27 02:19:44.609  root  1012  7100 W resolv  : Validating DnsTlsServer 192.168.50.1 with mark 0xf0069
02-27 02:19:44.609  root  1012  7101 W resolv  : Validating DnsTlsServer 202.81.252.1 with mark 0xf0069
02-27 02:19:44.609  root  1012  7102 W resolv  : Validating DnsTlsServer 2403:e840:8fff:fffc:642:1aff:fe4e:c430 with mark 0xf0069
02-27 02:19:44.615  root  1012  7100 W resolv  : SSL_connect ssl error =5, mark 0xf0069: Connection refused
02-27 02:19:44.615  1000  1855  2504 E BatteryStatsService: Invalid uid for waking network packet: -1
02-27 02:19:44.616  root  1012  7100 W resolv  : TLS Handshake failed
02-27 02:19:44.616 10045  2565  2938 D QCNEJ/NativeHalConnector: -> SND notifyWifiAvailable(v4Connected = truev6Connected = , true, isAndroidValidated = true)
02-27 02:19:44.617  root  1012  7100 W resolv  : query failed
02-27 02:19:44.618  root  1012  7100 W resolv  : validateDnsTlsServer returned 0 for 192.168.50.1
02-27 02:19:44.619  1000  1500  1500 I cnss-daemon: Ready to update GW parameters
02-27 02:19:44.620  1000  1500  1500 E cnss-daemon: Invalid mac address
02-27 02:19:44.620  1000  1500  1500 E cnss-daemon: failed to update gateway
02-27 02:19:44.620  root  1012  7100 W resolv  : Validation failed
02-27 02:19:44.622  1000  1855  2406 E BatteryStatsService: Invalid uid for waking network packet: -1
02-27 02:19:44.627  root  1012  7101 W resolv  : SSL_connect ssl error =5, mark 0xf0069: Connection refused
02-27 02:19:44.627  root  1012  7101 W resolv  : TLS Handshake failed
02-27 02:19:44.627  1000  1855  2504 E BatteryStatsService: Invalid uid for waking network packet: -1
02-27 02:19:44.628  root  1012  7101 W resolv  : query failed
02-27 02:19:44.628  root  1012  7101 W resolv  : validateDnsTlsServer returned 0 for 202.81.252.1
02-27 02:19:44.629  root  1012  7101 W resolv  : Validation failed
02-27 02:19:44.930  artd  6652  6653 I AidlLazyServiceRegistrar: Process has 0 (of 1 available) client(s) in use after notification artd has clients: 0
02-27 02:19:44.930  artd  6652  6653 I AidlLazyServiceRegistrar: Trying to shut down the service. No clients in use for any service in process.
02-27 02:19:44.933  artd  6652  6653 I AidlLazyServiceRegistrar: Unregistered all clients and exiting
02-27 02:19:45.342  1073  2510  6796 D IpClient/wlan0: addressUpdated: 2403:e840:8fff:fffc:64:4708:97a6:91fe/64 on ifindex 16 flags 0x00000001 scope 0
02-27 02:19:45.343  1073  2510  6796 D IpClient/wlan0: addressUpdated: 2403:e840:8fff:fffc:980d:6324:1f7b:3ad/64 on ifindex 16 flags 0x00000900 scope 0
02-27 02:19:45.624  1000  1855  3445 E BatteryStatsService: Invalid uid for waking network packet: -1
02-27 02:19:45.627  1000  1855  3445 E BatteryStatsService: Invalid uid for waking network packet: -1
02-27 02:19:46.662 10045  2565  2938 D QCNEJ/NativeHalConnector: -> SND notifyDefaultNetworkChanged(1)
02-27 02:19:46.664 10057  2356  2356 D StatusBarIconController: ignoring old pipeline callback because the new wifi icon is enabled
02-27 02:19:46.680  1000  1855  2406 E BatteryStatsService: Invalid uid for waking network packet: -1
02-27 02:19:46.683  1000  1855  2406 E BatteryStatsService: Invalid uid for waking network packet: -1
02-27 02:19:47.908 10063  3140  3385 W MediaProvider: isAppCloneUserPair for user 0: false
02-27 02:19:48.089 10063  3140  5358 I MediaProvider: Deleted 1 0 0 0 0 0 0 items on external_primary due to com.android.shell
02-27 02:19:48.233  artd  7128  7128 I artd    : Starting artd
02-27 02:19:48.234  artd  7128  7128 I AidlLazyServiceRegistrar: Registering service artd
02-27 02:19:48.434 shell  7133  7133 D AndroidRuntime: >>>>>> START com.android.internal.os.RuntimeInit uid 2000 <<<<<<
02-27 02:19:48.439 shell  7133  7133 I AndroidRuntime: Using default boot image
02-27 02:19:48.439 shell  7133  7133 I AndroidRuntime: Leaving lock profiling enabled
02-27 02:19:48.443 shell  7133  7133 I app_process: Using CollectorTypeCC GC.
02-27 02:19:48.534 shell  7133  7133 D nativeloader: InitDefaultPublicLibraries for_preload=1: libandroid.so:libaaudio.so:libamidi.so:libbinder_ndk.so:libc.so:libcamera2ndk.so:libdl.so:libEGL.so:libGLESv1_CM.so:libGLESv2.so:libGLESv3.so:libicu.so:libicui18n.so:libicuuc.so:libjnigraphics.so:liblog.so:libmediandk.so:libm.so:libnativehelper.so:libnativewindow.so:libOpenMAXAL.so:libOpenSLES.so:libRS.so:libstdc++.so:libsync.so:libvulkan.so:libwebviewchromium_plat_support.so:libz.so
02-27 02:19:48.546 shell  7133  7133 D app_process: Time zone APEX ICU file found: /apex/com.android.tzdata/etc/icu/icu_tzdata.dat
02-27 02:19:48.546 shell  7133  7133 D app_process: I18n APEX ICU file found: /apex/com.android.i18n/etc/icu/icudt72l.dat
02-27 02:19:48.579 shell  7133  7133 W libc    : Access denied finding property "ro.product.name_for_attestation"
02-27 02:19:48.579 shell  7133  7133 W libc    : Access denied finding property "ro.product.device_for_attestation"
02-27 02:19:48.579 shell  7133  7133 W libc    : Access denied finding property "ro.product.manufacturer_for_attestation"
02-27 02:19:48.580 shell  7133  7133 W libc    : Access denied finding property "ro.product.brand_for_attestation"
02-27 02:19:48.580 shell  7133  7133 W libc    : Access denied finding property "ro.product.model_for_attestation"
02-27 02:19:48.577 shell  7133  7133 I auditd  : type=1400 audit(0.0:855): avc:  denied  { read } for  comm="main" name="u:object_r:build_attestation_prop:s0" dev="tmpfs" ino=113 scontext=u:r:shell:s0 tcontext=u:object_r:build_attestation_prop:s0 tclass=file permissive=0
02-27 02:19:48.577 shell  7133  7133 W main    : type=1400 audit(0.0:855): avc:  denied  { read } for  name="u:object_r:build_attestation_prop:s0" dev="tmpfs" ino=113 scontext=u:r:shell:s0 tcontext=u:object_r:build_attestation_prop:s0 tclass=file permissive=0
02-27 02:19:48.577 shell  7133  7133 I auditd  : type=1400 audit(0.0:856): avc:  denied  { read } for  comm="main" name="u:object_r:build_attestation_prop:s0" dev="tmpfs" ino=113 scontext=u:r:shell:s0 tcontext=u:object_r:build_attestation_prop:s0 tclass=file permissive=0
02-27 02:19:48.577 shell  7133  7133 W main    : type=1400 audit(0.0:856): avc:  denied  { read } for  name="u:object_r:build_attestation_prop:s0" dev="tmpfs" ino=113 scontext=u:r:shell:s0 tcontext=u:object_r:build_attestation_prop:s0 tclass=file permissive=0
02-27 02:19:48.577 shell  7133  7133 I auditd  : type=1400 audit(0.0:857): avc:  denied  { read } for  comm="main" name="u:object_r:build_attestation_prop:s0" dev="tmpfs" ino=113 scontext=u:r:shell:s0 tcontext=u:object_r:build_attestation_prop:s0 tclass=file permissive=0
02-27 02:19:48.577 shell  7133  7133 W main    : type=1400 audit(0.0:857): avc:  denied  { read } for  name="u:object_r:build_attestation_prop:s0" dev="tmpfs" ino=113 scontext=u:r:shell:s0 tcontext=u:object_r:build_attestation_prop:s0 tclass=file permissive=0
02-27 02:19:48.577 shell  7133  7133 I auditd  : type=1400 audit(0.0:858): avc:  denied  { read } for  comm="main" name="u:object_r:build_attestation_prop:s0" dev="tmpfs" ino=113 scontext=u:r:shell:s0 tcontext=u:object_r:build_attestation_prop:s0 tclass=file permissive=0
02-27 02:19:48.577 shell  7133  7133 W main    : type=1400 audit(0.0:858): avc:  denied  { read } for  name="u:object_r:build_attestation_prop:s0" dev="tmpfs" ino=113 scontext=u:r:shell:s0 tcontext=u:object_r:build_attestation_prop:s0 tclass=file permissive=0
02-27 02:19:48.577 shell  7133  7133 I auditd  : type=1400 audit(0.0:859): avc:  denied  { read } for  comm="main" name="u:object_r:build_attestation_prop:s0" dev="tmpfs" ino=113 scontext=u:r:shell:s0 tcontext=u:object_r:build_attestation_prop:s0 tclass=file permissive=0
02-27 02:19:48.577 shell  7133  7133 W main    : type=1400 audit(0.0:859): avc:  denied  { read } for  name="u:object_r:build_attestation_prop:s0" dev="tmpfs" ino=113 scontext=u:r:shell:s0 tcontext=u:object_r:build_attestation_prop:s0 tclass=file permissive=0
02-27 02:19:48.593 shell  7133  7133 D UiAutomationConnection: Created on user UserHandle{0}
02-27 02:19:48.595  1000  1855  2406 I ActivityManager: Force stopping com.android.tradefed.utils.wifi appid=10085 user=0: start instr
02-27 02:19:48.596  1000  1855  2406 I am_uid_running: 10085
02-27 02:19:48.598  1000  1855  2406 D CompatibilityChangeReporter: Compat change id reported: 135634846; UID 10085; state: DISABLED
02-27 02:19:48.599  1000  1855  2406 D CompatibilityChangeReporter: Compat change id reported: 177438394; UID 10085; state: DISABLED
02-27 02:19:48.599  1000  1855  2406 D CompatibilityChangeReporter: Compat change id reported: 135772972; UID 10085; state: DISABLED
02-27 02:19:48.599  1000  1855  2406 D CompatibilityChangeReporter: Compat change id reported: 135754954; UID 10085; state: ENABLED
02-27 02:19:48.601  1000  1855  1927 D CompatibilityChangeReporter: Compat change id reported: 143937733; UID 10085; state: ENABLED
02-27 02:19:48.617  root  1013  1013 D Zygote  : Forked child process 7147
02-27 02:19:48.618  1000  1855  1927 I am_proc_start: [0,7147,10085,com.android.tradefed.utils.wifi,added application,com.android.tradefed.utils.wifi]
02-27 02:19:48.618  1000  1855  1927 I ActivityManager: Start proc 7147:com.android.tradefed.utils.wifi/u0a85 for added application com.android.tradefed.utils.wifi
02-27 02:19:48.645 10085  7147  7147 I efed.utils.wifi: Using CollectorTypeCC GC.
02-27 02:19:48.654 10085  7147  7147 E efed.utils.wifi: Not starting debugger since process cannot load the jdwp agent.
02-27 02:19:48.667  1000  1855  2406 I am_proc_bound: [0,7147,com.android.tradefed.utils.wifi]
02-27 02:19:48.668  1000  1855  2406 I am_uid_active: 10085
02-27 02:19:48.673 10085  7147  7147 D CompatibilityChangeReporter: Compat change id reported: 171979766; UID 10085; state: ENABLED
02-27 02:19:48.673 10085  7147  7147 D CompatibilityChangeReporter: Compat change id reported: 242716250; UID 10085; state: DISABLED
02-27 02:19:48.678 10085  7147  7147 D ApplicationLoaders: Returning zygote-cached class loader: /system/framework/android.test.base.jar
02-27 02:19:48.680 10085  7147  7147 D nativeloader: Configuring clns-6 for other apk /system/framework/android.test.mock.jar. target_sdk_version=31, uses_libraries=ALL, library_path=/data/app/~~HzXju5W_q5ZzpxH6Q8m7MA==/com.android.tradefed.utils.wifi-1Uhnb0vRv8xaSP2I45AYcQ==/lib/arm64, permitted_path=/data:/mnt/expand:/data/user/0/com.android.tradefed.utils.wifi
02-27 02:19:48.680 10085  7147  7147 D ApplicationLoaders: Returning zygote-cached class loader: /system/framework/android.test.base.jar
02-27 02:19:48.682 10085  7147  7147 D nativeloader: Configuring clns-7 for other apk /system/framework/android.test.runner.jar. target_sdk_version=31, uses_libraries=ALL, library_path=/data/app/~~HzXju5W_q5ZzpxH6Q8m7MA==/com.android.tradefed.utils.wifi-1Uhnb0vRv8xaSP2I45AYcQ==/lib/arm64, permitted_path=/data:/mnt/expand:/data/user/0/com.android.tradefed.utils.wifi
02-27 02:19:48.685 10085  7147  7147 D nativeloader: Configuring clns-8 for other apk /data/app/~~HzXju5W_q5ZzpxH6Q8m7MA==/com.android.tradefed.utils.wifi-1Uhnb0vRv8xaSP2I45AYcQ==/base.apk. target_sdk_version=31, uses_libraries=, library_path=/data/app/~~HzXju5W_q5ZzpxH6Q8m7MA==/com.android.tradefed.utils.wifi-1Uhnb0vRv8xaSP2I45AYcQ==/lib/arm64, permitted_path=/data:/mnt/expand:/data/user/0/com.android.tradefed.utils.wifi
02-27 02:19:48.690 10085  7147  7147 V GraphicsEnvironment: Currently set values for:
02-27 02:19:48.691 10085  7147  7147 V GraphicsEnvironment:   angle_gl_driver_selection_pkgs=[]
02-27 02:19:48.691 10085  7147  7147 V GraphicsEnvironment:   angle_gl_driver_selection_values=[]
02-27 02:19:48.691 10085  7147  7147 V GraphicsEnvironment: ANGLE GameManagerService for com.android.tradefed.utils.wifi: false
02-27 02:19:48.691 10085  7147  7147 V GraphicsEnvironment: com.android.tradefed.utils.wifi is not listed in per-application setting
02-27 02:19:48.691 10085  7147  7147 V GraphicsEnvironment: Neither updatable production driver nor prerelease driver is supported.
02-27 02:19:48.695 10085  7147  7147 I UiAutomation: Initialized for user 0 on display 0
02-27 02:19:48.699  1000  1855  2406 D AccessibilityManagerService: changeCurrentUserForTestAutomationIfNeededLocked(0): ignoring because device doesn't support visible background users
02-27 02:19:48.699  1000  1855  2406 I UiAutomationManager: Registering UiTestAutomationService (id=com.android.server.accessibility/UiAutomation) when called by user 0
02-27 02:19:48.705  1000  1855  2406 W WindowMagnificationMgr: requestConnection duplicated request: connect=false, mConnectionState=DISCONNECTED
02-27 02:19:48.717  1000  1855  1855 D BatterySaverPolicy: accessibility changed to true, updating policy.
02-27 02:19:48.718  1000  1855  2504 I ActivityManager: Flag disabled. Ignoring finishAttachApplication from uid: 10085. pid: 7147
02-27 02:19:48.758 10085  7147  7165 D TrafficStats: tagSocket(63) with statsTag=0xffffffff, statsUid=-1
02-27 02:19:48.759  1000  1855  2449 E BatteryStatsService: Invalid uid for waking network packet: -1
02-27 02:19:48.761  1000  1855  2449 E BatteryStatsService: Invalid uid for waking network packet: -1
02-27 02:19:48.791  1000  1855  2449 W WindowMagnificationMgr: requestConnection duplicated request: connect=false, mConnectionState=DISCONNECTED
02-27 02:19:48.791  1000  1855  2449 D AccessibilityManagerService: restoreCurrentUserForTestAutomationIfNeededLocked(): ignoring because device doesn't support visible background users
02-27 02:19:48.800  1000  1855  1904 I ActivityManager: Force stopping com.android.tradefed.utils.wifi appid=10085 user=0: finished inst
02-27 02:19:48.802  1000  1855  1904 E ActivityManager: Unable to freeze binder for 7147: -11
02-27 02:19:48.805 shell  7133  7133 I app_process: System.exit called, status: 0
02-27 02:19:48.805 shell  7133  7133 I AndroidRuntime: VM exiting with result code 0.
02-27 02:19:48.808  1000  1855  1904 I am_uid_stopped: 10085
02-27 02:19:48.810  1000  1855  1855 D BatterySaverPolicy: accessibility changed to false, updating policy.
02-27 02:19:48.811  1000  1855  1904 I ActivityManager: Killing 7147:com.android.tradefed.utils.wifi/u0a85 (adj 0): stop com.android.tradefed.utils.wifi due to finished inst
02-27 02:19:48.811  1000  1855  1904 I am_kill : [0,7147,com.android.tradefed.utils.wifi,0,stop com.android.tradefed.utils.wifi due to finished inst]
02-27 02:19:48.815  1000  1855  1917 D DisplayManagerService: Drop pending events for gone uid 10085
02-27 02:19:48.834  1000  1855  1904 V ActivityManager: Got obituary of 7147:com.android.tradefed.utils.wifi
02-27 02:19:48.834  root  1013  1013 I Zygote  : Process 7147 exited due to signal 9 (Killed)
02-27 02:19:48.916  1000  1855  1990 I commit_sys_config_file: [settings-2-0,10]
02-27 02:19:49.786  1000  1855  1904 E BatteryStatsService: Invalid uid for waking network packet: -1
02-27 02:19:49.789  1000  1855  1904 E BatteryStatsService: Invalid uid for waking network packet: -1
02-27 02:19:49.790  1000  1855  1904 E BatteryStatsService: Invalid uid for waking network packet: -1
02-27 02:19:49.931  artd  7128  7128 I AidlLazyServiceRegistrar: Process has 1 (of 1 available) client(s) in use after notification artd has clients: 1
02-27 02:19:50.958 shell  7257  7257 D AndroidRuntime: >>>>>> START com.android.internal.os.RuntimeInit uid 2000 <<<<<<
02-27 02:19:50.964 shell  7257  7257 I AndroidRuntime: Using default boot image
02-27 02:19:50.964 shell  7257  7257 I AndroidRuntime: Leaving lock profiling enabled
02-27 02:19:50.968 shell  7257  7257 I app_process: Using CollectorTypeCC GC.
02-27 02:19:51.060 shell  7257  7257 D nativeloader: InitDefaultPublicLibraries for_preload=1: libandroid.so:libaaudio.so:libamidi.so:libbinder_ndk.so:libc.so:libcamera2ndk.so:libdl.so:libEGL.so:libGLESv1_CM.so:libGLESv2.so:libGLESv3.so:libicu.so:libicui18n.so:libicuuc.so:libjnigraphics.so:liblog.so:libmediandk.so:libm.so:libnativehelper.so:libnativewindow.so:libOpenMAXAL.so:libOpenSLES.so:libRS.so:libstdc++.so:libsync.so:libvulkan.so:libwebviewchromium_plat_support.so:libz.so
02-27 02:19:51.072 shell  7257  7257 D app_process: Time zone APEX ICU file found: /apex/com.android.tzdata/etc/icu/icu_tzdata.dat
02-27 02:19:51.072 shell  7257  7257 D app_process: I18n APEX ICU file found: /apex/com.android.i18n/etc/icu/icudt72l.dat
02-27 02:19:51.106 shell  7257  7257 W libc    : Access denied finding property "ro.product.name_for_attestation"
02-27 02:19:51.106 shell  7257  7257 W libc    : Access denied finding property "ro.product.device_for_attestation"
02-27 02:19:51.101 shell  7257  7257 I auditd  : type=1400 audit(0.0:860): avc:  denied  { read } for  comm="main" name="u:object_r:build_attestation_prop:s0" dev="tmpfs" ino=113 scontext=u:r:shell:s0 tcontext=u:object_r:build_attestation_prop:s0 tclass=file permissive=0
02-27 02:19:51.101 shell  7257  7257 W main    : type=1400 audit(0.0:860): avc:  denied  { read } for  name="u:object_r:build_attestation_prop:s0" dev="tmpfs" ino=113 scontext=u:r:shell:s0 tcontext=u:object_r:build_attestation_prop:s0 tclass=file permissive=0
02-27 02:19:51.106 shell  7257  7257 W libc    : Access denied finding property "ro.product.manufacturer_for_attestation"
02-27 02:19:51.106 shell  7257  7257 W libc    : Access denied finding property "ro.product.brand_for_attestation"
02-27 02:19:51.106 shell  7257  7257 W libc    : Access denied finding property "ro.product.model_for_attestation"
02-27 02:19:51.101 shell  7257  7257 W main    : type=1400 audit(0.0:861): avc:  denied  { read } for  name="u:object_r:build_attestation_prop:s0" dev="tmpfs" ino=113 scontext=u:r:shell:s0 tcontext=u:object_r:build_attestation_prop:s0 tclass=file permissive=0
02-27 02:19:51.101 shell  7257  7257 I auditd  : type=1400 audit(0.0:862): avc:  denied  { read } for  comm="main" name="u:object_r:build_attestation_prop:s0" dev="tmpfs" ino=113 scontext=u:r:shell:s0 tcontext=u:object_r:build_attestation_prop:s0 tclass=file permissive=0
02-27 02:19:51.101 shell  7257  7257 W main    : type=1400 audit(0.0:862): avc:  denied  { read } for  name="u:object_r:build_attestation_prop:s0" dev="tmpfs" ino=113 scontext=u:r:shell:s0 tcontext=u:object_r:build_attestation_prop:s0 tclass=file permissive=0
02-27 02:19:51.101 shell  7257  7257 I auditd  : type=1400 audit(0.0:863): avc:  denied  { read } for  comm="main" name="u:object_r:build_attestation_prop:s0" dev="tmpfs" ino=113 scontext=u:r:shell:s0 tcontext=u:object_r:build_attestation_prop:s0 tclass=file permissive=0
02-27 02:19:51.101 shell  7257  7257 W main    : type=1400 audit(0.0:863): avc:  denied  { read } for  name="u:object_r:build_attestation_prop:s0" dev="tmpfs" ino=113 scontext=u:r:shell:s0 tcontext=u:object_r:build_attestation_prop:s0 tclass=file permissive=0
02-27 02:19:51.105 shell  7257  7257 I auditd  : type=1400 audit(0.0:864): avc:  denied  { read } for  comm="main" name="u:object_r:build_attestation_prop:s0" dev="tmpfs" ino=113 scontext=u:r:shell:s0 tcontext=u:object_r:build_attestation_prop:s0 tclass=file permissive=0
02-27 02:19:51.105 shell  7257  7257 W main    : type=1400 audit(0.0:864): avc:  denied  { read } for  name="u:object_r:build_attestation_prop:s0" dev="tmpfs" ino=113 scontext=u:r:shell:s0 tcontext=u:object_r:build_attestation_prop:s0 tclass=file permissive=0
02-27 02:19:51.108 shell  7257  7257 D AndroidRuntime: Calling main entry com.android.commands.locksettings.LockSettingsCmd
02-27 02:19:51.113  1000  1855  1904 I LockSettingsService: Executing shell command 'get-disabled'; callingPid=7257, callingUid=2000
02-27 02:19:51.116 shell  7257  7257 D AndroidRuntime: Shutting down VM
02-27 02:19:51.877  root  1012  7102 W resolv  : SSL_connect ssl error =5, mark 0xf0069: Connection refused
02-27 02:19:51.877  root  1012  7102 W resolv  : TLS Handshake failed
02-27 02:19:51.877  root  1012  7102 W resolv  : query failed
02-27 02:19:51.877  root  1012  7102 W resolv  : validateDnsTlsServer returned 0 for 2403:e840:8fff:fffc:642:1aff:fe4e:c430
02-27 02:19:51.878  root  1012  7102 W resolv  : Validation failed
02-27 02:19:52.491 10063  3140  3387 W MediaProvider: isAppCloneUserPair for user 0: false
02-27 02:19:52.709 10063  3140  3385 I MediaProvider: Deleted 1 0 0 0 0 0 0 items on external_primary due to com.android.shell
02-27 02:19:52.942 shell  7347  7347 D AndroidRuntime: >>>>>> START com.android.internal.os.RuntimeInit uid 2000 <<<<<<
02-27 02:19:52.947 shell  7347  7347 I AndroidRuntime: Using default boot image
02-27 02:19:52.947 shell  7347  7347 I AndroidRuntime: Leaving lock profiling enabled
02-27 02:19:52.950 shell  7347  7347 I app_process: Using CollectorTypeCC GC.
02-27 02:19:53.042 shell  7347  7347 D nativeloader: InitDefaultPublicLibraries for_preload=1: libandroid.so:libaaudio.so:libamidi.so:libbinder_ndk.so:libc.so:libcamera2ndk.so:libdl.so:libEGL.so:libGLESv1_CM.so:libGLESv2.so:libGLESv3.so:libicu.so:libicui18n.so:libicuuc.so:libjnigraphics.so:liblog.so:libmediandk.so:libm.so:libnativehelper.so:libnativewindow.so:libOpenMAXAL.so:libOpenSLES.so:libRS.so:libstdc++.so:libsync.so:libvulkan.so:libwebviewchromium_plat_support.so:libz.so
02-27 02:19:53.054 shell  7347  7347 D app_process: Time zone APEX ICU file found: /apex/com.android.tzdata/etc/icu/icu_tzdata.dat
02-27 02:19:53.054 shell  7347  7347 D app_process: I18n APEX ICU file found: /apex/com.android.i18n/etc/icu/icudt72l.dat
02-27 02:19:53.087 shell  7347  7347 W libc    : Access denied finding property "ro.product.name_for_attestation"
02-27 02:19:53.087 shell  7347  7347 W libc    : Access denied finding property "ro.product.device_for_attestation"
02-27 02:19:53.087 shell  7347  7347 W libc    : Access denied finding property "ro.product.manufacturer_for_attestation"
02-27 02:19:53.087 shell  7347  7347 W libc    : Access denied finding property "ro.product.brand_for_attestation"
02-27 02:19:53.085 shell  7347  7347 I auditd  : type=1400 audit(0.0:865): avc:  denied  { read } for  comm="main" name="u:object_r:build_attestation_prop:s0" dev="tmpfs" ino=113 scontext=u:r:shell:s0 tcontext=u:object_r:build_attestation_prop:s0 tclass=file permissive=0
02-27 02:19:53.087 shell  7347  7347 W libc    : Access denied finding property "ro.product.model_for_attestation"
02-27 02:19:53.085 shell  7347  7347 W main    : type=1400 audit(0.0:865): avc:  denied  { read } for  name="u:object_r:build_attestation_prop:s0" dev="tmpfs" ino=113 scontext=u:r:shell:s0 tcontext=u:object_r:build_attestation_prop:s0 tclass=file permissive=0
02-27 02:19:53.085 shell  7347  7347 I auditd  : type=1400 audit(0.0:866): avc:  denied  { read } for  comm="main" name="u:object_r:build_attestation_prop:s0" dev="tmpfs" ino=113 scontext=u:r:shell:s0 tcontext=u:object_r:build_attestation_prop:s0 tclass=file permissive=0
02-27 02:19:53.085 shell  7347  7347 W main    : type=1400 audit(0.0:866): avc:  denied  { read } for  name="u:object_r:build_attestation_prop:s0" dev="tmpfs" ino=113 scontext=u:r:shell:s0 tcontext=u:object_r:build_attestation_prop:s0 tclass=file permissive=0
02-27 02:19:53.085 shell  7347  7347 I auditd  : type=1400 audit(0.0:867): avc:  denied  { read } for  comm="main" name="u:object_r:build_attestation_prop:s0" dev="tmpfs" ino=113 scontext=u:r:shell:s0 tcontext=u:object_r:build_attestation_prop:s0 tclass=file permissive=0
02-27 02:19:53.085 shell  7347  7347 W main    : type=1400 audit(0.0:867): avc:  denied  { read } for  name="u:object_r:build_attestation_prop:s0" dev="tmpfs" ino=113 scontext=u:r:shell:s0 tcontext=u:object_r:build_attestation_prop:s0 tclass=file permissive=0
02-27 02:19:53.085 shell  7347  7347 I auditd  : type=1400 audit(0.0:868): avc:  denied  { read } for  comm="main" name="u:object_r:build_attestation_prop:s0" dev="tmpfs" ino=113 scontext=u:r:shell:s0 tcontext=u:object_r:build_attestation_prop:s0 tclass=file permissive=0
02-27 02:19:53.085 shell  7347  7347 W main    : type=1400 audit(0.0:868): avc:  denied  { read } for  name="u:object_r:build_attestation_prop:s0" dev="tmpfs" ino=113 scontext=u:r:shell:s0 tcontext=u:object_r:build_attestation_prop:s0 tclass=file permissive=0
02-27 02:19:53.085 shell  7347  7347 I auditd  : type=1400 audit(0.0:869): avc:  denied  { read } for  comm="main" name="u:object_r:build_attestation_prop:s0" dev="tmpfs" ino=113 scontext=u:r:shell:s0 tcontext=u:object_r:build_attestation_prop:s0 tclass=file permissive=0
02-27 02:19:53.085 shell  7347  7347 W main    : type=1400 audit(0.0:869): avc:  denied  { read } for  name="u:object_r:build_attestation_prop:s0" dev="tmpfs" ino=113 scontext=u:r:shell:s0 tcontext=u:object_r:build_attestation_prop:s0 tclass=file permissive=0
02-27 02:19:53.089 shell  7347  7347 D AndroidRuntime: Calling main entry com.android.commands.am.Am
02-27 02:19:53.097 shell  7347  7347 D UiAutomationConnection: Created on user UserHandle{0}
02-27 02:19:53.098  1000  1855  1904 I ActivityManager: Force stopping com.android.tradefed.utils.wifi appid=10085 user=0: start instr
02-27 02:19:53.101  1000  1855  1904 I am_uid_running: 10085
02-27 02:19:53.103  1000  1855  1904 D CompatibilityChangeReporter: Compat change id reported: 135634846; UID 10085; state: DISABLED
02-27 02:19:53.103  1000  1855  1904 D CompatibilityChangeReporter: Compat change id reported: 177438394; UID 10085; state: DISABLED
02-27 02:19:53.104  1000  1855  1904 D CompatibilityChangeReporter: Compat change id reported: 135772972; UID 10085; state: DISABLED
02-27 02:19:53.104  1000  1855  1904 D CompatibilityChangeReporter: Compat change id reported: 135754954; UID 10085; state: ENABLED
02-27 02:19:53.107  1000  1855  1927 D CompatibilityChangeReporter: Compat change id reported: 143937733; UID 10085; state: ENABLED
02-27 02:19:53.122  root  1013  1013 D Zygote  : Forked child process 7361
02-27 02:19:53.123  1000  1855  1927 I am_proc_start: [0,7361,10085,com.android.tradefed.utils.wifi,added application,com.android.tradefed.utils.wifi]
02-27 02:19:53.123  1000  1855  1927 I ActivityManager: Start proc 7361:com.android.tradefed.utils.wifi/u0a85 for added application com.android.tradefed.utils.wifi
02-27 02:19:53.149 10085  7361  7361 I efed.utils.wifi: Using CollectorTypeCC GC.
02-27 02:19:53.156 10085  7361  7361 E efed.utils.wifi: Not starting debugger since process cannot load the jdwp agent.
02-27 02:19:53.166  1000  1855  1904 I am_proc_bound: [0,7361,com.android.tradefed.utils.wifi]
02-27 02:19:53.167  1000  1855  1904 I am_uid_active: 10085
02-27 02:19:53.171 10085  7361  7361 D CompatibilityChangeReporter: Compat change id reported: 171979766; UID 10085; state: ENABLED
02-27 02:19:53.172 10085  7361  7361 D CompatibilityChangeReporter: Compat change id reported: 242716250; UID 10085; state: DISABLED
02-27 02:19:53.176 10085  7361  7361 D ApplicationLoaders: Returning zygote-cached class loader: /system/framework/android.test.base.jar
02-27 02:19:53.179 10085  7361  7361 D nativeloader: Configuring clns-6 for other apk /system/framework/android.test.mock.jar. target_sdk_version=31, uses_libraries=ALL, library_path=/data/app/~~HzXju5W_q5ZzpxH6Q8m7MA==/com.android.tradefed.utils.wifi-1Uhnb0vRv8xaSP2I45AYcQ==/lib/arm64, permitted_path=/data:/mnt/expand:/data/user/0/com.android.tradefed.utils.wifi
02-27 02:19:53.179 10085  7361  7361 D ApplicationLoaders: Returning zygote-cached class loader: /system/framework/android.test.base.jar
02-27 02:19:53.181 10085  7361  7361 D nativeloader: Configuring clns-7 for other apk /system/framework/android.test.runner.jar. target_sdk_version=31, uses_libraries=ALL, library_path=/data/app/~~HzXju5W_q5ZzpxH6Q8m7MA==/com.android.tradefed.utils.wifi-1Uhnb0vRv8xaSP2I45AYcQ==/lib/arm64, permitted_path=/data:/mnt/expand:/data/user/0/com.android.tradefed.utils.wifi
02-27 02:19:53.183 10085  7361  7361 D nativeloader: Configuring clns-8 for other apk /data/app/~~HzXju5W_q5ZzpxH6Q8m7MA==/com.android.tradefed.utils.wifi-1Uhnb0vRv8xaSP2I45AYcQ==/base.apk. target_sdk_version=31, uses_libraries=, library_path=/data/app/~~HzXju5W_q5ZzpxH6Q8m7MA==/com.android.tradefed.utils.wifi-1Uhnb0vRv8xaSP2I45AYcQ==/lib/arm64, permitted_path=/data:/mnt/expand:/data/user/0/com.android.tradefed.utils.wifi
02-27 02:19:53.189 10085  7361  7361 V GraphicsEnvironment: Currently set values for:
02-27 02:19:53.189 10085  7361  7361 V GraphicsEnvironment:   angle_gl_driver_selection_pkgs=[]
02-27 02:19:53.190 10085  7361  7361 V GraphicsEnvironment:   angle_gl_driver_selection_values=[]
02-27 02:19:53.190 10085  7361  7361 V GraphicsEnvironment: ANGLE GameManagerService for com.android.tradefed.utils.wifi: false
02-27 02:19:53.190 10085  7361  7361 V GraphicsEnvironment: com.android.tradefed.utils.wifi is not listed in per-application setting
02-27 02:19:53.191 10085  7361  7361 V GraphicsEnvironment: Neither updatable production driver nor prerelease driver is supported.
02-27 02:19:53.196 10085  7361  7361 I UiAutomation: Initialized for user 0 on display 0
02-27 02:19:53.200  1000  1855  1904 D AccessibilityManagerService: changeCurrentUserForTestAutomationIfNeededLocked(0): ignoring because device doesn't support visible background users
02-27 02:19:53.200  1000  1855  1904 I UiAutomationManager: Registering UiTestAutomationService (id=com.android.server.accessibility/UiAutomation) when called by user 0
02-27 02:19:53.206  1000  1855  1904 W WindowMagnificationMgr: requestConnection duplicated request: connect=false, mConnectionState=DISCONNECTED
02-27 02:19:53.220  1000  1855  1855 D BatterySaverPolicy: accessibility changed to true, updating policy.
02-27 02:19:53.223  1000  1855  1905 I ActivityManager: Flag disabled. Ignoring finishAttachApplication from uid: 10085. pid: 7361
02-27 02:19:53.240 10085  7361  7379 D TrafficStats: tagSocket(63) with statsTag=0xffffffff, statsUid=-1
02-27 02:19:53.277  1000  1855  1905 W WindowMagnificationMgr: requestConnection duplicated request: connect=false, mConnectionState=DISCONNECTED
02-27 02:19:53.277  1000  1855  1905 D AccessibilityManagerService: restoreCurrentUserForTestAutomationIfNeededLocked(): ignoring because device doesn't support visible background users
02-27 02:19:53.285  1000  1855  2406 I ActivityManager: Force stopping com.android.tradefed.utils.wifi appid=10085 user=0: finished inst
02-27 02:19:53.287  1000  1855  2406 E ActivityManager: Unable to freeze binder for 7361: -11
02-27 02:19:53.290 shell  7347  7347 I app_process: System.exit called, status: 0
02-27 02:19:53.290 shell  7347  7347 I AndroidRuntime: VM exiting with result code 0.
02-27 02:19:53.291  1000  1855  2406 I am_uid_stopped: 10085
02-27 02:19:53.292  1000  1855  2406 I ActivityManager: Killing 7361:com.android.tradefed.utils.wifi/u0a85 (adj 0): stop com.android.tradefed.utils.wifi due to finished inst
02-27 02:19:53.293  1000  1855  2406 I am_kill : [0,7361,com.android.tradefed.utils.wifi,0,stop com.android.tradefed.utils.wifi due to finished inst]
02-27 02:19:53.293  1000  1855  1917 D DisplayManagerService: Drop pending events for gone uid 10085
02-27 02:19:53.299  1000  1855  1855 D BatterySaverPolicy: accessibility changed to false, updating policy.
02-27 02:19:53.313  1000  1855  1904 V ActivityManager: Got obituary of 7361:com.android.tradefed.utils.wifi
02-27 02:19:53.314  root  1013  1013 I Zygote  : Process 7361 exited due to signal 9 (Killed)
02-27 02:19:53.418  1000  1855  1990 I commit_sys_config_file: [settings-2-0,11]
02-27 02:19:53.866  1073  2510  7087 D NetworkMonitor/105: PROBE_HTTP http://connectivitycheck.gstatic.com/generate_204 Probe failed with exception java.net.SocketTimeoutException: failed to connect to connectivitycheck.gstatic.com/14.215.177.38 (port 80) from /192.168.50.34 (port 55214) after 10000ms
