02-27 02:18:47.681  1000  1855  2282 D WifiCountryCode: evaluateAllCmmStateAndApplyIfAllReady: {ConcreteClientModeManager{id=890927 iface=wlan0 role=ROLE_CLIENT_PRIMARY}=true}
02-27 02:18:47.681  1000  1855  2282 D WifiCountryCode: Reading country code from telephony
02-27 02:18:47.682  1000  1855  2282 D WifiCountryCode: Set telephony country code to: 
02-27 02:18:47.682  1000  1855  2282 D WifiCountryCode: updateCountryCode to CN
02-27 02:18:47.682  1000  1855  2282 D WifiCountryCode: setCountryCodeNative: CN, isClientModeOnly: true mDriverCountryCode: CN
02-27 02:18:47.683  1073  2510  4164 D ApfFilter: (wlan0): shutting down
02-27 02:18:47.687  1073  2510  4164 D DhcpClient: doQuit
02-27 02:18:47.689  wifi  4160  4160 I wpa_supplicant: wlan0: CTRL-EVENT-REGDOM-CHANGE init=USER type=COUNTRY alpha2=CN
02-27 02:18:47.690  1000  1855  2282 D WifiNative: onSetCountryCodeSucceeded: CN
02-27 02:18:47.690  1000  1855  2282 I WifiCountryCode: Receive onSetCountryCodeSucceeded CN
02-27 02:18:47.691  1000  1855  2282 I WifiNl80211Manager: Receive country code change to CN
02-27 02:18:47.691  wifi  1461  1461 I wificond: Receive notifyCountryCodeChanged
02-27 02:18:47.691  wifi  1461  1461 I wificond: UpdateBandInfo
02-27 02:18:47.692  1000  1855  2282 I WifiClientModeImpl[892546:wlan0]: disconnectedstate enter
02-27 02:18:47.693  1000  1855  2282 E WifiScoringParams: Invalid frequency(-1), using 5G as default rssi array
02-27 02:18:47.695  1000  1855  2290 I netstats_mobile_sample: [0,0,0,0,0,0,0,0,1709000327697]
02-27 02:18:47.695  1000  1855  2290 I netstats_wifi_sample: [41801,14223,192,160,12245,14223,62,160,1709000327697]
02-27 02:18:47.696  1000  1855  2282 D WifiNetworkAgent: NetworkAgent: NetworkAgent channel lost
02-27 02:18:47.697  1000  1855  1916 I GnssNetworkConnectivityHandler: Network connection lost. Available networks count: 0
02-27 02:18:47.697  wifi  1461  1461 I wificond: 2.4Ghz frequencies: 2412 2417 2422 2427 2432 2437 2442 2447 2452 2457 2462 2467 2472
02-27 02:18:47.697  wifi  1461  1461 I wificond: 5Ghz non-DFS frequencies: 5180 5190 5200 5210 5220 5230 5240 5745 5765 5785 5805 5825
02-27 02:18:47.697  wifi  1461  1461 I wificond: 5Ghz DFS frequencies: 5260 5280 5300 5320
02-27 02:18:47.698  wifi  1461  1461 I wificond: 6Ghz frequencies:
02-27 02:18:47.698  wifi  1461  1461 I wificond: 60Ghz frequencies:
02-27 02:18:47.700  1073  2510  4164 D DhcpClient: DHCP Packet Handler stopped
02-27 02:18:47.700  1073  2510  4164 D DhcpClient: onQuitting
02-27 02:18:47.703  1000  1855  1916 I GnssNetworkConnectivityHandler: updateNetworkState, state=CLOSED, connected=false, network=102, capabilities=[ Transports: WIFI Capabilities: NOT_METERED&INTERNET&NOT_RESTRICTED&TRUSTED&NOT_VPN&VALIDATED&NOT_ROAMING&FOREGROUND&NOT_CONGESTED&NOT_SUSPENDED&NOT_VCN_MANAGED LinkUpBandwidth>=12000Kbps LinkDnBandwidth>=30000Kbps TransportInfo: <SSID: <unknown ssid>, BSSID: 02:00:00:00:00:00, MAC: 02:00:00:00:00:00, IP: /192.168.50.34, Security type: 2, Supplicant state: COMPLETED, Wi-Fi standard: 6, RSSI: -21, Link speed: 270Mbps, Tx Link speed: 270Mbps, Max Supported Tx Link speed: 286Mbps, Rx Link speed: 1Mbps, Max Supported Rx Link speed: 286Mbps, Frequency: 2457MHz, Net ID: -1, Metered hint: false, score: 60, isUsable: true, CarrierMerged: false, SubscriptionId: -1, IsPrimary: 1, Trusted: true, Restricted: false, Ephemeral: false, OEM paid: false, OEM private: false, OSU AP: false, FQDN: <none>, Provider friendly name: <none>, Requesting package name: <none><none>MLO Information: , Is TID-To-Link negotiation supported by the AP: false, AP MLD Address: <none>, AP MLO Link Id: <none>, AP MLO Affiliated links: <none>> SignalStrength: -21 AdminUids: [1000] SSID: "CMCC" UnderlyingNetworks: Null], availableNetworkCount: 0
02-27 02:18:47.703  1073  2510  2549 D UpstreamNetworkMonitor: Lost default Internet network: 102
02-27 02:18:47.704   gps  1424  1424 D gpsd    : WakeLock(Acquire,GPSD)
02-27 02:18:47.704   gps  1424  1424 E power   : Failed to get SystemSuspend service
02-27 02:18:47.704   gps  1424  1424 D gpsd    : WakeLock(Release,GPSD)
02-27 02:18:47.704 radio  2588  3802 D com.android.ons.ONSProfileActivator: Internet connection lost
02-27 02:18:47.705   gps  1424  1424 D gpsd    : WakeLock(Acquire,GPSD)
02-27 02:18:47.705   gps  1424  1424 E power   : Failed to get SystemSuspend service
02-27 02:18:47.705 radio  2588  2588 D TelephonyNetworkFactory[0]: got request NetworkRequest [ REQUEST id=1, [ Capabilities: INTERNET&NOT_RESTRICTED&TRUSTED&NOT_VPN&NOT_VCN_MANAGED RequestorUid: 1000 RequestorPkg: android UnderlyingNetworks: Null] ]
02-27 02:18:47.706 radio  2588  2588 D TelephonyNetworkFactory[0]: onNeedNetworkFor [NetworkRequest [ REQUEST id=1, [ Capabilities: INTERNET&NOT_RESTRICTED&TRUSTED&NOT_VPN&NOT_VCN_MANAGED RequestorUid: 1000 RequestorPkg: android UnderlyingNetworks: Null] ], mPriority=20, state=UNSATISFIED, mAttachedDataNetwork=null, isMetered=true, created time=02:18:47.706, evaluation result=null] shouldApply false
02-27 02:18:47.706  1000  1855  5556 D AGnssRilCbJni: requestSetIdCb. setIdflag: 1, 
02-27 02:18:47.709 10045  2565  2938 D QCNEJ/DefaultNetworkInfoRelay: Default network lost: 102
02-27 02:18:47.713 10045  2565  2938 D QCNEJ/WlanStaInfoRelay: network lost: 102
02-27 02:18:47.713 10045  2565  2938 D QCNEJ/WlanStaInfoRelay: onLost: unbind the process to WIFI
02-27 02:18:47.713 10045  2565  2938 D QCNEJ/WlanStaInfoRelay: reset CountryCodeRetriever
02-27 02:18:47.715 radio  2588  2588 D TelephonyNetworkFactory[0]: got request NetworkRequest [ REQUEST id=7, [ Capabilities: INTERNET&NOT_RESTRICTED&TRUSTED&NOT_VCN_MANAGED Uid: 1000 RequestorUid: 1000 RequestorPkg: android UnderlyingNetworks: Null] ]
02-27 02:18:47.715 radio  2588  2588 D TelephonyNetworkFactory[0]: got request NetworkRequest [ REQUEST id=15, [ Capabilities: INTERNET&NOT_RESTRICTED&TRUSTED&NOT_VCN_MANAGED Uid: 1000 RequestorUid: 1000 RequestorPkg: android UnderlyingNetworks: Null] ]
02-27 02:18:47.716 radio  2588  2588 D TelephonyNetworkFactory[0]: onNeedNetworkFor [NetworkRequest [ REQUEST id=7, [ Capabilities: INTERNET&NOT_RESTRICTED&TRUSTED&NOT_VCN_MANAGED Uid: 1000 RequestorUid: 1000 RequestorPkg: android UnderlyingNetworks: Null] ], mPriority=20, state=UNSATISFIED, mAttachedDataNetwork=null, isMetered=true, created time=02:18:47.716, evaluation result=null] shouldApply false
02-27 02:18:47.716 radio  2588  2588 D TelephonyNetworkFactory[0]: onNeedNetworkFor [NetworkRequest [ REQUEST id=15, [ Capabilities: INTERNET&NOT_RESTRICTED&TRUSTED&NOT_VCN_MANAGED Uid: 1000 RequestorUid: 1000 RequestorPkg: android UnderlyingNetworks: Null] ], mPriority=20, state=UNSATISFIED, mAttachedDataNetwork=null, isMetered=true, created time=02:18:47.715, evaluation result=null] shouldApply false
02-27 02:18:47.716 radio  2588  2588 D TelephonyNetworkFactory[0]: got request NetworkRequest [ REQUEST id=17, [ Capabilities: INTERNET&NOT_RESTRICTED&TRUSTED&NOT_VCN_MANAGED Uid: 1073 RequestorUid: 1073 RequestorPkg: com.android.networkstack UnderlyingNetworks: Null] ]
02-27 02:18:47.716 radio  2588  2588 D TelephonyNetworkFactory[0]: got request NetworkRequest [ REQUEST id=22, [ Capabilities: INTERNET&NOT_RESTRICTED&TRUSTED&NOT_VCN_MANAGED Uid: 10057 RequestorUid: 10057 RequestorPkg: com.android.systemui UnderlyingNetworks: Null] ]
02-27 02:18:47.717 radio  2588  2588 D TelephonyNetworkFactory[0]: got request NetworkRequest [ REQUEST id=24, [ Capabilities: INTERNET&NOT_RESTRICTED&TRUSTED&NOT_VCN_MANAGED Uid: 10057 RequestorUid: 10057 RequestorPkg: com.android.systemui UnderlyingNetworks: Null] ]
02-27 02:18:47.717 radio  2588  2588 D TelephonyNetworkFactory[0]: got request NetworkRequest [ REQUEST id=27, [ Capabilities: INTERNET&NOT_RESTRICTED&TRUSTED&NOT_VCN_MANAGED Uid: 10057 RequestorUid: 10057 RequestorPkg: com.android.systemui UnderlyingNetworks: Null] ]
02-27 02:18:47.717 radio  2588  2588 D TelephonyNetworkFactory[0]: got request NetworkRequest [ REQUEST id=30, [ Capabilities: INTERNET&NOT_RESTRICTED&TRUSTED&NOT_VCN_MANAGED Uid: 10045 RequestorUid: 10045 RequestorPkg: com.qualcomm.qti.cne UnderlyingNetworks: Null] ]
02-27 02:18:47.717 radio  2588  2588 D TelephonyNetworkFactory[0]: got request NetworkRequest [ REQUEST id=34, [ Capabilities: INTERNET&NOT_RESTRICTED&TRUSTED&NOT_VCN_MANAGED Uid: 1000 RequestorUid: 1000 RequestorPkg: android UnderlyingNetworks: Null] ]
02-27 02:18:47.717 radio  2588  2588 D TelephonyNetworkFactory[0]: onNeedNetworkFor [NetworkRequest [ REQUEST id=17, [ Capabilities: INTERNET&NOT_RESTRICTED&TRUSTED&NOT_VCN_MANAGED Uid: 1073 RequestorUid: 1073 RequestorPkg: com.android.networkstack UnderlyingNetworks: Null] ], mPriority=20, state=UNSATISFIED, mAttachedDataNetwork=null, isMetered=true, created time=02:18:47.717, evaluation result=null] shouldApply false
02-27 02:18:47.717 radio  2588  2588 D TelephonyNetworkFactory[0]: onNeedNetworkFor [NetworkRequest [ REQUEST id=22, [ Capabilities: INTERNET&NOT_RESTRICTED&TRUSTED&NOT_VCN_MANAGED Uid: 10057 RequestorUid: 10057 RequestorPkg: com.android.systemui UnderlyingNetworks: Null] ], mPriority=20, state=UNSATISFIED, mAttachedDataNetwork=null, isMetered=true, created time=02:18:47.716, evaluation result=null] shouldApply false
02-27 02:18:47.718 radio  2588  2588 D TelephonyNetworkFactory[0]: onNeedNetworkFor [NetworkRequest [ REQUEST id=24, [ Capabilities: INTERNET&NOT_RESTRICTED&TRUSTED&NOT_VCN_MANAGED Uid: 10057 RequestorUid: 10057 RequestorPkg: com.android.systemui UnderlyingNetworks: Null] ], mPriority=20, state=UNSATISFIED, mAttachedDataNetwork=null, isMetered=true, created time=02:18:47.717, evaluation result=null] shouldApply false
02-27 02:18:47.718 radio  2588  2588 D TelephonyNetworkFactory[0]: onNeedNetworkFor [NetworkRequest [ REQUEST id=27, [ Capabilities: INTERNET&NOT_RESTRICTED&TRUSTED&NOT_VCN_MANAGED Uid: 10057 RequestorUid: 10057 RequestorPkg: com.android.systemui UnderlyingNetworks: Null] ], mPriority=20, state=UNSATISFIED, mAttachedDataNetwork=null, isMetered=true, created time=02:18:47.718, evaluation result=null] shouldApply false
02-27 02:18:47.718  1000  1855  2290 D ConnectivityService: Sending DISCONNECTED broadcast for type 1 [102 WIFI] isDefaultNetwork=true
02-27 02:18:47.719 radio  2588  2588 D TelephonyNetworkFactory[0]: onNeedNetworkFor [NetworkRequest [ REQUEST id=30, [ Capabilities: INTERNET&NOT_RESTRICTED&TRUSTED&NOT_VCN_MANAGED Uid: 10045 RequestorUid: 10045 RequestorPkg: com.qualcomm.qti.cne UnderlyingNetworks: Null] ], mPriority=20, state=UNSATISFIED, mAttachedDataNetwork=null, isMetered=true, created time=02:18:47.717, evaluation result=null] shouldApply false
02-27 02:18:47.719  1000  1855  2290 W ContextImpl: Calling a method in the system process without a qualified user: android.app.ContextImpl.sendStickyBroadcast:1626 android.net.connectivity.com.android.server.ConnectivityService.sendStickyBroadcast:3278 android.net.connectivity.com.android.server.ConnectivityService.sendLegacyNetworkBroadcast:10154 android.net.connectivity.com.android.server.ConnectivityService$LegacyTypeTracker.remove:1165 android.net.connectivity.com.android.server.ConnectivityService$LegacyTypeTracker.remove:1182 
02-27 02:18:47.719 radio  2588  2588 D TelephonyNetworkFactory[0]: onNeedNetworkFor [NetworkRequest [ REQUEST id=34, [ Capabilities: INTERNET&NOT_RESTRICTED&TRUSTED&NOT_VCN_MANAGED Uid: 1000 RequestorUid: 1000 RequestorPkg: android UnderlyingNetworks: Null] ], mPriority=20, state=UNSATISFIED, mAttachedDataNetwork=null, isMetered=true, created time=02:18:47.719, evaluation result=null] shouldApply false
02-27 02:18:47.719 radio  2588  2588 D TelephonyNetworkFactory[0]: got request NetworkRequest [ REQUEST id=36, [ Capabilities: INTERNET&NOT_RESTRICTED&TRUSTED&NOT_VCN_MANAGED Uid: 10074 RequestorUid: 1000 RequestorPkg: android UnderlyingNetworks: Null] ]
02-27 02:18:47.719 radio  2588  2588 D TelephonyNetworkFactory[0]: got request NetworkRequest [ REQUEST id=40, [ Capabilities: INTERNET&NOT_RESTRICTED&TRUSTED&NOT_VCN_MANAGED Uid: 10070 RequestorUid: 1000 RequestorPkg: android UnderlyingNetworks: Null] ]
02-27 02:18:47.719 radio  2588  2588 D TelephonyNetworkFactory[0]: got request NetworkRequest [ REQUEST id=44, [ Capabilities: INTERNET&NOT_RESTRICTED&TRUSTED&NOT_VCN_MANAGED Uid: 10011 RequestorUid: 1000 RequestorPkg: android UnderlyingNetworks: Null] ]
02-27 02:18:47.719 radio  2588  2588 D TelephonyNetworkFactory[0]: got request NetworkRequest [ REQUEST id=49, [ Capabilities: INTERNET&NOT_RESTRICTED&TRUSTED&NOT_VCN_MANAGED Uid: 1001 RequestorUid: 1001 RequestorPkg: com.android.phone UnderlyingNetworks: Null] ]
02-27 02:18:47.719 radio  2588  2588 D TelephonyNetworkFactory[0]: onNeedNetworkFor [NetworkRequest [ REQUEST id=36, [ Capabilities: INTERNET&NOT_RESTRICTED&TRUSTED&NOT_VCN_MANAGED Uid: 10074 RequestorUid: 1000 RequestorPkg: android UnderlyingNetworks: Null] ], mPriority=20, state=UNSATISFIED, mAttachedDataNetwork=null, isMetered=true, created time=02:18:47.719, evaluation result=null] shouldApply false
02-27 02:18:47.720  1000  1855  2290 D ConnectivityService: NetReassign [no changes] [c 0] [a 0] [i 0]
02-27 02:18:47.720 radio  2588  2588 D TelephonyNetworkFactory[0]: onNeedNetworkFor [NetworkRequest [ REQUEST id=40, [ Capabilities: INTERNET&NOT_RESTRICTED&TRUSTED&NOT_VCN_MANAGED Uid: 10070 RequestorUid: 1000 RequestorPkg: android UnderlyingNetworks: Null] ], mPriority=20, state=UNSATISFIED, mAttachedDataNetwork=null, isMetered=true, created time=02:18:47.720, evaluation result=null] shouldApply false
02-27 02:18:47.720 radio  2588  2588 D TelephonyNetworkFactory[0]: got request NetworkRequest [ REQUEST id=51, [ Capabilities: INTERNET&NOT_RESTRICTED&TRUSTED&NOT_VCN_MANAGED Uid: 1001 RequestorUid: 1001 RequestorPkg: com.android.phone UnderlyingNetworks: Null] ]
02-27 02:18:47.720 radio  2588  2588 D TelephonyNetworkFactory[0]: onNeedNetworkFor [NetworkRequest [ REQUEST id=44, [ Capabilities: INTERNET&NOT_RESTRICTED&TRUSTED&NOT_VCN_MANAGED Uid: 10011 RequestorUid: 1000 RequestorPkg: android UnderlyingNetworks: Null] ], mPriority=20, state=UNSATISFIED, mAttachedDataNetwork=null, isMetered=true, created time=02:18:47.720, evaluation result=null] shouldApply false
02-27 02:18:47.720 radio  2588  2588 D TelephonyNetworkFactory[0]: onNeedNetworkFor [NetworkRequest [ REQUEST id=49, [ Capabilities: INTERNET&NOT_RESTRICTED&TRUSTED&NOT_VCN_MANAGED Uid: 1001 RequestorUid: 1001 RequestorPkg: com.android.phone UnderlyingNetworks: Null] ], mPriority=20, state=UNSATISFIED, mAttachedDataNetwork=null, isMetered=true, created time=02:18:47.720, evaluation result=null] shouldApply false
02-27 02:18:47.720 radio  2588  2588 D TelephonyNetworkFactory[0]: onNeedNetworkFor [NetworkRequest [ REQUEST id=51, [ Capabilities: INTERNET&NOT_RESTRICTED&TRUSTED&NOT_VCN_MANAGED Uid: 1001 RequestorUid: 1001 RequestorPkg: com.android.phone UnderlyingNetworks: Null] ], mPriority=20, state=UNSATISFIED, mAttachedDataNetwork=null, isMetered=true, created time=02:18:47.719, evaluation result=null] shouldApply false
02-27 02:18:47.722  1000  1855  2282 D WifiStaIfaceHidlImpl: setDtimMultiplier is not implemented by HIDL
02-27 02:18:47.724 10057  2356  2356 D StatusBarIconController: ignoring old pipeline callback because the new wifi icon is enabled
02-27 02:18:47.732  root  1012  1044 W resolv  : resolv_stats_set_addrs: Network 102 not found for PROTO_DOT
02-27 02:18:47.732  root  1012  1044 W resolv  : resolv_stats_set_addrs: Network 102 not found for PROTO_DOH
02-27 02:18:47.807   gps  1424  1424 D gpsd    : WakeLock(Release,GPSD)
02-27 02:18:47.900  wifi  1096  1096 E android.hardware.wifi@1.0-service: Failed to open directory: Permission denied
02-27 02:18:47.901  wifi  1096  1096 E android.hardware.wifi@1.0-service: Error occurred while deleting old tombstone files
02-27 02:18:47.901  wifi  1096  1096 E android.hardware.wifi@1.0-service: Error writing files to flash
02-27 02:18:47.897  wifi  1096  1096 I auditd  : type=1400 audit(0.0:833): avc:  denied  { search } for  comm="wifi@1.0-servic" name="tombstones" dev="dm-50" ino=22 scontext=u:r:hal_wifi_default:s0 tcontext=u:object_r:vendor_tombstone_data_file:s0 tclass=dir permissive=0
02-27 02:18:47.897  wifi  1096  1096 W wifi@1.0-servic: type=1400 audit(0.0:833): avc:  denied  { search } for  name="tombstones" dev="dm-50" ino=22 scontext=u:r:hal_wifi_default:s0 tcontext=u:object_r:vendor_tombstone_data_file:s0 tclass=dir permissive=0
02-27 02:18:47.901  1000  1855  2283 E WifiChipHidlImpl: flushRingBufferToFile failed with status: {.code = ERROR_UNKNOWN, .description = }
02-27 02:18:47.902  1000  1855  2283 W WifiDiags: could not flush ringbuffer
02-27 02:18:48.714  1000  1855  1991 D ActivityManager: freezing 3670 com.android.rkpdapp
02-27 02:18:48.717  1000  1855  1991 I am_freeze: [3670,com.android.rkpdapp]
02-27 02:18:49.049  1000  1855  1951 I commit_sys_config_file: [package,55]
02-27 02:18:49.056  1000  1855  1948 I commit_sys_config_file: [package-user-0,7]
02-27 02:18:49.236  1000  1855  2350 W FileUtils: Failed to chmod(AtomicFile[/data/system_de/0/system/game-manager-service.xml]): android.system.ErrnoException: chmod failed: ENOENT (No such file or directory)
02-27 02:18:49.305  1000  1855  1919 I commit_sys_config_file: [warnings-config,58821]
02-27 02:18:49.322  1000  1855  1991 D ActivityManager: freezing 3174 com.android.documentsui
02-27 02:18:49.328  1000  1855  1991 I am_freeze: [3174,com.android.documentsui]
02-27 02:18:49.355 10085  6670  6688 D TrafficStats: tagSocket(63) with statsTag=0xffffffff, statsUid=-1
02-27 02:18:49.363 10085  6670  6688 E WifiConnector: Failed to open connection to check connectivity
02-27 02:18:49.363 10085  6670  6688 E WifiConnector: java.net.ConnectException: Failed to connect to www.google.com/142.250.66.68:80
02-27 02:18:49.363 10085  6670  6688 E WifiConnector: 	at com.android.okhttp.internal.io.RealConnection.connectSocket(RealConnection.java:147)
02-27 02:18:49.363 10085  6670  6688 E WifiConnector: 	at com.android.okhttp.internal.io.RealConnection.connect(RealConnection.java:116)
02-27 02:18:49.363 10085  6670  6688 E WifiConnector: 	at com.android.okhttp.internal.http.StreamAllocation.findConnection(StreamAllocation.java:186)
02-27 02:18:49.363 10085  6670  6688 E WifiConnector: 	at com.android.okhttp.internal.http.StreamAllocation.findHealthyConnection(StreamAllocation.java:128)
02-27 02:18:49.363 10085  6670  6688 E WifiConnector: 	at com.android.okhttp.internal.http.StreamAllocation.newStream(StreamAllocation.java:97)
02-27 02:18:49.363 10085  6670  6688 E WifiConnector: 	at com.android.okhttp.internal.http.HttpEngine.connect(HttpEngine.java:289)
02-27 02:18:49.363 10085  6670  6688 E WifiConnector: 	at com.android.okhttp.internal.http.HttpEngine.sendRequest(HttpEngine.java:232)
02-27 02:18:49.363 10085  6670  6688 E WifiConnector: 	at com.android.okhttp.internal.huc.HttpURLConnectionImpl.execute(HttpURLConnectionImpl.java:465)
02-27 02:18:49.363 10085  6670  6688 E WifiConnector: 	at com.android.okhttp.internal.huc.HttpURLConnectionImpl.connect(HttpURLConnectionImpl.java:131)
02-27 02:18:49.363 10085  6670  6688 E WifiConnector: 	at com.android.tradefed.utils.wifi.WifiConnector.checkConnectivity(WifiConnector.java:218)
02-27 02:18:49.363 10085  6670  6688 E WifiConnector: 	at com.android.tradefed.utils.wifi.WifiUtil.onStart(WifiUtil.java:265)
02-27 02:18:49.363 10085  6670  6688 E WifiConnector: 	at android.app.Instrumentation$InstrumentationThread.run(Instrumentation.java:2402)
02-27 02:18:49.372  1000  1855  1967 W WindowMagnificationMgr: requestConnection duplicated request: connect=false, mConnectionState=DISCONNECTED
02-27 02:18:49.372  1000  1855  1967 D AccessibilityManagerService: restoreCurrentUserForTestAutomationIfNeededLocked(): ignoring because device doesn't support visible background users
02-27 02:18:49.381  1000  1855  2442 I ActivityManager: Force stopping com.android.tradefed.utils.wifi appid=10085 user=0: finished inst
02-27 02:18:49.383  1000  1855  2442 E ActivityManager: Unable to freeze binder for 6670: -11
02-27 02:18:49.387 shell  6656  6656 I app_process: System.exit called, status: 0
02-27 02:18:49.387 shell  6656  6656 I AndroidRuntime: VM exiting with result code 0.
02-27 02:18:49.391  1000  1855  2442 I am_uid_stopped: 10085
02-27 02:18:49.392  1000  1855  2442 I ActivityManager: Killing 6670:com.android.tradefed.utils.wifi/u0a85 (adj 0): stop com.android.tradefed.utils.wifi due to finished inst
02-27 02:18:49.393  1000  1855  2442 I am_kill : [0,6670,com.android.tradefed.utils.wifi,0,stop com.android.tradefed.utils.wifi due to finished inst]
02-27 02:18:49.393  1000  1855  1917 D DisplayManagerService: Drop pending events for gone uid 10085
02-27 02:18:49.406  1000  1855  1855 D BatterySaverPolicy: accessibility changed to false, updating policy.
02-27 02:18:49.419  1000  1855  2449 V ActivityManager: Got obituary of 6670:com.android.tradefed.utils.wifi
02-27 02:18:49.419  root  1013  1013 I Zygote  : Process 6670 exited due to signal 9 (Killed)
02-27 02:18:49.430  1000  1855  1991 D ActivityManager: freezing 3269 android.process.media
02-27 02:18:49.431  1000  1855  1991 I am_freeze: [3269,android.process.media]
02-27 02:18:49.584  1000  1855  1990 I commit_sys_config_file: [settings-2-0,12]
02-27 02:18:49.873  1017   779  6283 I keystore2: system/security/keystore2/src/watchdog.rs:319 - Watchdog thread idle -> terminating. Have a great day.
02-27 02:18:50.193  1000  1855  2449 D WifiNl80211Manager: Scan result ready event
02-27 02:18:50.193  1000  1855  2449 D WifiNative: Scan result ready event
02-27 02:18:50.272  1000  1855  2282 D WifiScoreReport: setShouldReduceNetworkScore=false mNetworkAgent is null? true
02-27 02:18:50.273  1000  1855  2282 D WifiClientModeImpl[892546:wlan0]: CMD_START_CONNECT  my state DisconnectedState nid=0 roam=false
02-27 02:18:50.275  wifi  1096  1096 I WifiHAL : wifi_configure_roaming: num_blacklist_bssid == 0 (flush)
02-27 02:18:50.277  wifi  1096  1096 I WifiHAL : Successfully added 0 blacklist bssids
02-27 02:18:50.279  1000  1855  2282 W LastMileLogger: Failed to open free_buffer pseudo-file: /sys/kernel/debug/tracing/instances/wifi/free_buffer: open failed: ENOENT (No such file or directory)
02-27 02:18:50.280  1000  1855  2282 W LastMileLogger: Failed to arm fail-safe.
02-27 02:18:50.281  wifi  1461  1461 W wificond: Scan is not started. Ignore abort request
02-27 02:18:50.282  1000  1855  2282 D SupplicantStaIfaceHalAidlImpl: connectToNetwork "CMCC"WPA_PSK, actualSsid=null
02-27 02:18:50.282  1000  1855  2282 D SupplicantStaIfaceHalAidlImpl: Network is already saved, will not trigger remove and add.
02-27 02:18:50.283  wifi  4160  4160 I wpa_supplicant: wlan0: Trying to associate with SSID 'CMCC'
02-27 02:18:50.286  1000  1855  2282 D WifiCountryCode: evaluateAllCmmStateAndApplyIfAllReady: {ConcreteClientModeManager{id=890927 iface=wlan0 role=ROLE_CLIENT_PRIMARY}=false}
02-27 02:18:50.287  1000  1855  2282 D WifiClientModeImpl[892546:wlan0]: Start Connecting Watchdog 4
02-27 02:18:50.290  1000  1855  2282 W ContextImpl: Calling a method in the system process without a qualified user: android.app.ContextImpl.sendStickyBroadcast:1626 com.android.server.wifi.ClientModeImpl.sendNetworkChangeBroadcast:3008 com.android.server.wifi.ClientModeImpl.lambda$sendNetworkChangeBroadcastWithCurrentState$14:2985 com.android.server.wifi.ClientModeImpl.$r8$lambda$q-j88Pjw4gROgoJFr8wBlBVbuJI:0 com.android.server.wifi.ClientModeImpl$$ExternalSyntheticLambda4.send:0 
02-27 02:18:50.292  1000  1855  2282 I WifiClientModeImpl[892546:wlan0]: Update current security type to 2
02-27 02:18:50.305  1000  1500  1500 I cnss-daemon: nl80211 response handler invoked
02-27 02:18:50.305  1000  1500  1500 I cnss-daemon: nl80211_response_handler: cmd 103, vendorID 4120, subcmd 1  received
02-27 02:18:50.310  wifi  4160  4160 I wpa_supplicant: [DHD]< 1020.777483> wl_cfgvendor_send_supp_eventstring: [wlan0] Connecting with ff:ff:ff:ff:ff:ff ssid "CMCC",chan_cnt:1
02-27 02:18:50.476  1000  1500  1500 I cnss-daemon: nl80211 response handler invoked
02-27 02:18:50.476  1000  1500  1500 I cnss-daemon: nl80211_response_handler: cmd 103, vendorID 4120, subcmd 1  received
02-27 02:18:50.476  1000  1500  1500 I cnss-daemon: nl80211 response handler invoked
02-27 02:18:50.476  1000  1500  1500 I cnss-daemon: nl80211_response_handler: cmd 103, vendorID 4120, subcmd 1  received
02-27 02:18:50.478  wifi  4160  4160 I wpa_supplicant: [DHD]< 1020.948316> wl_cfgvendor_send_supp_eventstring: [wlan0] Mode:0 event:87 status:0x0 reason:0
02-27 02:18:50.480  wifi  4160  4160 I wpa_supplicant: [DHD]< 1020.948772> wl_cfgvendor_send_supp_eventstring: [wlan0] Mode:0 event:3 status:0x0 reason:0
02-27 02:18:50.484  1000  1500  1500 I cnss-daemon: nl80211 response handler invoked
02-27 02:18:50.484  1000  1500  1500 I cnss-daemon: nl80211_response_handler: cmd 103, vendorID 4120, subcmd 1  received
02-27 02:18:50.484  1000  1500  1500 I cnss-daemon: nl80211 response handler invoked
02-27 02:18:50.484  1000  1500  1500 I cnss-daemon: nl80211_response_handler: cmd 103, vendorID 4120, subcmd 1  received
02-27 02:18:50.485  wifi  4160  4160 I wpa_supplicant: [DHD]< 1020.956557> wl_cfgvendor_send_supp_eventstring: [wlan0] Mode:0 event:88 status:0x0 reason:0
02-27 02:18:50.489  wifi  4160  4160 I wpa_supplicant: [DHD]< 1020.957094> wl_cfgvendor_send_supp_eventstring: [wlan0] Mode:0 event:16 status:0x0 reason:0
02-27 02:18:50.491  wifi  4160  4160 I wpa_supplicant: nl80211: key_mgmt_set_key with key_len 32
02-27 02:18:50.500  wifi  4160  4160 I wpa_supplicant: wlan0: Associated with 04:42:1a:4e:c4:30
02-27 02:18:50.501  wifi  4160  4160 I wpa_supplicant: wlan0: WPA: RX message 1 of 4-Way Handshake from 04:42:1a:4e:c4:30 (ver=2)
02-27 02:18:50.502  wifi  4160  4160 I wpa_supplicant: wlan0: WPA: Sending EAPOL-Key 2/4
02-27 02:18:50.503  wifi  4160  4160 I wpa_supplicant: wlan0: CTRL-EVENT-SUBNET-STATUS-UPDATE status=0
02-27 02:18:50.504  1000  1855  2282 I WifiClientModeImpl[892546:wlan0]: Update current security type to 2
02-27 02:18:50.510  wifi  4160  4160 I wpa_supplicant: wlan0: RSN: RX message 3 of 4-Way Handshake from 04:42:1a:4e:c4:30 (ver=2)
02-27 02:18:50.511  wifi  4160  4160 I wpa_supplicant: wlan0: WPA: Sending EAPOL-Key 4/4
02-27 02:18:50.511  1000  1500  1500 I cnss-daemon: nl80211 response handler invoked
02-27 02:18:50.511  1000  1500  1500 I cnss-daemon: nl80211_response_handler: cmd 103, vendorID 4120, subcmd 1  received
02-27 02:18:50.511  1000  1500  1500 I cnss-daemon: nl80211 response handler invoked
02-27 02:18:50.511  1000  1500  1500 I cnss-daemon: nl80211_response_handler: cmd 103, vendorID 4120, subcmd 1  received
02-27 02:18:50.511  1000  1855  2282 W ContextImpl: Calling a method in the system process without a qualified user: android.app.ContextImpl.sendStickyBroadcast:1626 com.android.server.wifi.ClientModeImpl.sendNetworkChangeBroadcast:3008 com.android.server.wifi.ClientModeImpl.lambda$sendNetworkChangeBroadcastWithCurrentState$14:2985 com.android.server.wifi.ClientModeImpl.$r8$lambda$q-j88Pjw4gROgoJFr8wBlBVbuJI:0 com.android.server.wifi.ClientModeImpl$$ExternalSyntheticLambda4.send:0 
02-27 02:18:50.511  1000  1500  1500 I cnss-daemon: nl80211 response handler invoked
02-27 02:18:50.511  1000  1500  1500 I cnss-daemon: nl80211_response_handler: cmd 103, vendorID 4120, subcmd 1  received
02-27 02:18:50.514  1000  1855  2282 I WifiClientModeImpl[892546:wlan0]: Update current security type to 2
02-27 02:18:50.520  1000  1855  2282 I WifiClientModeImpl[892546:wlan0]: Update current security type to 2
02-27 02:18:50.522  wifi  4160  4160 I wpa_supplicant: wlan0: WPA: Key negotiation completed with 04:42:1a:4e:c4:30 [PTK=CCMP GTK=CCMP]
02-27 02:18:50.522  wifi  4160  4160 I wpa_supplicant: wlan0: CTRL-EVENT-CONNECTED - Connection to 04:42:1a:4e:c4:30 completed [id=0 id_str=%7B%22configKey%22%3A%22%5C%22CMCC%5C%22WPA_PSK%22%2C%22creatorUid%22%3A%221000%22%7D]
02-27 02:18:50.523  1073  2510  4164 D IpClient/wlan0: interfaceLinkStateChanged: ifindex 16 up
02-27 02:18:50.527  wifi  4160  4160 I wpa_supplicant: [DHD]< 1020.983781> wl_cfgvendor_send_supp_eventstring: [wlan0] Mode:0 event:7 status:0x0 reason:0
02-27 02:18:50.529  wifi  4160  4160 I wpa_supplicant: [DHD]< 1020.983997> wl_cfgvendor_send_supp_eventstring: [wlan0] Mode:0 event:1 status:0x0 reason:0
02-27 02:18:50.530  wifi  4160  4160 I wpa_supplicant: [DHD]< 1020.984057> wl_cfgvendor_send_supp_eventstring: [wlan0] Mode:0 event:0 status:0x0 reason:0
02-27 02:18:50.532  1000  1855  2282 W ContextImpl: Calling a method in the system process without a qualified user: android.app.ContextImpl.sendStickyBroadcast:1626 com.android.server.wifi.ClientModeImpl.sendNetworkChangeBroadcast:3008 com.android.server.wifi.ClientModeImpl.lambda$sendNetworkChangeBroadcastWithCurrentState$14:2985 com.android.server.wifi.ClientModeImpl.$r8$lambda$q-j88Pjw4gROgoJFr8wBlBVbuJI:0 com.android.server.wifi.ClientModeImpl$$ExternalSyntheticLambda4.send:0 
02-27 02:18:50.534  1000  1855  2282 I ConnectivityService: Update score for net 103 : +IS_UNMETERED
02-27 02:18:50.535  1000  1855  2282 D ConnectivityService: registerNetworkAgent NetworkAgentInfo{network{103}  handle{445787328525}  ni{WIFI CONNECTING extra: } created=2024-02-27T02:18:50.534Z Score(Policies : IS_UNMETERED ; KeepConnected : 0)   lp{{InterfaceName: wlan0 LinkAddresses: [ ] DnsAddresses: [ ] Domains: null MTU: 0 Routes: [ ]}}  nc{[ Transports: WIFI Capabilities: NOT_METERED&INTERNET&NOT_RESTRICTED&TRUSTED&NOT_VPN&NOT_ROAMING&NOT_CONGESTED&NOT_SUSPENDED&NOT_VCN_MANAGED LinkUpBandwidth>=286000Kbps LinkDnBandwidth>=286000Kbps Specifier: <WifiNetworkAgentSpecifier [WifiConfiguration=, SSID="CMCC", BSSID=04:42:1a:4e:c4:30, band=1, mMatchLocalOnlySpecifiers=false]> TransportInfo: <SSID: "CMCC", BSSID: 04:42:1a:4e:c4:30, MAC: 00:90:4c:12:d0:01, IP: null, Security type: 2, Supplicant state: GROUP_HANDSHAKE, Wi-Fi standard: 6, RSSI: -127, Link speed: -1Mbps, Tx Link speed: -1Mbps, Max Supported Tx Link speed: 286Mbps, Rx Link speed: -1Mbps, Max Supported Rx Link speed: 286Mbps, Frequency: 2457MHz, Net ID: 0, Metered hint: false, score: 0, isUsable: true, CarrierMerged: false, SubscriptionId: -1, IsPrimary: 1, Trusted: true, Restricted: false, Ephemeral: false, OEM paid: false, OEM private: false, OSU AP: false, FQDN: <none>, Provider friendly name: <none>, Requesting package name: <none>"CMCC"wpa2-pskMLO Information: , Is TID-To-Link negotiation supported by the AP: false, AP MLD Address: <none>, AP MLO Link Id: <none>, AP MLO Affiliated links: <none>> AllowedUids: <{1000}> OwnerUid: 1000 AdminUids: [1000] SSID: "CMCC" UnderlyingNetworks: Null]}  factorySerialNumber=4}
02-27 02:18:50.537  1000  1855  2282 W ContextImpl: Calling a method in the system process without a qualified user: android.app.ContextImpl.sendStickyBroadcast:1626 com.android.server.wifi.ClientModeImpl.sendNetworkChangeBroadcast:3008 com.android.server.wifi.ClientModeImpl.lambda$sendNetworkChangeBroadcastWithCurrentState$14:2985 com.android.server.wifi.ClientModeImpl.$r8$lambda$q-j88Pjw4gROgoJFr8wBlBVbuJI:0 com.android.server.wifi.ClientModeImpl$$ExternalSyntheticLambda4.send:0 
02-27 02:18:50.541  wifi  1096  1096 D WifiHAL : Getting APF capabilities, halHandle = 0xb400006f04392e90
02-27 02:18:50.541  wifi  1096  1096 I WifiHAL : createRequest: APF get capabilities request
02-27 02:18:50.543  wifi  1096  1096 D WifiHAL : In SetAPFCommand::handleResponse
02-27 02:18:50.543  wifi  1096  1096 D WifiHAL : Id = 0, subcmd = 0, len = 16
02-27 02:18:50.543  wifi  1096  1096 D WifiHAL : Response received for get packet filter capabilities command
02-27 02:18:50.543  wifi  1096  1096 I WifiHAL : APF version is 4
02-27 02:18:50.543  wifi  1096  1096 I WifiHAL : APF max len is 4096
02-27 02:18:50.544  wifi  1096  1096 I WifiHAL : Done!
02-27 02:18:50.544  wifi  1096  1096 D WifiHAL : Getting APF capability, version = 4, max_len = 4096
02-27 02:18:50.551  1000  1855  2290 D ConnectivityService: [103 WIFI] EVENT_NETWORK_INFO_CHANGED, going from CONNECTING to CONNECTING
02-27 02:18:50.555  1073  2510  6703 D NetworkMonitor/103: checkAndRenewResourceConfig: update captive portal https urls to [https://www.google.com/generate_204]
02-27 02:18:50.556  1073  2510  6703 D NetworkMonitor/103: checkAndRenewResourceConfig: update captive portal http urls to [http://connectivitycheck.gstatic.com/generate_204]
02-27 02:18:50.556  1073  2510  6703 D NetworkMonitor/103: checkAndRenewResourceConfig: update captive portal fallback urls to[http://www.google.com/gen_204, http://play.googleapis.com/generate_204]
02-27 02:18:50.557  1073  2510  6703 D NetworkMonitor: Starting on network 103 with capport HTTPS URL [https://www.google.com/generate_204] and HTTP URL [http://connectivitycheck.gstatic.com/generate_204]
02-27 02:18:50.562  1000  1855  2282 I WifiClientModeImpl[892546:wlan0]: Update current security type to 2
02-27 02:18:50.562  1073  2510  6704 D ApfFilter: (wlan0): begin monitoring
02-27 02:18:50.565  1000  1500  1500 I cnss-daemon: Ready to update GW parameters
02-27 02:18:50.565  1000  1500  1500 E cnss-daemon: Invalid mac address
02-27 02:18:50.565  1000  1500  1500 E cnss-daemon: failed to update gateway
02-27 02:18:50.571  1073  2510  4164 D IpClient/wlan0: routeUpdated: fe80::/64 -> :: wlan0 mtu 0
02-27 02:18:50.571  1073  2510  4164 D IpClient/wlan0: addressUpdated: fe80::133b:5bb4:f366:75bd/64 on ifindex 16 flags 0x000008C4 scope 253
02-27 02:18:50.572  1073  2510  4164 D TrafficStats: tagSocket(93) with statsTag=0xfffffe01, statsUid=-1
02-27 02:18:50.576  1073  2510  4164 D IpClient.wlan0: set max DTIM multiplier to 1
02-27 02:18:50.591  1000  1855  2290 I ConnectivityService: Update score for net 103 : +TRANSPORT_PRIMARY
02-27 02:18:50.594  1000  1855  2290 D ConnectivityService: NetReassign [no changes] [c 0] [a 0] [i 2]
02-27 02:18:50.595  wifi  1096  1096 D WifiHAL : Setting APF program, halHandle = 0xb400006f04392e90
02-27 02:18:50.595  wifi  1096  1096 I WifiHAL : createRequest: APF set program request
02-27 02:18:50.596  1000  1855  2282 E WifiStaIfaceHidlImpl: installApfPacketFilter failed with status: {.code = ERROR_INVALID_ARGS, .description = }
02-27 02:18:50.596  1000  1855  2290 D ConnectivityService: NetReassign [no changes] [c 0] [a 0] [i 0]
02-27 02:18:50.596  wifi  1096  1096 D WifiHAL : Setting APF program, halHandle = 0xb400006f04392e90
02-27 02:18:50.596  wifi  1096  1096 I WifiHAL : createRequest: APF set program request
02-27 02:18:50.600  wifi  1096  1096 I WifiHAL : Done!
02-27 02:18:50.601  1000  1855  2282 D WifiStaIfaceHidlImpl: setDtimMultiplier is not implemented by HIDL
02-27 02:18:50.602  root  1012  1044 E Netd    : no such netId 103
02-27 02:18:50.755  1073  2510  4164 D DhcpClient: l2key: W376f27727d9ed04c lease address: /192.168.50.34 lease expiry: 1709086689863 current time: 1709000330755
02-27 02:18:50.757  1073  2510  4164 D DhcpClient: Broadcasting DHCPREQUEST ciaddr=0.0.0.0 request=192.168.50.34 serverid=null
02-27 02:18:51.322  1073  2510  4164 D IpClient/wlan0: addressUpdated: fe80::133b:5bb4:f366:75bd/64 on ifindex 16 flags 0x00000880 scope 253
02-27 02:18:51.769  1073  2510  4164 D DhcpClient: Broadcasting DHCPREQUEST ciaddr=0.0.0.0 request=192.168.50.34 serverid=null
02-27 02:18:51.781  1073  2510  4164 D DhcpClient: Received packet: 00:90:4c:12:d0:01 ACK: your new IP /192.168.50.34, netmask /255.255.255.0, gateways [/192.168.50.1] DNS servers: /202.81.252.1 /192.168.50.1 , lease time 86400
02-27 02:18:51.784  1073  2510  4164 D DhcpClient: Confirmed lease: com.android.networkstack.android.net.DhcpResults@192b389 DHCP server /192.168.50.1 Vendor info null lease 86400 seconds Servername 
02-27 02:18:51.796  1000  1855  2282 I WifiClientModeImpl[892546:wlan0]: Update current security type to 2
02-27 02:18:51.802  1000  1855  2282 W ContextImpl: Calling a method in the system process without a qualified user: android.app.ContextImpl.sendStickyBroadcast:1626 com.android.server.wifi.ClientModeImpl.sendNetworkChangeBroadcast:3008 com.android.server.wifi.ClientModeImpl.lambda$sendNetworkChangeBroadcastWithCurrentState$14:2985 com.android.server.wifi.ClientModeImpl.$r8$lambda$q-j88Pjw4gROgoJFr8wBlBVbuJI:0 com.android.server.wifi.ClientModeImpl$$ExternalSyntheticLambda4.send:0 
02-27 02:18:51.803  1073  2510  4164 D IpClient/wlan0: addressUpdated: 192.168.50.34/24 on ifindex 16 flags 0x00000080 scope 0
02-27 02:18:51.805  root  1012  1044 E Netd    : no such netId 103
02-27 02:18:51.806  1000  1855  2290 E ConnectivityService: Exception in networkAddRouteParcel for non-gateway: android.os.ServiceSpecificException: Machine is not on the network (code 64)
02-27 02:18:51.807  root  1012  1044 E Netd    : no such netId 103
02-27 02:18:51.808  1000  1855  2290 E ConnectivityService: Exception in networkAddRouteParcel for gateway: android.os.ServiceSpecificException: Machine is not on the network (code 64)
02-27 02:18:51.816  1073  2510  4164 D DhcpClient: Scheduling renewal in 43199s
02-27 02:18:51.817  1073  2510  4164 D DhcpClient: Scheduling rebind in 75599s
02-27 02:18:51.817  1073  2510  4164 D DhcpClient: Scheduling expiry in 86399s
02-27 02:18:51.819  wifi  1096  1096 D WifiHAL : Setting APF program, halHandle = 0xb400006f04392e90
02-27 02:18:51.819  wifi  1096  1096 I WifiHAL : createRequest: APF set program request
02-27 02:18:51.824  wifi  1096  1096 I WifiHAL : Done!
02-27 02:18:51.825  1000  1855  2290 D ConnectivityService: Setting DNS servers for network 103 to [/202.81.252.1, /192.168.50.1]
02-27 02:18:51.826  1000  1855  2282 W ContextImpl: Calling a method in the system process without a qualified user: android.app.ContextImpl.sendStickyBroadcast:1626 com.android.server.wifi.ClientModeImpl.sendNetworkChangeBroadcast:3008 com.android.server.wifi.ClientModeImpl.lambda$sendNetworkChangeBroadcastWithCurrentState$14:2985 com.android.server.wifi.ClientModeImpl.$r8$lambda$q-j88Pjw4gROgoJFr8wBlBVbuJI:0 com.android.server.wifi.ClientModeImpl$$ExternalSyntheticLambda4.send:0 
02-27 02:18:51.827  1000  1855  2290 D ConnectivityService: [103 WIFI] EVENT_NETWORK_INFO_CHANGED, going from CONNECTING to CONNECTED
02-27 02:18:51.829  1000  1855  2290 D DnsManager: sendDnsConfigurationForNetwork(103, [202.81.252.1, 192.168.50.1], [], 1800, 25, 8, 64, 0, 0, , [])
02-27 02:18:51.833  1000  1855  2290 W DnsManager: updatePrivateDns(103, PrivateDnsConfig{true:/[]})
02-27 02:18:51.833  1000  1855  2290 D ConnectivityService: Setting DNS servers for network 103 to [/202.81.252.1, /192.168.50.1]
02-27 02:18:51.834  1000  1855  2290 D DnsManager: sendDnsConfigurationForNetwork(103, [202.81.252.1, 192.168.50.1], [], 1800, 25, 8, 64, 0, 0, , [202.81.252.1, 192.168.50.1])
02-27 02:18:51.836  root  1012  6705 W resolv  : Validating DnsTlsServer 192.168.50.1 with mark 0xf0067
02-27 02:18:51.837  root  1012  6706 W resolv  : Validating DnsTlsServer 202.81.252.1 with mark 0xf0067
02-27 02:18:51.839  1000  1855  2290 D ConnectivityService: Adding iface wlan0 to network 103
02-27 02:18:51.839  1000  1855  2282 W WifiScoreReport: Cannot start external scoring netId=103 currentNetId=103 currentNetCapabilities=[ Transports: WIFI Capabilities: NOT_METERED&INTERNET&NOT_RESTRICTED&TRUSTED&NOT_VPN&NOT_ROAMING&NOT_CONGESTED&NOT_SUSPENDED&NOT_VCN_MANAGED LinkUpBandwidth>=12000Kbps LinkDnBandwidth>=30000Kbps Specifier: <WifiNetworkAgentSpecifier [WifiConfiguration=, SSID="CMCC", BSSID=04:42:1a:4e:c4:30, band=1, mMatchLocalOnlySpecifiers=false]> TransportInfo: <SSID: "CMCC", BSSID: 04:42:1a:4e:c4:30, MAC: 00:90:4c:12:d0:01, IP: /192.168.50.34, Security type: 2, Supplicant state: COMPLETED, Wi-Fi standard: 6, RSSI: -21, Link speed: 243Mbps, Tx Link speed: 243Mbps, Max Supported Tx Link speed: 286Mbps, Rx Link speed: 1Mbps, Max Supported Rx Link speed: 286Mbps, Frequency: 2457MHz, Net ID: 0, Metered hint: false, score: 60, isUsable: true, CarrierMerged: false, SubscriptionId: -1, IsPrimary: 1, Trusted: true, Restricted: false, Ephemeral: false, OEM paid: false, OEM private: false, OSU AP: false, FQDN: <none>, Provider friendly name: <none>, Requesting package name: <none>"CMCC"wpa2-pskMLO Information: , Is TID-To-Link negotiation supported by the AP: false, AP MLD Address: <none>, AP MLO Link Id: <none>, AP MLO Affiliated links: <none>> SignalStrength: -21 AllowedUids: <{1000}> OwnerUid: 1000 AdminUids: [1000] SSID: "CMCC" UnderlyingNetworks: Null] sessionId=1035
02-27 02:18:51.840  root  1012  6706 W resolv  : Socket failed to connect: Network is unreachable
02-27 02:18:51.841  root  1012  6706 W resolv  : TCP Handshake failed: 101
02-27 02:18:51.842  root  1012  6706 W resolv  : query failed
02-27 02:18:51.842  root  1012  6705 W resolv  : Socket failed to connect: Network is unreachable
02-27 02:18:51.843  root  1012  6706 W resolv  : validateDnsTlsServer returned 0 for 202.81.252.1
02-27 02:18:51.844  root  1012  6706 W resolv  : Validation failed
02-27 02:18:51.847  root  1012  6705 W resolv  : TCP Handshake failed: 101
02-27 02:18:51.847  root  1012  6705 W resolv  : query failed
02-27 02:18:51.848  root  1012  6705 W resolv  : validateDnsTlsServer returned 0 for 192.168.50.1
02-27 02:18:51.850  root  1012  6705 W resolv  : Validation failed
02-27 02:18:51.852  1000  1855  2442 D WifiMemoryStoreImpl: Set cluster G478d2376b9f247d4 for W376f27727d9ed04c: SUCCESS
02-27 02:18:51.862  1000  1855  2290 D ConnectivityService: Setting DNS servers for network 103 to [/202.81.252.1, /192.168.50.1]
02-27 02:18:51.863  1000  1855  2290 D DnsManager: sendDnsConfigurationForNetwork(103, [202.81.252.1, 192.168.50.1], [], 1800, 25, 8, 64, 0, 0, , [202.81.252.1, 192.168.50.1])
02-27 02:18:51.865  root  1012  6708 W resolv  : Validating DnsTlsServer 202.81.252.1 with mark 0xf0067
02-27 02:18:51.865  root  1012  6707 W resolv  : Validating DnsTlsServer 192.168.50.1 with mark 0xf0067
02-27 02:18:51.866  1000  1855  2442 D WifiMemoryStoreImpl: Set cluster G478d2376b9f247d4 for W478d2376b9f247d4: SUCCESS
02-27 02:18:51.871  1000  1500  1500 I cnss-daemon: Ready to update GW parameters
02-27 02:18:51.875  root  1012  6707 W resolv  : SSL_connect ssl error =5, mark 0xf0067: Connection refused
02-27 02:18:51.875  root  1012  6707 W resolv  : TLS Handshake failed
02-27 02:18:51.875  root  1012  6707 W resolv  : query failed
02-27 02:18:51.876  root  1012  6707 W resolv  : validateDnsTlsServer returned 0 for 192.168.50.1
02-27 02:18:51.876  root  1012  6707 W resolv  : Validation failed
02-27 02:18:51.882  1000  1855  2290 I netstats_mobile_sample: [0,0,0,0,0,0,0,0,1709000331884]
02-27 02:18:51.882  1000  1855  2290 I netstats_wifi_sample: [42241,14863,195,168,12245,14863,62,168,1709000331884]
02-27 02:18:51.886  1000  1855  2282 E WifiStaIfaceHidlImpl: stopRssiMonitoring failed with status: {.code = ERROR_NOT_AVAILABLE, .description = }
02-27 02:18:51.886  1000  1855  2290 D ConnectivityService: Switching to new default network for: uid/pid:1000/1855 activeRequest: 1 callbackRequest: 1 [NetworkRequest [ REQUEST id=1, [ Capabilities: INTERNET&NOT_RESTRICTED&TRUSTED&NOT_VPN&NOT_VCN_MANAGED RequestorUid: 1000 RequestorPkg: android UnderlyingNetworks: Null] ]] callback flags: 1 order: 2147483647 using NetworkAgentInfo{network{103}  handle{445787328525}  ni{WIFI CONNECTED extra: } created=2024-02-27T02:18:50.534Z Score(Policies : TRANSPORT_PRIMARY&IS_UNMETERED ; KeepConnected : 0)  created 1022300  lp{{InterfaceName: wlan0 LinkAddresses: [ fe80::133b:5bb4:f366:75bd/64,192.168.50.34/24 ] DnsAddresses: [ /202.81.252.1,/192.168.50.1 ] Domains: null MTU: 0 ServerAddress: /192.168.50.1 TcpBufferSizes: 524288,1048576,2097152,262144,524288,1048576 Routes: [ fe80::/64 -> :: wlan0 mtu 0,192.168.50.0/24 -> 0.0.0.0 wlan0 mtu 0,0.0.0.0/0 -> 192.168.50.1 wlan0 mtu 0 ]}}  nc{[ Transports: WIFI Capabilities: NOT_METERED&INTERNET&NOT_RESTRICTED&TRUSTED&NOT_VPN&NOT_ROAMING&FOREGROUND&NOT_CONGESTED&NOT_SUSPENDED&NOT_VCN_MANAGED LinkUpBandwidth>=12000Kbps LinkDnBandwidth>=30000Kbps Specifier: <WifiNetworkAgentSpecifier [WifiConfiguration=, SSID="CMCC", BSSID=04:42:1a:4e:c4:30, band=1, mMatchLocalOnlySpecifiers=false]> TransportInfo: <SSID: "CMCC", BSSID: 04:42:1a:4e:c4:30, MAC: 00:90:4c:12:d0:01, IP: /192.168.50.34, Security type: 2, Supplicant state: COMPLETED, Wi-Fi standard: 6, RSSI: -21, Link speed: 243Mbps, Tx Link speed: 243Mbps, Max Supported Tx Link speed: 286Mbps, Rx Link speed: 1Mbps, Max Supported Rx Link speed: 286Mbps, Frequency: 2457MHz, Net ID: 0, Metered hint: false, score: 60, isUsable: true, CarrierMerged: false, SubscriptionId: -1, IsPrimary: 1, Trusted: true, Restricted: false, Ephemeral: false, OEM paid: false, OEM private: false, OSU AP: false, FQDN: <none>, Provider friendly name: <none>, Requesting package name: <none>"CMCC"wpa2-pskMLO Information: , Is TID-To-Link negotiation supported by the AP: false, AP MLD Address: <none>, AP MLO Link Id: <none>, AP MLO Affiliated links: <none>> SignalStrength: -21 OwnerUid: 1000 AdminUids: [1000] SSID: "CMCC" UnderlyingNetworks: Null]}  factorySerialNumber=4}
02-27 02:18:51.889  root  1012  1034 E NetlinkEvent: NetlinkEvent::FindParam(): Parameter 'INTERFACE' not found
02-27 02:18:51.889  root  1012  1034 E NetlinkEvent: NetlinkEvent::FindParam(): Parameter 'STATE' not found
02-27 02:18:51.889  root  1012  1034 E NetlinkEvent: NetlinkEvent::FindParam(): Parameter 'TIME_NS' not found
02-27 02:18:51.889  root  1012  1034 E NetlinkEvent: NetlinkEvent::FindParam(): Parameter 'UID' not found
02-27 02:18:51.893  1073  2510  6710 D TrafficStats: tagSocket(97) with statsTag=0xffffff81, statsUid=-1
02-27 02:18:51.893  1073  2510  6711 D TrafficStats: tagSocket(98) with statsTag=0xffffff81, statsUid=-1
02-27 02:18:51.897  1073  2510  6710 D TrafficStats: tagSocket(97) with statsTag=0xffffff81, statsUid=-1
02-27 02:18:51.898  1073  2510  6711 D TrafficStats: tagSocket(98) with statsTag=0xffffff81, statsUid=-1
02-27 02:18:51.899  1000  1855  2290 I netstats_mobile_sample: [0,0,0,0,0,0,0,0,1709000331901]
02-27 02:18:51.900  1000  1855  2290 I netstats_wifi_sample: [42241,14863,195,168,12285,14863,63,168,1709000331901]
02-27 02:18:51.903  1000  1855  2323 D NetworkTimeUpdateService: New default network 103; checking time.
02-27 02:18:51.905 10045  2565  2938 D QCNEJ/DefaultNetworkInfoRelay: Default network available: 103
02-27 02:18:51.906  1000  1855  2290 D ConnectivityService: Sending CONNECTED broadcast for type 1 [103 WIFI] isDefaultNetwork=true
02-27 02:18:51.907  1000  1855  2290 W ContextImpl: Calling a method in the system process without a qualified user: android.app.ContextImpl.sendStickyBroadcast:1626 android.net.connectivity.com.android.server.ConnectivityService.sendStickyBroadcast:3278 android.net.connectivity.com.android.server.ConnectivityService.sendGeneralBroadcast:3248 android.net.connectivity.com.android.server.ConnectivityService.sendConnectedBroadcast:3221 android.net.connectivity.com.android.server.ConnectivityService.sendLegacyNetworkBroadcast:10126 
02-27 02:18:51.907  1073  2510  2549 D UpstreamNetworkMonitor: New default Internet network: 103
02-27 02:18:51.908  1000  1855  2290 D ConnectivityService: NetReassign [49 : null → 103, 17 : null → 103, 7 : null → 103, 34 : null → 103, 1 : null → 103, 44 : null → 103, 15 : null → 103, 27 : null → 103, 22 : null → 103, 19 : null → 103, 24 : null → 103, 40 : null → 103, 36 : null → 103, 30 : null → 103, 51 : null → 103] [c 0] [a 23] [i 0]
02-27 02:18:51.913 10045  2565  2938 D QCNEJ/NativeHalConnector: -> SND notifyWifiAvailable(v4Connected = truev6Connected = , false, isAndroidValidated = false)
02-27 02:18:51.913 10045  2565  2938 D QCNEJ/NativeHalConnector: -> SND notifyDefaultNetworkChanged(1)
02-27 02:18:51.914 10045  2565  2938 D QCNEJ/NativeHalConnector: -> SND notifyDefaultNetworkChanged(1)
02-27 02:18:51.914 10045  2565  2938 D QCNEJ/WlanStaInfoRelay: network available: 103
02-27 02:18:51.915 10045  2565  2938 D QCNEJ/NativeHalConnector: -> SND notifyWifiAvailable(v4Connected = truev6Connected = , false, isAndroidValidated = false)
02-27 02:18:51.917 10045  2565  2938 D QCNEJ/NativeHalConnector: -> SND notifyWifiAvailable(v4Connected = truev6Connected = , false, isAndroidValidated = false)
02-27 02:18:51.920  1073  2510  2510 D TrafficStats: tagSocket(98) with statsTag=0xffffffff, statsUid=-1
02-27 02:18:51.924  1073  2510  6711 D NetworkMonitor/103: PROBE_DNS connectivitycheck.gstatic.com 31ms OK 14.215.177.38
02-27 02:18:51.931  1073  2510  6711 D TrafficStats: tagSocket(98) with statsTag=0xffffff81, statsUid=-1
02-27 02:18:51.940  1073  2510  4164 D IpClient/wlan0: routeUpdated: ::/0 -> fe80::642:1aff:fe4e:c430 wlan0 mtu 0
02-27 02:18:51.944  1073  2510  4164 D IpClient/wlan0: routeUpdated: 2403:e840:8fff:fffc::/64 -> :: wlan0 mtu 0
02-27 02:18:51.948  1073  2510  6704 D ApfFilter: (wlan0): Adding RA fe80::642:1aff:fe4e:c430 -> ff02::1 1800s 2403:e840:8fff:fffc::/64 2592000s/604800s DNS 1800s 2403:e840:8fff:fffc:642:1aff:fe4e:c430 
02-27 02:18:51.948  1073  2510  4164 D IpClient/wlan0: interfaceDnsServerInfo: [2403:e840:8fff:fffc:642:1aff:fe4e:c430]
02-27 02:18:51.948 10057  2356  2356 D StatusBarIconController: ignoring old pipeline callback because the new wifi icon is enabled
02-27 02:18:51.950  1073  2510  4164 D IpClient/wlan0: addressUpdated: 2403:e840:8fff:fffc:980d:6324:1f7b:3ad/64 on ifindex 16 flags 0x00000944 scope 0
02-27 02:18:51.952  wifi  1096  1096 D WifiHAL : Setting APF program, halHandle = 0xb400006f04392e90
02-27 02:18:51.952  wifi  1096  1096 I WifiHAL : createRequest: APF set program request
02-27 02:18:51.953  1073  2510  4164 D IpClient/wlan0: addressUpdated: 2403:e840:8fff:fffc:f9c1:d12e:809a:2de3/64 on ifindex 16 flags 0x00000045 scope 0
02-27 02:18:51.956  1073  2510  4164 D IpClient.wlan0: set max DTIM multiplier to 2
02-27 02:18:51.963  wifi  1096  1096 I WifiHAL : Done!
02-27 02:18:51.966  1000  1855  2282 D WifiStaIfaceHidlImpl: setDtimMultiplier is not implemented by HIDL
