02-27 02:18:23.617 shell  6208  6208 I auditd  : type=1400 audit(0.0:729): avc:  denied  { read } for  comm="main" name="u:object_r:build_attestation_prop:s0" dev="tmpfs" ino=113 scontext=u:r:shell:s0 tcontext=u:object_r:build_attestation_prop:s0 tclass=file permissive=0
02-27 02:18:23.617 shell  6208  6208 W main    : type=1400 audit(0.0:729): avc:  denied  { read } for  name="u:object_r:build_attestation_prop:s0" dev="tmpfs" ino=113 scontext=u:r:shell:s0 tcontext=u:object_r:build_attestation_prop:s0 tclass=file permissive=0
02-27 02:18:23.617 shell  6208  6208 I auditd  : type=1400 audit(0.0:730): avc:  denied  { read } for  comm="main" name="u:object_r:build_attestation_prop:s0" dev="tmpfs" ino=113 scontext=u:r:shell:s0 tcontext=u:object_r:build_attestation_prop:s0 tclass=file permissive=0
02-27 02:18:23.617 shell  6208  6208 W main    : type=1400 audit(0.0:730): avc:  denied  { read } for  name="u:object_r:build_attestation_prop:s0" dev="tmpfs" ino=113 scontext=u:r:shell:s0 tcontext=u:object_r:build_attestation_prop:s0 tclass=file permissive=0
02-27 02:18:23.620 shell  6208  6208 D AndroidRuntime: Calling main entry com.android.commands.locksettings.LockSettingsCmd
02-27 02:18:23.625  1000  1855  3445 I LockSettingsService: Executing shell command 'get-disabled'; callingPid=6208, callingUid=2000
02-27 02:18:23.628 shell  6208  6208 D AndroidRuntime: Shutting down VM
02-27 02:18:24.985 10057  2356  2356 D StatusBarIconController: ignoring old pipeline callback because the new wifi icon is enabled
02-27 02:18:25.507  1000  1855  1926 I am_uid_idle: 10064
02-27 02:18:26.744  1000  1855  3445 E BatteryStatsService: Invalid uid for waking network packet: -1
02-27 02:18:26.747  1000  1855  3445 E BatteryStatsService: Invalid uid for waking network packet: -1
02-27 02:18:28.047 10057  2356  2356 D StatusBarIconController: ignoring old pipeline callback because the new wifi icon is enabled
02-27 02:18:28.340  1000  1855  1918 I commit_sys_config_file: [package-session,971497]
02-27 02:18:28.360  1000  1855  1918 I commit_sys_config_file: [package-session,971517]
02-27 02:18:28.441  1000  1855  1966 I commit_sys_config_file: [package-session,971598]
02-27 02:18:28.568  1000  1855  2015 W PackageParsing: No actions in intent-filter at /data/app/vmdl182688823.tmp/base.apk Binary XML file line #106
02-27 02:18:28.568  1000  1855  2015 W PackageParsing: No actions in intent-filter at /data/app/vmdl182688823.tmp/base.apk Binary XML file line #114
02-27 02:18:28.569  1000  1855  2015 W PackageParsing: No actions in intent-filter at /data/app/vmdl182688823.tmp/base.apk Binary XML file line #122
02-27 02:18:28.579  1000  1855  2015 W RuleEvaluation: Integrity rule files are not available.
02-27 02:18:28.580  1000  1855  1951 I PackageManager: Integrity check passed for file:///data/app/vmdl182688823.tmp
02-27 02:18:28.592  1000  1855  1951 W PackageParsing: No actions in intent-filter at /data/app/vmdl182688823.tmp/base.apk Binary XML file line #106
02-27 02:18:28.593  1000  1855  1951 W PackageParsing: No actions in intent-filter at /data/app/vmdl182688823.tmp/base.apk Binary XML file line #114
02-27 02:18:28.593  1000  1855  1918 I commit_sys_config_file: [package-session,971749]
02-27 02:18:28.594  1000  1855  1951 W PackageParsing: No actions in intent-filter at /data/app/vmdl182688823.tmp/base.apk Binary XML file line #122
02-27 02:18:28.632  1000  1855  1951 I sysui_multi_action: [757,1243,758,4,806,android.keystore.cts,1241,android.permission.READ_EXTERNAL_STORAGE]
02-27 02:18:28.663  1000  1855  1951 I commit_sys_config_file: [package,26]
02-27 02:18:28.668  1000  1855  1916 V StorageManagerService: Package null does not have legacy storage
02-27 02:18:28.680 10063  3140  3324 D MediaGrants: Removed 0 media_grants for 0 user for android.keystore.cts. Reason: Mode changed: android:read_external_storage
02-27 02:18:28.681  1000  1855  1948 I commit_sys_config_file: [package-user-0,19]
02-27 02:18:28.690  artd  5867  5867 I artd    : Merge skipped because there are no existing profiles
02-27 02:18:28.693  artd  5867  5867 W ziparchive: Unable to open '/data/app/~~V2uKXmZn_EUSQaSGks5rXA==/android.keystore.cts-HRfXH04WMJOQA3icn8z1yA==/base.dm': No such file or directory
02-27 02:18:28.693  artd  5867  5867 W ziparchive: Unable to open '/data/app/~~V2uKXmZn_EUSQaSGks5rXA==/android.keystore.cts-HRfXH04WMJOQA3icn8z1yA==/base.dm': No such file or directory
02-27 02:18:28.713  artd  5867  5867 I artd    : Running dex2oat: /apex/com.android.art/bin/art_exec --drop-capabilities --set-task-profile=Dex2OatBootComplete --set-priority=background --keep-fds=6:7:8:9:10:11:12:13:14 -- /apex/com.android.art/bin/dex2oat32 --zip-fd=6 --zip-location=/data/app/~~V2uKXmZn_EUSQaSGks5rXA==/android.keystore.cts-HRfXH04WMJOQA3icn8z1yA==/base.apk --oat-fd=7 --oat-location=/data/app/~~V2uKXmZn_EUSQaSGks5rXA==/android.keystore.cts-HRfXH04WMJOQA3icn8z1yA==/oat/arm64/base.odex --output-vdex-fd=8 --swap-fd=9 --class-loader-context-fds=10:11:12:13:14 --class-loader-context=PCL[]{PCL[/system/framework/android.test.runner.jar]{PCL[/system/framework/android.test.base.jar]#PCL[/system/framework/android.test.mock.jar]}#PCL[/system/framework/android.test.base.jar]#PCL[/system/framework/android.test.mock.jar]} --classpath-dir=/data/app/~~V2uKXmZn_EUSQaSGks5rXA==/android.keystore.cts-HRfXH04WMJOQA3icn8z1yA== --instruction-set=arm64 --instruction-set-features=default --instruction-set-variant=generic --compiler-filter=verify --compilation-reason=install --compact-dex-level=none --max-image-block-size=524288 --resolve-startup-const-strings=true --generate-mini-debug-info --runtime-arg -Xtarget-sdk-version:34 --runtime-arg -Xhidden-api-policy:enabled --runtime-arg -Xms64m --runtime-arg -Xmx512m --comments=app-version-name:14,app-version-code:34,art-version:340090000
02-27 02:18:28.713  artd  5867  5867 I artd    : Opened FDs: 6:/data/app/~~V2uKXmZn_EUSQaSGks5rXA==/android.keystore.cts-HRfXH04WMJOQA3icn8z1yA==/base.apk 7:/data/app/~~V2uKXmZn_EUSQaSGks5rXA==/android.keystore.cts-HRfXH04WMJOQA3icn8z1yA==/oat/arm64/base.odex.S1FZiD.tmp 8:/data/app/~~V2uKXmZn_EUSQaSGks5rXA==/android.keystore.cts-HRfXH04WMJOQA3icn8z1yA==/oat/arm64/base.vdex.6xddxf.tmp 9:/data/app/~~V2uKXmZn_EUSQaSGks5rXA==/android.keystore.cts-HRfXH04WMJOQA3icn8z1yA==/oat/arm64/base.odex.swap.Xq0RBu.tmp 10:/system/framework/android.test.mock.jar 11:/system/framework/android.test.base.jar 12:/system/framework/android.test.runner.jar 13:/system/framework/android.test.mock.jar 14:/system/framework/android.test.base.jar 
02-27 02:18:28.727  1000  1855  1902 W System  : A resource failed to call close. 
02-27 02:18:28.762  artd  6272  6272 W dex2oat32: Mismatch between instruction set variant of device (ISA: Arm64 Feature string: a53,crc,-lse,-fp16,-dotprod,-sve) and features returned by the hardware (ISA: Arm64 Feature string: a53,-crc,-lse,-fp16,-dotprod,-sve)
02-27 02:18:28.764  artd  6272  6272 I dex2oat32: /apex/com.android.art/bin/dex2oat32 --output-vdex-fd=8 --class-loader-context-fds=10:11:12:13:14 --class-loader-context=PCL[]{PCL[/system/framework/android.test.runner.jar]{PCL[/system/framework/android.test.base.jar]#PCL[/system/framework/android.test.mock.jar]}#PCL[/system/framework/android.test.base.jar]#PCL[/system/framework/android.test.mock.jar]} --classpath-dir=/data/app/~~V2uKXmZn_EUSQaSGks5rXA==/android.keystore.cts-HRfXH04WMJOQA3icn8z1yA== --compiler-filter=verify --compilation-reason=install --compact-dex-level=none --max-image-block-size=524288 --resolve-startup-const-strings=true --generate-mini-debug-info --comments=app-version-name:14,app-version-code:34,art-version:340090000
02-27 02:18:29.085  artd  6272  6272 I dex2oat32: Using CollectorTypeCC GC.
02-27 02:18:29.160  artd  6272  6272 I dex2oat32: Large app, accepted running with swap.
02-27 02:18:29.238  artd  6272  6275 W dex2oat32: Accessing hidden method Landroid/text/TextUtils;->formatSimple(Ljava/lang/String;[Ljava/lang/Object;)Ljava/lang/String; (blocked, linking, denied)
02-27 02:18:29.238  artd  6272  6275 W dex2oat32: Accessing hidden method Landroid/text/TextUtils;->formatSimple(Ljava/lang/String;[Ljava/lang/Object;)Ljava/lang/String; (blocked, linking, denied)
02-27 02:18:29.238  artd  6272  6276 W dex2oat32: Accessing hidden method Landroid/security/keystore/KeyGenParameterSpec;->isCriticalToDeviceEncryption()Z (blocked, linking, denied)
02-27 02:18:29.238  artd  6272  6276 W dex2oat32: Accessing hidden method Landroid/security/keystore/KeyGenParameterSpec;->isCriticalToDeviceEncryption()Z (blocked, linking, denied)
02-27 02:18:29.239  artd  6272  6275 W dex2oat32: Accessing hidden method Landroid/text/TextUtils;->formatSimple(Ljava/lang/String;[Ljava/lang/Object;)Ljava/lang/String; (blocked, linking, denied)
02-27 02:18:29.239  artd  6272  6275 W dex2oat32: Accessing hidden method Landroid/text/TextUtils;->formatSimple(Ljava/lang/String;[Ljava/lang/Object;)Ljava/lang/String; (blocked, linking, denied)
02-27 02:18:29.240  artd  6272  6279 W dex2oat32: Accessing hidden method Lcom/android/internal/util/HexDump;->dumpHexString([B)Ljava/lang/String; (blocked, linking, denied)
02-27 02:18:29.240  artd  6272  6278 W dex2oat32: Accessing hidden method Landroid/security/keystore/KeyProtection;->isStrongBoxBacked()Z (max-target-o, linking, denied)
02-27 02:18:29.240  artd  6272  6278 W dex2oat32: Accessing hidden method Landroid/security/keystore/KeyProtection;->isStrongBoxBacked()Z (max-target-o, linking, denied)
02-27 02:18:29.240  artd  6272  6278 W dex2oat32: Accessing hidden method Landroid/security/keystore/KeyProtection;->isStrongBoxBacked()Z (max-target-o, linking, denied)
02-27 02:18:29.241  artd  6272  6276 W dex2oat32: Accessing hidden method Landroid/security/KeyStoreException;-><init>(ILjava/lang/String;I)V (blocked, linking, denied)
02-27 02:18:29.241  artd  6272  6276 W dex2oat32: Accessing hidden method Landroid/security/KeyStoreException;-><init>(ILjava/lang/String;I)V (blocked, linking, denied)
02-27 02:18:29.241  artd  6272  6276 W dex2oat32: Accessing hidden method Landroid/security/KeyStoreException;-><init>(ILjava/lang/String;I)V (blocked, linking, denied)
02-27 02:18:29.241  artd  6272  6276 W dex2oat32: Accessing hidden method Landroid/security/KeyStoreException;-><init>(ILjava/lang/String;)V (blocked, linking, denied)
02-27 02:18:29.241  artd  6272  6276 W dex2oat32: Accessing hidden method Landroid/security/KeyStoreException;-><init>(ILjava/lang/String;)V (blocked, linking, denied)
02-27 02:18:29.241  artd  6272  6276 W dex2oat32: Accessing hidden method Landroid/security/KeyStoreException;-><init>(ILjava/lang/String;)V (blocked, linking, denied)
02-27 02:18:29.241  artd  6272  6276 W dex2oat32: Accessing hidden method Landroid/security/KeyStoreException;-><init>(ILjava/lang/String;)V (blocked, linking, denied)
02-27 02:18:29.241  artd  6272  6276 W dex2oat32: Accessing hidden method Landroid/security/KeyStoreException;-><init>(ILjava/lang/String;)V (blocked, linking, denied)
02-27 02:18:29.241  artd  6272  6276 W dex2oat32: Accessing hidden method Landroid/security/KeyStoreException;-><init>(ILjava/lang/String;)V (blocked, linking, denied)
02-27 02:18:29.242  artd  6272  6276 W dex2oat32: Accessing hidden method Landroid/security/KeyStoreException;-><init>(ILjava/lang/String;)V (blocked, linking, denied)
02-27 02:18:29.242  artd  6272  6276 W dex2oat32: Accessing hidden method Landroid/security/KeyStoreException;-><init>(ILjava/lang/String;)V (blocked, linking, denied)
02-27 02:18:29.242  artd  6272  6276 W dex2oat32: Accessing hidden method Landroid/security/KeyStoreException;-><init>(ILjava/lang/String;)V (blocked, linking, denied)
02-27 02:18:29.242  artd  6272  6276 W dex2oat32: Accessing hidden method Landroid/security/KeyStoreException;-><init>(ILjava/lang/String;)V (blocked, linking, denied)
02-27 02:18:29.242  artd  6272  6276 W dex2oat32: Accessing hidden method Landroid/security/KeyStoreException;-><init>(ILjava/lang/String;)V (blocked, linking, denied)
02-27 02:18:29.242  artd  6272  6279 W dex2oat32: Accessing hidden method Lcom/android/internal/util/HexDump;->dumpHexString([B)Ljava/lang/String; (blocked, linking, denied)
02-27 02:18:29.243  artd  6272  6279 W dex2oat32: Accessing hidden method Lcom/android/internal/util/HexDump;->dumpHexString([B)Ljava/lang/String; (blocked, linking, denied)
02-27 02:18:29.243  artd  6272  6277 W dex2oat32: Accessing hidden method Lcom/android/internal/util/HexDump;->dumpHexString([B)Ljava/lang/String; (blocked, linking, denied)
02-27 02:18:29.243  artd  6272  6279 W dex2oat32: Accessing hidden method Lcom/android/internal/util/HexDump;->dumpHexString([B)Ljava/lang/String; (blocked, linking, denied)
02-27 02:18:29.243  artd  6272  6279 W dex2oat32: Accessing hidden method Lcom/android/internal/util/HexDump;->dumpHexString([B)Ljava/lang/String; (blocked, linking, denied)
02-27 02:18:29.243  artd  6272  6279 W dex2oat32: Accessing hidden method Lcom/android/internal/util/HexDump;->dumpHexString([B)Ljava/lang/String; (blocked, linking, denied)
02-27 02:18:29.243  artd  6272  6277 W dex2oat32: Accessing hidden method Lcom/android/internal/util/HexDump;->dumpHexString([B)Ljava/lang/String; (blocked, linking, denied)
02-27 02:18:29.243  artd  6272  6279 W dex2oat32: Accessing hidden method Landroid/text/TextUtils;->formatSimple(Ljava/lang/String;[Ljava/lang/Object;)Ljava/lang/String; (blocked, linking, denied)
02-27 02:18:29.244  artd  6272  6279 W dex2oat32: Accessing hidden method Landroid/text/TextUtils;->formatSimple(Ljava/lang/String;[Ljava/lang/Object;)Ljava/lang/String; (blocked, linking, denied)
02-27 02:18:29.244  artd  6272  6279 W dex2oat32: Accessing hidden method Landroid/text/TextUtils;->formatSimple(Ljava/lang/String;[Ljava/lang/Object;)Ljava/lang/String; (blocked, linking, denied)
02-27 02:18:29.247  artd  6272  6279 W dex2oat32: Accessing hidden method Lcom/android/internal/util/HexDump;->dumpHexString([B)Ljava/lang/String; (blocked, linking, denied)
02-27 02:18:29.247  artd  6272  6279 W dex2oat32: Accessing hidden method Lcom/android/internal/util/HexDump;->dumpHexString([B)Ljava/lang/String; (blocked, linking, denied)
02-27 02:18:29.393  artd  6272  6278 W dex2oat32: Verification error in int android.os.nano.IncidentProto.computeSerializedSize()
02-27 02:18:29.393  artd  6272  6278 W dex2oat32: int android.os.nano.IncidentProto.computeSerializedSize() failed to verify: int android.os.nano.IncidentProto.computeSerializedSize(): [0x3CF] register v1 has type Precise Reference: com.android.server.connectivity.metrics.nano.IpConnectivityLogClass$IpConnectivityLog but expected Reference: com.google.protobuf.nano.MessageNano
02-27 02:18:29.394  artd  6272  6278 W dex2oat32: Accessing hidden method Lcom/android/server/connectivity/metrics/nano/IpConnectivityLogClass$IpConnectivityLog;-><init>()V (blocked, linking, denied)
02-27 02:18:29.394  artd  6272  6278 W dex2oat32: Verification error in android.os.nano.IncidentProto android.os.nano.IncidentProto.mergeFrom(com.google.protobuf.nano.CodedInputByteBufferNano)
02-27 02:18:29.394  artd  6272  6278 W dex2oat32: android.os.nano.IncidentProto android.os.nano.IncidentProto.mergeFrom(com.google.protobuf.nano.CodedInputByteBufferNano): [0xB7] couldn't find method com.android.server.connectivity.metrics.nano.IpConnectivityLogClass$IpConnectivityLog.<init> ()V
02-27 02:18:29.394  artd  6272  6278 W dex2oat32: android.os.nano.IncidentProto android.os.nano.IncidentProto.mergeFrom(com.google.protobuf.nano.CodedInputByteBufferNano) failed to verify: android.os.nano.IncidentProto android.os.nano.IncidentProto.mergeFrom(com.google.protobuf.nano.CodedInputByteBufferNano): [0xBE] register v1 has type Precise Reference: com.android.server.connectivity.metrics.nano.IpConnectivityLogClass$IpConnectivityLog but expected Reference: com.google.protobuf.nano.MessageNano
02-27 02:18:29.396  artd  6272  6278 W dex2oat32: Verification error in void android.os.nano.IncidentProto.writeTo(com.google.protobuf.nano.CodedOutputByteBufferNano)
02-27 02:18:29.396  artd  6272  6278 W dex2oat32: void android.os.nano.IncidentProto.writeTo(com.google.protobuf.nano.CodedOutputByteBufferNano) failed to verify: void android.os.nano.IncidentProto.writeTo(com.google.protobuf.nano.CodedOutputByteBufferNano): [0x2E2] register v0 has type Precise Reference: com.android.server.connectivity.metrics.nano.IpConnectivityLogClass$IpConnectivityLog but expected Reference: com.google.protobuf.nano.MessageNano
02-27 02:18:29.851  artd  6272  6272 I dex2oat32: dex2oat took 1.090s (3.843s cpu) (threads: 8) arena alloc=0B (0B) java alloc=11MB (11617440B) native alloc=12MB (13324768B) free=2168KB (2220976B) swap=16MB (16777216B)
02-27 02:18:29.869  artd  5867  5867 I artd    : dex2oat returned code 0
02-27 02:18:29.870  1000  1855  1951 I ArtService: Dexopt result: [packageName = android.keystore.cts] DexContainerFileDexoptResult{dexContainerFile=/data/app/~~V2uKXmZn_EUSQaSGks5rXA==/android.keystore.cts-HRfXH04WMJOQA3icn8z1yA==/base.apk, primaryAbi=true, abi=arm64-v8a, actualCompilerFilter=verify, status=PERFORMED, dex2oatWallTimeMillis=1158, dex2oatCpuTimeMillis=3890, sizeBytes=21844056, sizeBeforeBytes=0}
02-27 02:18:29.872  1000  1855  1951 V BackupManagerService: [UserID:0] restoreAtInstall pkg=android.keystore.cts token=6 restoreSet=0
02-27 02:18:29.873  1000  1855  1951 V BackupManagerService: [UserID:0] Finishing install immediately
02-27 02:18:29.873  1000  1855  1951 I AppsFilter: interaction: PackageSetting{7199a2e com.android.microdroid.empty_payload/10059} -> PackageSetting{26b73d4 android.keystore.cts/10088} BLOCKED
02-27 02:18:29.876  1000  1855  1951 I unknown_sources_enabled: 1
02-27 02:18:29.876  1000  1855  1951 D PackageInstallerSession: Marking session 182688823 as applied
02-27 02:18:29.879  1000  1855  1951 D CompatibilityChangeReporter: Compat change id reported: 168419799; UID 10088; state: DISABLED
02-27 02:18:29.880  1000  1855  1951 D CompatibilityChangeReporter: Compat change id reported: 273564678; UID 10088; state: DISABLED
02-27 02:18:29.883  1000  1855  1918 I commit_sys_config_file: [package-session,973040]
02-27 02:18:29.887  1000  1855  1966 I commit_sys_config_file: [package-session,973043]
02-27 02:18:29.890  1000  1855  1969 I commit_sys_config_file: [overlays,979066]
02-27 02:18:29.901 radio  2588  2588 D CarrierSvcBindHelper: onPackageAdded: android.keystore.cts
02-27 02:18:29.902 radio  2588  2588 D CarrierSvcBindHelper: No carrier app for: 0
02-27 02:18:29.907 10069  2362  2362 I SafetyLabelChangedBroadcastReceiver: received broadcast packageName: android.keystore.cts, current user: UserHandle{0}, packageChangeEvent: NEW_INSTALL, intent user: UserHandle{0}
02-27 02:18:29.907  1000  1855  2333 I SdkSandboxManager: No SDKs used. Skipping SDK data reconcilation for CallingInfo{mUid=10088, mPackageName='android.keystore.cts, mAppProcessToken='null'}
02-27 02:18:29.913  1000  1855  2008 I InputReader: Reconfiguring input devices, changes=KEYBOARD_LAYOUTS
02-27 02:18:29.917  1000  1855  1992 I RoleService: Granting default roles...
02-27 02:18:29.917  1000  1855  1855 D TransparencyService: Not an update. Skipping...
02-27 02:18:29.920  1000  1855  1855 V BackupManagerConstants: getFullBackupIntervalMilliseconds(...) returns 86400000
02-27 02:18:29.920  1000  1855  1855 V BackupManagerConstants: getFullBackupRequiredNetworkType(...) returns 2
02-27 02:18:29.920  1000  1855  1855 V BackupManagerConstants: getFullBackupRequireCharging(...) returns true
02-27 02:18:29.922  1000  1855  1855 I AppsFilter: interaction: PackageSetting{80c6cf4 com.android.microdroid.empty_payload/10059} -> PackageSetting{f34ec1d android.keystore.cts/10088} BLOCKED
02-27 02:18:29.923  1000  1855  1855 I notification_cancel_all: [1000,1855,android.keystore.cts,0,0,0,5,NULL]
02-27 02:18:29.925  1000  1855  1925 W Searchables: No global search activity found
02-27 02:18:29.928  1000  1855  1925 W PackageManager: Failed registering loading progress callback. Package is fully loaded.
02-27 02:18:29.929  1000  1855  1925 W VoiceInteractionManager: no available voice recognition services found for user 0
02-27 02:18:29.941 radio  2588  2588 D CarrierSvcBindHelper: onPackageModified: android.keystore.cts
02-27 02:18:29.945  1000  1855  2008 I InputReader: Reconfiguring input devices, changes=KEYBOARD_LAYOUTS
02-27 02:18:29.946 10069  2362  2386 I PermissionControllerServiceImpl: Updating user sensitive for uid 10088
02-27 02:18:29.948 10069  2362  2394 I PermissionControllerServiceImpl: Updating user sensitive for uid 10088
02-27 02:18:29.951 radio  2588  2588 D CarrierSvcBindHelper: No carrier app for: 0
02-27 02:18:29.955  1000  1855  1925 W Searchables: No global search activity found
02-27 02:18:29.957  1000  1855  1925 W Searchables: No global search activity found
02-27 02:18:29.960  1000  1855  1925 W VoiceInteractionManager: no available voice recognition services found for user 0
02-27 02:18:29.975 10069  2362  6287 W Role    : Cannot get ApplicationInfo for default holder: com.android.contacts
02-27 02:18:29.978 10069  2362  6287 W Role    : Cannot get ApplicationInfo for default holder: com.android.settings.intelligence
02-27 02:18:30.001  1000  1855  1900 I system_server: Background concurrent copying GC freed 76394(3786KB) AllocSpace objects, 4(80KB) LOS objects, 50% free, 18MB/36MB, paused 576us,106us total 125.492ms
02-27 02:18:30.006 10069  2362  6287 W Role    : Cannot get ApplicationInfo for default holder: com.android.gallery3d
02-27 02:18:30.093  1000  1855  2449 I commit_sys_config_file: [appops_accesses,963081]
02-27 02:18:30.277 shell  4684  4684 I auditd  : type=1400 audit(0.0:731): avc:  denied  { search } for  comm=73796E6320737663203231 name="oem" dev="dm-7" ino=44 scontext=u:r:adbd:s0 tcontext=u:object_r:oemfs:s0 tclass=dir permissive=0
02-27 02:18:30.277 shell  4684  4684 W /apex/com.android.adbd/bin/adbd: type=1400 audit(0.0:731): avc:  denied  { search } for  comm=73796E6320737663203231 name="oem" dev="dm-7" ino=44 scontext=u:r:adbd:s0 tcontext=u:object_r:oemfs:s0 tclass=dir permissive=0
02-27 02:18:30.392 10057  2356  2356 D ControlsListingControllerImpl: ServiceConfig reloaded, count: 0
02-27 02:18:30.393 10057  2356  2356 D ControlsListingControllerImpl: ServiceConfig reloaded, count: 0
02-27 02:18:30.693 shell  4684  4684 I auditd  : type=1400 audit(0.0:732): avc:  denied  { search } for  comm=73796E6320737663203231 name="oem" dev="dm-7" ino=44 scontext=u:r:adbd:s0 tcontext=u:object_r:oemfs:s0 tclass=dir permissive=0
02-27 02:18:30.693 shell  4684  4684 W /apex/com.android.adbd/bin/adbd: type=1400 audit(0.0:732): avc:  denied  { search } for  comm=73796E6320737663203231 name="oem" dev="dm-7" ino=44 scontext=u:r:adbd:s0 tcontext=u:object_r:oemfs:s0 tclass=dir permissive=0
02-27 02:18:30.693 shell  4684  4684 I auditd  : type=1400 audit(0.0:733): avc:  denied  { search } for  comm=73796E6320737663203231 name="oem" dev="dm-7" ino=44 scontext=u:r:adbd:s0 tcontext=u:object_r:oemfs:s0 tclass=dir permissive=0
02-27 02:18:30.693 shell  4684  4684 W /apex/com.android.adbd/bin/adbd: type=1400 audit(0.0:733): avc:  denied  { search } for  comm=73796E6320737663203231 name="oem" dev="dm-7" ino=44 scontext=u:r:adbd:s0 tcontext=u:object_r:oemfs:s0 tclass=dir permissive=0
02-27 02:18:30.693 shell  4684  4684 I auditd  : type=1400 audit(0.0:734): avc:  denied  { search } for  comm=73796E6320737663203231 name="oem" dev="dm-7" ino=44 scontext=u:r:adbd:s0 tcontext=u:object_r:oemfs:s0 tclass=dir permissive=0
02-27 02:18:30.693 shell  4684  4684 W /apex/com.android.adbd/bin/adbd: type=1400 audit(0.0:734): avc:  denied  { search } for  comm=73796E6320737663203231 name="oem" dev="dm-7" ino=44 scontext=u:r:adbd:s0 tcontext=u:object_r:oemfs:s0 tclass=dir permissive=0
02-27 02:18:30.701 shell  4684  4684 I auditd  : type=1400 audit(0.0:735): avc:  denied  { search } for  comm=73796E6320737663203231 name="oem" dev="dm-7" ino=44 scontext=u:r:adbd:s0 tcontext=u:object_r:oemfs:s0 tclass=dir permissive=0
02-27 02:18:30.701 shell  4684  4684 W /apex/com.android.adbd/bin/adbd: type=1400 audit(0.0:735): avc:  denied  { search } for  comm=73796E6320737663203231 name="oem" dev="dm-7" ino=44 scontext=u:r:adbd:s0 tcontext=u:object_r:oemfs:s0 tclass=dir permissive=0
02-27 02:18:30.705 shell  4684  4684 I auditd  : type=1400 audit(0.0:736): avc:  denied  { search } for  comm=73796E6320737663203231 name="oem" dev="dm-7" ino=44 scontext=u:r:adbd:s0 tcontext=u:object_r:oemfs:s0 tclass=dir permissive=0
02-27 02:18:30.705 shell  4684  4684 W /apex/com.android.adbd/bin/adbd: type=1400 audit(0.0:736): avc:  denied  { search } for  comm=73796E6320737663203231 name="oem" dev="dm-7" ino=44 scontext=u:r:adbd:s0 tcontext=u:object_r:oemfs:s0 tclass=dir permissive=0
02-27 02:18:30.709 shell  4684  4684 I auditd  : type=1400 audit(0.0:737): avc:  denied  { search } for  comm=73796E6320737663203231 name="oem" dev="dm-7" ino=44 scontext=u:r:adbd:s0 tcontext=u:object_r:oemfs:s0 tclass=dir permissive=0
02-27 02:18:30.709 shell  4684  4684 W /apex/com.android.adbd/bin/adbd: type=1400 audit(0.0:737): avc:  denied  { search } for  comm=73796E6320737663203231 name="oem" dev="dm-7" ino=44 scontext=u:r:adbd:s0 tcontext=u:object_r:oemfs:s0 tclass=dir permissive=0
02-27 02:18:30.713 shell  4684  4684 I auditd  : type=1400 audit(0.0:738): avc:  denied  { search } for  comm=73796E6320737663203231 name="oem" dev="dm-7" ino=44 scontext=u:r:adbd:s0 tcontext=u:object_r:oemfs:s0 tclass=dir permissive=0
02-27 02:18:30.713 shell  4684  4684 W /apex/com.android.adbd/bin/adbd: type=1400 audit(0.0:738): avc:  denied  { search } for  comm=73796E6320737663203231 name="oem" dev="dm-7" ino=44 scontext=u:r:adbd:s0 tcontext=u:object_r:oemfs:s0 tclass=dir permissive=0
02-27 02:18:30.713 shell  4684  4684 I auditd  : type=1400 audit(0.0:739): avc:  denied  { search } for  comm=73796E6320737663203231 name="oem" dev="dm-7" ino=44 scontext=u:r:adbd:s0 tcontext=u:object_r:oemfs:s0 tclass=dir permissive=0
02-27 02:18:30.713 shell  4684  4684 W /apex/com.android.adbd/bin/adbd: type=1400 audit(0.0:739): avc:  denied  { search } for  comm=73796E6320737663203231 name="oem" dev="dm-7" ino=44 scontext=u:r:adbd:s0 tcontext=u:object_r:oemfs:s0 tclass=dir permissive=0
02-27 02:18:30.725 10063  3140  3385 W MediaProvider: isAppCloneUserPair for user 0: false
02-27 02:18:30.725 10063  3140  3385 W MediaProvider: isAppCloneUserPair for user 0: false
02-27 02:18:30.726 10063  3140  3385 W MediaProvider: isAppCloneUserPair for user 0: false
02-27 02:18:30.726 10063  3140  3385 W MediaProvider: isAppCloneUserPair for user 0: false
02-27 02:18:30.727 10063  3140  3385 W MediaProvider: isAppCloneUserPair for user 0: false
02-27 02:18:30.727 10063  3140  3385 W MediaProvider: isAppCloneUserPair for user 0: false
02-27 02:18:30.727 10063  3140  3385 W MediaProvider: isAppCloneUserPair for user 0: false
02-27 02:18:31.085  1000  1855  1918 I commit_sys_config_file: [package-session,974241]
02-27 02:18:31.096  1000  1855  1918 I commit_sys_config_file: [package-session,974252]
02-27 02:18:31.103 10057  2356  2356 D StatusBarIconController: ignoring old pipeline callback because the new wifi icon is enabled
02-27 02:18:31.107  1000  1855  1966 I commit_sys_config_file: [package-session,974264]
02-27 02:18:31.147  1000  1855  2015 W RuleEvaluation: Integrity rule files are not available.
02-27 02:18:31.148  1000  1855  1951 I PackageManager: Integrity check passed for file:///data/app/vmdl783165335.tmp
02-27 02:18:31.157  1000  1855  1918 I commit_sys_config_file: [package-session,974313]
02-27 02:18:31.191  1000  1855  1951 I sysui_multi_action: [757,1243,758,4,806,androidx.test.services,1241,android.permission.READ_EXTERNAL_STORAGE]
02-27 02:18:31.191  1000  1855  1951 I sysui_multi_action: [757,1243,758,4,806,androidx.test.services,1241,android.permission.WRITE_EXTERNAL_STORAGE]
02-27 02:18:31.191  1000  1855  1951 I sysui_multi_action: [757,1243,758,4,806,androidx.test.services,1241,android.permission.POST_NOTIFICATIONS]
02-27 02:18:31.191  1000  1855  1951 I sysui_multi_action: [757,1243,758,4,806,androidx.test.services,1241,android.permission.READ_MEDIA_AUDIO]
02-27 02:18:31.191  1000  1855  1951 I sysui_multi_action: [757,1243,758,4,806,androidx.test.services,1241,android.permission.READ_MEDIA_VIDEO]
02-27 02:18:31.191  1000  1855  1951 I sysui_multi_action: [757,1243,758,4,806,androidx.test.services,1241,android.permission.READ_MEDIA_IMAGES]
02-27 02:18:31.191  1000  1855  1951 I sysui_multi_action: [757,1243,758,4,806,androidx.test.services,1241,android.permission.READ_MEDIA_VISUAL_USER_SELECTED]
02-27 02:18:31.214  1000  1855  1951 I commit_sys_config_file: [package,20]
02-27 02:18:31.217  1000  1855  1916 V StorageManagerService: Package null does not have legacy storage
02-27 02:18:31.223 10063  3140  3324 D MediaGrants: Removed 0 media_grants for 0 user for androidx.test.services. Reason: Mode changed: android:read_external_storage
02-27 02:18:31.228  1000  1855  1951 V BackupManagerService: [UserID:0] restoreAtInstall pkg=androidx.test.services token=7 restoreSet=0
02-27 02:18:31.229  1000  1855  1951 V BackupManagerService: [UserID:0] Finishing install immediately
02-27 02:18:31.230  1000  1855  1948 I commit_sys_config_file: [package-user-0,16]
02-27 02:18:31.232  1000  1855  1951 I unknown_sources_enabled: 1
02-27 02:18:31.232  1000  1855  1951 D PackageInstallerSession: Marking session 783165335 as applied
02-27 02:18:31.235  1000  1855  1918 I commit_sys_config_file: [package-session,974391]
02-27 02:18:31.238  1000  1855  1951 D CompatibilityChangeReporter: Compat change id reported: 168419799; UID 10089; state: DISABLED
02-27 02:18:31.238  1000  1855  1951 D CompatibilityChangeReporter: Compat change id reported: 273564678; UID 10089; state: DISABLED
02-27 02:18:31.240  1000  1855  1966 I commit_sys_config_file: [package-session,974397]
02-27 02:18:31.245  1000  1855  1969 I commit_sys_config_file: [overlays,980421]
02-27 02:18:31.255 radio  2588  2588 D CarrierSvcBindHelper: onPackageAdded: androidx.test.services
02-27 02:18:31.256 radio  2588  2588 D CarrierSvcBindHelper: No carrier app for: 0
02-27 02:18:31.270  1000  1855  2333 I SdkSandboxManager: No SDKs used. Skipping SDK data reconcilation for CallingInfo{mUid=10089, mPackageName='androidx.test.services, mAppProcessToken='null'}
02-27 02:18:31.271 10069  2362  2362 I SafetyLabelChangedBroadcastReceiver: received broadcast packageName: androidx.test.services, current user: UserHandle{0}, packageChangeEvent: NEW_INSTALL, intent user: UserHandle{0}
02-27 02:18:31.271  1000  1855  1855 I notification_cancel_all: [1000,1855,androidx.test.services,0,0,0,5,NULL]
02-27 02:18:31.272  1000  1855  1855 D TransparencyService: Not an update. Skipping...
02-27 02:18:31.274  1000  1855  1855 V BackupManagerConstants: getFullBackupIntervalMilliseconds(...) returns 86400000
02-27 02:18:31.274  1000  1855  1855 V BackupManagerConstants: getFullBackupRequiredNetworkType(...) returns 2
02-27 02:18:31.274  1000  1855  1855 V BackupManagerConstants: getFullBackupRequireCharging(...) returns true
02-27 02:18:31.276  1000  1855  2008 I InputReader: Reconfiguring input devices, changes=KEYBOARD_LAYOUTS
02-27 02:18:31.280 10069  2362  2389 I PermissionControllerServiceImpl: Updating user sensitive for uid 10089
02-27 02:18:31.284  1000  1855  1925 W Searchables: No global search activity found
02-27 02:18:31.288  1000  1855  1925 W PackageManager: Failed registering loading progress callback. Package is fully loaded.
02-27 02:18:31.289  1000  1855  1925 W VoiceInteractionManager: no available voice recognition services found for user 0
02-27 02:18:31.313 10069  2362  2394 I PermissionControllerServiceImpl: Updating user sensitive for uid 10089
02-27 02:18:31.313 radio  2588  2588 D CarrierSvcBindHelper: onPackageModified: androidx.test.services
02-27 02:18:31.314 radio  2588  2588 D CarrierSvcBindHelper: No carrier app for: 0
02-27 02:18:31.317  1000  1855  2008 I InputReader: Reconfiguring input devices, changes=KEYBOARD_LAYOUTS
02-27 02:18:31.321  1000  1855  1925 W Searchables: No global search activity found
02-27 02:18:31.323  1000  1855  1925 W Searchables: No global search activity found
02-27 02:18:31.327  1000  1855  1925 W VoiceInteractionManager: no available voice recognition services found for user 0
02-27 02:18:31.338  1000  1855  1900 I system_server: Background concurrent copying GC freed 129290(6164KB) AllocSpace objects, 31(620KB) LOS objects, 49% free, 18MB/36MB, paused 299us,152us total 106.351ms
02-27 02:18:31.342  1000  1855  1902 W System  : A resource failed to call close. 
02-27 02:18:31.495 10063  3140  3324 D MediaGrants: Removed 0 media_grants for 0 user for androidx.test.services. Reason: Mode changed: android:read_external_storage
02-27 02:18:31.596  1000  1855  3445 I commit_sys_config_file: [appops_accesses,964583]
02-27 02:18:31.745 10057  2356  2356 D ControlsListingControllerImpl: ServiceConfig reloaded, count: 0
02-27 02:18:31.747 10057  2356  2356 D ControlsListingControllerImpl: ServiceConfig reloaded, count: 0
02-27 02:18:31.890 shell  6362  6362 D AndroidRuntime: >>>>>> START com.android.internal.os.RuntimeInit uid 2000 <<<<<<
02-27 02:18:31.894 shell  6362  6362 I AndroidRuntime: Using default boot image
02-27 02:18:31.895 shell  6362  6362 I AndroidRuntime: Leaving lock profiling enabled
02-27 02:18:31.898 shell  6362  6362 I app_process: Using CollectorTypeCC GC.
02-27 02:18:31.918  1000  1855  1992 I RoleService: Granting default roles...
02-27 02:18:31.928 10069  2362  6287 W Role    : Cannot get ApplicationInfo for default holder: com.android.contacts
02-27 02:18:31.929 10069  2362  6287 W Role    : Cannot get ApplicationInfo for default holder: com.android.settings.intelligence
02-27 02:18:31.952 10069  2362  6287 W Role    : Cannot get ApplicationInfo for default holder: com.android.gallery3d
02-27 02:18:31.992 shell  6362  6362 D nativeloader: InitDefaultPublicLibraries for_preload=1: libandroid.so:libaaudio.so:libamidi.so:libbinder_ndk.so:libc.so:libcamera2ndk.so:libdl.so:libEGL.so:libGLESv1_CM.so:libGLESv2.so:libGLESv3.so:libicu.so:libicui18n.so:libicuuc.so:libjnigraphics.so:liblog.so:libmediandk.so:libm.so:libnativehelper.so:libnativewindow.so:libOpenMAXAL.so:libOpenSLES.so:libRS.so:libstdc++.so:libsync.so:libvulkan.so:libwebviewchromium_plat_support.so:libz.so
02-27 02:18:32.004 shell  6362  6362 D app_process: Time zone APEX ICU file found: /apex/com.android.tzdata/etc/icu/icu_tzdata.dat
02-27 02:18:32.004 shell  6362  6362 D app_process: I18n APEX ICU file found: /apex/com.android.i18n/etc/icu/icudt72l.dat
02-27 02:18:32.039 shell  6362  6362 W libc    : Access denied finding property "ro.product.name_for_attestation"
02-27 02:18:32.039 shell  6362  6362 W libc    : Access denied finding property "ro.product.device_for_attestation"
02-27 02:18:32.037 shell  6362  6362 I auditd  : type=1400 audit(0.0:740): avc:  denied  { read } for  comm="main" name="u:object_r:build_attestation_prop:s0" dev="tmpfs" ino=113 scontext=u:r:shell:s0 tcontext=u:object_r:build_attestation_prop:s0 tclass=file permissive=0
02-27 02:18:32.040 shell  6362  6362 W libc    : Access denied finding property "ro.product.manufacturer_for_attestation"
02-27 02:18:32.040 shell  6362  6362 W libc    : Access denied finding property "ro.product.brand_for_attestation"
02-27 02:18:32.037 shell  6362  6362 W main    : type=1400 audit(0.0:740): avc:  denied  { read } for  name="u:object_r:build_attestation_prop:s0" dev="tmpfs" ino=113 scontext=u:r:shell:s0 tcontext=u:object_r:build_attestation_prop:s0 tclass=file permissive=0
02-27 02:18:32.040 shell  6362  6362 W libc    : Access denied finding property "ro.product.model_for_attestation"
02-27 02:18:32.037 shell  6362  6362 I auditd  : type=1400 audit(0.0:741): avc:  denied  { read } for  comm="main" name="u:object_r:build_attestation_prop:s0" dev="tmpfs" ino=113 scontext=u:r:shell:s0 tcontext=u:object_r:build_attestation_prop:s0 tclass=file permissive=0
02-27 02:18:32.037 shell  6362  6362 W main    : type=1400 audit(0.0:741): avc:  denied  { read } for  name="u:object_r:build_attestation_prop:s0" dev="tmpfs" ino=113 scontext=u:r:shell:s0 tcontext=u:object_r:build_attestation_prop:s0 tclass=file permissive=0
02-27 02:18:32.037 shell  6362  6362 I auditd  : type=1400 audit(0.0:742): avc:  denied  { read } for  comm="main" name="u:object_r:build_attestation_prop:s0" dev="tmpfs" ino=113 scontext=u:r:shell:s0 tcontext=u:object_r:build_attestation_prop:s0 tclass=file permissive=0
02-27 02:18:32.037 shell  6362  6362 W main    : type=1400 audit(0.0:742): avc:  denied  { read } for  name="u:object_r:build_attestation_prop:s0" dev="tmpfs" ino=113 scontext=u:r:shell:s0 tcontext=u:object_r:build_attestation_prop:s0 tclass=file permissive=0
02-27 02:18:32.037 shell  6362  6362 I auditd  : type=1400 audit(0.0:743): avc:  denied  { read } for  comm="main" name="u:object_r:build_attestation_prop:s0" dev="tmpfs" ino=113 scontext=u:r:shell:s0 tcontext=u:object_r:build_attestation_prop:s0 tclass=file permissive=0
02-27 02:18:32.037 shell  6362  6362 W main    : type=1400 audit(0.0:743): avc:  denied  { read } for  name="u:object_r:build_attestation_prop:s0" dev="tmpfs" ino=113 scontext=u:r:shell:s0 tcontext=u:object_r:build_attestation_prop:s0 tclass=file permissive=0
02-27 02:18:32.037 shell  6362  6362 I auditd  : type=1400 audit(0.0:744): avc:  denied  { read } for  comm="main" name="u:object_r:build_attestation_prop:s0" dev="tmpfs" ino=113 scontext=u:r:shell:s0 tcontext=u:object_r:build_attestation_prop:s0 tclass=file permissive=0
02-27 02:18:32.037 shell  6362  6362 W main    : type=1400 audit(0.0:744): avc:  denied  { read } for  name="u:object_r:build_attestation_prop:s0" dev="tmpfs" ino=113 scontext=u:r:shell:s0 tcontext=u:object_r:build_attestation_prop:s0 tclass=file permissive=0
02-27 02:18:32.041 shell  6362  6362 D AndroidRuntime: Calling main entry com.android.commands.am.Am
02-27 02:18:32.051 shell  6362  6362 D UiAutomationConnection: Created on user UserHandle{0}
02-27 02:18:32.052  1000  1855  3445 I ActivityManager: Force stopping android.keystore.cts appid=10088 user=0: start instr
02-27 02:18:32.053  1000  1855  3445 E libprocessgroup: No such cgroup attribute: /sys/fs/cgroup/uid_10088/cgroup.freeze
02-27 02:18:32.053  1000  1855  3445 W libprocessgroup: Failed to apply Frozen process profile: No such file or directory
02-27 02:18:32.054  1000  1855  3445 E libprocessgroup: No such cgroup attribute: /sys/fs/cgroup/uid_10088/cgroup.freeze
02-27 02:18:32.054  1000  1855  3445 W libprocessgroup: Failed to apply Unfrozen process profile: No such file or directory
02-27 02:18:32.056  1000  1855  3445 I am_uid_running: 10088
02-27 02:18:32.057  1000  1855  3445 D CompatibilityChangeReporter: Compat change id reported: 135634846; UID 10088; state: DISABLED
02-27 02:18:32.057  1000  1855  3445 D CompatibilityChangeReporter: Compat change id reported: 177438394; UID 10088; state: DISABLED
02-27 02:18:32.057  1000  1855  3445 D CompatibilityChangeReporter: Compat change id reported: 135772972; UID 10088; state: DISABLED
02-27 02:18:32.057  1000  1855  3445 D CompatibilityChangeReporter: Compat change id reported: 135754954; UID 10088; state: ENABLED
02-27 02:18:32.058  1000  1855  1927 D CompatibilityChangeReporter: Compat change id reported: 143937733; UID 10088; state: ENABLED
02-27 02:18:32.062  1000  1855  1980 D CompatibilityChangeReporter: Compat change id reported: 265195908; UID 10088; state: ENABLED
02-27 02:18:32.065 10063  3140  3324 D MediaGrants: Removed 0 media_grants for 0 user for android.keystore.cts. Reason: Mode changed: android:read_external_storage
02-27 02:18:32.065  1000  1855  1925 I am_pss  : [5056,2000,com.android.shell,6740992,3604480,0,96800768,0,19,7]
02-27 02:18:32.072  root  1013  1013 D Zygote  : Forked child process 6377
02-27 02:18:32.073  1000  1855  1927 I am_proc_start: [0,6377,10088,android.keystore.cts,added application,android.keystore.cts]
02-27 02:18:32.073  1000  1855  1927 I ActivityManager: Start proc 6377:android.keystore.cts/u0a88 for added application android.keystore.cts
02-27 02:18:32.091 10088  6377  6377 I id.keystore.cts: Using CollectorTypeCC GC.
02-27 02:18:32.099 10088  6377  6377 E id.keystore.cts: Not starting debugger since process cannot load the jdwp agent.
02-27 02:18:32.110  1000  1855  3445 I am_proc_bound: [0,6377,android.keystore.cts]
02-27 02:18:32.112  1000  1855  3445 I am_uid_active: 10088
02-27 02:18:32.117 10088  6377  6377 D CompatibilityChangeReporter: Compat change id reported: 171979766; UID 10088; state: ENABLED
02-27 02:18:32.118 10088  6377  6377 D CompatibilityChangeReporter: Compat change id reported: 242716250; UID 10088; state: ENABLED
02-27 02:18:32.121  1000  1855  3445 D CompatibilityChangeReporter: Compat change id reported: 170503758; UID 10088; state: ENABLED
02-27 02:18:32.123 10088  6377  6377 D ApplicationLoaders: Returning zygote-cached class loader: /system/framework/android.test.base.jar
02-27 02:18:32.126 10088  6377  6377 D nativeloader: Configuring clns-6 for other apk /system/framework/android.test.mock.jar. target_sdk_version=34, uses_libraries=ALL, library_path=/data/app/~~V2uKXmZn_EUSQaSGks5rXA==/android.keystore.cts-HRfXH04WMJOQA3icn8z1yA==/lib/arm64:/data/app/~~V2uKXmZn_EUSQaSGks5rXA==/android.keystore.cts-HRfXH04WMJOQA3icn8z1yA==/base.apk!/lib/arm64-v8a, permitted_path=/data:/mnt/expand:/data/user/0/android.keystore.cts
02-27 02:18:32.130 10088  6377  6377 D nativeloader: Configuring clns-7 for other apk /system/framework/android.test.runner.jar. target_sdk_version=34, uses_libraries=ALL, library_path=/data/app/~~V2uKXmZn_EUSQaSGks5rXA==/android.keystore.cts-HRfXH04WMJOQA3icn8z1yA==/lib/arm64:/data/app/~~V2uKXmZn_EUSQaSGks5rXA==/android.keystore.cts-HRfXH04WMJOQA3icn8z1yA==/base.apk!/lib/arm64-v8a, permitted_path=/data:/mnt/expand:/data/user/0/android.keystore.cts
02-27 02:18:32.130 10088  6377  6377 D ApplicationLoaders: Returning zygote-cached class loader: /system/framework/android.test.base.jar
02-27 02:18:32.134 10088  6377  6377 D nativeloader: Configuring clns-8 for other apk /data/app/~~V2uKXmZn_EUSQaSGks5rXA==/android.keystore.cts-HRfXH04WMJOQA3icn8z1yA==/base.apk. target_sdk_version=34, uses_libraries=, library_path=/data/app/~~V2uKXmZn_EUSQaSGks5rXA==/android.keystore.cts-HRfXH04WMJOQA3icn8z1yA==/lib/arm64:/data/app/~~V2uKXmZn_EUSQaSGks5rXA==/android.keystore.cts-HRfXH04WMJOQA3icn8z1yA==/base.apk!/lib/arm64-v8a, permitted_path=/data:/mnt/expand:/data/user/0/android.keystore.cts
02-27 02:18:32.142 10088  6377  6377 V GraphicsEnvironment: Currently set values for:
02-27 02:18:32.142 10088  6377  6377 V GraphicsEnvironment:   angle_gl_driver_selection_pkgs=[]
02-27 02:18:32.143 10088  6377  6377 V GraphicsEnvironment:   angle_gl_driver_selection_values=[]
02-27 02:18:32.143 10088  6377  6377 V GraphicsEnvironment: ANGLE GameManagerService for android.keystore.cts: false
02-27 02:18:32.143 10088  6377  6377 V GraphicsEnvironment: android.keystore.cts is not listed in per-application setting
02-27 02:18:32.143 10088  6377  6377 V GraphicsEnvironment: Neither updatable production driver nor prerelease driver is supported.
02-27 02:18:32.149 10088  6377  6377 I MonitoringInstr: newApplication called!
02-27 02:18:32.150 10088  6377  6377 I MonitoringInstr: Instrumentation started!
02-27 02:18:32.151 10088  6377  6377 D AndroidJUnitRunner: Use the test storage service for managing file I/O.
02-27 02:18:32.158  1000  1855  3445 I am_uid_running: 10089
02-27 02:18:32.160  1000  1855  3445 D CompatibilityChangeReporter: Compat change id reported: 135634846; UID 10089; state: DISABLED
02-27 02:18:32.161  1000  1855  3445 D CompatibilityChangeReporter: Compat change id reported: 177438394; UID 10089; state: DISABLED
02-27 02:18:32.161  1000  1855  3445 D CompatibilityChangeReporter: Compat change id reported: 135772972; UID 10089; state: DISABLED
02-27 02:18:32.162  1000  1855  3445 D CompatibilityChangeReporter: Compat change id reported: 135754954; UID 10089; state: ENABLED
02-27 02:18:32.163  1000  1855  1927 D CompatibilityChangeReporter: Compat change id reported: 143937733; UID 10089; state: ENABLED
02-27 02:18:32.173  root  1013  1013 D Zygote  : Forked child process 6394
02-27 02:18:32.174  1000  1855  1927 I am_proc_start: [0,6394,10089,androidx.test.services,content provider,{androidx.test.services/androidx.test.services.storage.provider.TestDataContentProvider}]
02-27 02:18:32.174  1000  1855  1927 I ActivityManager: Start proc 6394:androidx.test.services/u0a89 for content provider {androidx.test.services/androidx.test.services.storage.provider.TestDataContentProvider}
02-27 02:18:32.201 10089  6394  6394 I x.test.services: Late-enabling -Xcheck:jni
02-27 02:18:32.226 10089  6394  6394 I x.test.services: Using CollectorTypeCC GC.
02-27 02:18:32.235 shell  4684  4691 I adbd    : jdwp connection from 6394
02-27 02:18:32.249  1000  1855  3445 I am_proc_bound: [0,6394,androidx.test.services]
02-27 02:18:32.252  1000  1855  3445 I am_uid_active: 10089
02-27 02:18:32.257  1000  1855  1980 D CompatibilityChangeReporter: Compat change id reported: 265195908; UID 10089; state: ENABLED
02-27 02:18:32.269 10089  6394  6394 D CompatibilityChangeReporter: Compat change id reported: 171979766; UID 10089; state: DISABLED
02-27 02:18:32.269 10089  6394  6394 D CompatibilityChangeReporter: Compat change id reported: 242716250; UID 10089; state: DISABLED
02-27 02:18:32.275  1000  1855  3445 D CompatibilityChangeReporter: Compat change id reported: 170503758; UID 10089; state: DISABLED
02-27 02:18:32.280 10089  6394  6394 W ziparchive: Unable to open '/data/app/~~lR1ONHuiFJCweiLGoSxDOA==/androidx.test.services-n0ALZyxt7dqJYgBHT99k1w==/base.dm': No such file or directory
02-27 02:18:32.280 10089  6394  6394 W ziparchive: Unable to open '/data/app/~~lR1ONHuiFJCweiLGoSxDOA==/androidx.test.services-n0ALZyxt7dqJYgBHT99k1w==/base.dm': No such file or directory
02-27 02:18:32.322 10089  6394  6394 D nativeloader: Configuring clns-6 for other apk /data/app/~~lR1ONHuiFJCweiLGoSxDOA==/androidx.test.services-n0ALZyxt7dqJYgBHT99k1w==/base.apk. target_sdk_version=30, uses_libraries=, library_path=/data/app/~~lR1ONHuiFJCweiLGoSxDOA==/androidx.test.services-n0ALZyxt7dqJYgBHT99k1w==/lib/arm64, permitted_path=/data:/mnt/expand:/data/user/0/androidx.test.services
02-27 02:18:32.335 10089  6394  6394 V GraphicsEnvironment: Currently set values for:
02-27 02:18:32.335 10089  6394  6394 V GraphicsEnvironment:   angle_gl_driver_selection_pkgs=[]
02-27 02:18:32.335 10089  6394  6394 V GraphicsEnvironment:   angle_gl_driver_selection_values=[]
02-27 02:18:32.335 10089  6394  6394 V GraphicsEnvironment: ANGLE GameManagerService for androidx.test.services: false
02-27 02:18:32.335 10089  6394  6394 V GraphicsEnvironment: androidx.test.services is not listed in per-application setting
02-27 02:18:32.335 10089  6394  6394 V GraphicsEnvironment: Neither updatable production driver nor prerelease driver is supported.
02-27 02:18:32.343 10089  6394  6394 I MultiDex: VM with version 2.1.0 has multidex support
02-27 02:18:32.343 10089  6394  6394 I MultiDex: Installing application
02-27 02:18:32.343 10089  6394  6394 I MultiDex: VM has multidex support, MultiDex support library is disabled.
02-27 02:18:32.351  1000  1855  3445 D CompatibilityChangeReporter: Compat change id reported: 149924527; UID 10089; state: ENABLED
02-27 02:18:32.351  1000  1855  3445 D CompatibilityChangeReporter: Compat change id reported: 132649864; UID 10089; state: DISABLED
02-27 02:18:32.369  1000  1855  3445 I ActivityManager: Flag disabled. Ignoring finishAttachApplication from uid: 10089. pid: 6394
02-27 02:18:32.373 10089  6394  6408 I AbstractFileContentProvider: file '/storage/emulated/0/googletest/test_runfiles/data/local/tmp/ajur/excludes.txt': found
02-27 02:18:32.399 10088  6377  6377 I AndroidJUnitRunner: onCreate Bundle[{notTestFile=/data/local/tmp/ajur/excludes.txt, log=true, debug=false, timeout_msec=3000000, useTestStorageService=true, newRunListenerMode=true, notAnnotation=android.platform.test.annotations.AsbSecurityTest,android.platform.test.annotations.AppModeInstant,android.platform.test.annotations.RestrictedBuildTest,com.android.compatibility.common.util.CtsDownstreamingTest}]
02-27 02:18:32.400 10088  6377  6377 V TestEventClient: No service name argument was given (testDiscoveryService, testRunEventService or orchestratorService)
02-27 02:18:32.402  1000  1855  3445 I ActivityManager: Flag disabled. Ignoring finishAttachApplication from uid: 10088. pid: 6377
02-27 02:18:32.402 10088  6377  6412 D AndroidJUnitRunner: onStart is called.
02-27 02:18:32.403 10088  6377  6377 I MonitoringInstr: No JSBridge.
02-27 02:18:32.412  1000  1855  3445 D CompatibilityChangeReporter: Compat change id reported: 161145287; UID 10088; state: ENABLED
02-27 02:18:32.413 10088  6377  6412 I InstrConnection: Could not send broadcast or register receiver (isolatedProcess?)
02-27 02:18:32.428 10088  6377  6412 D TestRequestBuilder: Using class path scanning to discover tests
02-27 02:18:32.428 10088  6377  6412 I TestRequestBuilder: Scanning classpath to find tests in paths [/data/app/~~V2uKXmZn_EUSQaSGks5rXA==/android.keystore.cts-HRfXH04WMJOQA3icn8z1yA==/base.apk]
02-27 02:18:32.429 10088  6377  6412 W id.keystore.cts: Opening an oat file without a class loader. Are you using the deprecated DexFile APIs?
02-27 02:18:32.913 10088  6377  6412 D CompatibilityChangeReporter: Compat change id reported: 247079863; UID 10088; state: ENABLED
02-27 02:18:33.726 10088  6377  6412 D TestExecutor: Adding listener com.android.cts.runner.CtsTestRunListener
02-27 02:18:33.726 10088  6377  6412 D TestExecutor: Adding listener androidx.test.internal.runner.listener.InstrumentationResultPrinter
