02-27 02:18:51.966  root  1012  1046 E netd    : Error adding route ::/0 -> fe80::642:1aff:fe4e:c430 wlan0 to table 1016: File exists
02-27 02:18:51.966  1000  1855  2290 D ConnectivityService: Setting DNS servers for network 103 to [/2403:e840:8fff:fffc:642:1aff:fe4e:c430, /202.81.252.1, /192.168.50.1]
02-27 02:18:51.966  1000  1855  2290 D DnsManager: sendDnsConfigurationForNetwork(103, [2403:e840:8fff:fffc:642:1aff:fe4e:c430, 202.81.252.1, 192.168.50.1], [], 1800, 25, 8, 64, 0, 0, , [2403:e840:8fff:fffc:642:1aff:fe4e:c430, 202.81.252.1, 192.168.50.1])
02-27 02:18:51.967  root  1012  6718 W resolv  : Validating DnsTlsServer 2403:e840:8fff:fffc:642:1aff:fe4e:c430 with mark 0xf0067
02-27 02:18:51.967  root  1012  6717 W resolv  : Validating DnsTlsServer 192.168.50.1 with mark 0xf0067
02-27 02:18:51.972 10045  2565  2938 D QCNEJ/NativeHalConnector: -> SND notifyWifiAvailable(v4Connected = truev6Connected = , true, isAndroidValidated = false)
02-27 02:18:51.975  root  1012  6717 W resolv  : SSL_connect ssl error =5, mark 0xf0067: Connection refused
02-27 02:18:51.976  root  1012  6717 W resolv  : TLS Handshake failed
02-27 02:18:51.976  root  1012  6717 W resolv  : query failed
02-27 02:18:51.976  1000  1500  1500 I cnss-daemon: Ready to update GW parameters
02-27 02:18:51.977  root  1012  6717 W resolv  : validateDnsTlsServer returned 0 for 192.168.50.1
02-27 02:18:51.977  1000  1500  1500 E cnss-daemon: Invalid mac address
02-27 02:18:51.977  1000  1500  1500 E cnss-daemon: failed to update gateway
02-27 02:18:51.978  root  1012  6717 W resolv  : Validation failed
02-27 02:18:52.700  1073  2510  4164 D IpClient/wlan0: addressUpdated: 2403:e840:8fff:fffc:f9c1:d12e:809a:2de3/64 on ifindex 16 flags 0x00000001 scope 0
02-27 02:18:52.702  1073  2510  4164 D IpClient/wlan0: addressUpdated: 2403:e840:8fff:fffc:980d:6324:1f7b:3ad/64 on ifindex 16 flags 0x00000900 scope 0
02-27 02:18:52.893  1000  1855  1968 E BatteryStatsService: Invalid uid for waking network packet: -1
02-27 02:18:52.898  1000  1855  1968 E BatteryStatsService: Invalid uid for waking network packet: -1
02-27 02:18:52.900  1000  1855  2442 E BatteryStatsService: Invalid uid for waking network packet: -1
02-27 02:18:52.963  root  1012  6708 W resolv  : SSL_connect ssl error =5, mark 0xf0067: Connection refused
02-27 02:18:52.963  root  1012  6708 W resolv  : TLS Handshake failed
02-27 02:18:52.963  root  1012  6708 W resolv  : query failed
02-27 02:18:52.963  root  1012  6708 W resolv  : validateDnsTlsServer returned 0 for 202.81.252.1
02-27 02:18:52.964  root  1012  6708 W resolv  : Validation failed
02-27 02:18:53.679 10057  2356  2356 D StatusBarIconController: ignoring old pipeline callback because the new wifi icon is enabled
02-27 02:18:53.680 10045  2565  2938 D QCNEJ/NativeHalConnector: -> SND notifyDefaultNetworkChanged(1)
02-27 02:18:53.976  1000  1855  2442 E BatteryStatsService: Invalid uid for waking network packet: -1
02-27 02:18:54.773 10063  3140  3385 W MediaProvider: isAppCloneUserPair for user 0: false
02-27 02:18:54.964 10063  3140  5358 I MediaProvider: Deleted 1 0 0 0 0 0 0 items on external_primary due to com.android.shell
02-27 02:18:55.235 shell  6745  6745 D AndroidRuntime: >>>>>> START com.android.internal.os.RuntimeInit uid 2000 <<<<<<
02-27 02:18:55.239 shell  6745  6745 I AndroidRuntime: Using default boot image
02-27 02:18:55.239 shell  6745  6745 I AndroidRuntime: Leaving lock profiling enabled
02-27 02:18:55.243 shell  6745  6745 I app_process: Using CollectorTypeCC GC.
02-27 02:18:55.336 shell  6745  6745 D nativeloader: InitDefaultPublicLibraries for_preload=1: libandroid.so:libaaudio.so:libamidi.so:libbinder_ndk.so:libc.so:libcamera2ndk.so:libdl.so:libEGL.so:libGLESv1_CM.so:libGLESv2.so:libGLESv3.so:libicu.so:libicui18n.so:libicuuc.so:libjnigraphics.so:liblog.so:libmediandk.so:libm.so:libnativehelper.so:libnativewindow.so:libOpenMAXAL.so:libOpenSLES.so:libRS.so:libstdc++.so:libsync.so:libvulkan.so:libwebviewchromium_plat_support.so:libz.so
02-27 02:18:55.348 shell  6745  6745 D app_process: Time zone APEX ICU file found: /apex/com.android.tzdata/etc/icu/icu_tzdata.dat
02-27 02:18:55.348 shell  6745  6745 D app_process: I18n APEX ICU file found: /apex/com.android.i18n/etc/icu/icudt72l.dat
02-27 02:18:55.379 shell  6745  6745 W libc    : Access denied finding property "ro.product.name_for_attestation"
02-27 02:18:55.379 shell  6745  6745 W libc    : Access denied finding property "ro.product.device_for_attestation"
02-27 02:18:55.377 shell  6745  6745 I auditd  : type=1400 audit(0.0:834): avc:  denied  { read } for  comm="main" name="u:object_r:build_attestation_prop:s0" dev="tmpfs" ino=113 scontext=u:r:shell:s0 tcontext=u:object_r:build_attestation_prop:s0 tclass=file permissive=0
02-27 02:18:55.377 shell  6745  6745 W main    : type=1400 audit(0.0:834): avc:  denied  { read } for  name="u:object_r:build_attestation_prop:s0" dev="tmpfs" ino=113 scontext=u:r:shell:s0 tcontext=u:object_r:build_attestation_prop:s0 tclass=file permissive=0
02-27 02:18:55.379 shell  6745  6745 W libc    : Access denied finding property "ro.product.manufacturer_for_attestation"
02-27 02:18:55.379 shell  6745  6745 W libc    : Access denied finding property "ro.product.brand_for_attestation"
02-27 02:18:55.379 shell  6745  6745 W libc    : Access denied finding property "ro.product.model_for_attestation"
02-27 02:18:55.377 shell  6745  6745 I auditd  : type=1400 audit(0.0:835): avc:  denied  { read } for  comm="main" name="u:object_r:build_attestation_prop:s0" dev="tmpfs" ino=113 scontext=u:r:shell:s0 tcontext=u:object_r:build_attestation_prop:s0 tclass=file permissive=0
02-27 02:18:55.377 shell  6745  6745 W main    : type=1400 audit(0.0:835): avc:  denied  { read } for  name="u:object_r:build_attestation_prop:s0" dev="tmpfs" ino=113 scontext=u:r:shell:s0 tcontext=u:object_r:build_attestation_prop:s0 tclass=file permissive=0
02-27 02:18:55.377 shell  6745  6745 I auditd  : type=1400 audit(0.0:836): avc:  denied  { read } for  comm="main" name="u:object_r:build_attestation_prop:s0" dev="tmpfs" ino=113 scontext=u:r:shell:s0 tcontext=u:object_r:build_attestation_prop:s0 tclass=file permissive=0
02-27 02:18:55.377 shell  6745  6745 W main    : type=1400 audit(0.0:836): avc:  denied  { read } for  name="u:object_r:build_attestation_prop:s0" dev="tmpfs" ino=113 scontext=u:r:shell:s0 tcontext=u:object_r:build_attestation_prop:s0 tclass=file permissive=0
02-27 02:18:55.377 shell  6745  6745 I auditd  : type=1400 audit(0.0:837): avc:  denied  { read } for  comm="main" name="u:object_r:build_attestation_prop:s0" dev="tmpfs" ino=113 scontext=u:r:shell:s0 tcontext=u:object_r:build_attestation_prop:s0 tclass=file permissive=0
02-27 02:18:55.377 shell  6745  6745 W main    : type=1400 audit(0.0:837): avc:  denied  { read } for  name="u:object_r:build_attestation_prop:s0" dev="tmpfs" ino=113 scontext=u:r:shell:s0 tcontext=u:object_r:build_attestation_prop:s0 tclass=file permissive=0
02-27 02:18:55.377 shell  6745  6745 I auditd  : type=1400 audit(0.0:838): avc:  denied  { read } for  comm="main" name="u:object_r:build_attestation_prop:s0" dev="tmpfs" ino=113 scontext=u:r:shell:s0 tcontext=u:object_r:build_attestation_prop:s0 tclass=file permissive=0
02-27 02:18:55.377 shell  6745  6745 W main    : type=1400 audit(0.0:838): avc:  denied  { read } for  name="u:object_r:build_attestation_prop:s0" dev="tmpfs" ino=113 scontext=u:r:shell:s0 tcontext=u:object_r:build_attestation_prop:s0 tclass=file permissive=0
02-27 02:18:55.381 shell  6745  6745 D AndroidRuntime: Calling main entry com.android.commands.am.Am
02-27 02:18:55.388 shell  6745  6745 D UiAutomationConnection: Created on user UserHandle{0}
02-27 02:18:55.390  1000  1855  2442 I ActivityManager: Force stopping com.android.tradefed.utils.wifi appid=10085 user=0: start instr
02-27 02:18:55.394  1000  1855  2442 I am_uid_running: 10085
02-27 02:18:55.395  1000  1855  2442 D CompatibilityChangeReporter: Compat change id reported: 135634846; UID 10085; state: DISABLED
02-27 02:18:55.396  1000  1855  2442 D CompatibilityChangeReporter: Compat change id reported: 177438394; UID 10085; state: DISABLED
02-27 02:18:55.397  1000  1855  2442 D CompatibilityChangeReporter: Compat change id reported: 135772972; UID 10085; state: DISABLED
02-27 02:18:55.398  1000  1855  2442 D CompatibilityChangeReporter: Compat change id reported: 135754954; UID 10085; state: ENABLED
02-27 02:18:55.400  1000  1855  1927 D CompatibilityChangeReporter: Compat change id reported: 143937733; UID 10085; state: ENABLED
02-27 02:18:55.402  1000  1855  1980 D CompatibilityChangeReporter: Compat change id reported: 265195908; UID 10085; state: ENABLED
02-27 02:18:55.417  root  1013  1013 D Zygote  : Forked child process 6761
02-27 02:18:55.418  1000  1855  1927 I am_proc_start: [0,6761,10085,com.android.tradefed.utils.wifi,added application,com.android.tradefed.utils.wifi]
02-27 02:18:55.418  1000  1855  1927 I ActivityManager: Start proc 6761:com.android.tradefed.utils.wifi/u0a85 for added application com.android.tradefed.utils.wifi
02-27 02:18:55.445 10085  6761  6761 I efed.utils.wifi: Using CollectorTypeCC GC.
02-27 02:18:55.454 10085  6761  6761 E efed.utils.wifi: Not starting debugger since process cannot load the jdwp agent.
02-27 02:18:55.466  1000  1855  2442 I am_proc_bound: [0,6761,com.android.tradefed.utils.wifi]
02-27 02:18:55.468  1000  1855  2442 D CompatibilityChangeReporter: Compat change id reported: 168419799; UID 10085; state: DISABLED
02-27 02:18:55.468  1000  1855  2442 D CompatibilityChangeReporter: Compat change id reported: 273564678; UID 10085; state: DISABLED
02-27 02:18:55.469  1000  1855  2442 I am_uid_active: 10085
02-27 02:18:55.475 10085  6761  6761 D CompatibilityChangeReporter: Compat change id reported: 171979766; UID 10085; state: ENABLED
02-27 02:18:55.475 10085  6761  6761 D CompatibilityChangeReporter: Compat change id reported: 242716250; UID 10085; state: DISABLED
02-27 02:18:55.479  1000  1855  2442 D CompatibilityChangeReporter: Compat change id reported: 170503758; UID 10085; state: ENABLED
02-27 02:18:55.485 10085  6761  6761 D ApplicationLoaders: Returning zygote-cached class loader: /system/framework/android.test.base.jar
02-27 02:18:55.490 10085  6761  6761 D nativeloader: Configuring clns-6 for other apk /system/framework/android.test.mock.jar. target_sdk_version=31, uses_libraries=ALL, library_path=/data/app/~~HzXju5W_q5ZzpxH6Q8m7MA==/com.android.tradefed.utils.wifi-1Uhnb0vRv8xaSP2I45AYcQ==/lib/arm64, permitted_path=/data:/mnt/expand:/data/user/0/com.android.tradefed.utils.wifi
02-27 02:18:55.491 10085  6761  6761 D ApplicationLoaders: Returning zygote-cached class loader: /system/framework/android.test.base.jar
02-27 02:18:55.493 10085  6761  6761 D nativeloader: Configuring clns-7 for other apk /system/framework/android.test.runner.jar. target_sdk_version=31, uses_libraries=ALL, library_path=/data/app/~~HzXju5W_q5ZzpxH6Q8m7MA==/com.android.tradefed.utils.wifi-1Uhnb0vRv8xaSP2I45AYcQ==/lib/arm64, permitted_path=/data:/mnt/expand:/data/user/0/com.android.tradefed.utils.wifi
02-27 02:18:55.497 10085  6761  6761 D nativeloader: Configuring clns-8 for other apk /data/app/~~HzXju5W_q5ZzpxH6Q8m7MA==/com.android.tradefed.utils.wifi-1Uhnb0vRv8xaSP2I45AYcQ==/base.apk. target_sdk_version=31, uses_libraries=, library_path=/data/app/~~HzXju5W_q5ZzpxH6Q8m7MA==/com.android.tradefed.utils.wifi-1Uhnb0vRv8xaSP2I45AYcQ==/lib/arm64, permitted_path=/data:/mnt/expand:/data/user/0/com.android.tradefed.utils.wifi
02-27 02:18:55.505 10085  6761  6761 V GraphicsEnvironment: Currently set values for:
02-27 02:18:55.505 10085  6761  6761 V GraphicsEnvironment:   angle_gl_driver_selection_pkgs=[]
02-27 02:18:55.505 10085  6761  6761 V GraphicsEnvironment:   angle_gl_driver_selection_values=[]
02-27 02:18:55.506 10085  6761  6761 V GraphicsEnvironment: ANGLE GameManagerService for com.android.tradefed.utils.wifi: false
02-27 02:18:55.506 10085  6761  6761 V GraphicsEnvironment: com.android.tradefed.utils.wifi is not listed in per-application setting
02-27 02:18:55.506 10085  6761  6761 V GraphicsEnvironment: Neither updatable production driver nor prerelease driver is supported.
02-27 02:18:55.510 10085  6761  6761 I UiAutomation: Initialized for user 0 on display 0
02-27 02:18:55.514  1000  1855  2442 D AccessibilityManagerService: changeCurrentUserForTestAutomationIfNeededLocked(0): ignoring because device doesn't support visible background users
02-27 02:18:55.515  1000  1855  2442 I UiAutomationManager: Registering UiTestAutomationService (id=com.android.server.accessibility/UiAutomation) when called by user 0
02-27 02:18:55.523  1000  1855  2442 W WindowMagnificationMgr: requestConnection duplicated request: connect=false, mConnectionState=DISCONNECTED
02-27 02:18:55.535  1000  1855  2442 I ActivityManager: Flag disabled. Ignoring finishAttachApplication from uid: 10085. pid: 6761
02-27 02:18:55.539  1000  1855  1855 D BatterySaverPolicy: accessibility changed to true, updating policy.
02-27 02:18:55.736  1000  1855  1990 I commit_sys_config_file: [settings-2-0,12]
02-27 02:18:56.172  1002  1068  2829 D bt_vendor: op for 7
02-27 02:18:56.173  1002  1068  2829 E bt_hwcfg: hw_lpm_set_wake_state state 2
02-27 02:18:56.173  1002  1068  2829 E bt_upio : BtWrite enable(1)
02-27 02:18:56.737 10057  2356  2356 D StatusBarIconController: ignoring old pipeline callback because the new wifi icon is enabled
02-27 02:18:56.952  1000  1855  2449 E BatteryStatsService: Invalid uid for waking network packet: -1
02-27 02:18:57.701  1000  1855  2282 D WifiConfigStore: Writing to stores completed in 14 ms.
02-27 02:18:59.181  1002  1068  2758 D bt_vendor: op for 7
02-27 02:18:59.181  1002  1068  2758 E bt_hwcfg: hw_lpm_set_wake_state state 1
02-27 02:18:59.181  1002  1068  2758 E bt_upio : BtWrite enable(0)
02-27 02:18:59.892  1000  1855  2290 I ConnectivityService: Update score for net 103 : +EVER_EVALUATED
02-27 02:18:59.893  1000  1855  2290 D ConnectivityService: NetReassign [no changes] [c 0] [a 0] [i 0]
02-27 02:19:01.946  1073  2510  6711 D NetworkMonitor/103: PROBE_HTTP http://connectivitycheck.gstatic.com/generate_204 Probe failed with exception java.net.SocketTimeoutException: failed to connect to connectivitycheck.gstatic.com/14.215.177.38 (port 80) from /192.168.50.34 (port 59452) after 10000ms
02-27 02:19:04.411  1073  2510  6710 D NetworkMonitor/103: PROBE_DNS www.google.com 12518ms FAIL in type ADDRCONFIG Timeout
02-27 02:19:05.226 10057  2356  4021 D PowerUI : can't show warning due to - plugged: true status unknown: false
02-27 02:19:05.367  1000  1855  1991 D ActivityManager: freezing 2362 com.android.permissioncontroller
02-27 02:19:05.373  1000  1855  1991 I am_freeze: [2362,com.android.permissioncontroller]
02-27 02:19:05.541  1000  1855  1991 I am_compact: [2362,com.android.permissioncontroller,ANON,169656,109472,59012,1004,-16624,0,-16624,16384,167,FULL,107633,905,19,13700,-3104]
02-27 02:19:06.682  1000  1855  2449 E BatteryStatsService: Invalid uid for waking network packet: -1
02-27 02:19:08.920  1000  1855  2449 E BatteryStatsService: Invalid uid for waking network packet: -1
02-27 02:19:09.412  1000  1855  1925 I am_pss  : [6761,10085,com.android.tradefed.utils.wifi,7166976,3538944,0,99536896,0,4,11]
02-27 02:19:09.943  1000  1855  2507 E BatteryStatsService: Invalid uid for waking network packet: -1
02-27 02:19:09.946  1000  1855  2507 E BatteryStatsService: Invalid uid for waking network packet: -1
02-27 02:19:11.944  1073  2510  2510 W DnsResolver: resNetworkResult:android.system.ErrnoException: resNetworkResult failed: ETIMEDOUT (Connection timed out)
02-27 02:19:12.120  1000  1855  2442 E BatteryStatsService: Invalid uid for waking network packet: -1
02-27 02:19:12.122  1000  1855  2442 E BatteryStatsService: Invalid uid for waking network packet: -1
02-27 02:19:19.430  1000  1855  1991 D ActivityManager: freezing 3766 com.android.localtransport
02-27 02:19:19.432  1000  1855  1991 I am_freeze: [3766,com.android.localtransport]
02-27 02:19:19.433  1000  1855  1991 D ActivityManager: freezing 5063 com.android.keychain
02-27 02:19:19.435  1000  1855  1991 I am_freeze: [5063,com.android.keychain]
02-27 02:19:19.481  1000  1855  1991 I am_compact: [5063,com.android.keychain,ANON,102944,53204,48972,0,-3604,0,-3604,3540,43,SOME,0,915,19,16804,-888]
02-27 02:19:22.427  1073  2510  4164 W IpClient.wlan0: [IpReachabilityMonitor] WARN ALERT neighbor went from: NeighborEvent{@1042911,RTM_NEWNEIGH,if=16,2403:e840:8fff:fffc:642:1aff:fe4e:c430,NUD_PROBE,[04:42:1a:4e:c4:30]} to: NeighborEvent{@1052894,RTM_NEWNEIGH,if=16,2403:e840:8fff:fffc:642:1aff:fe4e:c430,NUD_FAILED,[null]}
02-27 02:19:22.432  1073  2510  4164 W IpReachabilityMonitor: FAILURE: LOST_PROVISIONING, NeighborEvent{@1052894,RTM_NEWNEIGH,if=16,2403:e840:8fff:fffc:642:1aff:fe4e:c430,NUD_FAILED,[null]}
02-27 02:19:22.441  1000  1855  2290 D ConnectivityService: Marking [103 WIFI] destroyed, awaiting replacement within 5000ms
02-27 02:19:22.442  1000  1855  2282 I ConnectivityService: Update score for net 104 : +IS_UNMETERED
02-27 02:19:22.445  1000  1855  2282 D ConnectivityService: registerNetworkAgent NetworkAgentInfo{network{104}  handle{450082295821}  ni{WIFI CONNECTING extra: } created=2024-02-27T02:19:22.443Z Score(Policies : IS_UNMETERED ; KeepConnected : 0)   lp{{InterfaceName: wlan0 LinkAddresses: [ fe80::133b:5bb4:f366:75bd/64,192.168.50.34/24,2403:e840:8fff:fffc:980d:6324:1f7b:3ad/64,2403:e840:8fff:fffc:f9c1:d12e:809a:2de3/64 ] DnsAddresses: [ /2403:e840:8fff:fffc:642:1aff:fe4e:c430,/202.81.252.1,/192.168.50.1 ] Domains: null MTU: 0 ServerAddress: /192.168.50.1 TcpBufferSizes: 524288,1048576,2097152,262144,524288,1048576 Routes: [ fe80::/64 -> :: wlan0 mtu 0,::/0 -> fe80::642:1aff:fe4e:c430 wlan0 mtu 0,2403:e840:8fff:fffc::/64 -> :: wlan0 mtu 0,192.168.50.0/24 -> 0.0.0.0 wlan0 mtu 0,0.0.0.0/0 -> 192.168.50.1 wlan0 mtu 0 ]}}  nc{[ Transports: WIFI Capabilities: NOT_METERED&INTERNET&NOT_RESTRICTED&TRUSTED&NOT_VPN&NOT_ROAMING&NOT_CONGESTED&NOT_SUSPENDED&NOT_VCN_MANAGED LinkUpBandwidth>=12000Kbps LinkDnBandwidth>=30000Kbps Specifier: <WifiNetworkAgentSpecifier [WifiConfiguration=, SSID="CMCC", BSSID=04:42:1a:4e:c4:30, band=1, mMatchLocalOnlySpecifiers=false]> TransportInfo: <SSID: "CMCC", BSSID: 04:42:1a:4e:c4:30, MAC: 00:90:4c:12:d0:01, IP: /192.168.50.34, Security type: 2, Supplicant state: COMPLETED, Wi-Fi standard: 6, RSSI: -18, Link speed: 258Mbps, Tx Link speed: 258Mbps, Max Supported Tx Link speed: 286Mbps, Rx Link speed: 286Mbps, Max Supported Rx Link speed: 286Mbps, Frequency: 2457MHz, Net ID: 0, Metered hint: false, score: 60, isUsable: true, CarrierMerged: false, SubscriptionId: -1, IsPrimary: 1, Trusted: true, Restricted: false, Ephemeral: false, OEM paid: false, OEM private: false, OSU AP: false, FQDN: <none>, Provider friendly name: <none>, Requesting package name: <none>"CMCC"wpa2-pskMLO Information: , Is TID-To-Link negotiation supported by the AP: false, AP MLD Address: <none>, AP MLO Link Id: <none>, AP MLO Affiliated links: <none>> SignalStrength: -18 AllowedUids: <{1000}> OwnerUid: 1000 AdminUids: [1000] SSID: "CMCC" UnderlyingNetworks: Null]}  factorySerialNumber=4}
02-27 02:19:22.449  1000  1855  2282 E WifiNative: Unable to remove all QoS policies, feature is not enabled
02-27 02:19:22.452  root  1012  1046 W resolv  : resolv_stats_set_addrs: Network 103 not found for PROTO_DOT
02-27 02:19:22.453  root  1012  1046 W resolv  : resolv_stats_set_addrs: Network 103 not found for PROTO_DOH
02-27 02:19:22.454  1000  1855  2282 D WifiClientModeImpl[892546:wlan0]: ClientModeImpl: Leaving Connected state
02-27 02:19:22.456  1073  2510  4164 D IpClient/wlan0: routeRemoved: 2403:e840:8fff:fffc::/64 -> :: wlan0 mtu 0
02-27 02:19:22.456  1073  2510  4164 D IpClient/wlan0: routeRemoved: fe80::/64 -> :: wlan0 mtu 0
02-27 02:19:22.457  1073  2510  4164 D IpClient/wlan0: routeRemoved: ::/0 -> fe80::642:1aff:fe4e:c430 wlan0 mtu 0
02-27 02:19:22.458  1000  1855  2290 I ConnectivityService: Update score for net 103 : +IS_DESTROYED
02-27 02:19:22.462  root  1012  6718 W resolv  : SSL_connect ssl error =5, mark 0xf0067: Software caused connection abort
02-27 02:19:22.462  root  1012  6718 W resolv  : TLS Handshake failed
02-27 02:19:22.462  root  1012  6718 W resolv  : query failed
02-27 02:19:22.462  root  1012  6718 W resolv  : validateDnsTlsServer returned 0 for 2403:e840:8fff:fffc:642:1aff:fe4e:c430
02-27 02:19:22.462  root  1012  6718 W resolv  : netId 103 was erased during private DNS validation
02-27 02:19:22.463  1000  1855  2290 D ConnectivityService: NetReassign [no changes] [c 1] [a 0] [i 5]
02-27 02:19:22.467  1073  2510  4164 D IpClient/wlan0: addressRemoved: 2403:e840:8fff:fffc:f9c1:d12e:809a:2de3/64 on ifindex 16 flags 0x00000001 scope 0
02-27 02:19:22.467  1073  2510  4164 D IpClient/wlan0: addressRemoved: 2403:e840:8fff:fffc:980d:6324:1f7b:3ad/64 on ifindex 16 flags 0x00000900 scope 0
02-27 02:19:22.467  1073  2510  4164 D IpClient/wlan0: addressRemoved: fe80::133b:5bb4:f366:75bd/64 on ifindex 16 flags 0x00000880 scope 253
02-27 02:19:22.468  1073  2510  4164 D IpClient/wlan0: routeUpdated: fe80::/64 -> :: wlan0 mtu 0
02-27 02:19:22.468  1073  2510  4164 D IpClient/wlan0: addressUpdated: fe80::133b:5bb4:f366:75bd/64 on ifindex 16 flags 0x000008C4 scope 253
02-27 02:19:22.470  1073  2510  4164 D IpClient.wlan0: set max DTIM multiplier to 9
02-27 02:19:22.470  1073  2510  4164 D ApfFilter: (wlan0): shutting down
02-27 02:19:22.472  1073  2510  4164 D DhcpClient: doQuit
02-27 02:19:22.472  1000  1855  2290 D ConnectivityService: [104 WIFI] EVENT_NETWORK_INFO_CHANGED, going from CONNECTING to CONNECTING
02-27 02:19:22.474  1073  2510  6795 D NetworkMonitor/104: checkAndRenewResourceConfig: update captive portal https urls to [https://www.google.com/generate_204]
02-27 02:19:22.474  1073  2510  6795 D NetworkMonitor/104: checkAndRenewResourceConfig: update captive portal http urls to [http://connectivitycheck.gstatic.com/generate_204]
02-27 02:19:22.475  1073  2510  6795 D NetworkMonitor/104: checkAndRenewResourceConfig: update captive portal fallback urls to[http://www.google.com/gen_204, http://play.googleapis.com/generate_204]
02-27 02:19:22.475  1073  2510  6795 D NetworkMonitor: Starting on network 104 with capport HTTPS URL [https://www.google.com/generate_204] and HTTP URL [http://connectivitycheck.gstatic.com/generate_204]
02-27 02:19:22.477  1073  2510  4164 D DhcpClient: DHCP Packet Handler stopped
02-27 02:19:22.477  1073  2510  4164 D DhcpClient: onQuitting
02-27 02:19:22.493  1000  1855  2282 W ContextImpl: Calling a method in the system process without a qualified user: android.app.ContextImpl.sendStickyBroadcast:1626 com.android.server.wifi.ClientModeImpl.sendNetworkChangeBroadcast:3008 com.android.server.wifi.ClientModeImpl.lambda$sendNetworkChangeBroadcastWithCurrentState$14:2985 com.android.server.wifi.ClientModeImpl.$r8$lambda$q-j88Pjw4gROgoJFr8wBlBVbuJI:0 com.android.server.wifi.ClientModeImpl$$ExternalSyntheticLambda4.send:0 
02-27 02:19:22.496  wifi  1096  1096 D WifiHAL : Getting APF capabilities, halHandle = 0xb400006f04392e90
02-27 02:19:22.496  wifi  1096  1096 I WifiHAL : createRequest: APF get capabilities request
02-27 02:19:22.498  wifi  1096  1096 D WifiHAL : In SetAPFCommand::handleResponse
02-27 02:19:22.498  wifi  1096  1096 D WifiHAL : Id = 0, subcmd = 0, len = 16
02-27 02:19:22.498  wifi  1096  1096 D WifiHAL : Response received for get packet filter capabilities command
02-27 02:19:22.498  wifi  1096  1096 I WifiHAL : APF version is 4
02-27 02:19:22.498  wifi  1096  1096 I WifiHAL : APF max len is 4096
02-27 02:19:22.499  wifi  1096  1096 I WifiHAL : Done!
02-27 02:19:22.499  wifi  1096  1096 D WifiHAL : Getting APF capability, version = 4, max_len = 4096
02-27 02:19:22.516  1000  1855  2282 D WifiStaIfaceHidlImpl: setDtimMultiplier is not implemented by HIDL
02-27 02:19:22.517  1000  1855  2282 D WifiStaIfaceHidlImpl: setDtimMultiplier is not implemented by HIDL
02-27 02:19:22.520  root  1012  1046 E Netd    : no such netId 104
02-27 02:19:22.522  1000  1855  2290 E ConnectivityService: Exception in networkRemoveRouteParcel: android.os.ServiceSpecificException: Machine is not on the network (code 64)
02-27 02:19:22.522  1000  1855  2290 D ConnectivityService: Setting DNS servers for network 104 to [/202.81.252.1, /192.168.50.1]
02-27 02:19:22.524  wifi  1096  1096 D WifiHAL : Setting APF program, halHandle = 0xb400006f04392e90
02-27 02:19:22.525  root  1012  1046 E Netd    : no such netId 104
02-27 02:19:22.525  wifi  1096  1096 I WifiHAL : createRequest: APF set program request
02-27 02:19:22.525  1000  1855  2282 E WifiStaIfaceHidlImpl: installApfPacketFilter failed with status: {.code = ERROR_INVALID_ARGS, .description = }
02-27 02:19:22.526  1000  1855  2290 E ConnectivityService: Exception in networkRemoveRouteParcel: android.os.ServiceSpecificException: Machine is not on the network (code 64)
02-27 02:19:22.526  wifi  1096  1096 D WifiHAL : Setting APF program, halHandle = 0xb400006f04392e90
02-27 02:19:22.526  wifi  1096  1096 I WifiHAL : createRequest: APF set program request
02-27 02:19:22.528  root  1012  1046 E Netd    : no such netId 104
02-27 02:19:22.529  1000  1855  2290 E ConnectivityService: Exception in networkRemoveRouteParcel: android.os.ServiceSpecificException: Machine is not on the network (code 64)
02-27 02:19:22.529  root  1012  1044 E Netd    : no such netId 104
02-27 02:19:22.532  1073  2510  6797 D ApfFilter: (wlan0): begin monitoring
02-27 02:19:22.533  1000  1855  2290 E ConnectivityService: Exception in networkRemoveRouteParcel: android.os.ServiceSpecificException: Machine is not on the network (code 64)
02-27 02:19:22.534  1073  2510  6796 D IpClient/wlan0: routeUpdated: fe80::/64 -> :: wlan0 mtu 0
02-27 02:19:22.534  root  1012  1044 E Netd    : no such netId 104
02-27 02:19:22.534  1073  2510  6796 D IpClient/wlan0: addressUpdated: fe80::133b:5bb4:f366:75bd/64 on ifindex 16 flags 0x000008C4 scope 253
02-27 02:19:22.534  wifi  1096  1096 I WifiHAL : Done!
02-27 02:19:22.534  1000  1855  2290 E ConnectivityService: Exception in networkRemoveRouteParcel: android.os.ServiceSpecificException: Machine is not on the network (code 64)
02-27 02:19:22.534  1000  1855  2290 D ConnectivityService: Setting DNS servers for network 104 to []
02-27 02:19:22.535  1073  2510  6796 D TrafficStats: tagSocket(93) with statsTag=0xfffffe01, statsUid=-1
02-27 02:19:22.537  1073  2510  6796 D IpClient.wlan0: set max DTIM multiplier to 1
02-27 02:19:22.539  1000  1855  2282 D WifiStaIfaceHidlImpl: setDtimMultiplier is not implemented by HIDL
02-27 02:19:22.540  root  1012  1044 E Netd    : no such netId 104
02-27 02:19:22.677  wifi  1096  1096 I auditd  : type=1400 audit(0.0:839): avc:  denied  { search } for  comm="wifi@1.0-servic" name="tombstones" dev="dm-50" ino=22 scontext=u:r:hal_wifi_default:s0 tcontext=u:object_r:vendor_tombstone_data_file:s0 tclass=dir permissive=0
02-27 02:19:22.677  wifi  1096  1096 W wifi@1.0-servic: type=1400 audit(0.0:839): avc:  denied  { search } for  name="tombstones" dev="dm-50" ino=22 scontext=u:r:hal_wifi_default:s0 tcontext=u:object_r:vendor_tombstone_data_file:s0 tclass=dir permissive=0
02-27 02:19:22.679  wifi  1096  1096 E android.hardware.wifi@1.0-service: Failed to open directory: Permission denied
02-27 02:19:22.679  wifi  1096  1096 E android.hardware.wifi@1.0-service: Error occurred while deleting old tombstone files
02-27 02:19:22.679  wifi  1096  1096 E android.hardware.wifi@1.0-service: Error writing files to flash
02-27 02:19:22.681  1000  1855  2283 E WifiChipHidlImpl: flushRingBufferToFile failed with status: {.code = ERROR_UNKNOWN, .description = }
02-27 02:19:22.681  1000  1855  2283 W WifiDiags: could not flush ringbuffer
02-27 02:19:22.709  1073  2510  6796 D DhcpClient: l2key: W376f27727d9ed04c lease address: /192.168.50.34 lease expiry: 1709086731784 current time: 1709000362709
02-27 02:19:22.712  1073  2510  6796 D DhcpClient: Broadcasting DHCPREQUEST ciaddr=0.0.0.0 request=192.168.50.34 serverid=null
02-27 02:19:23.290  1073  2510  6796 D IpClient/wlan0: addressUpdated: fe80::133b:5bb4:f366:75bd/64 on ifindex 16 flags 0x00000880 scope 253
02-27 02:19:23.802  1073  2510  6796 D DhcpClient: Broadcasting DHCPREQUEST ciaddr=0.0.0.0 request=192.168.50.34 serverid=null
02-27 02:19:25.928  1073  2510  6796 D DhcpClient: Broadcasting DHCPREQUEST ciaddr=0.0.0.0 request=192.168.50.34 serverid=null
02-27 02:19:26.744  1000  1855  3445 E BatteryStatsService: Invalid uid for waking network packet: -1
02-27 02:19:26.965 10085  6761  6779 E WifiConnector: Failed to open connection to check connectivity
02-27 02:19:26.967  1073  2510  6710 D NetworkMonitor/103: PROBE_HTTPS https://www.google.com/generate_204 Probe failed with exception java.net.UnknownHostException: Unable to resolve host "www.google.com": No address associated with hostname
02-27 02:19:26.969  1073  2510  6709 D NetworkMonitor/103: PROBE_FALLBACK http://www.google.com/gen_204 Probe failed with exception java.net.UnknownHostException: Unable to resolve host "www.google.com": No address associated with hostname
02-27 02:19:26.974  1073  2510  6709 D NetworkMonitor/103: isCaptivePortal: isSuccessful()=false isPortal()=false RedirectUrl=null isPartialConnectivity()=false Time=35083ms
02-27 02:19:26.980  1000  1855  3445 W WindowMagnificationMgr: requestConnection duplicated request: connect=false, mConnectionState=DISCONNECTED
02-27 02:19:26.980  1000  1855  3445 D AccessibilityManagerService: restoreCurrentUserForTestAutomationIfNeededLocked(): ignoring because device doesn't support visible background users
02-27 02:19:26.989  1000  1855  3445 I ActivityManager: Force stopping com.android.tradefed.utils.wifi appid=10085 user=0: finished inst
02-27 02:19:26.991  1000  1855  3445 E ActivityManager: Unable to freeze binder for 6761: -11
02-27 02:19:26.993 shell  6745  6745 I app_process: System.exit called, status: 0
02-27 02:19:26.993  1000  1855  3445 I am_uid_stopped: 10085
02-27 02:19:26.993 shell  6745  6745 I AndroidRuntime: VM exiting with result code 0.
02-27 02:19:26.993  1000  1855  3445 I ActivityManager: Killing 6761:com.android.tradefed.utils.wifi/u0a85 (adj 0): stop com.android.tradefed.utils.wifi due to finished inst
02-27 02:19:26.993  1000  1855  3445 I am_kill : [0,6761,com.android.tradefed.utils.wifi,0,stop com.android.tradefed.utils.wifi due to finished inst]
02-27 02:19:26.996  1000  1855  1917 D DisplayManagerService: Drop pending events for gone uid 10085
02-27 02:19:27.004  1000  1855  1855 D BatterySaverPolicy: accessibility changed to false, updating policy.
02-27 02:19:27.018  1000  1855  1968 V ActivityManager: Got obituary of 6761:com.android.tradefed.utils.wifi
02-27 02:19:27.018  root  1013  1013 I Zygote  : Process 6761 exited due to signal 9 (Killed)
02-27 02:19:27.194  1000  1855  1990 I commit_sys_config_file: [settings-2-0,13]
02-27 02:19:27.466  1000  1855  2290 D ConnectivityService: [103 WIFI] disconnected, was satisfying 26
02-27 02:19:27.467  1000  1855  2282 D WifiNetworkAgent: NetworkAgent: NetworkAgent channel lost
02-27 02:19:27.488  1000  1855  2290 I netstats_mobile_sample: [0,0,0,0,0,0,0,0,1709000367490]
02-27 02:19:27.490  1000  1855  2290 I netstats_wifi_sample: [48349,19322,244,230,12416,19322,65,230,1709000367490]
02-27 02:19:27.496  1073  2510  2549 D UpstreamNetworkMonitor: Lost default Internet network: 103
02-27 02:19:27.499 10045  2565  2938 D QCNEJ/DefaultNetworkInfoRelay: Default network lost: 103
02-27 02:19:27.500 10045  2565  2938 D QCNEJ/WlanStaInfoRelay: network lost: 103
02-27 02:19:27.500 10045  2565  2938 D QCNEJ/WlanStaInfoRelay: onLost: unbind the process to WIFI
02-27 02:19:27.500 10045  2565  2938 D QCNEJ/WlanStaInfoRelay: reset CountryCodeRetriever
02-27 02:19:27.508  1000  1855  2290 E ConnectivityService: Unexpected ServiceSpecificException
02-27 02:19:27.508  1000  1855  2290 E ConnectivityService: android.os.ServiceSpecificException: Machine is not on the network (code 64)
02-27 02:19:27.508  1000  1855  2290 E ConnectivityService: 	at android.os.Parcel.createExceptionOrNull(Parcel.java:3071)
02-27 02:19:27.508  1000  1855  2290 E ConnectivityService: 	at android.os.Parcel.createException(Parcel.java:3041)
02-27 02:19:27.508  1000  1855  2290 E ConnectivityService: 	at android.os.Parcel.readException(Parcel.java:3024)
02-27 02:19:27.508  1000  1855  2290 E ConnectivityService: 	at android.os.Parcel.readException(Parcel.java:2966)
02-27 02:19:27.508  1000  1855  2290 E ConnectivityService: 	at android.net.connectivity.android.net.INetd$Stub$Proxy.setNetworkAllowlist(INetd.java:3754)
02-27 02:19:27.508  1000  1855  2290 E ConnectivityService: 	at android.net.connectivity.com.android.server.ConnectivityService.updateProfileAllowedNetworks(ConnectivityService.java:9229)
02-27 02:19:27.508  1000  1855  2290 E ConnectivityService: 	at android.net.connectivity.com.android.server.ConnectivityService.disconnectAndDestroyNetwork(ConnectivityService.java:4655)
02-27 02:19:27.508  1000  1855  2290 E ConnectivityService: 	at android.net.connectivity.com.android.server.ConnectivityService.handleNetworkAgentDisconnected(ConnectivityService.java:4602)
02-27 02:19:27.508  1000  1855  2290 E ConnectivityService: 	at android.net.connectivity.com.android.server.ConnectivityService.-$$Nest$mhandleNetworkAgentDisconnected(ConnectivityService.java:0)
02-27 02:19:27.508  1000  1855  2290 E ConnectivityService: 	at android.net.connectivity.com.android.server.ConnectivityService$NetworkStateTrackerHandler.maybeHandleNetworkAgentInfoMessage(ConnectivityService.java:4231)
02-27 02:19:27.508  1000  1855  2290 E ConnectivityService: 	at android.net.connectivity.com.android.server.ConnectivityService$NetworkStateTrackerHandler.handleMessage(ConnectivityService.java:4241)
02-27 02:19:27.508  1000  1855  2290 E ConnectivityService: 	at android.os.Handler.dispatchMessage(Handler.java:106)
02-27 02:19:27.508  1000  1855  2290 E ConnectivityService: 	at android.os.Looper.loopOnce(Looper.java:205)
02-27 02:19:27.508  1000  1855  2290 E ConnectivityService: 	at android.os.Looper.loop(Looper.java:294)
02-27 02:19:27.508  1000  1855  2290 E ConnectivityService: 	at android.os.HandlerThread.run(HandlerThread.java:67)
02-27 02:19:27.510  1000  1855  1926 I am_wtf  : [0,1855,system_server,-1,ConnectivityService,Machine is not on the network]
02-27 02:19:27.518  1000  1855  2290 D ConnectivityService: Sending DISCONNECTED broadcast for type 1 [103 WIFI] isDefaultNetwork=true
02-27 02:19:27.519  1000  1855  2290 W ContextImpl: Calling a method in the system process without a qualified user: android.app.ContextImpl.sendStickyBroadcast:1626 android.net.connectivity.com.android.server.ConnectivityService.sendStickyBroadcast:3278 android.net.connectivity.com.android.server.ConnectivityService.sendLegacyNetworkBroadcast:10154 android.net.connectivity.com.android.server.ConnectivityService$LegacyTypeTracker.remove:1165 android.net.connectivity.com.android.server.ConnectivityService$LegacyTypeTracker.remove:1182 
02-27 02:19:27.521  1000  1855  2290 D ConnectivityService: NetReassign [no changes] [c 1] [a 0] [i 1]
02-27 02:19:27.718  1073  2510  6796 D DhcpClient: Broadcasting DHCPDISCOVER
02-27 02:19:28.735  1073  2510  6796 D DhcpClient: Broadcasting DHCPDISCOVER
02-27 02:19:30.863  1073  2510  6796 D DhcpClient: Broadcasting DHCPDISCOVER
02-27 02:19:34.130 shell  6885  6885 D AndroidRuntime: >>>>>> START com.android.internal.os.RuntimeInit uid 2000 <<<<<<
02-27 02:19:34.135 shell  6885  6885 I AndroidRuntime: Using default boot image
02-27 02:19:34.135 shell  6885  6885 I AndroidRuntime: Leaving lock profiling enabled
02-27 02:19:34.139 shell  6885  6885 I app_process: Using CollectorTypeCC GC.
02-27 02:19:34.234 shell  6885  6885 D nativeloader: InitDefaultPublicLibraries for_preload=1: libandroid.so:libaaudio.so:libamidi.so:libbinder_ndk.so:libc.so:libcamera2ndk.so:libdl.so:libEGL.so:libGLESv1_CM.so:libGLESv2.so:libGLESv3.so:libicu.so:libicui18n.so:libicuuc.so:libjnigraphics.so:liblog.so:libmediandk.so:libm.so:libnativehelper.so:libnativewindow.so:libOpenMAXAL.so:libOpenSLES.so:libRS.so:libstdc++.so:libsync.so:libvulkan.so:libwebviewchromium_plat_support.so:libz.so
02-27 02:19:34.247 shell  6885  6885 D app_process: Time zone APEX ICU file found: /apex/com.android.tzdata/etc/icu/icu_tzdata.dat
02-27 02:19:34.247 shell  6885  6885 D app_process: I18n APEX ICU file found: /apex/com.android.i18n/etc/icu/icudt72l.dat
02-27 02:19:34.261  1000  1855  1990 I commit_sys_config_file: [settings-0-0,10]
02-27 02:19:34.281 shell  6885  6885 W libc    : Access denied finding property "ro.product.name_for_attestation"
02-27 02:19:34.281 shell  6885  6885 W libc    : Access denied finding property "ro.product.device_for_attestation"
02-27 02:19:34.281 shell  6885  6885 W libc    : Access denied finding property "ro.product.manufacturer_for_attestation"
02-27 02:19:34.281 shell  6885  6885 W libc    : Access denied finding property "ro.product.brand_for_attestation"
02-27 02:19:34.281 shell  6885  6885 W libc    : Access denied finding property "ro.product.model_for_attestation"
02-27 02:19:34.277 shell  6885  6885 I auditd  : type=1400 audit(0.0:840): avc:  denied  { read } for  comm="main" name="u:object_r:build_attestation_prop:s0" dev="tmpfs" ino=113 scontext=u:r:shell:s0 tcontext=u:object_r:build_attestation_prop:s0 tclass=file permissive=0
02-27 02:19:34.277 shell  6885  6885 W main    : type=1400 audit(0.0:840): avc:  denied  { read } for  name="u:object_r:build_attestation_prop:s0" dev="tmpfs" ino=113 scontext=u:r:shell:s0 tcontext=u:object_r:build_attestation_prop:s0 tclass=file permissive=0
02-27 02:19:34.277 shell  6885  6885 I auditd  : type=1400 audit(0.0:841): avc:  denied  { read } for  comm="main" name="u:object_r:build_attestation_prop:s0" dev="tmpfs" ino=113 scontext=u:r:shell:s0 tcontext=u:object_r:build_attestation_prop:s0 tclass=file permissive=0
02-27 02:19:34.277 shell  6885  6885 W main    : type=1400 audit(0.0:841): avc:  denied  { read } for  name="u:object_r:build_attestation_prop:s0" dev="tmpfs" ino=113 scontext=u:r:shell:s0 tcontext=u:object_r:build_attestation_prop:s0 tclass=file permissive=0
02-27 02:19:34.277 shell  6885  6885 I auditd  : type=1400 audit(0.0:842): avc:  denied  { read } for  comm="main" name="u:object_r:build_attestation_prop:s0" dev="tmpfs" ino=113 scontext=u:r:shell:s0 tcontext=u:object_r:build_attestation_prop:s0 tclass=file permissive=0
02-27 02:19:34.277 shell  6885  6885 W main    : type=1400 audit(0.0:842): avc:  denied  { read } for  name="u:object_r:build_attestation_prop:s0" dev="tmpfs" ino=113 scontext=u:r:shell:s0 tcontext=u:object_r:build_attestation_prop:s0 tclass=file permissive=0
02-27 02:19:34.277 shell  6885  6885 I auditd  : type=1400 audit(0.0:843): avc:  denied  { read } for  comm="main" name="u:object_r:build_attestation_prop:s0" dev="tmpfs" ino=113 scontext=u:r:shell:s0 tcontext=u:object_r:build_attestation_prop:s0 tclass=file permissive=0
02-27 02:19:34.277 shell  6885  6885 W main    : type=1400 audit(0.0:843): avc:  denied  { read } for  name="u:object_r:build_attestation_prop:s0" dev="tmpfs" ino=113 scontext=u:r:shell:s0 tcontext=u:object_r:build_attestation_prop:s0 tclass=file permissive=0
02-27 02:19:34.277 shell  6885  6885 I auditd  : type=1400 audit(0.0:844): avc:  denied  { read } for  comm="main" name="u:object_r:build_attestation_prop:s0" dev="tmpfs" ino=113 scontext=u:r:shell:s0 tcontext=u:object_r:build_attestation_prop:s0 tclass=file permissive=0
02-27 02:19:34.277 shell  6885  6885 W main    : type=1400 audit(0.0:844): avc:  denied  { read } for  name="u:object_r:build_attestation_prop:s0" dev="tmpfs" ino=113 scontext=u:r:shell:s0 tcontext=u:object_r:build_attestation_prop:s0 tclass=file permissive=0
02-27 02:19:34.283 shell  6885  6885 D AndroidRuntime: Calling main entry com.android.commands.locksettings.LockSettingsCmd
02-27 02:19:34.288  1000  1855  3445 I LockSettingsService: Executing shell command 'get-disabled'; callingPid=6885, callingUid=2000
02-27 02:19:34.290 shell  6885  6885 D AndroidRuntime: Shutting down VM
02-27 02:19:34.636  1073  2510  6796 D DhcpClient: Broadcasting DHCPDISCOVER
02-27 02:19:35.715 10063  3140  3387 W MediaProvider: isAppCloneUserPair for user 0: false
02-27 02:19:35.920 10063  3140  3385 I MediaProvider: Deleted 1 0 0 0 0 0 0 items on external_primary due to com.android.shell
02-27 02:19:36.183 shell  6980  6980 D AndroidRuntime: >>>>>> START com.android.internal.os.RuntimeInit uid 2000 <<<<<<
02-27 02:19:36.188 shell  6980  6980 I AndroidRuntime: Using default boot image
02-27 02:19:36.188 shell  6980  6980 I AndroidRuntime: Leaving lock profiling enabled
02-27 02:19:36.192 shell  6980  6980 I app_process: Using CollectorTypeCC GC.
02-27 02:19:36.287 shell  6980  6980 D nativeloader: InitDefaultPublicLibraries for_preload=1: libandroid.so:libaaudio.so:libamidi.so:libbinder_ndk.so:libc.so:libcamera2ndk.so:libdl.so:libEGL.so:libGLESv1_CM.so:libGLESv2.so:libGLESv3.so:libicu.so:libicui18n.so:libicuuc.so:libjnigraphics.so:liblog.so:libmediandk.so:libm.so:libnativehelper.so:libnativewindow.so:libOpenMAXAL.so:libOpenSLES.so:libRS.so:libstdc++.so:libsync.so:libvulkan.so:libwebviewchromium_plat_support.so:libz.so
02-27 02:19:36.301 shell  6980  6980 D app_process: Time zone APEX ICU file found: /apex/com.android.tzdata/etc/icu/icu_tzdata.dat
02-27 02:19:36.301 shell  6980  6980 D app_process: I18n APEX ICU file found: /apex/com.android.i18n/etc/icu/icudt72l.dat
02-27 02:19:36.334 shell  6980  6980 W libc    : Access denied finding property "ro.product.name_for_attestation"
02-27 02:19:36.334 shell  6980  6980 W libc    : Access denied finding property "ro.product.device_for_attestation"
02-27 02:19:36.334 shell  6980  6980 W libc    : Access denied finding property "ro.product.manufacturer_for_attestation"
02-27 02:19:36.329 shell  6980  6980 I auditd  : type=1400 audit(0.0:845): avc:  denied  { read } for  comm="main" name="u:object_r:build_attestation_prop:s0" dev="tmpfs" ino=113 scontext=u:r:shell:s0 tcontext=u:object_r:build_attestation_prop:s0 tclass=file permissive=0
02-27 02:19:36.334 shell  6980  6980 W libc    : Access denied finding property "ro.product.brand_for_attestation"
02-27 02:19:36.329 shell  6980  6980 W main    : type=1400 audit(0.0:845): avc:  denied  { read } for  name="u:object_r:build_attestation_prop:s0" dev="tmpfs" ino=113 scontext=u:r:shell:s0 tcontext=u:object_r:build_attestation_prop:s0 tclass=file permissive=0
02-27 02:19:36.334 shell  6980  6980 W libc    : Access denied finding property "ro.product.model_for_attestation"
02-27 02:19:36.329 shell  6980  6980 I auditd  : type=1400 audit(0.0:846): avc:  denied  { read } for  comm="main" name="u:object_r:build_attestation_prop:s0" dev="tmpfs" ino=113 scontext=u:r:shell:s0 tcontext=u:object_r:build_attestation_prop:s0 tclass=file permissive=0
02-27 02:19:36.329 shell  6980  6980 W main    : type=1400 audit(0.0:846): avc:  denied  { read } for  name="u:object_r:build_attestation_prop:s0" dev="tmpfs" ino=113 scontext=u:r:shell:s0 tcontext=u:object_r:build_attestation_prop:s0 tclass=file permissive=0
02-27 02:19:36.329 shell  6980  6980 I auditd  : type=1400 audit(0.0:847): avc:  denied  { read } for  comm="main" name="u:object_r:build_attestation_prop:s0" dev="tmpfs" ino=113 scontext=u:r:shell:s0 tcontext=u:object_r:build_attestation_prop:s0 tclass=file permissive=0
02-27 02:19:36.329 shell  6980  6980 W main    : type=1400 audit(0.0:847): avc:  denied  { read } for  name="u:object_r:build_attestation_prop:s0" dev="tmpfs" ino=113 scontext=u:r:shell:s0 tcontext=u:object_r:build_attestation_prop:s0 tclass=file permissive=0
02-27 02:19:36.329 shell  6980  6980 I auditd  : type=1400 audit(0.0:848): avc:  denied  { read } for  comm="main" name="u:object_r:build_attestation_prop:s0" dev="tmpfs" ino=113 scontext=u:r:shell:s0 tcontext=u:object_r:build_attestation_prop:s0 tclass=file permissive=0
02-27 02:19:36.329 shell  6980  6980 W main    : type=1400 audit(0.0:848): avc:  denied  { read } for  name="u:object_r:build_attestation_prop:s0" dev="tmpfs" ino=113 scontext=u:r:shell:s0 tcontext=u:object_r:build_attestation_prop:s0 tclass=file permissive=0
02-27 02:19:36.329 shell  6980  6980 I auditd  : type=1400 audit(0.0:849): avc:  denied  { read } for  comm="main" name="u:object_r:build_attestation_prop:s0" dev="tmpfs" ino=113 scontext=u:r:shell:s0 tcontext=u:object_r:build_attestation_prop:s0 tclass=file permissive=0
02-27 02:19:36.329 shell  6980  6980 W main    : type=1400 audit(0.0:849): avc:  denied  { read } for  name="u:object_r:build_attestation_prop:s0" dev="tmpfs" ino=113 scontext=u:r:shell:s0 tcontext=u:object_r:build_attestation_prop:s0 tclass=file permissive=0
02-27 02:19:36.336 shell  6980  6980 D AndroidRuntime: Calling main entry com.android.commands.am.Am
02-27 02:19:36.347 shell  6980  6980 D UiAutomationConnection: Created on user UserHandle{0}
02-27 02:19:36.348  1000  1855  3445 I ActivityManager: Force stopping com.android.tradefed.utils.wifi appid=10085 user=0: start instr
02-27 02:19:36.350  1000  1855  3445 I am_uid_running: 10085
02-27 02:19:36.351  1000  1855  3445 D CompatibilityChangeReporter: Compat change id reported: 135634846; UID 10085; state: DISABLED
02-27 02:19:36.351  1000  1855  3445 D CompatibilityChangeReporter: Compat change id reported: 177438394; UID 10085; state: DISABLED
02-27 02:19:36.351  1000  1855  3445 D CompatibilityChangeReporter: Compat change id reported: 135772972; UID 10085; state: DISABLED
02-27 02:19:36.351  1000  1855  3445 D CompatibilityChangeReporter: Compat change id reported: 135754954; UID 10085; state: ENABLED
02-27 02:19:36.352  1000  1855  1927 D CompatibilityChangeReporter: Compat change id reported: 143937733; UID 10085; state: ENABLED
02-27 02:19:36.367  root  1013  1013 D Zygote  : Forked child process 6994
02-27 02:19:36.369  1000  1855  1927 I am_proc_start: [0,6994,10085,com.android.tradefed.utils.wifi,added application,com.android.tradefed.utils.wifi]
02-27 02:19:36.369  1000  1855  1927 I ActivityManager: Start proc 6994:com.android.tradefed.utils.wifi/u0a85 for added application com.android.tradefed.utils.wifi
02-27 02:19:36.370  1000  1855  1925 I am_pss  : [2659,10054,com.android.launcher3,103921664,89649152,0,247320576,0,2,14]
02-27 02:19:36.386 10085  6994  6994 I efed.utils.wifi: Using CollectorTypeCC GC.
02-27 02:19:36.395 10085  6994  6994 E efed.utils.wifi: Not starting debugger since process cannot load the jdwp agent.
02-27 02:19:36.405  1000  1855  3445 I am_proc_bound: [0,6994,com.android.tradefed.utils.wifi]
02-27 02:19:36.407  1000  1855  3445 I am_uid_active: 10085
02-27 02:19:36.412 10085  6994  6994 D CompatibilityChangeReporter: Compat change id reported: 171979766; UID 10085; state: ENABLED
02-27 02:19:36.413 10085  6994  6994 D CompatibilityChangeReporter: Compat change id reported: 242716250; UID 10085; state: DISABLED
02-27 02:19:36.417 10085  6994  6994 D ApplicationLoaders: Returning zygote-cached class loader: /system/framework/android.test.base.jar
02-27 02:19:36.420 10085  6994  6994 D nativeloader: Configuring clns-6 for other apk /system/framework/android.test.mock.jar. target_sdk_version=31, uses_libraries=ALL, library_path=/data/app/~~HzXju5W_q5ZzpxH6Q8m7MA==/com.android.tradefed.utils.wifi-1Uhnb0vRv8xaSP2I45AYcQ==/lib/arm64, permitted_path=/data:/mnt/expand:/data/user/0/com.android.tradefed.utils.wifi
02-27 02:19:36.421 10085  6994  6994 D ApplicationLoaders: Returning zygote-cached class loader: /system/framework/android.test.base.jar
02-27 02:19:36.423 10085  6994  6994 D nativeloader: Configuring clns-7 for other apk /system/framework/android.test.runner.jar. target_sdk_version=31, uses_libraries=ALL, library_path=/data/app/~~HzXju5W_q5ZzpxH6Q8m7MA==/com.android.tradefed.utils.wifi-1Uhnb0vRv8xaSP2I45AYcQ==/lib/arm64, permitted_path=/data:/mnt/expand:/data/user/0/com.android.tradefed.utils.wifi
02-27 02:19:36.427 10085  6994  6994 D nativeloader: Configuring clns-8 for other apk /data/app/~~HzXju5W_q5ZzpxH6Q8m7MA==/com.android.tradefed.utils.wifi-1Uhnb0vRv8xaSP2I45AYcQ==/base.apk. target_sdk_version=31, uses_libraries=, library_path=/data/app/~~HzXju5W_q5ZzpxH6Q8m7MA==/com.android.tradefed.utils.wifi-1Uhnb0vRv8xaSP2I45AYcQ==/lib/arm64, permitted_path=/data:/mnt/expand:/data/user/0/com.android.tradefed.utils.wifi
02-27 02:19:36.434 10085  6994  6994 V GraphicsEnvironment: Currently set values for:
02-27 02:19:36.435 10085  6994  6994 V GraphicsEnvironment:   angle_gl_driver_selection_pkgs=[]
02-27 02:19:36.435 10085  6994  6994 V GraphicsEnvironment:   angle_gl_driver_selection_values=[]
02-27 02:19:36.435 10085  6994  6994 V GraphicsEnvironment: ANGLE GameManagerService for com.android.tradefed.utils.wifi: false
02-27 02:19:36.435 10085  6994  6994 V GraphicsEnvironment: com.android.tradefed.utils.wifi is not listed in per-application setting
02-27 02:19:36.435 10085  6994  6994 V GraphicsEnvironment: Neither updatable production driver nor prerelease driver is supported.
02-27 02:19:36.439 10085  6994  6994 I UiAutomation: Initialized for user 0 on display 0
02-27 02:19:36.444  1000  1855  3445 D AccessibilityManagerService: changeCurrentUserForTestAutomationIfNeededLocked(0): ignoring because device doesn't support visible background users
02-27 02:19:36.445  1000  1855  3445 I UiAutomationManager: Registering UiTestAutomationService (id=com.android.server.accessibility/UiAutomation) when called by user 0
02-27 02:19:36.451  1000  1855  3445 W WindowMagnificationMgr: requestConnection duplicated request: connect=false, mConnectionState=DISCONNECTED
02-27 02:19:36.464  1000  1855  3445 I ActivityManager: Flag disabled. Ignoring finishAttachApplication from uid: 10085. pid: 6994
02-27 02:19:36.467  1000  1855  1855 D BatterySaverPolicy: accessibility changed to true, updating policy.
