02-27 02:18:07.067  1000  1855  1991 D ActivityManager: freezing 3670 com.android.rkpdapp
02-27 02:18:07.068  1000  1855  1991 I am_freeze: [3670,com.android.rkpdapp]
02-27 02:18:07.336 10063  3140  3387 W MediaProvider: isAppCloneUserPair for user 0: false
02-27 02:18:07.532 10063  3140  3385 I MediaProvider: Deleted 1 0 0 0 0 0 0 items on external_primary due to com.android.shell
02-27 02:18:08.300  1000  1855  2507 D WifiNl80211Manager: Scan result ready event
02-27 02:18:08.300  1000  1855  2507 D WifiNative: Scan result ready event
02-27 02:18:08.317  1000  1855  2286 D WificondScannerImpl: Filtering out 3 scan results.
02-27 02:18:08.377  1000  1855  2282 D WifiScoreReport: setShouldReduceNetworkScore=false mNetworkAgent is null? true
02-27 02:18:08.378  1000  1855  2282 D WifiClientModeImpl[892546:wlan0]: CMD_START_CONNECT  my state DisconnectedState nid=0 roam=false
02-27 02:18:08.378  wifi  1096  1096 I WifiHAL : wifi_configure_roaming: num_blacklist_bssid == 0 (flush)
02-27 02:18:08.380  wifi  1096  1096 I WifiHAL : Successfully added 0 blacklist bssids
02-27 02:18:08.382  1000  1855  2282 W LastMileLogger: Failed to open free_buffer pseudo-file: /sys/kernel/debug/tracing/instances/wifi/free_buffer: open failed: ENOENT (No such file or directory)
02-27 02:18:08.382  1000  1855  2282 W LastMileLogger: Failed to arm fail-safe.
02-27 02:18:08.383  wifi  1461  1461 W wificond: Scan is not started. Ignore abort request
02-27 02:18:08.384  1000  1855  2282 D SupplicantStaIfaceHalAidlImpl: connectToNetwork "CMCC"WPA_PSK, actualSsid=null
02-27 02:18:08.384  1000  1855  2282 D SupplicantStaIfaceHalAidlImpl: Network is already saved, will not trigger remove and add.
02-27 02:18:08.387  1000  1855  2282 D WifiCountryCode: evaluateAllCmmStateAndApplyIfAllReady: {ConcreteClientModeManager{id=890927 iface=wlan0 role=ROLE_CLIENT_PRIMARY}=false}
02-27 02:18:08.387  wifi  4160  4160 I wpa_supplicant: wlan0: Trying to associate with SSID 'CMCC'
02-27 02:18:08.387  1000  1855  2282 D WifiClientModeImpl[892546:wlan0]: Start Connecting Watchdog 3
02-27 02:18:08.390  1000  1855  2282 W ContextImpl: Calling a method in the system process without a qualified user: android.app.ContextImpl.sendStickyBroadcast:1626 com.android.server.wifi.ClientModeImpl.sendNetworkChangeBroadcast:3008 com.android.server.wifi.ClientModeImpl.lambda$sendNetworkChangeBroadcastWithCurrentState$14:2985 com.android.server.wifi.ClientModeImpl.$r8$lambda$q-j88Pjw4gROgoJFr8wBlBVbuJI:0 com.android.server.wifi.ClientModeImpl$$ExternalSyntheticLambda4.send:0 
02-27 02:18:08.392  1000  1855  2282 I WifiClientModeImpl[892546:wlan0]: Update current security type to 2
02-27 02:18:08.407  1000  1500  1500 I cnss-daemon: nl80211 response handler invoked
02-27 02:18:08.407  1000  1500  1500 I cnss-daemon: nl80211_response_handler: cmd 103, vendorID 4120, subcmd 1  received
02-27 02:18:08.413  wifi  4160  4160 I wpa_supplicant: [DHD]<  978.880046> wl_cfgvendor_send_supp_eventstring: [wlan0] Connecting with ff:ff:ff:ff:ff:ff ssid "CMCC",chan_cnt:1
02-27 02:18:08.569  1000  1500  1500 I cnss-daemon: nl80211 response handler invoked
02-27 02:18:08.569  1000  1500  1500 I cnss-daemon: nl80211_response_handler: cmd 103, vendorID 4120, subcmd 1  received
02-27 02:18:08.569  1000  1500  1500 I cnss-daemon: nl80211 response handler invoked
02-27 02:18:08.569  1000  1500  1500 I cnss-daemon: nl80211_response_handler: cmd 103, vendorID 4120, subcmd 1  received
02-27 02:18:08.571  wifi  4160  4160 I wpa_supplicant: [DHD]<  979.041283> wl_cfgvendor_send_supp_eventstring: [wlan0] Mode:0 event:87 status:0x0 reason:0
02-27 02:18:08.573  wifi  4160  4160 I wpa_supplicant: [DHD]<  979.041714> wl_cfgvendor_send_supp_eventstring: [wlan0] Mode:0 event:3 status:0x0 reason:0
02-27 02:18:08.579  1000  1500  1500 I cnss-daemon: nl80211 response handler invoked
02-27 02:18:08.580  1000  1500  1500 I cnss-daemon: nl80211_response_handler: cmd 103, vendorID 4120, subcmd 1  received
02-27 02:18:08.580  1000  1500  1500 I cnss-daemon: nl80211 response handler invoked
02-27 02:18:08.580  1000  1500  1500 I cnss-daemon: nl80211_response_handler: cmd 103, vendorID 4120, subcmd 1  received
02-27 02:18:08.581  wifi  4160  4160 I wpa_supplicant: [DHD]<  979.051847> wl_cfgvendor_send_supp_eventstring: [wlan0] Mode:0 event:88 status:0x0 reason:0
02-27 02:18:08.586  wifi  4160  4160 I wpa_supplicant: [DHD]<  979.052400> wl_cfgvendor_send_supp_eventstring: [wlan0] Mode:0 event:16 status:0x0 reason:0
02-27 02:18:08.591  wifi  4160  4160 I wpa_supplicant: nl80211: key_mgmt_set_key with key_len 32
02-27 02:18:08.598  wifi  4160  4160 I wpa_supplicant: wlan0: Associated with 04:42:1a:4e:c4:30
02-27 02:18:08.598  wifi  4160  4160 I wpa_supplicant: wlan0: CTRL-EVENT-SUBNET-STATUS-UPDATE status=0
02-27 02:18:08.600  1000  1855  2282 I WifiClientModeImpl[892546:wlan0]: Update current security type to 2
02-27 02:18:08.607  1000  1500  1500 I cnss-daemon: nl80211 response handler invoked
02-27 02:18:08.607  1000  1500  1500 I cnss-daemon: nl80211_response_handler: cmd 103, vendorID 4120, subcmd 1  received
02-27 02:18:08.607  wifi  4160  4160 I wpa_supplicant: [DHD]<  979.078822> wl_cfgvendor_send_supp_eventstring: [wlan0] Mode:0 event:7 status:0x0 reason:0
02-27 02:18:08.620  1000  1500  1500 I cnss-daemon: nl80211 response handler invoked
02-27 02:18:08.621  1000  1500  1500 I cnss-daemon: nl80211_response_handler: cmd 103, vendorID 4120, subcmd 1  received
02-27 02:18:08.621  1000  1500  1500 I cnss-daemon: nl80211 response handler invoked
02-27 02:18:08.621  1000  1500  1500 I cnss-daemon: nl80211_response_handler: cmd 103, vendorID 4120, subcmd 1  received
02-27 02:18:08.622  wifi  4160  4160 I wpa_supplicant: [DHD]<  979.092852> wl_cfgvendor_send_supp_eventstring: [wlan0] Mode:0 event:1 status:0x0 reason:0
02-27 02:18:08.625  wifi  4160  4160 I wpa_supplicant: [DHD]<  979.093305> wl_cfgvendor_send_supp_eventstring: [wlan0] Mode:0 event:0 status:0x0 reason:0
02-27 02:18:09.589  wifi  4160  4160 I wpa_supplicant: wlan0: WPA: RX message 1 of 4-Way Handshake from 04:42:1a:4e:c4:30 (ver=2)
02-27 02:18:09.590  wifi  4160  4160 I wpa_supplicant: wlan0: WPA: Sending EAPOL-Key 2/4
02-27 02:18:09.595  1000  1855  2282 W ContextImpl: Calling a method in the system process without a qualified user: android.app.ContextImpl.sendStickyBroadcast:1626 com.android.server.wifi.ClientModeImpl.sendNetworkChangeBroadcast:3008 com.android.server.wifi.ClientModeImpl.lambda$sendNetworkChangeBroadcastWithCurrentState$14:2985 com.android.server.wifi.ClientModeImpl.$r8$lambda$q-j88Pjw4gROgoJFr8wBlBVbuJI:0 com.android.server.wifi.ClientModeImpl$$ExternalSyntheticLambda4.send:0 
02-27 02:18:09.597  1000  1855  2282 I WifiClientModeImpl[892546:wlan0]: Update current security type to 2
02-27 02:18:09.598  wifi  4160  4160 I wpa_supplicant: wlan0: RSN: RX message 3 of 4-Way Handshake from 04:42:1a:4e:c4:30 (ver=2)
02-27 02:18:09.599  wifi  4160  4160 I wpa_supplicant: wlan0: WPA: Sending EAPOL-Key 4/4
02-27 02:18:09.609  1000  1855  2282 I WifiClientModeImpl[892546:wlan0]: Update current security type to 2
02-27 02:18:09.610  wifi  4160  4160 I wpa_supplicant: wlan0: WPA: Key negotiation completed with 04:42:1a:4e:c4:30 [PTK=CCMP GTK=CCMP]
02-27 02:18:09.611  wifi  4160  4160 I wpa_supplicant: wlan0: CTRL-EVENT-CONNECTED - Connection to 04:42:1a:4e:c4:30 completed [id=0 id_str=%7B%22configKey%22%3A%22%5C%22CMCC%5C%22WPA_PSK%22%2C%22creatorUid%22%3A%221000%22%7D]
02-27 02:18:09.613  1073  2510  4164 D IpClient/wlan0: interfaceLinkStateChanged: ifindex 16 up
02-27 02:18:09.620  1000  1855  2282 W ContextImpl: Calling a method in the system process without a qualified user: android.app.ContextImpl.sendStickyBroadcast:1626 com.android.server.wifi.ClientModeImpl.sendNetworkChangeBroadcast:3008 com.android.server.wifi.ClientModeImpl.lambda$sendNetworkChangeBroadcastWithCurrentState$14:2985 com.android.server.wifi.ClientModeImpl.$r8$lambda$q-j88Pjw4gROgoJFr8wBlBVbuJI:0 com.android.server.wifi.ClientModeImpl$$ExternalSyntheticLambda4.send:0 
02-27 02:18:09.623  1000  1855  2282 I ConnectivityService: Update score for net 102 : +IS_UNMETERED
02-27 02:18:09.624  1000  1855  2282 D ConnectivityService: registerNetworkAgent NetworkAgentInfo{network{102}  handle{441492361229}  ni{WIFI CONNECTING extra: } created=2024-02-27T02:18:09.623Z Score(Policies : IS_UNMETERED ; KeepConnected : 0)   lp{{InterfaceName: wlan0 LinkAddresses: [ ] DnsAddresses: [ ] Domains: null MTU: 0 Routes: [ ]}}  nc{[ Transports: WIFI Capabilities: NOT_METERED&INTERNET&NOT_RESTRICTED&TRUSTED&NOT_VPN&NOT_ROAMING&NOT_CONGESTED&NOT_SUSPENDED&NOT_VCN_MANAGED LinkUpBandwidth>=286000Kbps LinkDnBandwidth>=286000Kbps Specifier: <WifiNetworkAgentSpecifier [WifiConfiguration=, SSID="CMCC", BSSID=04:42:1a:4e:c4:30, band=1, mMatchLocalOnlySpecifiers=false]> TransportInfo: <SSID: "CMCC", BSSID: 04:42:1a:4e:c4:30, MAC: 00:90:4c:12:d0:01, IP: null, Security type: 2, Supplicant state: GROUP_HANDSHAKE, Wi-Fi standard: 6, RSSI: -127, Link speed: -1Mbps, Tx Link speed: -1Mbps, Max Supported Tx Link speed: 286Mbps, Rx Link speed: -1Mbps, Max Supported Rx Link speed: 286Mbps, Frequency: 2457MHz, Net ID: 0, Metered hint: false, score: 0, isUsable: true, CarrierMerged: false, SubscriptionId: -1, IsPrimary: 1, Trusted: true, Restricted: false, Ephemeral: false, OEM paid: false, OEM private: false, OSU AP: false, FQDN: <none>, Provider friendly name: <none>, Requesting package name: <none>"CMCC"wpa2-pskMLO Information: , Is TID-To-Link negotiation supported by the AP: false, AP MLD Address: <none>, AP MLO Link Id: <none>, AP MLO Affiliated links: <none>> AllowedUids: <{1000}> OwnerUid: 1000 AdminUids: [1000] SSID: "CMCC" UnderlyingNetworks: Null]}  factorySerialNumber=4}
02-27 02:18:09.627  1000  1855  2282 W ContextImpl: Calling a method in the system process without a qualified user: android.app.ContextImpl.sendStickyBroadcast:1626 com.android.server.wifi.ClientModeImpl.sendNetworkChangeBroadcast:3008 com.android.server.wifi.ClientModeImpl.lambda$sendNetworkChangeBroadcastWithCurrentState$14:2985 com.android.server.wifi.ClientModeImpl.$r8$lambda$q-j88Pjw4gROgoJFr8wBlBVbuJI:0 com.android.server.wifi.ClientModeImpl$$ExternalSyntheticLambda4.send:0 
02-27 02:18:09.631  wifi  1096  1096 D WifiHAL : Getting APF capabilities, halHandle = 0xb400006f04392e90
02-27 02:18:09.631  wifi  1096  1096 I WifiHAL : createRequest: APF get capabilities request
02-27 02:18:09.635  wifi  1096  1096 D WifiHAL : In SetAPFCommand::handleResponse
02-27 02:18:09.635  wifi  1096  1096 D WifiHAL : Id = 0, subcmd = 0, len = 16
02-27 02:18:09.635  wifi  1096  1096 D WifiHAL : Response received for get packet filter capabilities command
02-27 02:18:09.635  wifi  1096  1096 I WifiHAL : APF version is 4
02-27 02:18:09.635  wifi  1096  1096 I WifiHAL : APF max len is 4096
02-27 02:18:09.635  wifi  1096  1096 I WifiHAL : Done!
02-27 02:18:09.635  wifi  1096  1096 D WifiHAL : Getting APF capability, version = 4, max_len = 4096
02-27 02:18:09.638  1000  1855  2290 D ConnectivityService: [102 WIFI] EVENT_NETWORK_INFO_CHANGED, going from CONNECTING to CONNECTING
02-27 02:18:09.641  1073  2510  5687 D NetworkMonitor/102: checkAndRenewResourceConfig: update captive portal https urls to [https://www.google.com/generate_204]
02-27 02:18:09.642  1073  2510  5687 D NetworkMonitor/102: checkAndRenewResourceConfig: update captive portal http urls to [http://connectivitycheck.gstatic.com/generate_204]
02-27 02:18:09.642  1073  2510  5687 D NetworkMonitor/102: checkAndRenewResourceConfig: update captive portal fallback urls to[http://www.google.com/gen_204, http://play.googleapis.com/generate_204]
02-27 02:18:09.642  1073  2510  5687 D NetworkMonitor: Starting on network 102 with capport HTTPS URL [https://www.google.com/generate_204] and HTTP URL [http://connectivitycheck.gstatic.com/generate_204]
02-27 02:18:09.654  1000  1855  2282 I WifiClientModeImpl[892546:wlan0]: Update current security type to 2
02-27 02:18:09.659  1073  2510  5688 D ApfFilter: (wlan0): begin monitoring
02-27 02:18:09.662  1000  1500  1500 I cnss-daemon: Ready to update GW parameters
02-27 02:18:09.662  1000  1500  1500 E cnss-daemon: Invalid mac address
02-27 02:18:09.662  1000  1500  1500 E cnss-daemon: failed to update gateway
02-27 02:18:09.667  1073  2510  4164 D IpClient/wlan0: routeUpdated: fe80::/64 -> :: wlan0 mtu 0
02-27 02:18:09.668  1073  2510  4164 D IpClient/wlan0: addressUpdated: fe80::133b:5bb4:f366:75bd/64 on ifindex 16 flags 0x000008C4 scope 253
02-27 02:18:09.668  1073  2510  4164 D TrafficStats: tagSocket(93) with statsTag=0xfffffe01, statsUid=-1
02-27 02:18:09.671  1073  2510  4164 D IpClient.wlan0: set max DTIM multiplier to 1
02-27 02:18:09.686  1000  1855  2290 I ConnectivityService: Update score for net 102 : +TRANSPORT_PRIMARY
02-27 02:18:09.689  1000  1855  2290 D ConnectivityService: NetReassign [no changes] [c 0] [a 0] [i 2]
02-27 02:18:09.691  wifi  1096  1096 D WifiHAL : Setting APF program, halHandle = 0xb400006f04392e90
02-27 02:18:09.691  wifi  1096  1096 I WifiHAL : createRequest: APF set program request
02-27 02:18:09.691  1000  1855  2290 D ConnectivityService: NetReassign [no changes] [c 0] [a 0] [i 1]
02-27 02:18:09.692  1000  1855  2282 E WifiStaIfaceHidlImpl: installApfPacketFilter failed with status: {.code = ERROR_INVALID_ARGS, .description = }
02-27 02:18:09.693  wifi  1096  1096 D WifiHAL : Setting APF program, halHandle = 0xb400006f04392e90
02-27 02:18:09.693  wifi  1096  1096 I WifiHAL : createRequest: APF set program request
02-27 02:18:09.698  wifi  1096  1096 I WifiHAL : Done!
02-27 02:18:09.699  1000  1855  2282 D WifiStaIfaceHidlImpl: setDtimMultiplier is not implemented by HIDL
02-27 02:18:09.700  root  1012  1012 E Netd    : no such netId 102
02-27 02:18:09.850  1073  2510  4164 D DhcpClient: l2key: W376f27727d9ed04c lease address: /192.168.50.34 lease expiry: 1709086671546 current time: 1709000289850
02-27 02:18:09.853  1073  2510  4164 D DhcpClient: Broadcasting DHCPREQUEST ciaddr=0.0.0.0 request=192.168.50.34 serverid=null
02-27 02:18:09.863  1073  2510  4164 D DhcpClient: Received packet: 00:90:4c:12:d0:01 ACK: your new IP /192.168.50.34, netmask /255.255.255.0, gateways [/192.168.50.1] DNS servers: /202.81.252.1 /192.168.50.1 , lease time 86400
02-27 02:18:09.863  1073  2510  4164 D DhcpClient: Confirmed lease: com.android.networkstack.android.net.DhcpResults@192b389 DHCP server /192.168.50.1 Vendor info null lease 86400 seconds Servername 
02-27 02:18:09.873  1073  2510  4164 D IpClient/wlan0: addressUpdated: 192.168.50.34/24 on ifindex 16 flags 0x00000080 scope 0
02-27 02:18:09.878  1000  1855  2282 I WifiClientModeImpl[892546:wlan0]: Update current security type to 2
02-27 02:18:09.881  1000  1855  2282 W ContextImpl: Calling a method in the system process without a qualified user: android.app.ContextImpl.sendStickyBroadcast:1626 com.android.server.wifi.ClientModeImpl.sendNetworkChangeBroadcast:3008 com.android.server.wifi.ClientModeImpl.lambda$sendNetworkChangeBroadcastWithCurrentState$14:2985 com.android.server.wifi.ClientModeImpl.$r8$lambda$q-j88Pjw4gROgoJFr8wBlBVbuJI:0 com.android.server.wifi.ClientModeImpl$$ExternalSyntheticLambda4.send:0 
02-27 02:18:09.883  1073  2510  4164 D DhcpClient: Scheduling renewal in 43199s
02-27 02:18:09.883  1073  2510  4164 D DhcpClient: Scheduling rebind in 75599s
02-27 02:18:09.883  1073  2510  4164 D DhcpClient: Scheduling expiry in 86399s
02-27 02:18:09.884  root  1012  1012 E Netd    : no such netId 102
02-27 02:18:09.884  1000  1855  2290 E ConnectivityService: Exception in networkAddRouteParcel for non-gateway: android.os.ServiceSpecificException: Machine is not on the network (code 64)
02-27 02:18:09.885  root  1012  1012 E Netd    : no such netId 102
02-27 02:18:09.886  1000  1855  2290 E ConnectivityService: Exception in networkAddRouteParcel for gateway: android.os.ServiceSpecificException: Machine is not on the network (code 64)
02-27 02:18:09.886  wifi  1096  1096 D WifiHAL : Setting APF program, halHandle = 0xb400006f04392e90
02-27 02:18:09.886  wifi  1096  1096 I WifiHAL : createRequest: APF set program request
02-27 02:18:09.891  wifi  1096  1096 I WifiHAL : Done!
02-27 02:18:09.892  1000  1855  2290 D ConnectivityService: Setting DNS servers for network 102 to [/202.81.252.1, /192.168.50.1]
02-27 02:18:09.893  1000  1855  2290 D ConnectivityService: [102 WIFI] EVENT_NETWORK_INFO_CHANGED, going from CONNECTING to CONNECTED
02-27 02:18:09.893  1000  1855  2282 W ContextImpl: Calling a method in the system process without a qualified user: android.app.ContextImpl.sendStickyBroadcast:1626 com.android.server.wifi.ClientModeImpl.sendNetworkChangeBroadcast:3008 com.android.server.wifi.ClientModeImpl.lambda$sendNetworkChangeBroadcastWithCurrentState$14:2985 com.android.server.wifi.ClientModeImpl.$r8$lambda$q-j88Pjw4gROgoJFr8wBlBVbuJI:0 com.android.server.wifi.ClientModeImpl$$ExternalSyntheticLambda4.send:0 
02-27 02:18:09.895  1000  1855  2290 D DnsManager: sendDnsConfigurationForNetwork(102, [202.81.252.1, 192.168.50.1], [], 1800, 25, 8, 64, 0, 0, , [])
02-27 02:18:09.898  1000  1855  2290 W DnsManager: updatePrivateDns(102, PrivateDnsConfig{true:/[]})
02-27 02:18:09.898  1000  1855  2290 D ConnectivityService: Setting DNS servers for network 102 to [/202.81.252.1, /192.168.50.1]
02-27 02:18:09.898  1000  1855  2290 D DnsManager: sendDnsConfigurationForNetwork(102, [202.81.252.1, 192.168.50.1], [], 1800, 25, 8, 64, 0, 0, , [202.81.252.1, 192.168.50.1])
02-27 02:18:09.900  root  1012  5690 W resolv  : Validating DnsTlsServer 192.168.50.1 with mark 0xf0066
02-27 02:18:09.901  1000  1855  2290 D ConnectivityService: Adding iface wlan0 to network 102
02-27 02:18:09.904  root  1012  5690 W resolv  : Socket failed to connect: Network is unreachable
02-27 02:18:09.904  root  1012  5691 W resolv  : Validating DnsTlsServer 202.81.252.1 with mark 0xf0066
02-27 02:18:09.907  root  1012  5691 W resolv  : Socket failed to connect: Network is unreachable
02-27 02:18:09.909  root  1012  5690 W resolv  : TCP Handshake failed: 101
02-27 02:18:09.908  root  1012  5691 W resolv  : TCP Handshake failed: 101
02-27 02:18:09.910  1000  1855  2282 W WifiScoreReport: Cannot start external scoring netId=102 currentNetId=102 currentNetCapabilities=[ Transports: WIFI Capabilities: NOT_METERED&INTERNET&NOT_RESTRICTED&TRUSTED&NOT_VPN&NOT_ROAMING&NOT_CONGESTED&NOT_SUSPENDED&NOT_VCN_MANAGED LinkUpBandwidth>=12000Kbps LinkDnBandwidth>=30000Kbps Specifier: <WifiNetworkAgentSpecifier [WifiConfiguration=, SSID="CMCC", BSSID=04:42:1a:4e:c4:30, band=1, mMatchLocalOnlySpecifiers=false]> TransportInfo: <SSID: "CMCC", BSSID: 04:42:1a:4e:c4:30, MAC: 00:90:4c:12:d0:01, IP: /192.168.50.34, Security type: 2, Supplicant state: COMPLETED, Wi-Fi standard: 6, RSSI: -21, Link speed: 270Mbps, Tx Link speed: 270Mbps, Max Supported Tx Link speed: 286Mbps, Rx Link speed: 1Mbps, Max Supported Rx Link speed: 286Mbps, Frequency: 2457MHz, Net ID: 0, Metered hint: false, score: 60, isUsable: true, CarrierMerged: false, SubscriptionId: -1, IsPrimary: 1, Trusted: true, Restricted: false, Ephemeral: false, OEM paid: false, OEM private: false, OSU AP: false, FQDN: <none>, Provider friendly name: <none>, Requesting package name: <none>"CMCC"wpa2-pskMLO Information: , Is TID-To-Link negotiation supported by the AP: false, AP MLD Address: <none>, AP MLO Link Id: <none>, AP MLO Affiliated links: <none>> SignalStrength: -21 AllowedUids: <{1000}> OwnerUid: 1000 AdminUids: [1000] SSID: "CMCC" UnderlyingNetworks: Null] sessionId=1026
02-27 02:18:09.910  root  1012  5691 W resolv  : query failed
02-27 02:18:09.911  root  1012  5691 W resolv  : validateDnsTlsServer returned 0 for 202.81.252.1
02-27 02:18:09.911  1000  1855  2290 D ConnectivityService: Setting DNS servers for network 102 to [/202.81.252.1, /192.168.50.1]
02-27 02:18:09.911  root  1012  5691 W resolv  : Validation failed
02-27 02:18:09.911  1000  1855  2290 D DnsManager: sendDnsConfigurationForNetwork(102, [202.81.252.1, 192.168.50.1], [], 1800, 25, 8, 64, 0, 0, , [202.81.252.1, 192.168.50.1])
02-27 02:18:09.911  root  1012  5690 W resolv  : query failed
02-27 02:18:09.911  root  1012  5690 W resolv  : validateDnsTlsServer returned 0 for 192.168.50.1
02-27 02:18:09.911  root  1012  5690 W resolv  : Validation failed
02-27 02:18:09.912  root  1012  5692 W resolv  : Validating DnsTlsServer 192.168.50.1 with mark 0xf0066
02-27 02:18:09.913  root  1012  5693 W resolv  : Validating DnsTlsServer 202.81.252.1 with mark 0xf0066
02-27 02:18:09.917  1000  1855  3445 D WifiMemoryStoreImpl: Set cluster G478d2376b9f247d4 for W376f27727d9ed04c: SUCCESS
02-27 02:18:09.921  1000  1855  2290 I netstats_mobile_sample: [0,0,0,0,0,0,0,0,1709000289923]
02-27 02:18:09.922  1000  1855  2290 I netstats_wifi_sample: [25483,9679,120,108,10067,9615,43,107,1709000289923]
02-27 02:18:09.922  1000  1500  1500 I cnss-daemon: Ready to update GW parameters
02-27 02:18:09.924  1000  1855  2290 D ConnectivityService: Switching to new default network for: uid/pid:1000/1855 activeRequest: 1 callbackRequest: 1 [NetworkRequest [ REQUEST id=1, [ Capabilities: INTERNET&NOT_RESTRICTED&TRUSTED&NOT_VPN&NOT_VCN_MANAGED RequestorUid: 1000 RequestorPkg: android UnderlyingNetworks: Null] ]] callback flags: 1 order: 2147483647 using NetworkAgentInfo{network{102}  handle{441492361229}  ni{WIFI CONNECTED extra: } created=2024-02-27T02:18:09.623Z Score(Policies : TRANSPORT_PRIMARY&IS_UNMETERED ; KeepConnected : 0)  created 980365  lp{{InterfaceName: wlan0 LinkAddresses: [ fe80::133b:5bb4:f366:75bd/64,192.168.50.34/24 ] DnsAddresses: [ /202.81.252.1,/192.168.50.1 ] Domains: null MTU: 0 ServerAddress: /192.168.50.1 TcpBufferSizes: 524288,1048576,2097152,262144,524288,1048576 Routes: [ fe80::/64 -> :: wlan0 mtu 0,192.168.50.0/24 -> 0.0.0.0 wlan0 mtu 0,0.0.0.0/0 -> 192.168.50.1 wlan0 mtu 0 ]}}  nc{[ Transports: WIFI Capabilities: NOT_METERED&INTERNET&NOT_RESTRICTED&TRUSTED&NOT_VPN&NOT_ROAMING&FOREGROUND&NOT_CONGESTED&NOT_SUSPENDED&NOT_VCN_MANAGED LinkUpBandwidth>=12000Kbps LinkDnBandwidth>=30000Kbps Specifier: <WifiNetworkAgentSpecifier [WifiConfiguration=, SSID="CMCC", BSSID=04:42:1a:4e:c4:30, band=1, mMatchLocalOnlySpecifiers=false]> TransportInfo: <SSID: "CMCC", BSSID: 04:42:1a:4e:c4:30, MAC: 00:90:4c:12:d0:01, IP: /192.168.50.34, Security type: 2, Supplicant state: COMPLETED, Wi-Fi standard: 6, RSSI: -21, Link speed: 270Mbps, Tx Link speed: 270Mbps, Max Supported Tx Link speed: 286Mbps, Rx Link speed: 1Mbps, Max Supported Rx Link speed: 286Mbps, Frequency: 2457MHz, Net ID: 0, Metered hint: false, score: 60, isUsable: true, CarrierMerged: false, SubscriptionId: -1, IsPrimary: 1, Trusted: true, Restricted: false, Ephemeral: false, OEM paid: false, OEM private: false, OSU AP: false, FQDN: <none>, Provider friendly name: <none>, Requesting package name: <none>"CMCC"wpa2-pskMLO Information: , Is TID-To-Link negotiation supported by the AP: false, AP MLD Address: <none>, AP MLO Link Id: <none>, AP MLO Affiliated links: <none>> SignalStrength: -21 OwnerUid: 1000 AdminUids: [1000] SSID: "CMCC" UnderlyingNetworks: Null]}  factorySerialNumber=4}
02-27 02:18:09.927  1000  1855  3445 D WifiMemoryStoreImpl: Set cluster G478d2376b9f247d4 for W478d2376b9f247d4: SUCCESS
02-27 02:18:09.930  root  1012  1034 E NetlinkEvent: NetlinkEvent::FindParam(): Parameter 'INTERFACE' not found
02-27 02:18:09.930  root  1012  1034 E NetlinkEvent: NetlinkEvent::FindParam(): Parameter 'STATE' not found
02-27 02:18:09.930  root  1012  1034 E NetlinkEvent: NetlinkEvent::FindParam(): Parameter 'TIME_NS' not found
02-27 02:18:09.930  root  1012  1034 E NetlinkEvent: NetlinkEvent::FindParam(): Parameter 'UID' not found
02-27 02:18:09.930  artd  5563  5563 I AidlLazyServiceRegistrar: Process has 0 (of 1 available) client(s) in use after notification artd has clients: 0
02-27 02:18:09.930  artd  5563  5563 I AidlLazyServiceRegistrar: Trying to shut down the service. No clients in use for any service in process.
02-27 02:18:09.931  1073  2510  5695 D TrafficStats: tagSocket(97) with statsTag=0xffffff81, statsUid=-1
02-27 02:18:09.931  artd  5563  5563 I AidlLazyServiceRegistrar: Unregistered all clients and exiting
02-27 02:18:09.931  1073  2510  5696 D TrafficStats: tagSocket(99) with statsTag=0xffffff81, statsUid=-1
02-27 02:18:09.932  1000  1855  2282 E WifiStaIfaceHidlImpl: stopRssiMonitoring failed with status: {.code = ERROR_NOT_AVAILABLE, .description = }
02-27 02:18:09.937  1073  2510  5695 D TrafficStats: tagSocket(97) with statsTag=0xffffff81, statsUid=-1
02-27 02:18:09.937  root  1012  5692 W resolv  : SSL_connect ssl error =5, mark 0xf0066: Connection refused
02-27 02:18:09.937  root  1012  5692 W resolv  : TLS Handshake failed
02-27 02:18:09.939  root  1012  5692 W resolv  : query failed
02-27 02:18:09.939  root  1012  5692 W resolv  : validateDnsTlsServer returned 0 for 192.168.50.1
02-27 02:18:09.940  root  1012  5692 W resolv  : Validation failed
02-27 02:18:09.943  1000  1855  2290 I netstats_mobile_sample: [0,0,0,0,0,0,0,0,1709000289945]
02-27 02:18:09.943  1073  2510  5696 D TrafficStats: tagSocket(98) with statsTag=0xffffff81, statsUid=-1
02-27 02:18:09.943  1000  1855  2290 I netstats_wifi_sample: [25523,9795,121,109,10067,9795,43,109,1709000289945]
02-27 02:18:09.947  1000  1855  2323 D NetworkTimeUpdateService: New default network 102; checking time.
02-27 02:18:09.950 10045  2565  2938 D QCNEJ/DefaultNetworkInfoRelay: Default network available: 102
02-27 02:18:09.952  1000  1855  2290 D ConnectivityService: Sending CONNECTED broadcast for type 1 [102 WIFI] isDefaultNetwork=true
02-27 02:18:09.952  1000  1855  2290 W ContextImpl: Calling a method in the system process without a qualified user: android.app.ContextImpl.sendStickyBroadcast:1626 android.net.connectivity.com.android.server.ConnectivityService.sendStickyBroadcast:3278 android.net.connectivity.com.android.server.ConnectivityService.sendGeneralBroadcast:3248 android.net.connectivity.com.android.server.ConnectivityService.sendConnectedBroadcast:3221 android.net.connectivity.com.android.server.ConnectivityService.sendLegacyNetworkBroadcast:10126 
02-27 02:18:09.953  1000  1855  2290 D ConnectivityService: NetReassign [49 : null → 102, 17 : null → 102, 7 : null → 102, 34 : null → 102, 1 : null → 102, 44 : null → 102, 15 : null → 102, 27 : null → 102, 22 : null → 102, 19 : null → 102, 24 : null → 102, 40 : null → 102, 36 : null → 102, 30 : null → 102, 51 : null → 102] [c 0] [a 29] [i 1]
02-27 02:18:09.956  1073  2510  2549 D UpstreamNetworkMonitor: New default Internet network: 102
02-27 02:18:09.958 10045  2565  2938 D QCNEJ/NativeHalConnector: -> SND notifyWifiAvailable(v4Connected = truev6Connected = , false, isAndroidValidated = false)
02-27 02:18:09.959 10045  2565  2938 D QCNEJ/NativeHalConnector: -> SND notifyDefaultNetworkChanged(1)
02-27 02:18:09.960 10045  2565  2938 D QCNEJ/NativeHalConnector: -> SND notifyDefaultNetworkChanged(1)
02-27 02:18:09.961 10045  2565  2938 D QCNEJ/WlanStaInfoRelay: network available: 102
02-27 02:18:09.962 10045  2565  2938 D QCNEJ/NativeHalConnector: -> SND notifyWifiAvailable(v4Connected = truev6Connected = , false, isAndroidValidated = false)
02-27 02:18:09.964 10045  2565  2938 D QCNEJ/NativeHalConnector: -> SND notifyWifiAvailable(v4Connected = truev6Connected = , false, isAndroidValidated = false)
02-27 02:18:09.968  root  1012  5693 W resolv  : SSL_connect ssl error =5, mark 0xf0066: Connection refused
02-27 02:18:09.968  root  1012  5693 W resolv  : TLS Handshake failed
02-27 02:18:09.968  root  1012  5693 W resolv  : query failed
02-27 02:18:09.968  root  1012  5693 W resolv  : validateDnsTlsServer returned 0 for 202.81.252.1
02-27 02:18:09.968  root  1012  5693 W resolv  : Validation failed
02-27 02:18:09.972  1073  2510  2510 D TrafficStats: tagSocket(98) with statsTag=0xffffffff, statsUid=-1
02-27 02:18:09.977  1073  2510  5696 D NetworkMonitor/102: PROBE_DNS connectivitycheck.gstatic.com 44ms OK 14.215.177.38
02-27 02:18:09.982  1073  2510  5696 D TrafficStats: tagSocket(98) with statsTag=0xffffff81, statsUid=-1
02-27 02:18:09.989 10057  2356  2356 D StatusBarIconController: ignoring old pipeline callback because the new wifi icon is enabled
02-27 02:18:09.991  1073  2510  2510 D TrafficStats: tagSocket(97) with statsTag=0xffffffff, statsUid=-1
02-27 02:18:09.996  1073  2510  5695 D NetworkMonitor/102: PROBE_DNS www.google.com 65ms OK 142.250.66.68
02-27 02:18:10.002  1073  2510  5695 D TrafficStats: tagSocket(97) with statsTag=0xffffff81, statsUid=-1
02-27 02:18:10.148  1073  2510  5695 D NetworkMonitor/102: PROBE_HTTPS https://www.google.com/generate_204 time=150ms ret=204 request={Connection=[close], User-Agent=[Mozilla/5.0 (X11; Linux x86_64) AppleWebKit/537.36 (KHTML, like Gecko) Chrome/60.0.3112.32 Safari/537.36]} headers={null=[HTTP/1.1 204 No Content], Alt-Svc=[h3=":443"; ma=2592000,h3-29=":443"; ma=2592000], Connection=[close], Content-Length=[0], Cross-Origin-Resource-Policy=[cross-origin], Date=[Tue, 27 Feb 2024 02:18:10 GMT], X-Android-Received-Millis=[1709000290145], X-Android-Response-Source=[NETWORK 204], X-Android-Selected-Protocol=[http/1.1], X-Android-Sent-Millis=[1709000290096]}
02-27 02:18:10.152  1073  2510  5694 D NetworkMonitor/102: isCaptivePortal: isSuccessful()=true isPortal()=false RedirectUrl=null isPartialConnectivity()=false Time=225ms
02-27 02:18:10.157  1000  1855  2290 I ConnectivityService: Update score for net 102 : +EVER_EVALUATED
02-27 02:18:10.158  1000  1855  2290 D ConnectivityService: [102 WIFI] validation passed
02-27 02:18:10.159  1000  1855  2290 I ConnectivityService: Update capabilities for net 102 : +VALIDATED
02-27 02:18:10.159  1000  1855  2290 I ConnectivityService: Update score for net 102 : +EVER_VALIDATED+IS_VALIDATED
02-27 02:18:10.163  1000  1855  2290 D ConnectivityService: NetReassign [no changes] [c 0] [a 1] [i 3]
02-27 02:18:10.163 radio  2588  3802 D com.android.ons.ONSProfileActivator: Internet connection available
02-27 02:18:10.164 radio  2588  2588 D TelephonyNetworkFactory[0]: onReleaseNetworkFor [NetworkRequest [ REQUEST id=49, [ Capabilities: INTERNET&NOT_RESTRICTED&TRUSTED&NOT_VCN_MANAGED Uid: 1001 RequestorUid: 1001 RequestorPkg: com.android.phone UnderlyingNetworks: Null] ], mPriority=20, state=UNSATISFIED, mAttachedDataNetwork=null, isMetered=true, created time=02:18:10.163, evaluation result=null] applied false
02-27 02:18:10.165  1000  1855  1916 I GnssNetworkConnectivityHandler: updateNetworkState, state=CLOSED, connected=true, network=102, capabilities=[ Transports: WIFI Capabilities: NOT_METERED&INTERNET&NOT_RESTRICTED&TRUSTED&NOT_VPN&VALIDATED&NOT_ROAMING&FOREGROUND&NOT_CONGESTED&NOT_SUSPENDED&NOT_VCN_MANAGED LinkUpBandwidth>=12000Kbps LinkDnBandwidth>=30000Kbps TransportInfo: <SSID: <unknown ssid>, BSSID: 02:00:00:00:00:00, MAC: 02:00:00:00:00:00, IP: /192.168.50.34, Security type: 2, Supplicant state: COMPLETED, Wi-Fi standard: 6, RSSI: -21, Link speed: 270Mbps, Tx Link speed: 270Mbps, Max Supported Tx Link speed: 286Mbps, Rx Link speed: 1Mbps, Max Supported Rx Link speed: 286Mbps, Frequency: 2457MHz, Net ID: -1, Metered hint: false, score: 60, isUsable: true, CarrierMerged: false, SubscriptionId: -1, IsPrimary: 1, Trusted: true, Restricted: false, Ephemeral: false, OEM paid: false, OEM private: false, OSU AP: false, FQDN: <none>, Provider friendly name: <none>, Requesting package name: <none><none>MLO Information: , Is TID-To-Link negotiation supported by the AP: false, AP MLD Address: <none>, AP MLO Link Id: <none>, AP MLO Affiliated links: <none>> SignalStrength: -21 AdminUids: [1000] SSID: "CMCC" UnderlyingNetworks: Null], availableNetworkCount: 1
02-27 02:18:10.166 radio  2588  2588 D TelephonyNetworkFactory[0]: onReleaseNetworkFor [NetworkRequest [ REQUEST id=40, [ Capabilities: INTERNET&NOT_RESTRICTED&TRUSTED&NOT_VCN_MANAGED Uid: 10070 RequestorUid: 1000 RequestorPkg: android UnderlyingNetworks: Null] ], mPriority=20, state=UNSATISFIED, mAttachedDataNetwork=null, isMetered=true, created time=02:18:10.164, evaluation result=null] applied false
02-27 02:18:10.166   gps  1424  1424 D gpsd    : WakeLock(Acquire,GPSD)
02-27 02:18:10.166   gps  1424  1424 E power   : Failed to get SystemSuspend service
02-27 02:18:10.167   gps  1424  1424 D gpsd    : WakeLock(Release,GPSD)
02-27 02:18:10.167   gps  1424  1424 D gpsd    : WakeLock(Acquire,GPSD)
02-27 02:18:10.167   gps  1424  1424 E power   : Failed to get SystemSuspend service
02-27 02:18:10.167 radio  2588  2588 D TelephonyNetworkFactory[0]: onReleaseNetworkFor [NetworkRequest [ REQUEST id=44, [ Capabilities: INTERNET&NOT_RESTRICTED&TRUSTED&NOT_VCN_MANAGED Uid: 10011 RequestorUid: 1000 RequestorPkg: android UnderlyingNetworks: Null] ], mPriority=20, state=UNSATISFIED, mAttachedDataNetwork=null, isMetered=true, created time=02:18:10.167, evaluation result=null] applied false
02-27 02:18:10.168  1000  1855  3445 D AGnssRilCbJni: requestSetIdCb. setIdflag: 1, 
02-27 02:18:10.168 radio  2588  2588 D TelephonyNetworkFactory[0]: onReleaseNetworkFor [NetworkRequest [ REQUEST id=51, [ Capabilities: INTERNET&NOT_RESTRICTED&TRUSTED&NOT_VCN_MANAGED Uid: 1001 RequestorUid: 1001 RequestorPkg: com.android.phone UnderlyingNetworks: Null] ], mPriority=20, state=UNSATISFIED, mAttachedDataNetwork=null, isMetered=true, created time=02:18:10.168, evaluation result=null] applied false
02-27 02:18:10.169 radio  2588  2588 D TelephonyNetworkFactory[0]: onReleaseNetworkFor [NetworkRequest [ REQUEST id=36, [ Capabilities: INTERNET&NOT_RESTRICTED&TRUSTED&NOT_VCN_MANAGED Uid: 10074 RequestorUid: 1000 RequestorPkg: android UnderlyingNetworks: Null] ], mPriority=20, state=UNSATISFIED, mAttachedDataNetwork=null, isMetered=true, created time=02:18:10.169, evaluation result=null] applied false
02-27 02:18:10.169  1000  1855  2290 D ConnectivityService: Setting DNS servers for network 102 to [/202.81.252.1, /192.168.50.1]
02-27 02:18:10.170  1000  1855  2290 D DnsManager: sendDnsConfigurationForNetwork(102, [202.81.252.1, 192.168.50.1], [], 1800, 25, 8, 64, 0, 0, , [202.81.252.1, 192.168.50.1])
02-27 02:18:10.170 radio  2588  2588 D TelephonyNetworkFactory[0]: onReleaseNetworkFor [NetworkRequest [ REQUEST id=24, [ Capabilities: INTERNET&NOT_RESTRICTED&TRUSTED&NOT_VCN_MANAGED Uid: 10057 RequestorUid: 10057 RequestorPkg: com.android.systemui UnderlyingNetworks: Null] ], mPriority=20, state=UNSATISFIED, mAttachedDataNetwork=null, isMetered=true, created time=02:18:10.170, evaluation result=null] applied false
02-27 02:18:10.170 10045  2565  2938 D QCNEJ/NativeHalConnector: -> SND notifyDefaultNetworkChanged(1)
02-27 02:18:10.171 10045  2565  2938 D QCNEJ/WlanStaInfoRelay: AndroidValidate from false to true
02-27 02:18:10.172  1000  1855  2290 W ContextImpl: Calling a method in the system process without a qualified user: android.app.ContextImpl.sendStickyBroadcast:1626 android.net.connectivity.com.android.server.ConnectivityService.sendStickyBroadcast:3278 android.net.connectivity.com.android.server.ConnectivityService.sendGeneralBroadcast:3248 android.net.connectivity.com.android.server.ConnectivityService.sendInetConditionBroadcast:3225 android.net.connectivity.com.android.server.ConnectivityService.updateInetCondition:9807 
02-27 02:18:10.174  1000  1855  2282 W LastMileLogger: Failed to stop event tracing: /sys/kernel/debug/tracing/instances/wifi/tracing_on: open failed: ENOENT (No such file or directory)
02-27 02:18:10.175  root  1012  5705 W resolv  : Validating DnsTlsServer 192.168.50.1 with mark 0xf0066
02-27 02:18:10.177  root  1012  5706 W resolv  : Validating DnsTlsServer 202.81.252.1 with mark 0xf0066
02-27 02:18:10.177 10045  2565  2938 D QCNEJ/WlanStaInfoRelay: retrieveCountryCode: Returned country code: 
02-27 02:18:10.177 radio  2588  2588 D TelephonyNetworkFactory[0]: onReleaseNetworkFor [NetworkRequest [ REQUEST id=15, [ Capabilities: INTERNET&NOT_RESTRICTED&TRUSTED&NOT_VCN_MANAGED Uid: 1000 RequestorUid: 1000 RequestorPkg: android UnderlyingNetworks: Null] ], mPriority=20, state=UNSATISFIED, mAttachedDataNetwork=null, isMetered=true, created time=02:18:10.170, evaluation result=null] applied false
02-27 02:18:10.178 radio  2588  2588 D TelephonyNetworkFactory[0]: onReleaseNetworkFor [NetworkRequest [ REQUEST id=17, [ Capabilities: INTERNET&NOT_RESTRICTED&TRUSTED&NOT_VCN_MANAGED Uid: 1073 RequestorUid: 1073 RequestorPkg: com.android.networkstack UnderlyingNetworks: Null] ], mPriority=20, state=UNSATISFIED, mAttachedDataNetwork=null, isMetered=true, created time=02:18:10.178, evaluation result=null] applied false
02-27 02:18:10.179 radio  2588  2588 D TelephonyNetworkFactory[0]: onReleaseNetworkFor [NetworkRequest [ REQUEST id=22, [ Capabilities: INTERNET&NOT_RESTRICTED&TRUSTED&NOT_VCN_MANAGED Uid: 10057 RequestorUid: 10057 RequestorPkg: com.android.systemui UnderlyingNetworks: Null] ], mPriority=20, state=UNSATISFIED, mAttachedDataNetwork=null, isMetered=true, created time=02:18:10.179, evaluation result=null] applied false
02-27 02:18:10.180 radio  2588  2588 D TelephonyNetworkFactory[0]: onReleaseNetworkFor [NetworkRequest [ REQUEST id=30, [ Capabilities: INTERNET&NOT_RESTRICTED&TRUSTED&NOT_VCN_MANAGED Uid: 10045 RequestorUid: 10045 RequestorPkg: com.qualcomm.qti.cne UnderlyingNetworks: Null] ], mPriority=20, state=UNSATISFIED, mAttachedDataNetwork=null, isMetered=true, created time=02:18:10.180, evaluation result=null] applied false
02-27 02:18:10.180 radio  2588  2588 D TelephonyNetworkFactory[0]: onReleaseNetworkFor [NetworkRequest [ REQUEST id=7, [ Capabilities: INTERNET&NOT_RESTRICTED&TRUSTED&NOT_VCN_MANAGED Uid: 1000 RequestorUid: 1000 RequestorPkg: android UnderlyingNetworks: Null] ], mPriority=20, state=UNSATISFIED, mAttachedDataNetwork=null, isMetered=true, created time=02:18:10.180, evaluation result=null] applied false
02-27 02:18:10.180 radio  2588  2588 D TelephonyNetworkFactory[0]: onReleaseNetworkFor [NetworkRequest [ REQUEST id=34, [ Capabilities: INTERNET&NOT_RESTRICTED&TRUSTED&NOT_VCN_MANAGED Uid: 1000 RequestorUid: 1000 RequestorPkg: android UnderlyingNetworks: Null] ], mPriority=20, state=UNSATISFIED, mAttachedDataNetwork=null, isMetered=true, created time=02:18:10.180, evaluation result=null] applied false
02-27 02:18:10.180 radio  2588  2588 D TelephonyNetworkFactory[0]: onReleaseNetworkFor [NetworkRequest [ REQUEST id=27, [ Capabilities: INTERNET&NOT_RESTRICTED&TRUSTED&NOT_VCN_MANAGED Uid: 10057 RequestorUid: 10057 RequestorPkg: com.android.systemui UnderlyingNetworks: Null] ], mPriority=20, state=UNSATISFIED, mAttachedDataNetwork=null, isMetered=true, created time=02:18:10.179, evaluation result=null] applied false
02-27 02:18:10.180 radio  2588  2588 D TelephonyNetworkFactory[0]: onReleaseNetworkFor [NetworkRequest [ REQUEST id=1, [ Capabilities: INTERNET&NOT_RESTRICTED&TRUSTED&NOT_VPN&NOT_VCN_MANAGED RequestorUid: 1000 RequestorPkg: android UnderlyingNetworks: Null] ], mPriority=20, state=UNSATISFIED, mAttachedDataNetwork=null, isMetered=true, created time=02:18:10.180, evaluation result=null] applied false
02-27 02:18:10.181 10057  2356  2356 D StatusBarIconController: ignoring old pipeline callback because the new wifi icon is enabled
02-27 02:18:10.184  1000  1855  1904 D WifiMemoryStoreImpl: Set cluster G478d2376b9f247d4 for W376f27727d9ed04c: SUCCESS
02-27 02:18:10.187  1000  1855  2282 D WifiConfigStore: Writing to stores completed in 10 ms.
02-27 02:18:10.190 10057  2356  2356 D StatusBarIconController: ignoring old pipeline callback because the new wifi icon is enabled
02-27 02:18:10.205  root  1012  5705 W resolv  : SSL_connect ssl error =5, mark 0xf0066: Connection refused
02-27 02:18:10.205  root  1012  5705 W resolv  : TLS Handshake failed
02-27 02:18:10.205  root  1012  5705 W resolv  : query failed
02-27 02:18:10.206  root  1012  5705 W resolv  : validateDnsTlsServer returned 0 for 192.168.50.1
02-27 02:18:10.206  root  1012  5705 W resolv  : Validation failed
02-27 02:18:10.217  root  1012  5706 W resolv  : SSL_connect ssl error =5, mark 0xf0066: Connection refused
02-27 02:18:10.217  root  1012  5706 W resolv  : TLS Handshake failed
02-27 02:18:10.218  root  1012  5706 W resolv  : query failed
02-27 02:18:10.218  root  1012  5706 W resolv  : validateDnsTlsServer returned 0 for 202.81.252.1
02-27 02:18:10.219  root  1012  5706 W resolv  : Validation failed
02-27 02:18:10.269   gps  1424  1424 D gpsd    : WakeLock(Release,GPSD)
02-27 02:18:10.425  1073  2510  4164 D IpClient/wlan0: addressUpdated: fe80::133b:5bb4:f366:75bd/64 on ifindex 16 flags 0x00000880 scope 253
02-27 02:18:10.939  1000  1855  2442 E BatteryStatsService: Invalid uid for waking network packet: -1
02-27 02:18:10.941  1000  1855  2442 E BatteryStatsService: Invalid uid for waking network packet: -1
02-27 02:18:11.096  1073  2510  4164 D IpClient/wlan0: routeUpdated: ::/0 -> fe80::642:1aff:fe4e:c430 wlan0 mtu 0
02-27 02:18:11.097  1073  2510  5688 D ApfFilter: (wlan0): Adding RA fe80::642:1aff:fe4e:c430 -> ff02::1 1800s 2403:e840:8fff:fffc::/64 2592000s/604800s DNS 1800s 2403:e840:8fff:fffc:642:1aff:fe4e:c430 
02-27 02:18:11.099  1073  2510  4164 D IpClient/wlan0: routeUpdated: 2403:e840:8fff:fffc::/64 -> :: wlan0 mtu 0
02-27 02:18:11.100  1073  2510  4164 D IpClient/wlan0: interfaceDnsServerInfo: [2403:e840:8fff:fffc:642:1aff:fe4e:c430]
02-27 02:18:11.101  1073  2510  4164 D IpClient/wlan0: addressUpdated: 2403:e840:8fff:fffc:980d:6324:1f7b:3ad/64 on ifindex 16 flags 0x00000944 scope 0
02-27 02:18:11.101  1073  2510  4164 D IpClient/wlan0: addressUpdated: 2403:e840:8fff:fffc:bb83:7748:bdaa:58bf/64 on ifindex 16 flags 0x00000045 scope 0
02-27 02:18:11.102  wifi  1096  1096 D WifiHAL : Setting APF program, halHandle = 0xb400006f04392e90
02-27 02:18:11.102  wifi  1096  1096 I WifiHAL : createRequest: APF set program request
02-27 02:18:11.103  1073  2510  4164 D IpClient.wlan0: set max DTIM multiplier to 2
02-27 02:18:11.107  wifi  1096  1096 I WifiHAL : Done!
02-27 02:18:11.108  1000  1855  2282 D WifiStaIfaceHidlImpl: setDtimMultiplier is not implemented by HIDL
02-27 02:18:11.111  root  1012  1012 E netd    : Error adding route ::/0 -> fe80::642:1aff:fe4e:c430 wlan0 to table 1016: File exists
02-27 02:18:11.111  1000  1855  2290 D ConnectivityService: Setting DNS servers for network 102 to [/2403:e840:8fff:fffc:642:1aff:fe4e:c430, /202.81.252.1, /192.168.50.1]
02-27 02:18:11.112  1000  1855  2290 D DnsManager: sendDnsConfigurationForNetwork(102, [2403:e840:8fff:fffc:642:1aff:fe4e:c430, 202.81.252.1, 192.168.50.1], [], 1800, 25, 8, 64, 0, 0, , [2403:e840:8fff:fffc:642:1aff:fe4e:c430, 202.81.252.1, 192.168.50.1])
02-27 02:18:11.113  root  1012  5707 W resolv  : Validating DnsTlsServer 192.168.50.1 with mark 0xf0066
02-27 02:18:11.113  root  1012  5708 W resolv  : Validating DnsTlsServer 202.81.252.1 with mark 0xf0066
02-27 02:18:11.119  root  1012  5707 W resolv  : SSL_connect ssl error =5, mark 0xf0066: Connection refused
02-27 02:18:11.119  root  1012  5707 W resolv  : TLS Handshake failed
02-27 02:18:11.119  root  1012  5709 W resolv  : Validating DnsTlsServer 2403:e840:8fff:fffc:642:1aff:fe4e:c430 with mark 0xf0066
02-27 02:18:11.120  root  1012  5707 W resolv  : query failed
02-27 02:18:11.120  root  1012  5707 W resolv  : validateDnsTlsServer returned 0 for 192.168.50.1
02-27 02:18:11.122  root  1012  5707 W resolv  : Validation failed
02-27 02:18:11.125  1000  1500  1500 I cnss-daemon: Ready to update GW parameters
02-27 02:18:11.125  1000  1500  1500 E cnss-daemon: Invalid mac address
02-27 02:18:11.125  1000  1500  1500 E cnss-daemon: failed to update gateway
02-27 02:18:11.130 10045  2565  2938 D QCNEJ/NativeHalConnector: -> SND notifyWifiAvailable(v4Connected = truev6Connected = , true, isAndroidValidated = true)
02-27 02:18:11.135  root  1012  5708 W resolv  : SSL_connect ssl error =5, mark 0xf0066: Connection refused
02-27 02:18:11.135  root  1012  5708 W resolv  : TLS Handshake failed
02-27 02:18:11.136  root  1012  5708 W resolv  : query failed
02-27 02:18:11.136  root  1012  5708 W resolv  : validateDnsTlsServer returned 0 for 202.81.252.1
02-27 02:18:11.137  root  1012  5708 W resolv  : Validation failed
02-27 02:18:11.865  1073  2510  4164 D IpClient/wlan0: addressUpdated: 2403:e840:8fff:fffc:bb83:7748:bdaa:58bf/64 on ifindex 16 flags 0x00000001 scope 0
02-27 02:18:11.866  1073  2510  4164 D IpClient/wlan0: addressUpdated: 2403:e840:8fff:fffc:980d:6324:1f7b:3ad/64 on ifindex 16 flags 0x00000900 scope 0
02-27 02:18:12.088  1000  1855  3445 E BatteryStatsService: Invalid uid for waking network packet: -1
02-27 02:18:12.093  1000  1855  3445 E BatteryStatsService: Invalid uid for waking network packet: -1
02-27 02:18:12.095  1000  1855  2442 E BatteryStatsService: Invalid uid for waking network packet: -1
02-27 02:18:12.768 10045  2565  2938 D QCNEJ/NativeHalConnector: -> SND notifyDefaultNetworkChanged(1)
02-27 02:18:12.771 10057  2356  2356 D StatusBarIconController: ignoring old pipeline callback because the new wifi icon is enabled
02-27 02:18:14.217  1000  1855  3445 I commit_sys_config_file: [settings-2-0,8]
02-27 02:18:14.227 10054  2659  2659 D b/254119092: destroyExistingTaskbar: com.android.launcher3.taskbar.TaskbarActivityContext@8f4bedb
02-27 02:18:14.227 10054  2659  2659 D b/254119092: mActivity and mContext agree taskbarIsPresent=true
02-27 02:18:14.227 10054  2659  2659 D b/260135164: onDestroy - updateIconAlphaForHome(1)
02-27 02:18:14.230 10057  2356  2356 D CentralSurfaces: mUserSetupObserver - DeviceProvisionedListener called for current user
02-27 02:18:14.231  1000  1855  1925 D PinnerService: pinRangeStream: null
02-27 02:18:14.233 10054  2659  2659 W WindowOnBackDispatcher: sendCancelIfRunning: isInProgress=falsecallback=android.view.ViewRootImpl$$ExternalSyntheticLambda17@65023c4
02-27 02:18:14.234  1000  1855  3416 D CoreBackPreview: Window{e43c577 u0 Taskbar}: Setting back callback null
02-27 02:18:14.237  1000  1855  3416 W InputManager-JNI: Input channel object 'e43c577 Taskbar (client)' was disposed without first being removed with the input manager!
02-27 02:18:14.241  1000  1855  1925 D PinnerService: pinRangeStream: null
02-27 02:18:14.241  1000  1855  1925 D PinnerService: pinRangeStream: null
02-27 02:18:14.252  1000  1855  3416 I configuration_changed: 536871936
02-27 02:18:14.253  1000  1855  3416 I ActivityTaskManager: Config changes=20000400 {1.0 ?mcc0mnc [en_US] ldltr sw800dp w800dp h1309dp 240dpi xlrg widecg port finger qwerty/v/v -nav/h winConfig={ mBounds=Rect(0, 0 - 1200, 2000) mAppBounds=Rect(0, 0 - 1200, 2000) mMaxBounds=Rect(0, 0 - 1200, 2000) mDisplayRotation=ROTATION_0 mWindowingMode=fullscreen mDisplayWindowingMode=fullscreen mActivityType=undefined mAlwaysOnTop=undefined mRotation=ROTATION_0} as.2 s.121 fontWeightAdjustment=0}
02-27 02:18:14.257  1000  1855  3416 I WindowManager: Override config changes=20000400 {1.0 ?mcc0mnc [en_US] ldltr sw800dp w800dp h1309dp 240dpi xlrg widecg port finger qwerty/v/v -nav/h winConfig={ mBounds=Rect(0, 0 - 1200, 2000) mAppBounds=Rect(0, 0 - 1200, 2000) mMaxBounds=Rect(0, 0 - 1200, 2000) mDisplayRotation=ROTATION_0 mWindowingMode=fullscreen mDisplayWindowingMode=fullscreen mActivityType=undefined mAlwaysOnTop=undefined mRotation=ROTATION_0} as.2 s.121 fontWeightAdjustment=0} for displayId=0
02-27 02:18:14.263 10057  2356  2403 V WindowManagerShell: Transition requested: android.os.BinderProxy@6c1f5dc TransitionRequestInfo { type = CHANGE, triggerTask = null, remoteTransition = null, displayChange = null }
02-27 02:18:14.272 10057  2356  2356 I NoBackGesture: NavbarController: newConfig={1.0 ?mcc0mnc [en_US] ldltr sw800dp w800dp h1309dp 240dpi xlrg widecg port finger qwerty/v/v -nav/h winConfig={ mBounds=Rect(0, 0 - 1200, 2000) mAppBounds=Rect(0, 0 - 1200, 2000) mMaxBounds=Rect(0, 0 - 1200, 2000) mDisplayRotation=ROTATION_0 mWindowingMode=fullscreen mDisplayWindowingMode=fullscreen mActivityType=undefined mAlwaysOnTop=undefined mRotation=ROTATION_0} as.2 s.147 fontWeightAdjustment=0} mTaskbarDelegate initialized=true willApplyConfigToNavbars=false navBarCount=0
02-27 02:18:14.273 10057  2356  2356 I NoBackGesture: Config changed: newConfig={1.0 ?mcc0mnc [en_US] ldltr sw800dp w800dp h1309dp 240dpi xlrg widecg port finger qwerty/v/v -nav/h winConfig={ mBounds=Rect(0, 0 - 1200, 2000) mAppBounds=Rect(0, 0 - 1200, 2000) mMaxBounds=Rect(0, 0 - 1200, 2000) mDisplayRotation=ROTATION_0 mWindowingMode=fullscreen mDisplayWindowingMode=fullscreen mActivityType=undefined mAlwaysOnTop=undefined mRotation=ROTATION_0} as.2 s.147 fontWeightAdjustment=0} lastReportedConfig={1.0 ?mcc0mnc [en_US] ldltr sw800dp w800dp h1249dp 240dpi xlrg widecg port finger qwerty/v/v -nav/h winConfig={ mBounds=Rect(0, 0 - 1200, 2000) mAppBounds=Rect(0, 0 - 1200, 1910) mMaxBounds=Rect(0, 0 - 1200, 2000) mDisplayRotation=ROTATION_0 mWindowingMode=fullscreen mDisplayWindowingMode=fullscreen mActivityType=undefined mAlwaysOnTop=undefined mRotation=ROTATION_0} as.2 s.113 fontWeightAdjustment=0}
02-27 02:18:14.301 shell  5760  5760 D AndroidRuntime: >>>>>> START com.android.internal.os.RuntimeInit uid 2000 <<<<<<
02-27 02:18:14.309 shell  5760  5760 I AndroidRuntime: Using default boot image
02-27 02:18:14.309 shell  5760  5760 I AndroidRuntime: Leaving lock profiling enabled
02-27 02:18:14.309 10054  2659  2659 D b/254119092: recreateTaskbar: isTaskbarEnabled=true [dp != null (i.e. mUserUnlocked)]=true FLAG_HIDE_NAVBAR_WINDOW=false dp.isTaskbarPresent=true
02-27 02:18:14.309 10054  2659  2659 D b/254119092: mActivity and mContext agree taskbarIsPresent=true
02-27 02:18:14.313 shell  5760  5760 I app_process: Using CollectorTypeCC GC.
02-27 02:18:14.319  1000  1192  1192 I BpBinder: onLastStrongRef automatically unlinking death recipients: 
02-27 02:18:14.328 10057  2356  2403 V WindowManagerShell: Display changed: 0
02-27 02:18:14.329 10054  2659  3217 E FrameEvents: updateAcquireFence: Did not find frame.
02-27 02:18:14.379  1000  1855  1904 I configuration_changed: 536871936
